Build Information
Failed to build WWJavaScriptContext_Markdown, reference 1.3.0 (4bf679), with Swift 6.1 for Linux on 12 Jul 2026 20:21:37 UTC.
Build Command
bash -c docker run --pull=always --rm -v "checkouts-53886770-0":/host -w "$PWD" -e JAVA_HOME="/root/.sdkman/candidates/java/current" -e SPI_BUILD="1" -e SPI_PROCESSING="1" registry.gitlab.com/saguaro1/spi-images:basic-6.1-latest swift build --triple x86_64-unknown-linux-gnu 2>&1Build Log
========================================
RunAll
========================================
Builder version: 0e64495ecc1688c3b3e031a5ef1348b5c05091ae
Interrupt handler set up.
========================================
Checkout
========================================
Clone URL: https://github.com/William-Weng/WWJavaScriptContext_Markdown.git
Reference: 1.3.0
Initialized empty Git repository in /host/spi-builder-workspace/.git/
hint: Using 'master' as the name for the initial branch. This default branch name
hint: is subject to change. To configure the initial branch name to use in all
hint: of your new repositories, which will suppress this warning, call:
hint:
hint: git config --global init.defaultBranch <name>
hint:
hint: Names commonly chosen instead of 'master' are 'main', 'trunk' and
hint: 'development'. The just-created branch can be renamed via this command:
hint:
hint: git branch -m <name>
From https://github.com/William-Weng/WWJavaScriptContext_Markdown
* tag 1.3.0 -> FETCH_HEAD
HEAD is now at 4bf679d - Up marked v18.0.5
Cloned https://github.com/William-Weng/WWJavaScriptContext_Markdown.git
Revision (git rev-parse @):
4bf679d191153cbf4cd02cefca2942e345901f8b
SUCCESS checkout https://github.com/William-Weng/WWJavaScriptContext_Markdown.git at 1.3.0
========================================
Build
========================================
Selected platform: linux
Swift version: 6.1
Building package at path: $PWD
https://github.com/William-Weng/WWJavaScriptContext_Markdown.git
https://github.com/William-Weng/WWJavaScriptContext_Markdown.git
WARNING: environment variable SUPPRESS_SWIFT_6_FLAGS is not set
Running build ...
bash -c docker run --pull=always --rm -v "checkouts-53886770-0":/host -w "$PWD" -e JAVA_HOME="/root/.sdkman/candidates/java/current" -e SPI_BUILD="1" -e SPI_PROCESSING="1" registry.gitlab.com/saguaro1/spi-images:basic-6.1-latest swift build --triple x86_64-unknown-linux-gnu -Xswiftc -Xfrontend -Xswiftc -stats-output-dir -Xswiftc -Xfrontend -Xswiftc .stats -Xswiftc -strict-concurrency=complete -Xswiftc -enable-upcoming-feature -Xswiftc StrictConcurrency -Xswiftc -enable-upcoming-feature -Xswiftc DisableOutwardActorInference -Xswiftc -enable-upcoming-feature -Xswiftc GlobalActorIsolatedTypesUsability -Xswiftc -enable-upcoming-feature -Xswiftc InferSendableFromCaptures 2>&1
basic-6.1-latest: Pulling from saguaro1/spi-images
Digest: sha256:0f094b998e61bb35b7a666f42e392cfb12929ea8fa9160622b1badd8b73d5c87
Status: Image is up to date for registry.gitlab.com/saguaro1/spi-images:basic-6.1-latest
Fetching https://github.com/William-Weng/WWJavaScriptContext
[1/111] Fetching wwjavascriptcontext
Fetched https://github.com/William-Weng/WWJavaScriptContext from cache (0.41s)
Computing version for https://github.com/William-Weng/WWJavaScriptContext
Computed https://github.com/William-Weng/WWJavaScriptContext at 1.1.0 (1.33s)
Creating working copy for https://github.com/William-Weng/WWJavaScriptContext
Working copy of https://github.com/William-Weng/WWJavaScriptContext resolved at 1.1.0
Building for debugging...
[0/8] Write sources
[0/8] Copying jsSource.js
[0/8] Copying LICENSE.md
[0/8] Copying Marked-18.0.5.js
[0/8] Copying Privacy
[7/8] Write swift-version-24593BA9C3E375BF.txt
error: emit-module command failed with exit code 1 (use -v to see invocation)
[9/11] Emitting module WWJavaScriptContext
/host/spi-builder-workspace/.build/checkouts/WWJavaScriptContext/Sources/WWJavaScriptContext/JavaScriptContext.swift:9:8: error: no such module 'JavaScriptCore'
7 | // file:///Users/william/Desktop/WWJavaScriptContext
8 |
9 | import JavaScriptCore
| `- error: no such module 'JavaScriptCore'
10 |
11 | // MARK: - JavaScriptCore小工具
[10/11] Compiling WWJavaScriptContext resource_bundle_accessor.swift
/host/spi-builder-workspace/.build/checkouts/WWJavaScriptContext/Sources/WWJavaScriptContext/JavaScriptContext.swift:9:8: error: no such module 'JavaScriptCore'
7 | // file:///Users/william/Desktop/WWJavaScriptContext
8 |
9 | import JavaScriptCore
| `- error: no such module 'JavaScriptCore'
10 |
11 | // MARK: - JavaScriptCore小工具
[11/11] Compiling WWJavaScriptContext JavaScriptContext.swift
/host/spi-builder-workspace/.build/checkouts/WWJavaScriptContext/Sources/WWJavaScriptContext/JavaScriptContext.swift:9:8: error: no such module 'JavaScriptCore'
7 | // file:///Users/william/Desktop/WWJavaScriptContext
8 |
9 | import JavaScriptCore
| `- error: no such module 'JavaScriptCore'
10 |
11 | // MARK: - JavaScriptCore小工具
Running build ...
bash -c docker run --pull=always --rm -v "checkouts-53886770-0":/host -w "$PWD" -e JAVA_HOME="/root/.sdkman/candidates/java/current" -e SPI_BUILD="1" -e SPI_PROCESSING="1" registry.gitlab.com/saguaro1/spi-images:basic-6.1-latest swift build --triple x86_64-unknown-linux-gnu 2>&1
basic-6.1-latest: Pulling from saguaro1/spi-images
Digest: sha256:0f094b998e61bb35b7a666f42e392cfb12929ea8fa9160622b1badd8b73d5c87
Status: Image is up to date for registry.gitlab.com/saguaro1/spi-images:basic-6.1-latest
[0/1] Planning build
Building for debugging...
[0/1] Write swift-version-24593BA9C3E375BF.txt
error: emit-module command failed with exit code 1 (use -v to see invocation)
[2/4] Emitting module WWJavaScriptContext
/host/spi-builder-workspace/.build/checkouts/WWJavaScriptContext/Sources/WWJavaScriptContext/JavaScriptContext.swift:9:8: error: no such module 'JavaScriptCore'
7 | // file:///Users/william/Desktop/WWJavaScriptContext
8 |
9 | import JavaScriptCore
| `- error: no such module 'JavaScriptCore'
10 |
11 | // MARK: - JavaScriptCore小工具
[3/4] Compiling WWJavaScriptContext JavaScriptContext.swift
/host/spi-builder-workspace/.build/checkouts/WWJavaScriptContext/Sources/WWJavaScriptContext/JavaScriptContext.swift:9:8: error: no such module 'JavaScriptCore'
7 | // file:///Users/william/Desktop/WWJavaScriptContext
8 |
9 | import JavaScriptCore
| `- error: no such module 'JavaScriptCore'
10 |
11 | // MARK: - JavaScriptCore小工具
[4/4] Compiling WWJavaScriptContext resource_bundle_accessor.swift
/host/spi-builder-workspace/.build/checkouts/WWJavaScriptContext/Sources/WWJavaScriptContext/JavaScriptContext.swift:9:8: error: no such module 'JavaScriptCore'
7 | // file:///Users/william/Desktop/WWJavaScriptContext
8 |
9 | import JavaScriptCore
| `- error: no such module 'JavaScriptCore'
10 |
11 | // MARK: - JavaScriptCore小工具
BUILD FAILURE 6.1 linux