The Swift Package Index logo.Swift Package Index

Build Information

Failed to build Processed, reference main (d1d2eb), with Swift 6.4 for macOS (SPM) on 20 Sep 2026 12:06:04 UTC.

Build Command

env DEVELOPER_DIR=/Applications/Xcode-27.0.0-Release.Candidate.app xcrun swift build --arch arm64

Build Log

========================================
RunAll
========================================
Builder version: 5.1.0
Interrupt handler set up.
========================================
Checkout
========================================
Clone URL: https://github.com/SwiftedMind/Processed.git
Reference: main
Initialized empty Git repository in /Users/admin/builder/spi-builder-workspace/.git/
From https://github.com/SwiftedMind/Processed
 * branch            main       -> FETCH_HEAD
 * [new branch]      main       -> origin/main
HEAD is now at d1d2ebf Update README.md
Cloned https://github.com/SwiftedMind/Processed.git
Revision (git rev-parse @):
d1d2ebf18e7ac3d5667cac808b992dad111674a2
SPI manifest file found: $PWD/.spi.yml
SUCCESS checkout https://github.com/SwiftedMind/Processed.git at main
========================================
Build
========================================
Selected platform:         macosSpm
Swift version:             6.4
Building package at path:  $PWD
https://github.com/SwiftedMind/Processed.git
Running build ...
env DEVELOPER_DIR=/Applications/Xcode-27.0.0-Release.Candidate.app xcrun swift build --arch arm64
Building for debugging...
[Pre-planning 1 / 124]
[Planning deferred tasks]
[26 / 44]
[27 / 45] Processed
[37 / 122]
[40 / 122]
[44 / 122]
[49 / 122]
[51 / 122]
[56 / 122]
[58 / 122]
[60 / 122]
[63 / 122]
[68 / 122]
[71 / 122]
[73 / 122]
[74 / 122]
[84 / 122]
[86 / 122]
[87 / 122]
[90 / 122]
[92 / 122]
[104 / 122] Processed
[105 / 122] Processed
[111 / 123] ProcessedUtility
[113 / 125] ProcessedUtility
[119 / 125] Processed
error: SwiftCompile normal arm64 /Users/admin/builder/spi-builder-workspace/Sources/ProcessedUtility/Loadable+loadedBinding.swift failed with a nonzero exit code. Command line:     cd /Users/admin/builder
    builtin-SwiftPerFileCompile Loadable+loadedBinding.swift
/Users/admin/builder/spi-builder-workspace/Sources/ProcessedUtility/Loadable+loadedBinding.swift:17:22: error: 'state' is inaccessible due to 'internal' protection level
15 |   /// of this binding's existence. Any other state will cause the `set` closure to be a no-op.
16 |   var loadedBinding: Binding<Value>? {
17 |     guard let data = state.data else { return nil }
   |                      `- error: 'state' is inaccessible due to 'internal' protection level
18 |     return Binding<Value> {
19 |       data
Processed.Loadable.Binding.state:3:23: note: 'state' declared here
1 | generic struct Loadable {
2 |   struct Binding {
3 | @Binding internal var state: Processed.LoadableState<Value> { get nonmutating set }  }
  |                       `- note: 'state' declared here
4 | }
5 |
/Users/admin/builder/spi-builder-workspace/Sources/ProcessedUtility/Loadable+loadedBinding.swift:21:28: error: 'state' is inaccessible due to 'internal' protection level
19 |       data
20 |     } set: { newValue in
21 |       guard case .loaded = state else {
   |                            `- error: 'state' is inaccessible due to 'internal' protection level
22 |         return
23 |       }
Processed.Loadable.Binding.state:3:23: note: 'state' declared here
1 | generic struct Loadable {
2 |   struct Binding {
3 | @Binding internal var state: Processed.LoadableState<Value> { get nonmutating set }  }
  |                       `- note: 'state' declared here
4 | }
5 |
/Users/admin/builder/spi-builder-workspace/Sources/ProcessedUtility/Loadable+loadedBinding.swift:24:7: error: 'state' is inaccessible due to 'internal' protection level
22 |         return
23 |       }
24 |       state = .loaded(newValue)
   |       `- error: 'state' is inaccessible due to 'internal' protection level
25 |     }
26 |   }
Processed.Loadable.Binding.state:3:23: note: 'state' declared here
1 | generic struct Loadable {
2 |   struct Binding {
3 | @Binding internal var state: Processed.LoadableState<Value> { get nonmutating set }  }
  |                       `- note: 'state' declared here
4 | }
5 |
Failed frontend command:
/Applications/Xcode-27.0.0-Release.Candidate.app/Contents/Developer/Toolchains/XcodeDefault.xctoolchain/usr/bin/swift-frontend -frontend -c -primary-file /Users/admin/builder/spi-builder-workspace/Sources/ProcessedUtility/Loadable+loadedBinding.swift -emit-dependencies-path /Users/admin/builder/spi-builder-workspace/.build/out/Intermediates.noindex/Processed.build/Debug/ProcessedUtility-t.build/Objects-normal/arm64/Loadable+loadedBinding.d -emit-const-values-path /Users/admin/builder/spi-builder-workspace/.build/out/Intermediates.noindex/Processed.build/Debug/ProcessedUtility-t.build/Objects-normal/arm64/Loadable+loadedBinding.swiftconstvalues -emit-reference-dependencies-path /Users/admin/builder/spi-builder-workspace/.build/out/Intermediates.noindex/Processed.build/Debug/ProcessedUtility-t.build/Objects-normal/arm64/Loadable+loadedBinding.swiftdeps -serialize-diagnostics-path /Users/admin/builder/spi-builder-workspace/.build/out/Intermediates.noindex/Processed.build/Debug/ProcessedUtility-t.build/Objects-normal/arm64/Loadable+loadedBinding.dia -target arm64-apple-macos13.0 -disable-cross-import-overlay-search -load-resolved-plugin /Applications/Xcode-27.0.0-Release.Candidate.app/Contents/Developer/Platforms/MacOSX.platform/Developer/usr/lib/swift/host/plugins/libFoundationMacros.dylib\#/Applications/Xcode-27.0.0-Release.Candidate.app/Contents/Developer/Platforms/MacOSX.platform/Developer/usr/bin/swift-plugin-server\#FoundationMacros -load-resolved-plugin /Applications/Xcode-27.0.0-Release.Candidate.app/Contents/Developer/Platforms/MacOSX.platform/Developer/usr/lib/swift/host/plugins/libObservationMacros.dylib\#/Applications/Xcode-27.0.0-Release.Candidate.app/Contents/Developer/Platforms/MacOSX.platform/Developer/usr/bin/swift-plugin-server\#ObservationMacros -load-resolved-plugin /Applications/Xcode-27.0.0-Release.Candidate.app/Contents/Developer/Platforms/MacOSX.platform/Developer/usr/lib/swift/host/plugins/libPreviewsMacros.dylib\#/Applications/Xcode-27.0.0-Release.Candidate.app/Contents/Developer/Platforms/MacOSX.platform/Developer/usr/bin/swift-plugin-server\#PreviewsMacros -load-resolved-plugin /Applications/Xcode-27.0.0-Release.Candidate.app/Contents/Developer/Platforms/MacOSX.platform/Developer/usr/lib/swift/host/plugins/libSwiftMacros.dylib\#/Applications/Xcode-27.0.0-Release.Candidate.app/Contents/Developer/Platforms/MacOSX.platform/Developer/usr/bin/swift-plugin-server\#SwiftMacros -load-resolved-plugin /Applications/Xcode-27.0.0-Release.Candidate.app/Contents/Developer/Platforms/MacOSX.platform/Developer/usr/lib/swift/host/plugins/libSwiftUIMacros.dylib\#/Applications/Xcode-27.0.0-Release.Candidate.app/Contents/Developer/Platforms/MacOSX.platform/Developer/usr/bin/swift-plugin-server\#SwiftUIMacros -disable-implicit-swift-modules -Xcc -fno-implicit-modules -Xcc -fno-implicit-module-maps -explicit-swift-module-map-file /Users/admin/builder/spi-builder-workspace/.build/out/Intermediates.noindex/Processed.build/Debug/ProcessedUtility-t.build/Objects-normal/arm64/ProcessedUtility-dependencies-1.json -Xllvm -aarch64-use-tbi -enable-objc-interop -stack-check -sdk /Applications/Xcode-27.0.0-Release.Candidate.app/Contents/Developer/Platforms/MacOSX.platform/Developer/SDKs/MacOSX27.0.sdk -I /Users/admin/builder/spi-builder-workspace/.build/out/Products/Debug -Isystem /Applications/Xcode-27.0.0-Release.Candidate.app/Contents/Developer/Platforms/MacOSX.platform/Developer/usr/lib -F /Users/admin/builder/spi-builder-workspace/.build/out/Products/Debug/PackageFrameworks -F /Users/admin/builder/spi-builder-workspace/.build/out/Products/Debug -F /Applications/Xcode-27.0.0-Release.Candidate.app/Contents/Developer/Platforms/MacOSX.platform/Developer/Library/Frameworks -module-cache-path /Users/admin/builder/spi-builder-workspace/.build/out/Intermediates.noindex/SwiftExplicitPrecompiledModules -color-diagnostics -Xcc -fcolor-diagnostics -enable-testing -g -debug-info-format\=dwarf -dwarf-version\=4 -swift-version 5 -Onone -D SWIFT_PACKAGE -D DEBUG -D SWIFT_MODULE_RESOURCE_BUNDLE_UNAVAILABLE -D Xcode -serialize-debugging-options -enable-experimental-feature DebugDescriptionMacro -empty-abi-descriptor -validate-clang-modules-once -clang-build-session-file /Users/admin/builder/spi-builder-workspace/.build/out/ModuleCache.noindex/Session.modulevalidation -Xcc -working-directory -Xcc /Users/admin/builder -enable-anonymous-context-mangled-names -file-compilation-dir /Users/admin/builder -Xcc -D_LIBCPP_HARDENING_MODE\=_LIBCPP_HARDENING_MODE_DEBUG -Xcc -ivfsstatcache -Xcc /Users/admin/builder/spi-builder-workspace/.build/out/SDKStatCaches.noindex/macosx27.0-26A425-80c5bbf1d171475443272936d42f90a36a22442a12e9d48fe1a705f55a1adfc4.sdkstatcache -Xcc -fmodules-prune-interval\=86400 -Xcc -fmodules-prune-after\=345600 -Xcc -I/Users/admin/builder/spi-builder-workspace/.build/out/Products/Debug/include -Xcc -I/Users/admin/builder/spi-builder-workspace/.build/out/Intermediates.noindex/Processed.build/Debug/ProcessedUtility-t.build/DerivedSources-normal/arm64 -Xcc -I/Users/admin/builder/spi-builder-workspace/.build/out/Intermediates.noindex/Processed.build/Debug/ProcessedUtility-t.build/DerivedSources/arm64 -Xcc -I/Users/admin/builder/spi-builder-workspace/.build/out/Intermediates.noindex/Processed.build/Debug/ProcessedUtility-t.build/DerivedSources -Xcc -DSWIFT_PACKAGE -Xcc -DDEBUG\=1 -no-auto-bridging-header-chaining -module-name ProcessedUtility -package-name spi_builder_workspace -const-gather-protocols-file /Users/admin/builder/spi-builder-workspace/.build/out/Intermediates.noindex/Processed.build/Debug/ProcessedUtility-t.build/Objects-normal/arm64/ProcessedUtility_const_extract_protocols.json -disable-clang-spi -clang-target arm64-apple-macos27.0 -target-sdk-version 27.0 -target-sdk-name macosx27.0 -in-process-plugin-server-path /Applications/Xcode-27.0.0-Release.Candidate.app/Contents/Developer/Toolchains/XcodeDefault.xctoolchain/usr/lib/swift/host/libSwiftInProcPluginServer.dylib -parse-as-library -o /Users/admin/builder/spi-builder-workspace/.build/out/Intermediates.noindex/Processed.build/Debug/ProcessedUtility-t.build/Objects-normal/arm64/Loadable+loadedBinding.o -debug-module-path /Users/admin/builder/spi-builder-workspace/.build/out/Intermediates.noindex/Processed.build/Debug/ProcessedUtility-t.build/Objects-normal/arm64/ProcessedUtility.swiftmodule -index-unit-output-path /Processed.build/Debug/ProcessedUtility-t.build/Objects-normal/arm64/Loadable+loadedBinding.o -index-store-path /Users/admin/builder/spi-builder-workspace/.build/out -index-system-modules
error: Build failed
BUILD FAILURE 6.4 macosSpm