The Swift Package Index logo.Swift Package Index

Build Information

Failed to build AndroidNDK, reference main (0fbe0b), with Swift 6.4 for watchOS using Xcode 27.0 on 21 Sep 2026 22:10:40 UTC.

Build Command

env DEVELOPER_DIR=/Applications/Xcode-27.0.0-Release.Candidate.app xcrun xcodebuild -IDEClonedSourcePackagesDirPathOverride=$PWD/.dependencies -skipMacroValidation -skipPackagePluginValidation -derivedDataPath $PWD/.derivedData build -scheme AndroidNDK -destination generic/platform=watchOS

Build Log

========================================
RunAll
========================================
Builder version: 5.1.0
Interrupt handler set up.
========================================
Checkout
========================================
Clone URL: https://github.com/readdle/swift-android-ndk.git
Reference: main
Initialized empty Git repository in /Users/admin/builder/spi-builder-workspace/.git/
From https://github.com/readdle/swift-android-ndk
 * branch            main       -> FETCH_HEAD
 * [new branch]      main       -> origin/main
HEAD is now at 0fbe0b2 Add Swift6 support
Cloned https://github.com/readdle/swift-android-ndk.git
Revision (git rev-parse @):
0fbe0b28344b75079ff5d811551727bdd4ab8ec0
SUCCESS checkout https://github.com/readdle/swift-android-ndk.git at main
========================================
Build
========================================
Selected platform:         watchOS
Swift version:             6.4
Building package at path:  $PWD
https://github.com/readdle/swift-android-ndk.git
Command line invocation:
    /Applications/Xcode-27.0.0-Release.Candidate.app/Contents/Developer/usr/bin/xcodebuild -IDEClonedSourcePackagesDirPathOverride=/Users/admin/builder/spi-builder-workspace/.dependencies -resolvePackageDependencies
Resolve Package Graph
Resolve Package Graph
Resolved source packages:
  AndroidNDK: /Users/admin/builder/spi-builder-workspace
resolved source packages: AndroidNDK
2026-09-21 18:09:52.282 xcodebuild[529:3027] [MT] IDERunDestination: Supported platforms for the buildables in the current scheme is empty.
{
  "dependencies" : [
  ],
  "manifest_display_name" : "AndroidNDK",
  "name" : "AndroidNDK",
  "path" : "/Users/admin/builder/spi-builder-workspace",
  "platforms" : [
  ],
  "products" : [
    {
      "name" : "AndroidNDK",
      "targets" : [
        "AndroidNDK",
        "CAndroidNDK"
      ],
      "type" : {
        "library" : [
          "automatic"
        ]
      }
    }
  ],
  "targets" : [
    {
      "c99name" : "CAndroidNDK",
      "module_type" : "ClangTarget",
      "name" : "CAndroidNDK",
      "path" : "Sources/CAndroidNDK",
      "product_memberships" : [
        "AndroidNDK"
      ],
      "sources" : [
        "MainRunLoop.c"
      ],
      "type" : "library"
    },
    {
      "c99name" : "AndroidNDKTests",
      "module_type" : "SwiftTarget",
      "name" : "AndroidNDKTests",
      "path" : "Tests/AndroidNDKTests",
      "sources" : [
        "AndroidHandlerTest.swift",
        "MainRunLoopTest.swift",
        "XCTestManifests.swift"
      ],
      "target_dependencies" : [
        "AndroidNDK"
      ],
      "type" : "test"
    },
    {
      "c99name" : "AndroidNDK",
      "module_type" : "SwiftTarget",
      "name" : "AndroidNDK",
      "path" : "Sources/AndroidNDK",
      "product_memberships" : [
        "AndroidNDK"
      ],
      "sources" : [
        "AndroidHandler.swift",
        "LogCat.swift"
      ],
      "target_dependencies" : [
        "CAndroidNDK"
      ],
      "type" : "library"
    }
  ],
  "tools_version" : "5.0"
}
{
  "workspace" : {
    "name" : "AndroidNDK",
    "schemes" : [
      "AndroidNDK"
    ]
  }
}
2026-09-21 18:10:33.201 xcodebuild[647:4134] [MT] IDERunDestination: Supported platforms for the buildables in the current scheme is empty.
Running build ...
env DEVELOPER_DIR=/Applications/Xcode-27.0.0-Release.Candidate.app xcrun xcodebuild -IDEClonedSourcePackagesDirPathOverride=$PWD/.dependencies -skipMacroValidation -skipPackagePluginValidation -derivedDataPath $PWD/.derivedData build -scheme AndroidNDK -destination generic/platform=watchOS
Command line invocation:
    /Applications/Xcode-27.0.0-Release.Candidate.app/Contents/Developer/usr/bin/xcodebuild -IDEClonedSourcePackagesDirPathOverride=/Users/admin/builder/spi-builder-workspace/.dependencies -skipMacroValidation -skipPackagePluginValidation -derivedDataPath /Users/admin/builder/spi-builder-workspace/.derivedData build -scheme AndroidNDK -destination generic/platform=watchOS
Resolve Package Graph
Resolved source packages:
  AndroidNDK: /Users/admin/builder/spi-builder-workspace
ComputePackagePrebuildTargetDependencyGraph
Prepare packages
CreateBuildRequest
SendProjectDescription
CreateBuildOperation
ComputeTargetDependencyGraph
note: Building targets in dependency order
note: Target dependency graph (3 targets)
    Target 'AndroidNDK-product' in project 'AndroidNDK'
        ➜ Explicit dependency on target 'AndroidNDK' in project 'AndroidNDK'
        ➜ Explicit dependency on target 'CAndroidNDK' in project 'AndroidNDK'
    Target 'AndroidNDK' in project 'AndroidNDK'
        ➜ Explicit dependency on target 'CAndroidNDK' in project 'AndroidNDK'
    Target 'CAndroidNDK' in project 'AndroidNDK' (no dependencies)
GatherProvisioningInputs
CreateBuildDescription
ExecuteExternalTool /Applications/Xcode-27.0.0-Release.Candidate.app/Contents/Developer/Toolchains/XcodeDefault.xctoolchain/usr/bin/clang -v -E -dM -isysroot /Applications/Xcode-27.0.0-Release.Candidate.app/Contents/Developer/Platforms/WatchOS.platform/Developer/SDKs/WatchOS27.0.sdk -x c -c /dev/null
ExecuteExternalTool /Applications/Xcode-27.0.0-Release.Candidate.app/Contents/Developer/Toolchains/XcodeDefault.xctoolchain/usr/bin/clang -v -E -dM -arch arm64 -isysroot /Applications/Xcode-27.0.0-Release.Candidate.app/Contents/Developer/Platforms/WatchOS.platform/Developer/SDKs/WatchOS27.0.sdk -x c -c /dev/null
ExecuteExternalTool /Applications/Xcode-27.0.0-Release.Candidate.app/Contents/Developer/Toolchains/XcodeDefault.xctoolchain/usr/bin/swiftc --version
ExecuteExternalTool /Applications/Xcode-27.0.0-Release.Candidate.app/Contents/Developer/Toolchains/XcodeDefault.xctoolchain/usr/bin/ld -version_details
ExecuteExternalTool /Applications/Xcode-27.0.0-Release.Candidate.app/Contents/Developer/Toolchains/XcodeDefault.xctoolchain/usr/bin/clang -v -E -dM -arch arm64_32 -isysroot /Applications/Xcode-27.0.0-Release.Candidate.app/Contents/Developer/Platforms/WatchOS.platform/Developer/SDKs/WatchOS27.0.sdk -x c -c /dev/null
Build description signature: 83ebe9af99f85caf89fc7edafe8fcc69
Build description path: /Users/admin/builder/spi-builder-workspace/.derivedData/Build/Intermediates.noindex/XCBuildData/83ebe9af99f85caf89fc7edafe8fcc69.xcbuilddata
CreateBuildDirectory /Users/admin/builder/spi-builder-workspace/.derivedData/SDKExplicitPrecompiledModules
    cd /Users/admin/builder/spi-builder-workspace/.swiftpm/xcode
    builtin-create-build-directory /Users/admin/builder/spi-builder-workspace/.derivedData/SDKExplicitPrecompiledModules
CreateBuildDirectory /Users/admin/builder/spi-builder-workspace/.derivedData/ModuleCache.noindex
    cd /Users/admin/builder/spi-builder-workspace/.swiftpm/xcode
    builtin-create-build-directory /Users/admin/builder/spi-builder-workspace/.derivedData/ModuleCache.noindex
CreateBuildDirectory /Users/admin/builder/spi-builder-workspace/.derivedData/CompilationCache.noindex
    cd /Users/admin/builder/spi-builder-workspace/.swiftpm/xcode
    builtin-create-build-directory /Users/admin/builder/spi-builder-workspace/.derivedData/CompilationCache.noindex
CreateBuildDirectory /Users/admin/builder/spi-builder-workspace/.derivedData/Build/Products
    cd /Users/admin/builder/spi-builder-workspace/.swiftpm/xcode
    builtin-create-build-directory /Users/admin/builder/spi-builder-workspace/.derivedData/Build/Products
CreateBuildDirectory /Users/admin/builder/spi-builder-workspace/.derivedData/Build/Intermediates.noindex
    cd /Users/admin/builder/spi-builder-workspace/.swiftpm/xcode
    builtin-create-build-directory /Users/admin/builder/spi-builder-workspace/.derivedData/Build/Intermediates.noindex
ClangStatCache /Applications/Xcode-27.0.0-Release.Candidate.app/Contents/Developer/Toolchains/XcodeDefault.xctoolchain/usr/bin/clang-stat-cache /Applications/Xcode-27.0.0-Release.Candidate.app/Contents/Developer/Platforms/WatchOS.platform/Developer/SDKs/WatchOS27.0.sdk /Users/admin/builder/spi-builder-workspace/.derivedData/SDKStatCaches.noindex/watchos27.0-24R360-e829b21a6f8c9b70876ba0858053c04477534ef55a1706bf4c1112bbb242f0a2.sdkstatcache
    cd /Users/admin/builder/spi-builder-workspace/.swiftpm/xcode
    /Applications/Xcode-27.0.0-Release.Candidate.app/Contents/Developer/Toolchains/XcodeDefault.xctoolchain/usr/bin/clang-stat-cache /Applications/Xcode-27.0.0-Release.Candidate.app/Contents/Developer/Platforms/WatchOS.platform/Developer/SDKs/WatchOS27.0.sdk -o /Users/admin/builder/spi-builder-workspace/.derivedData/SDKStatCaches.noindex/watchos27.0-24R360-e829b21a6f8c9b70876ba0858053c04477534ef55a1706bf4c1112bbb242f0a2.sdkstatcache
CreateBuildDirectory /Users/admin/builder/spi-builder-workspace/.derivedData/Build/Intermediates.noindex/PrecompiledHeaders
    cd /Users/admin/builder/spi-builder-workspace/.swiftpm/xcode
    builtin-create-build-directory /Users/admin/builder/spi-builder-workspace/.derivedData/Build/Intermediates.noindex/PrecompiledHeaders
CreateBuildDirectory /Users/admin/builder/spi-builder-workspace/.derivedData/Build/Intermediates.noindex/SwiftExplicitPrecompiledModules
    cd /Users/admin/builder/spi-builder-workspace/.swiftpm/xcode
    builtin-create-build-directory /Users/admin/builder/spi-builder-workspace/.derivedData/Build/Intermediates.noindex/SwiftExplicitPrecompiledModules
CreateBuildDirectory /Users/admin/builder/spi-builder-workspace/.derivedData/Build/Intermediates.noindex/ExplicitPrecompiledModules
    cd /Users/admin/builder/spi-builder-workspace/.swiftpm/xcode
    builtin-create-build-directory /Users/admin/builder/spi-builder-workspace/.derivedData/Build/Intermediates.noindex/ExplicitPrecompiledModules
CreateBuildDirectory /Users/admin/builder/spi-builder-workspace/.derivedData/Build/Intermediates.noindex/EagerLinkingTBDs/Debug-watchos
    cd /Users/admin/builder/spi-builder-workspace/.swiftpm/xcode
    builtin-create-build-directory /Users/admin/builder/spi-builder-workspace/.derivedData/Build/Intermediates.noindex/EagerLinkingTBDs/Debug-watchos
CreateBuildDirectory /Users/admin/builder/spi-builder-workspace/.derivedData/Build/Products/Debug-watchos
    cd /Users/admin/builder/spi-builder-workspace/.swiftpm/xcode
    builtin-create-build-directory /Users/admin/builder/spi-builder-workspace/.derivedData/Build/Products/Debug-watchos
CreateBuildDirectory /Users/admin/builder/spi-builder-workspace/.derivedData/Build/Products/Debug-watchos/PackageFrameworks
    cd /Users/admin/builder/spi-builder-workspace/.swiftpm/xcode
    builtin-create-build-directory /Users/admin/builder/spi-builder-workspace/.derivedData/Build/Products/Debug-watchos/PackageFrameworks
WriteAuxiliaryFile /Users/admin/builder/spi-builder-workspace/.derivedData/Build/Intermediates.noindex/AndroidNDK.build/Debug-watchos/CAndroidNDK-t.build/CAndroidNDK.DependencyStaticMetadataFileList (in target 'CAndroidNDK' from project 'AndroidNDK')
    cd /Users/admin/builder/spi-builder-workspace
    write-file /Users/admin/builder/spi-builder-workspace/.derivedData/Build/Intermediates.noindex/AndroidNDK.build/Debug-watchos/CAndroidNDK-t.build/CAndroidNDK.DependencyStaticMetadataFileList
WriteAuxiliaryFile /Users/admin/builder/spi-builder-workspace/.derivedData/Build/Intermediates.noindex/AndroidNDK.build/Debug-watchos/CAndroidNDK-t.build/CAndroidNDK.modulemap (in target 'CAndroidNDK' from project 'AndroidNDK')
    cd /Users/admin/builder/spi-builder-workspace
    write-file /Users/admin/builder/spi-builder-workspace/.derivedData/Build/Intermediates.noindex/AndroidNDK.build/Debug-watchos/CAndroidNDK-t.build/CAndroidNDK.modulemap
WriteAuxiliaryFile /Users/admin/builder/spi-builder-workspace/.derivedData/Build/Intermediates.noindex/AndroidNDK.build/Debug-watchos/CAndroidNDK-t.build/CAndroidNDK.DependencyMetadataFileList (in target 'CAndroidNDK' from project 'AndroidNDK')
    cd /Users/admin/builder/spi-builder-workspace
    write-file /Users/admin/builder/spi-builder-workspace/.derivedData/Build/Intermediates.noindex/AndroidNDK.build/Debug-watchos/CAndroidNDK-t.build/CAndroidNDK.DependencyMetadataFileList
WriteAuxiliaryFile /Users/admin/builder/spi-builder-workspace/.derivedData/Build/Intermediates.noindex/AndroidNDK.build/Debug-watchos/AndroidNDK-t.build/Objects-normal/arm64_32/AndroidNDK.SwiftFileList (in target 'AndroidNDK' from project 'AndroidNDK')
    cd /Users/admin/builder/spi-builder-workspace
    write-file /Users/admin/builder/spi-builder-workspace/.derivedData/Build/Intermediates.noindex/AndroidNDK.build/Debug-watchos/AndroidNDK-t.build/Objects-normal/arm64_32/AndroidNDK.SwiftFileList
WriteAuxiliaryFile /Users/admin/builder/spi-builder-workspace/.derivedData/Build/Intermediates.noindex/AndroidNDK.build/Debug-watchos/AndroidNDK-t.build/Objects-normal/arm64_32/AndroidNDK_const_extract_protocols.json (in target 'AndroidNDK' from project 'AndroidNDK')
    cd /Users/admin/builder/spi-builder-workspace
    write-file /Users/admin/builder/spi-builder-workspace/.derivedData/Build/Intermediates.noindex/AndroidNDK.build/Debug-watchos/AndroidNDK-t.build/Objects-normal/arm64_32/AndroidNDK_const_extract_protocols.json
WriteAuxiliaryFile /Users/admin/builder/spi-builder-workspace/.derivedData/Build/Intermediates.noindex/AndroidNDK.build/Debug-watchos/CAndroidNDK-t.build/Objects-normal/arm64/CAndroidNDK.LinkFileList (in target 'CAndroidNDK' from project 'AndroidNDK')
    cd /Users/admin/builder/spi-builder-workspace
    write-file /Users/admin/builder/spi-builder-workspace/.derivedData/Build/Intermediates.noindex/AndroidNDK.build/Debug-watchos/CAndroidNDK-t.build/Objects-normal/arm64/CAndroidNDK.LinkFileList
WriteAuxiliaryFile /Users/admin/builder/spi-builder-workspace/.derivedData/Build/Intermediates.noindex/AndroidNDK.build/Debug-watchos/CAndroidNDK-t.build/Objects-normal/arm64/7187679823f38a2a940e0043cdf9d637-common-args.resp (in target 'CAndroidNDK' from project 'AndroidNDK')
    cd /Users/admin/builder/spi-builder-workspace
    write-file /Users/admin/builder/spi-builder-workspace/.derivedData/Build/Intermediates.noindex/AndroidNDK.build/Debug-watchos/CAndroidNDK-t.build/Objects-normal/arm64/7187679823f38a2a940e0043cdf9d637-common-args.resp
-fmodules -gmodules '-fmodules-cache-path=/Users/admin/builder/spi-builder-workspace/.derivedData/ModuleCache.noindex' '-fmodule-name=CAndroidNDK' -fpascal-strings -O0 -DSWIFT_PACKAGE '-DDEBUG=1' -g -fprofile-instr-generate -fcoverage-mapping -I/Users/admin/builder/spi-builder-workspace/.derivedData/Build/Products/Debug-watchos/include -I/Users/admin/builder/spi-builder-workspace/Sources/CAndroidNDK/include -I/Users/admin/builder/spi-builder-workspace/.derivedData/Build/Intermediates.noindex/AndroidNDK.build/Debug-watchos/CAndroidNDK-t.build/DerivedSources-normal/arm64 -I/Users/admin/builder/spi-builder-workspace/.derivedData/Build/Intermediates.noindex/AndroidNDK.build/Debug-watchos/CAndroidNDK-t.build/DerivedSources/arm64 -I/Users/admin/builder/spi-builder-workspace/.derivedData/Build/Intermediates.noindex/AndroidNDK.build/Debug-watchos/CAndroidNDK-t.build/DerivedSources -F/Users/admin/builder/spi-builder-workspace/.derivedData/Build/Products/Debug-watchos -iframework /Applications/Xcode-27.0.0-Release.Candidate.app/Contents/Developer/Platforms/WatchOS.platform/Developer/Library/Frameworks -iframework /Applications/Xcode-27.0.0-Release.Candidate.app/Contents/Developer/Platforms/WatchOS.platform/Developer/SDKs/WatchOS27.0.sdk/Developer/Library/Frameworks -DXcode
WriteAuxiliaryFile /Users/admin/builder/spi-builder-workspace/.derivedData/Build/Intermediates.noindex/AndroidNDK.build/Debug-watchos/CAndroidNDK-t.build/Objects-normal/arm64_32/7187679823f38a2a940e0043cdf9d637-common-args.resp (in target 'CAndroidNDK' from project 'AndroidNDK')
    cd /Users/admin/builder/spi-builder-workspace
    write-file /Users/admin/builder/spi-builder-workspace/.derivedData/Build/Intermediates.noindex/AndroidNDK.build/Debug-watchos/CAndroidNDK-t.build/Objects-normal/arm64_32/7187679823f38a2a940e0043cdf9d637-common-args.resp
-fmodules -gmodules '-fmodules-cache-path=/Users/admin/builder/spi-builder-workspace/.derivedData/ModuleCache.noindex' '-fmodule-name=CAndroidNDK' -fpascal-strings -O0 -DSWIFT_PACKAGE '-DDEBUG=1' -g -fprofile-instr-generate -fcoverage-mapping -I/Users/admin/builder/spi-builder-workspace/.derivedData/Build/Products/Debug-watchos/include -I/Users/admin/builder/spi-builder-workspace/Sources/CAndroidNDK/include -I/Users/admin/builder/spi-builder-workspace/.derivedData/Build/Intermediates.noindex/AndroidNDK.build/Debug-watchos/CAndroidNDK-t.build/DerivedSources-normal/arm64_32 -I/Users/admin/builder/spi-builder-workspace/.derivedData/Build/Intermediates.noindex/AndroidNDK.build/Debug-watchos/CAndroidNDK-t.build/DerivedSources/arm64_32 -I/Users/admin/builder/spi-builder-workspace/.derivedData/Build/Intermediates.noindex/AndroidNDK.build/Debug-watchos/CAndroidNDK-t.build/DerivedSources -F/Users/admin/builder/spi-builder-workspace/.derivedData/Build/Products/Debug-watchos -iframework /Applications/Xcode-27.0.0-Release.Candidate.app/Contents/Developer/Platforms/WatchOS.platform/Developer/Library/Frameworks -iframework /Applications/Xcode-27.0.0-Release.Candidate.app/Contents/Developer/Platforms/WatchOS.platform/Developer/SDKs/WatchOS27.0.sdk/Developer/Library/Frameworks -DXcode
WriteAuxiliaryFile /Users/admin/builder/spi-builder-workspace/.derivedData/Build/Intermediates.noindex/AndroidNDK.build/Debug-watchos/CAndroidNDK-t.build/Objects-normal/arm64_32/CAndroidNDK.LinkFileList (in target 'CAndroidNDK' from project 'AndroidNDK')
    cd /Users/admin/builder/spi-builder-workspace
    write-file /Users/admin/builder/spi-builder-workspace/.derivedData/Build/Intermediates.noindex/AndroidNDK.build/Debug-watchos/CAndroidNDK-t.build/Objects-normal/arm64_32/CAndroidNDK.LinkFileList
WriteAuxiliaryFile /Users/admin/builder/spi-builder-workspace/.derivedData/Build/Intermediates.noindex/AndroidNDK.build/Debug-watchos/AndroidNDK-t.build/Objects-normal/arm64_32/AndroidNDK.SwiftConstValuesFileList (in target 'AndroidNDK' from project 'AndroidNDK')
    cd /Users/admin/builder/spi-builder-workspace
    write-file /Users/admin/builder/spi-builder-workspace/.derivedData/Build/Intermediates.noindex/AndroidNDK.build/Debug-watchos/AndroidNDK-t.build/Objects-normal/arm64_32/AndroidNDK.SwiftConstValuesFileList
WriteAuxiliaryFile /Users/admin/builder/spi-builder-workspace/.derivedData/Build/Intermediates.noindex/AndroidNDK.build/Debug-watchos/AndroidNDK-t.build/Objects-normal/arm64_32/AndroidNDK.LinkFileList (in target 'AndroidNDK' from project 'AndroidNDK')
    cd /Users/admin/builder/spi-builder-workspace
    write-file /Users/admin/builder/spi-builder-workspace/.derivedData/Build/Intermediates.noindex/AndroidNDK.build/Debug-watchos/AndroidNDK-t.build/Objects-normal/arm64_32/AndroidNDK.LinkFileList
WriteAuxiliaryFile /Users/admin/builder/spi-builder-workspace/.derivedData/Build/Intermediates.noindex/AndroidNDK.build/Debug-watchos/AndroidNDK-t.build/Objects-normal/arm64_32/AndroidNDK-OutputFileMap.json (in target 'AndroidNDK' from project 'AndroidNDK')
    cd /Users/admin/builder/spi-builder-workspace
    write-file /Users/admin/builder/spi-builder-workspace/.derivedData/Build/Intermediates.noindex/AndroidNDK.build/Debug-watchos/AndroidNDK-t.build/Objects-normal/arm64_32/AndroidNDK-OutputFileMap.json
WriteAuxiliaryFile /Users/admin/builder/spi-builder-workspace/.derivedData/Build/Intermediates.noindex/AndroidNDK.build/Debug-watchos/AndroidNDK-t.build/Objects-normal/arm64/AndroidNDK_const_extract_protocols.json (in target 'AndroidNDK' from project 'AndroidNDK')
    cd /Users/admin/builder/spi-builder-workspace
    write-file /Users/admin/builder/spi-builder-workspace/.derivedData/Build/Intermediates.noindex/AndroidNDK.build/Debug-watchos/AndroidNDK-t.build/Objects-normal/arm64/AndroidNDK_const_extract_protocols.json
Copy /Users/admin/builder/spi-builder-workspace/.derivedData/Build/Intermediates.noindex/GeneratedModuleMaps-watchos/CAndroidNDK.modulemap /Users/admin/builder/spi-builder-workspace/.derivedData/Build/Intermediates.noindex/AndroidNDK.build/Debug-watchos/CAndroidNDK-t.build/CAndroidNDK.modulemap (in target 'CAndroidNDK' from project 'AndroidNDK')
    cd /Users/admin/builder/spi-builder-workspace
    builtin-copy -exclude .DS_Store -exclude CVS -exclude .svn -exclude .git -exclude .hg -resolve-src-symlinks /Users/admin/builder/spi-builder-workspace/.derivedData/Build/Intermediates.noindex/AndroidNDK.build/Debug-watchos/CAndroidNDK-t.build/CAndroidNDK.modulemap /Users/admin/builder/spi-builder-workspace/.derivedData/Build/Intermediates.noindex/GeneratedModuleMaps-watchos
WriteAuxiliaryFile /Users/admin/builder/spi-builder-workspace/.derivedData/Build/Intermediates.noindex/AndroidNDK.build/Debug-watchos/AndroidNDK-t.build/Objects-normal/arm64/AndroidNDK.SwiftFileList (in target 'AndroidNDK' from project 'AndroidNDK')
    cd /Users/admin/builder/spi-builder-workspace
    write-file /Users/admin/builder/spi-builder-workspace/.derivedData/Build/Intermediates.noindex/AndroidNDK.build/Debug-watchos/AndroidNDK-t.build/Objects-normal/arm64/AndroidNDK.SwiftFileList
WriteAuxiliaryFile /Users/admin/builder/spi-builder-workspace/.derivedData/Build/Intermediates.noindex/AndroidNDK.build/Debug-watchos/AndroidNDK-t.build/Objects-normal/arm64/AndroidNDK.SwiftConstValuesFileList (in target 'AndroidNDK' from project 'AndroidNDK')
    cd /Users/admin/builder/spi-builder-workspace
    write-file /Users/admin/builder/spi-builder-workspace/.derivedData/Build/Intermediates.noindex/AndroidNDK.build/Debug-watchos/AndroidNDK-t.build/Objects-normal/arm64/AndroidNDK.SwiftConstValuesFileList
WriteAuxiliaryFile /Users/admin/builder/spi-builder-workspace/.derivedData/Build/Intermediates.noindex/AndroidNDK.build/Debug-watchos/AndroidNDK-t.build/Objects-normal/arm64/AndroidNDK.LinkFileList (in target 'AndroidNDK' from project 'AndroidNDK')
    cd /Users/admin/builder/spi-builder-workspace
    write-file /Users/admin/builder/spi-builder-workspace/.derivedData/Build/Intermediates.noindex/AndroidNDK.build/Debug-watchos/AndroidNDK-t.build/Objects-normal/arm64/AndroidNDK.LinkFileList
WriteAuxiliaryFile /Users/admin/builder/spi-builder-workspace/.derivedData/Build/Intermediates.noindex/AndroidNDK.build/Debug-watchos/AndroidNDK-t.build/Objects-normal/arm64/AndroidNDK-OutputFileMap.json (in target 'AndroidNDK' from project 'AndroidNDK')
    cd /Users/admin/builder/spi-builder-workspace
    write-file /Users/admin/builder/spi-builder-workspace/.derivedData/Build/Intermediates.noindex/AndroidNDK.build/Debug-watchos/AndroidNDK-t.build/Objects-normal/arm64/AndroidNDK-OutputFileMap.json
WriteAuxiliaryFile /Users/admin/builder/spi-builder-workspace/.derivedData/Build/Intermediates.noindex/AndroidNDK.build/Debug-watchos/AndroidNDK-t.build/AndroidNDK.modulemap (in target 'AndroidNDK' from project 'AndroidNDK')
    cd /Users/admin/builder/spi-builder-workspace
    write-file /Users/admin/builder/spi-builder-workspace/.derivedData/Build/Intermediates.noindex/AndroidNDK.build/Debug-watchos/AndroidNDK-t.build/AndroidNDK.modulemap
WriteAuxiliaryFile /Users/admin/builder/spi-builder-workspace/.derivedData/Build/Intermediates.noindex/AndroidNDK.build/Debug-watchos/AndroidNDK-t.build/AndroidNDK.DependencyStaticMetadataFileList (in target 'AndroidNDK' from project 'AndroidNDK')
    cd /Users/admin/builder/spi-builder-workspace
    write-file /Users/admin/builder/spi-builder-workspace/.derivedData/Build/Intermediates.noindex/AndroidNDK.build/Debug-watchos/AndroidNDK-t.build/AndroidNDK.DependencyStaticMetadataFileList
WriteAuxiliaryFile /Users/admin/builder/spi-builder-workspace/.derivedData/Build/Intermediates.noindex/AndroidNDK.build/Debug-watchos/AndroidNDK-t.build/AndroidNDK.DependencyMetadataFileList (in target 'AndroidNDK' from project 'AndroidNDK')
    cd /Users/admin/builder/spi-builder-workspace
    write-file /Users/admin/builder/spi-builder-workspace/.derivedData/Build/Intermediates.noindex/AndroidNDK.build/Debug-watchos/AndroidNDK-t.build/AndroidNDK.DependencyMetadataFileList
Copy /Users/admin/builder/spi-builder-workspace/.derivedData/Build/Intermediates.noindex/GeneratedModuleMaps-watchos/AndroidNDK.modulemap /Users/admin/builder/spi-builder-workspace/.derivedData/Build/Intermediates.noindex/AndroidNDK.build/Debug-watchos/AndroidNDK-t.build/AndroidNDK.modulemap (in target 'AndroidNDK' from project 'AndroidNDK')
    cd /Users/admin/builder/spi-builder-workspace
    builtin-copy -exclude .DS_Store -exclude CVS -exclude .svn -exclude .git -exclude .hg -resolve-src-symlinks /Users/admin/builder/spi-builder-workspace/.derivedData/Build/Intermediates.noindex/AndroidNDK.build/Debug-watchos/AndroidNDK-t.build/AndroidNDK.modulemap /Users/admin/builder/spi-builder-workspace/.derivedData/Build/Intermediates.noindex/GeneratedModuleMaps-watchos
ScanDependencies /Users/admin/builder/spi-builder-workspace/.derivedData/Build/Intermediates.noindex/AndroidNDK.build/Debug-watchos/CAndroidNDK-t.build/Objects-normal/arm64_32/MainRunLoop.o /Users/admin/builder/spi-builder-workspace/Sources/CAndroidNDK/MainRunLoop.c normal arm64_32 c com.apple.compilers.llvm.clang.1_0.compiler (in target 'CAndroidNDK' from project 'AndroidNDK')
    cd /Users/admin/builder/spi-builder-workspace/.swiftpm/xcode

    Using response file: /Users/admin/builder/spi-builder-workspace/.derivedData/Build/Intermediates.noindex/AndroidNDK.build/Debug-watchos/CAndroidNDK-t.build/Objects-normal/arm64_32/7187679823f38a2a940e0043cdf9d637-common-args.resp

    builtin-ScanDependencies -o /Users/admin/builder/spi-builder-workspace/.derivedData/Build/Intermediates.noindex/AndroidNDK.build/Debug-watchos/CAndroidNDK-t.build/Objects-normal/arm64_32/MainRunLoop.o.scan -- /Applications/Xcode-27.0.0-Release.Candidate.app/Contents/Developer/Toolchains/XcodeDefault.xctoolchain/usr/bin/clang -x c -ivfsstatcache /Users/admin/builder/spi-builder-workspace/.derivedData/SDKStatCaches.noindex/watchos27.0-24R360-e829b21a6f8c9b70876ba0858053c04477534ef55a1706bf4c1112bbb242f0a2.sdkstatcache -target arm64_32-apple-watchos9.0 -fmessage-length\=0 -fdiagnostics-show-note-include-stack -fmacro-backtrace-limit\=0 -fno-color-diagnostics -fmodules-prune-interval\=86400 -fmodules-prune-after\=345600 -fbuild-session-file\=/Users/admin/builder/spi-builder-workspace/.derivedData/ModuleCache.noindex/Session.modulevalidation -fmodules-validate-once-per-build-session -Wnon-modular-include-in-framework-module -Werror\=non-modular-include-in-framework-module -Wno-trigraphs -Wno-missing-field-initializers -Wno-missing-prototypes -Wno-return-type -Wno-missing-braces -Wparentheses -Wswitch -Wno-unused-function -Wno-unused-label -Wno-unused-parameter -Wno-unused-variable -Wunused-value -Wno-empty-body -Wno-uninitialized -Wno-unknown-pragmas -Wno-shadow -Wno-four-char-constants -Wno-conversion -Wno-constant-conversion -Wno-int-conversion -Wno-bool-conversion -Wno-enum-conversion -Wno-float-conversion -Wno-non-literal-null-conversion -Wno-objc-literal-conversion -Wno-shorten-64-to-32 -Wpointer-sign -Wno-newline-eof -Wno-implicit-fallthrough -isysroot /Applications/Xcode-27.0.0-Release.Candidate.app/Contents/Developer/Platforms/WatchOS.platform/Developer/SDKs/WatchOS27.0.sdk -fstrict-aliasing -Wdeprecated-declarations -Wno-sign-conversion -Wno-infinite-recursion -Wno-comma -Wno-block-capture-autoreleasing -Wno-strict-prototypes -Wno-semicolon-before-method-body -index-store-path /Users/admin/builder/spi-builder-workspace/.derivedData/Index.noindex/DataStore @/Users/admin/builder/spi-builder-workspace/.derivedData/Build/Intermediates.noindex/AndroidNDK.build/Debug-watchos/CAndroidNDK-t.build/Objects-normal/arm64_32/7187679823f38a2a940e0043cdf9d637-common-args.resp -MMD -MT dependencies -MF /Users/admin/builder/spi-builder-workspace/.derivedData/Build/Intermediates.noindex/AndroidNDK.build/Debug-watchos/CAndroidNDK-t.build/Objects-normal/arm64_32/MainRunLoop.d --serialize-diagnostics /Users/admin/builder/spi-builder-workspace/.derivedData/Build/Intermediates.noindex/AndroidNDK.build/Debug-watchos/CAndroidNDK-t.build/Objects-normal/arm64_32/MainRunLoop.dia -c /Users/admin/builder/spi-builder-workspace/Sources/CAndroidNDK/MainRunLoop.c -o /Users/admin/builder/spi-builder-workspace/.derivedData/Build/Intermediates.noindex/AndroidNDK.build/Debug-watchos/CAndroidNDK-t.build/Objects-normal/arm64_32/MainRunLoop.o -index-unit-output-path /AndroidNDK.build/Debug-watchos/CAndroidNDK-t.build/Objects-normal/arm64_32/MainRunLoop.o
/Users/admin/builder/spi-builder-workspace/Sources/CAndroidNDK/include/AndroidNDK.h:4:10: error: 'jni.h' file not found (in target 'CAndroidNDK' from project 'AndroidNDK')
    /Users/admin/builder/spi-builder-workspace/Sources/CAndroidNDK/MainRunLoop.c:1:10: note: in file included from /Users/admin/builder/spi-builder-workspace/Sources/CAndroidNDK/MainRunLoop.c:1:
SwiftDriver AndroidNDK normal arm64_32 com.apple.xcode.tools.swift.compiler (in target 'AndroidNDK' from project 'AndroidNDK')
    cd /Users/admin/builder/spi-builder-workspace/.swiftpm/xcode
    builtin-SwiftDriver -- /Applications/Xcode-27.0.0-Release.Candidate.app/Contents/Developer/Toolchains/XcodeDefault.xctoolchain/usr/bin/swiftc -parse-as-library -module-name AndroidNDK -Onone @/Users/admin/builder/spi-builder-workspace/.derivedData/Build/Intermediates.noindex/AndroidNDK.build/Debug-watchos/AndroidNDK-t.build/Objects-normal/arm64_32/AndroidNDK.SwiftFileList -DSWIFT_PACKAGE -DDEBUG -DSWIFT_MODULE_RESOURCE_BUNDLE_UNAVAILABLE -Xcc -fmodule-map-file\=/Users/admin/builder/spi-builder-workspace/.derivedData/Build/Intermediates.noindex/GeneratedModuleMaps-watchos/CAndroidNDK.modulemap -DXcode -plugin-path /Applications/Xcode-27.0.0-Release.Candidate.app/Contents/Developer/Toolchains/XcodeDefault.xctoolchain/usr/lib/swift/host/plugins/testing -enable-experimental-feature DebugDescriptionMacro -sdk /Applications/Xcode-27.0.0-Release.Candidate.app/Contents/Developer/Platforms/WatchOS.platform/Developer/SDKs/WatchOS27.0.sdk -target arm64_32-apple-watchos9.0 -g -module-cache-path /Users/admin/builder/spi-builder-workspace/.derivedData/ModuleCache.noindex -Xfrontend -serialize-debugging-options -profile-coverage-mapping -profile-generate -enable-testing -index-store-path /Users/admin/builder/spi-builder-workspace/.derivedData/Index.noindex/DataStore -Xcc -D_LIBCPP_HARDENING_MODE\=_LIBCPP_HARDENING_MODE_DEBUG -swift-version 5 -I /Users/admin/builder/spi-builder-workspace/.derivedData/Build/Products/Debug-watchos -Isystem /Applications/Xcode-27.0.0-Release.Candidate.app/Contents/Developer/Platforms/WatchOS.platform/Developer/usr/lib -F /Users/admin/builder/spi-builder-workspace/.derivedData/Build/Products/Debug-watchos/PackageFrameworks -F /Users/admin/builder/spi-builder-workspace/.derivedData/Build/Products/Debug-watchos -F /Applications/Xcode-27.0.0-Release.Candidate.app/Contents/Developer/Platforms/WatchOS.platform/Developer/Library/Frameworks -F /Applications/Xcode-27.0.0-Release.Candidate.app/Contents/Developer/Platforms/WatchOS.platform/Developer/SDKs/WatchOS27.0.sdk/Developer/Library/Frameworks -c -j10 -enable-batch-mode -incremental -Xcc -ivfsstatcache -Xcc /Users/admin/builder/spi-builder-workspace/.derivedData/SDKStatCaches.noindex/watchos27.0-24R360-e829b21a6f8c9b70876ba0858053c04477534ef55a1706bf4c1112bbb242f0a2.sdkstatcache -output-file-map /Users/admin/builder/spi-builder-workspace/.derivedData/Build/Intermediates.noindex/AndroidNDK.build/Debug-watchos/AndroidNDK-t.build/Objects-normal/arm64_32/AndroidNDK-OutputFileMap.json -save-temps -no-color-diagnostics -explicit-module-build -module-cache-path /Users/admin/builder/spi-builder-workspace/.derivedData/Build/Intermediates.noindex/SwiftExplicitPrecompiledModules -clang-scanner-module-cache-path /Users/admin/builder/spi-builder-workspace/.derivedData/ModuleCache.noindex -sdk-module-cache-path /Users/admin/builder/spi-builder-workspace/.derivedData/SDKExplicitPrecompiledModules -emit-dependencies -emit-module -emit-module-path /Users/admin/builder/spi-builder-workspace/.derivedData/Build/Intermediates.noindex/AndroidNDK.build/Debug-watchos/AndroidNDK-t.build/Objects-normal/arm64_32/AndroidNDK.swiftmodule -serialize-diagnostics -dependency-scan-serialize-diagnostics-path /Users/admin/builder/spi-builder-workspace/.derivedData/Build/Intermediates.noindex/AndroidNDK.build/Debug-watchos/AndroidNDK-t.build/Objects-normal/arm64_32/AndroidNDK-dependency-scan.dia -validate-clang-modules-once -clang-build-session-file /Users/admin/builder/spi-builder-workspace/.derivedData/ModuleCache.noindex/Session.modulevalidation -Xcc -fmodules-prune-interval\=86400 -Xcc -fmodules-prune-after\=345600 -emit-const-values -const-gather-protocols-list /Users/admin/builder/spi-builder-workspace/.derivedData/Build/Intermediates.noindex/AndroidNDK.build/Debug-watchos/AndroidNDK-t.build/Objects-normal/arm64_32/AndroidNDK_const_extract_protocols.json -Xcc -I/Users/admin/builder/spi-builder-workspace/Sources/CAndroidNDK/include -Xcc -I/Users/admin/builder/spi-builder-workspace/.derivedData/Build/Products/Debug-watchos/include -Xcc -I/Users/admin/builder/spi-builder-workspace/.derivedData/Build/Intermediates.noindex/AndroidNDK.build/Debug-watchos/AndroidNDK-t.build/DerivedSources-normal/arm64_32 -Xcc -I/Users/admin/builder/spi-builder-workspace/.derivedData/Build/Intermediates.noindex/AndroidNDK.build/Debug-watchos/AndroidNDK-t.build/DerivedSources/arm64_32 -Xcc -I/Users/admin/builder/spi-builder-workspace/.derivedData/Build/Intermediates.noindex/AndroidNDK.build/Debug-watchos/AndroidNDK-t.build/DerivedSources -Xcc -DSWIFT_PACKAGE -Xcc -DDEBUG\=1 -emit-objc-header -emit-objc-header-path /Users/admin/builder/spi-builder-workspace/.derivedData/Build/Intermediates.noindex/AndroidNDK.build/Debug-watchos/AndroidNDK-t.build/Objects-normal/arm64_32/AndroidNDK-Swift.h -working-directory /Users/admin/builder/spi-builder-workspace/.swiftpm/xcode -experimental-emit-module-separately -disable-cmo
error: Clang dependency scanning failure: While building module 'CAndroidNDK' imported from module-include.input:1:
In file included from <module-includes>:1:
/Users/admin/builder/spi-builder-workspace/Sources/CAndroidNDK/include/AndroidLog.h:4:10: fatal error: 'android/log.h' file not found
module-include.input:1:4: fatal error: could not build module 'CAndroidNDK'
 (in target 'AndroidNDK' from project 'AndroidNDK')
/Users/admin/builder/spi-builder-workspace/Sources/AndroidNDK/AndroidHandler.swift:5:8: error: Unable to resolve module dependency: 'CAndroidNDK' (in target 'AndroidNDK' from project 'AndroidNDK')
    note: A dependency of main module 'AndroidNDK'
    /Users/admin/builder/spi-builder-workspace/Sources/AndroidNDK/LogCat.swift:5:8: note: Also imported here
error: Clang dependency scanning failure: While building module 'CAndroidNDK' imported from module-include.input:1:
In file included from <module-includes>:1:
/Users/admin/builder/spi-builder-workspace/Sources/CAndroidNDK/include/AndroidLog.h:4:10: fatal error: 'android/log.h' file not found
module-include.input:1:4: fatal error: could not build module 'CAndroidNDK'
 (in target 'AndroidNDK' from project 'AndroidNDK')
/Users/admin/builder/spi-builder-workspace/Sources/AndroidNDK/AndroidHandler.swift:5:8: note: A dependency of main module 'AndroidNDK'
import CAndroidNDK
       ^ (in target 'AndroidNDK' from project 'AndroidNDK')
/Users/admin/builder/spi-builder-workspace/Sources/AndroidNDK/LogCat.swift:5:8: note: Also imported here
import CAndroidNDK
       ^ (in target 'AndroidNDK' from project 'AndroidNDK')
ScanDependencies /Users/admin/builder/spi-builder-workspace/.derivedData/Build/Intermediates.noindex/AndroidNDK.build/Debug-watchos/CAndroidNDK-t.build/Objects-normal/arm64/MainRunLoop.o /Users/admin/builder/spi-builder-workspace/Sources/CAndroidNDK/MainRunLoop.c normal arm64 c com.apple.compilers.llvm.clang.1_0.compiler (in target 'CAndroidNDK' from project 'AndroidNDK')
    cd /Users/admin/builder/spi-builder-workspace/.swiftpm/xcode

    Using response file: /Users/admin/builder/spi-builder-workspace/.derivedData/Build/Intermediates.noindex/AndroidNDK.build/Debug-watchos/CAndroidNDK-t.build/Objects-normal/arm64/7187679823f38a2a940e0043cdf9d637-common-args.resp

    builtin-ScanDependencies -o /Users/admin/builder/spi-builder-workspace/.derivedData/Build/Intermediates.noindex/AndroidNDK.build/Debug-watchos/CAndroidNDK-t.build/Objects-normal/arm64/MainRunLoop.o.scan -- /Applications/Xcode-27.0.0-Release.Candidate.app/Contents/Developer/Toolchains/XcodeDefault.xctoolchain/usr/bin/clang -x c -ivfsstatcache /Users/admin/builder/spi-builder-workspace/.derivedData/SDKStatCaches.noindex/watchos27.0-24R360-e829b21a6f8c9b70876ba0858053c04477534ef55a1706bf4c1112bbb242f0a2.sdkstatcache -target arm64-apple-watchos9.0 -fmessage-length\=0 -fdiagnostics-show-note-include-stack -fmacro-backtrace-limit\=0 -fno-color-diagnostics -fmodules-prune-interval\=86400 -fmodules-prune-after\=345600 -fbuild-session-file\=/Users/admin/builder/spi-builder-workspace/.derivedData/ModuleCache.noindex/Session.modulevalidation -fmodules-validate-once-per-build-session -Wnon-modular-include-in-framework-module -Werror\=non-modular-include-in-framework-module -Wno-trigraphs -Wno-missing-field-initializers -Wno-missing-prototypes -Wno-return-type -Wno-missing-braces -Wparentheses -Wswitch -Wno-unused-function -Wno-unused-label -Wno-unused-parameter -Wno-unused-variable -Wunused-value -Wno-empty-body -Wno-uninitialized -Wno-unknown-pragmas -Wno-shadow -Wno-four-char-constants -Wno-conversion -Wno-constant-conversion -Wno-int-conversion -Wno-bool-conversion -Wno-enum-conversion -Wno-float-conversion -Wno-non-literal-null-conversion -Wno-objc-literal-conversion -Wshorten-64-to-32 -Wpointer-sign -Wno-newline-eof -Wno-implicit-fallthrough -isysroot /Applications/Xcode-27.0.0-Release.Candidate.app/Contents/Developer/Platforms/WatchOS.platform/Developer/SDKs/WatchOS27.0.sdk -fstrict-aliasing -Wdeprecated-declarations -Wno-sign-conversion -Wno-infinite-recursion -Wno-comma -Wno-block-capture-autoreleasing -Wno-strict-prototypes -Wno-semicolon-before-method-body -index-store-path /Users/admin/builder/spi-builder-workspace/.derivedData/Index.noindex/DataStore @/Users/admin/builder/spi-builder-workspace/.derivedData/Build/Intermediates.noindex/AndroidNDK.build/Debug-watchos/CAndroidNDK-t.build/Objects-normal/arm64/7187679823f38a2a940e0043cdf9d637-common-args.resp -MMD -MT dependencies -MF /Users/admin/builder/spi-builder-workspace/.derivedData/Build/Intermediates.noindex/AndroidNDK.build/Debug-watchos/CAndroidNDK-t.build/Objects-normal/arm64/MainRunLoop.d --serialize-diagnostics /Users/admin/builder/spi-builder-workspace/.derivedData/Build/Intermediates.noindex/AndroidNDK.build/Debug-watchos/CAndroidNDK-t.build/Objects-normal/arm64/MainRunLoop.dia -c /Users/admin/builder/spi-builder-workspace/Sources/CAndroidNDK/MainRunLoop.c -o /Users/admin/builder/spi-builder-workspace/.derivedData/Build/Intermediates.noindex/AndroidNDK.build/Debug-watchos/CAndroidNDK-t.build/Objects-normal/arm64/MainRunLoop.o -index-unit-output-path /AndroidNDK.build/Debug-watchos/CAndroidNDK-t.build/Objects-normal/arm64/MainRunLoop.o
/Users/admin/builder/spi-builder-workspace/Sources/CAndroidNDK/include/AndroidNDK.h:4:10: error: 'jni.h' file not found (in target 'CAndroidNDK' from project 'AndroidNDK')
    /Users/admin/builder/spi-builder-workspace/Sources/CAndroidNDK/MainRunLoop.c:1:10: note: in file included from /Users/admin/builder/spi-builder-workspace/Sources/CAndroidNDK/MainRunLoop.c:1:
SwiftDriver AndroidNDK normal arm64 com.apple.xcode.tools.swift.compiler (in target 'AndroidNDK' from project 'AndroidNDK')
    cd /Users/admin/builder/spi-builder-workspace/.swiftpm/xcode
    builtin-SwiftDriver -- /Applications/Xcode-27.0.0-Release.Candidate.app/Contents/Developer/Toolchains/XcodeDefault.xctoolchain/usr/bin/swiftc -parse-as-library -module-name AndroidNDK -Onone @/Users/admin/builder/spi-builder-workspace/.derivedData/Build/Intermediates.noindex/AndroidNDK.build/Debug-watchos/AndroidNDK-t.build/Objects-normal/arm64/AndroidNDK.SwiftFileList -DSWIFT_PACKAGE -DDEBUG -DSWIFT_MODULE_RESOURCE_BUNDLE_UNAVAILABLE -Xcc -fmodule-map-file\=/Users/admin/builder/spi-builder-workspace/.derivedData/Build/Intermediates.noindex/GeneratedModuleMaps-watchos/CAndroidNDK.modulemap -DXcode -plugin-path /Applications/Xcode-27.0.0-Release.Candidate.app/Contents/Developer/Toolchains/XcodeDefault.xctoolchain/usr/lib/swift/host/plugins/testing -enable-experimental-feature DebugDescriptionMacro -sdk /Applications/Xcode-27.0.0-Release.Candidate.app/Contents/Developer/Platforms/WatchOS.platform/Developer/SDKs/WatchOS27.0.sdk -target arm64-apple-watchos9.0 -g -module-cache-path /Users/admin/builder/spi-builder-workspace/.derivedData/ModuleCache.noindex -Xfrontend -serialize-debugging-options -profile-coverage-mapping -profile-generate -enable-testing -index-store-path /Users/admin/builder/spi-builder-workspace/.derivedData/Index.noindex/DataStore -Xcc -D_LIBCPP_HARDENING_MODE\=_LIBCPP_HARDENING_MODE_DEBUG -swift-version 5 -I /Users/admin/builder/spi-builder-workspace/.derivedData/Build/Products/Debug-watchos -Isystem /Applications/Xcode-27.0.0-Release.Candidate.app/Contents/Developer/Platforms/WatchOS.platform/Developer/usr/lib -F /Users/admin/builder/spi-builder-workspace/.derivedData/Build/Products/Debug-watchos/PackageFrameworks -F /Users/admin/builder/spi-builder-workspace/.derivedData/Build/Products/Debug-watchos -F /Applications/Xcode-27.0.0-Release.Candidate.app/Contents/Developer/Platforms/WatchOS.platform/Developer/Library/Frameworks -F /Applications/Xcode-27.0.0-Release.Candidate.app/Contents/Developer/Platforms/WatchOS.platform/Developer/SDKs/WatchOS27.0.sdk/Developer/Library/Frameworks -c -j10 -enable-batch-mode -incremental -Xcc -ivfsstatcache -Xcc /Users/admin/builder/spi-builder-workspace/.derivedData/SDKStatCaches.noindex/watchos27.0-24R360-e829b21a6f8c9b70876ba0858053c04477534ef55a1706bf4c1112bbb242f0a2.sdkstatcache -output-file-map /Users/admin/builder/spi-builder-workspace/.derivedData/Build/Intermediates.noindex/AndroidNDK.build/Debug-watchos/AndroidNDK-t.build/Objects-normal/arm64/AndroidNDK-OutputFileMap.json -save-temps -no-color-diagnostics -explicit-module-build -module-cache-path /Users/admin/builder/spi-builder-workspace/.derivedData/Build/Intermediates.noindex/SwiftExplicitPrecompiledModules -clang-scanner-module-cache-path /Users/admin/builder/spi-builder-workspace/.derivedData/ModuleCache.noindex -sdk-module-cache-path /Users/admin/builder/spi-builder-workspace/.derivedData/SDKExplicitPrecompiledModules -emit-dependencies -emit-module -emit-module-path /Users/admin/builder/spi-builder-workspace/.derivedData/Build/Intermediates.noindex/AndroidNDK.build/Debug-watchos/AndroidNDK-t.build/Objects-normal/arm64/AndroidNDK.swiftmodule -serialize-diagnostics -dependency-scan-serialize-diagnostics-path /Users/admin/builder/spi-builder-workspace/.derivedData/Build/Intermediates.noindex/AndroidNDK.build/Debug-watchos/AndroidNDK-t.build/Objects-normal/arm64/AndroidNDK-dependency-scan.dia -validate-clang-modules-once -clang-build-session-file /Users/admin/builder/spi-builder-workspace/.derivedData/ModuleCache.noindex/Session.modulevalidation -Xcc -fmodules-prune-interval\=86400 -Xcc -fmodules-prune-after\=345600 -emit-const-values -const-gather-protocols-list /Users/admin/builder/spi-builder-workspace/.derivedData/Build/Intermediates.noindex/AndroidNDK.build/Debug-watchos/AndroidNDK-t.build/Objects-normal/arm64/AndroidNDK_const_extract_protocols.json -Xcc -I/Users/admin/builder/spi-builder-workspace/Sources/CAndroidNDK/include -Xcc -I/Users/admin/builder/spi-builder-workspace/.derivedData/Build/Products/Debug-watchos/include -Xcc -I/Users/admin/builder/spi-builder-workspace/.derivedData/Build/Intermediates.noindex/AndroidNDK.build/Debug-watchos/AndroidNDK-t.build/DerivedSources-normal/arm64 -Xcc -I/Users/admin/builder/spi-builder-workspace/.derivedData/Build/Intermediates.noindex/AndroidNDK.build/Debug-watchos/AndroidNDK-t.build/DerivedSources/arm64 -Xcc -I/Users/admin/builder/spi-builder-workspace/.derivedData/Build/Intermediates.noindex/AndroidNDK.build/Debug-watchos/AndroidNDK-t.build/DerivedSources -Xcc -DSWIFT_PACKAGE -Xcc -DDEBUG\=1 -emit-objc-header -emit-objc-header-path /Users/admin/builder/spi-builder-workspace/.derivedData/Build/Intermediates.noindex/AndroidNDK.build/Debug-watchos/AndroidNDK-t.build/Objects-normal/arm64/AndroidNDK-Swift.h -working-directory /Users/admin/builder/spi-builder-workspace/.swiftpm/xcode -experimental-emit-module-separately -disable-cmo
error: Clang dependency scanning failure: While building module 'CAndroidNDK' imported from module-include.input:1:
In file included from <module-includes>:1:
/Users/admin/builder/spi-builder-workspace/Sources/CAndroidNDK/include/AndroidLog.h:4:10: fatal error: 'android/log.h' file not found
module-include.input:1:4: fatal error: could not build module 'CAndroidNDK'
 (in target 'AndroidNDK' from project 'AndroidNDK')
/Users/admin/builder/spi-builder-workspace/Sources/AndroidNDK/AndroidHandler.swift:5:8: error: Unable to resolve module dependency: 'CAndroidNDK' (in target 'AndroidNDK' from project 'AndroidNDK')
    note: A dependency of main module 'AndroidNDK'
    /Users/admin/builder/spi-builder-workspace/Sources/AndroidNDK/LogCat.swift:5:8: note: Also imported here
error: Clang dependency scanning failure: While building module 'CAndroidNDK' imported from module-include.input:1:
In file included from <module-includes>:1:
/Users/admin/builder/spi-builder-workspace/Sources/CAndroidNDK/include/AndroidLog.h:4:10: fatal error: 'android/log.h' file not found
module-include.input:1:4: fatal error: could not build module 'CAndroidNDK'
 (in target 'AndroidNDK' from project 'AndroidNDK')
/Users/admin/builder/spi-builder-workspace/Sources/AndroidNDK/AndroidHandler.swift:5:8: note: A dependency of main module 'AndroidNDK'
import CAndroidNDK
       ^ (in target 'AndroidNDK' from project 'AndroidNDK')
/Users/admin/builder/spi-builder-workspace/Sources/AndroidNDK/LogCat.swift:5:8: note: Also imported here
import CAndroidNDK
       ^ (in target 'AndroidNDK' from project 'AndroidNDK')
PruneExplicitPrecompiledModules /Users/admin/builder/spi-builder-workspace/.derivedData/SDKExplicitPrecompiledModules
PruneExplicitPrecompiledModules /Users/admin/builder/spi-builder-workspace/.derivedData/Build/Intermediates.noindex/SwiftExplicitPrecompiledModules
PruneExplicitPrecompiledModules /Users/admin/builder/spi-builder-workspace/.derivedData/Build/Intermediates.noindex/ExplicitPrecompiledModules
2026-09-21 18:10:34.724 xcodebuild[648:4177] [MT] IDERunDestination: Supported platforms for the buildables in the current scheme is empty.
** BUILD FAILED **
The following build commands failed:
	ScanDependencies /Users/admin/builder/spi-builder-workspace/.derivedData/Build/Intermediates.noindex/AndroidNDK.build/Debug-watchos/CAndroidNDK-t.build/Objects-normal/arm64_32/MainRunLoop.o /Users/admin/builder/spi-builder-workspace/Sources/CAndroidNDK/MainRunLoop.c normal arm64_32 c com.apple.compilers.llvm.clang.1_0.compiler (in target 'CAndroidNDK' from project 'AndroidNDK')
	SwiftDriver AndroidNDK normal arm64_32 com.apple.xcode.tools.swift.compiler (in target 'AndroidNDK' from project 'AndroidNDK')
	ScanDependencies /Users/admin/builder/spi-builder-workspace/.derivedData/Build/Intermediates.noindex/AndroidNDK.build/Debug-watchos/CAndroidNDK-t.build/Objects-normal/arm64/MainRunLoop.o /Users/admin/builder/spi-builder-workspace/Sources/CAndroidNDK/MainRunLoop.c normal arm64 c com.apple.compilers.llvm.clang.1_0.compiler (in target 'CAndroidNDK' from project 'AndroidNDK')
	SwiftDriver AndroidNDK normal arm64 com.apple.xcode.tools.swift.compiler (in target 'AndroidNDK' from project 'AndroidNDK')
	Building workspace AndroidNDK with scheme AndroidNDK
(5 failures)
Command line invocation:
    /Applications/Xcode-27.0.0-Release.Candidate.app/Contents/Developer/usr/bin/xcodebuild -IDEClonedSourcePackagesDirPathOverride=/Users/admin/builder/spi-builder-workspace/.dependencies -resolvePackageDependencies
Resolve Package Graph
Resolved source packages:
  AndroidNDK: /Users/admin/builder/spi-builder-workspace
resolved source packages: AndroidNDK
2026-09-21 18:10:37.649 xcodebuild[667:4415] [MT] IDERunDestination: Supported platforms for the buildables in the current scheme is empty.
{
  "dependencies" : [
  ],
  "manifest_display_name" : "AndroidNDK",
  "name" : "AndroidNDK",
  "path" : "/Users/admin/builder/spi-builder-workspace",
  "platforms" : [
  ],
  "products" : [
    {
      "name" : "AndroidNDK",
      "targets" : [
        "AndroidNDK",
        "CAndroidNDK"
      ],
      "type" : {
        "library" : [
          "automatic"
        ]
      }
    }
  ],
  "targets" : [
    {
      "c99name" : "CAndroidNDK",
      "module_type" : "ClangTarget",
      "name" : "CAndroidNDK",
      "path" : "Sources/CAndroidNDK",
      "product_memberships" : [
        "AndroidNDK"
      ],
      "sources" : [
        "MainRunLoop.c"
      ],
      "type" : "library"
    },
    {
      "c99name" : "AndroidNDKTests",
      "module_type" : "SwiftTarget",
      "name" : "AndroidNDKTests",
      "path" : "Tests/AndroidNDKTests",
      "sources" : [
        "AndroidHandlerTest.swift",
        "MainRunLoopTest.swift",
        "XCTestManifests.swift"
      ],
      "target_dependencies" : [
        "AndroidNDK"
      ],
      "type" : "test"
    },
    {
      "c99name" : "AndroidNDK",
      "module_type" : "SwiftTarget",
      "name" : "AndroidNDK",
      "path" : "Sources/AndroidNDK",
      "product_memberships" : [
        "AndroidNDK"
      ],
      "sources" : [
        "AndroidHandler.swift",
        "LogCat.swift"
      ],
      "target_dependencies" : [
        "CAndroidNDK"
      ],
      "type" : "library"
    }
  ],
  "tools_version" : "5.0"
}
{
  "workspace" : {
    "name" : "AndroidNDK",
    "schemes" : [
      "AndroidNDK"
    ]
  }
}
2026-09-21 18:10:38.865 xcodebuild[675:4481] [MT] IDERunDestination: Supported platforms for the buildables in the current scheme is empty.
Running build ...
env DEVELOPER_DIR=/Applications/Xcode-27.0.0-Release.Candidate.app xcrun xcodebuild -IDEClonedSourcePackagesDirPathOverride=$PWD/.dependencies -skipMacroValidation -skipPackagePluginValidation -derivedDataPath $PWD/.derivedData build -scheme AndroidNDK -destination generic/platform=watchOS
Command line invocation:
    /Applications/Xcode-27.0.0-Release.Candidate.app/Contents/Developer/usr/bin/xcodebuild -IDEClonedSourcePackagesDirPathOverride=/Users/admin/builder/spi-builder-workspace/.dependencies -skipMacroValidation -skipPackagePluginValidation -derivedDataPath /Users/admin/builder/spi-builder-workspace/.derivedData build -scheme AndroidNDK -destination generic/platform=watchOS
Resolve Package Graph
Resolved source packages:
  AndroidNDK: /Users/admin/builder/spi-builder-workspace
ComputePackagePrebuildTargetDependencyGraph
Prepare packages
CreateBuildRequest
SendProjectDescription
CreateBuildOperation
ComputeTargetDependencyGraph
note: Building targets in dependency order
note: Target dependency graph (3 targets)
    Target 'AndroidNDK-product' in project 'AndroidNDK'
        ➜ Explicit dependency on target 'AndroidNDK' in project 'AndroidNDK'
        ➜ Explicit dependency on target 'CAndroidNDK' in project 'AndroidNDK'
    Target 'AndroidNDK' in project 'AndroidNDK'
        ➜ Explicit dependency on target 'CAndroidNDK' in project 'AndroidNDK'
    Target 'CAndroidNDK' in project 'AndroidNDK' (no dependencies)
GatherProvisioningInputs
CreateBuildDescription
ClangStatCache /Applications/Xcode-27.0.0-Release.Candidate.app/Contents/Developer/Toolchains/XcodeDefault.xctoolchain/usr/bin/clang-stat-cache /Applications/Xcode-27.0.0-Release.Candidate.app/Contents/Developer/Platforms/WatchOS.platform/Developer/SDKs/WatchOS27.0.sdk /Users/admin/builder/spi-builder-workspace/.derivedData/SDKStatCaches.noindex/watchos27.0-24R360-e829b21a6f8c9b70876ba0858053c04477534ef55a1706bf4c1112bbb242f0a2.sdkstatcache
    cd /Users/admin/builder/spi-builder-workspace/.swiftpm/xcode
    /Applications/Xcode-27.0.0-Release.Candidate.app/Contents/Developer/Toolchains/XcodeDefault.xctoolchain/usr/bin/clang-stat-cache /Applications/Xcode-27.0.0-Release.Candidate.app/Contents/Developer/Platforms/WatchOS.platform/Developer/SDKs/WatchOS27.0.sdk -o /Users/admin/builder/spi-builder-workspace/.derivedData/SDKStatCaches.noindex/watchos27.0-24R360-e829b21a6f8c9b70876ba0858053c04477534ef55a1706bf4c1112bbb242f0a2.sdkstatcache
ScanDependencies /Users/admin/builder/spi-builder-workspace/.derivedData/Build/Intermediates.noindex/AndroidNDK.build/Debug-watchos/CAndroidNDK-t.build/Objects-normal/arm64_32/MainRunLoop.o /Users/admin/builder/spi-builder-workspace/Sources/CAndroidNDK/MainRunLoop.c normal arm64_32 c com.apple.compilers.llvm.clang.1_0.compiler (in target 'CAndroidNDK' from project 'AndroidNDK')
    cd /Users/admin/builder/spi-builder-workspace/.swiftpm/xcode

    Using response file: /Users/admin/builder/spi-builder-workspace/.derivedData/Build/Intermediates.noindex/AndroidNDK.build/Debug-watchos/CAndroidNDK-t.build/Objects-normal/arm64_32/7187679823f38a2a940e0043cdf9d637-common-args.resp

    builtin-ScanDependencies -o /Users/admin/builder/spi-builder-workspace/.derivedData/Build/Intermediates.noindex/AndroidNDK.build/Debug-watchos/CAndroidNDK-t.build/Objects-normal/arm64_32/MainRunLoop.o.scan -- /Applications/Xcode-27.0.0-Release.Candidate.app/Contents/Developer/Toolchains/XcodeDefault.xctoolchain/usr/bin/clang -x c -ivfsstatcache /Users/admin/builder/spi-builder-workspace/.derivedData/SDKStatCaches.noindex/watchos27.0-24R360-e829b21a6f8c9b70876ba0858053c04477534ef55a1706bf4c1112bbb242f0a2.sdkstatcache -target arm64_32-apple-watchos9.0 -fmessage-length\=0 -fdiagnostics-show-note-include-stack -fmacro-backtrace-limit\=0 -fno-color-diagnostics -fmodules-prune-interval\=86400 -fmodules-prune-after\=345600 -fbuild-session-file\=/Users/admin/builder/spi-builder-workspace/.derivedData/ModuleCache.noindex/Session.modulevalidation -fmodules-validate-once-per-build-session -Wnon-modular-include-in-framework-module -Werror\=non-modular-include-in-framework-module -Wno-trigraphs -Wno-missing-field-initializers -Wno-missing-prototypes -Wno-return-type -Wno-missing-braces -Wparentheses -Wswitch -Wno-unused-function -Wno-unused-label -Wno-unused-parameter -Wno-unused-variable -Wunused-value -Wno-empty-body -Wno-uninitialized -Wno-unknown-pragmas -Wno-shadow -Wno-four-char-constants -Wno-conversion -Wno-constant-conversion -Wno-int-conversion -Wno-bool-conversion -Wno-enum-conversion -Wno-float-conversion -Wno-non-literal-null-conversion -Wno-objc-literal-conversion -Wno-shorten-64-to-32 -Wpointer-sign -Wno-newline-eof -Wno-implicit-fallthrough -isysroot /Applications/Xcode-27.0.0-Release.Candidate.app/Contents/Developer/Platforms/WatchOS.platform/Developer/SDKs/WatchOS27.0.sdk -fstrict-aliasing -Wdeprecated-declarations -Wno-sign-conversion -Wno-infinite-recursion -Wno-comma -Wno-block-capture-autoreleasing -Wno-strict-prototypes -Wno-semicolon-before-method-body -index-store-path /Users/admin/builder/spi-builder-workspace/.derivedData/Index.noindex/DataStore @/Users/admin/builder/spi-builder-workspace/.derivedData/Build/Intermediates.noindex/AndroidNDK.build/Debug-watchos/CAndroidNDK-t.build/Objects-normal/arm64_32/7187679823f38a2a940e0043cdf9d637-common-args.resp -MMD -MT dependencies -MF /Users/admin/builder/spi-builder-workspace/.derivedData/Build/Intermediates.noindex/AndroidNDK.build/Debug-watchos/CAndroidNDK-t.build/Objects-normal/arm64_32/MainRunLoop.d --serialize-diagnostics /Users/admin/builder/spi-builder-workspace/.derivedData/Build/Intermediates.noindex/AndroidNDK.build/Debug-watchos/CAndroidNDK-t.build/Objects-normal/arm64_32/MainRunLoop.dia -c /Users/admin/builder/spi-builder-workspace/Sources/CAndroidNDK/MainRunLoop.c -o /Users/admin/builder/spi-builder-workspace/.derivedData/Build/Intermediates.noindex/AndroidNDK.build/Debug-watchos/CAndroidNDK-t.build/Objects-normal/arm64_32/MainRunLoop.o -index-unit-output-path /AndroidNDK.build/Debug-watchos/CAndroidNDK-t.build/Objects-normal/arm64_32/MainRunLoop.o
/Users/admin/builder/spi-builder-workspace/Sources/CAndroidNDK/include/AndroidNDK.h:4:10: error: 'jni.h' file not found (in target 'CAndroidNDK' from project 'AndroidNDK')
    /Users/admin/builder/spi-builder-workspace/Sources/CAndroidNDK/MainRunLoop.c:1:10: note: in file included from /Users/admin/builder/spi-builder-workspace/Sources/CAndroidNDK/MainRunLoop.c:1:
ScanDependencies /Users/admin/builder/spi-builder-workspace/.derivedData/Build/Intermediates.noindex/AndroidNDK.build/Debug-watchos/CAndroidNDK-t.build/Objects-normal/arm64/MainRunLoop.o /Users/admin/builder/spi-builder-workspace/Sources/CAndroidNDK/MainRunLoop.c normal arm64 c com.apple.compilers.llvm.clang.1_0.compiler (in target 'CAndroidNDK' from project 'AndroidNDK')
    cd /Users/admin/builder/spi-builder-workspace/.swiftpm/xcode

    Using response file: /Users/admin/builder/spi-builder-workspace/.derivedData/Build/Intermediates.noindex/AndroidNDK.build/Debug-watchos/CAndroidNDK-t.build/Objects-normal/arm64/7187679823f38a2a940e0043cdf9d637-common-args.resp

    builtin-ScanDependencies -o /Users/admin/builder/spi-builder-workspace/.derivedData/Build/Intermediates.noindex/AndroidNDK.build/Debug-watchos/CAndroidNDK-t.build/Objects-normal/arm64/MainRunLoop.o.scan -- /Applications/Xcode-27.0.0-Release.Candidate.app/Contents/Developer/Toolchains/XcodeDefault.xctoolchain/usr/bin/clang -x c -ivfsstatcache /Users/admin/builder/spi-builder-workspace/.derivedData/SDKStatCaches.noindex/watchos27.0-24R360-e829b21a6f8c9b70876ba0858053c04477534ef55a1706bf4c1112bbb242f0a2.sdkstatcache -target arm64-apple-watchos9.0 -fmessage-length\=0 -fdiagnostics-show-note-include-stack -fmacro-backtrace-limit\=0 -fno-color-diagnostics -fmodules-prune-interval\=86400 -fmodules-prune-after\=345600 -fbuild-session-file\=/Users/admin/builder/spi-builder-workspace/.derivedData/ModuleCache.noindex/Session.modulevalidation -fmodules-validate-once-per-build-session -Wnon-modular-include-in-framework-module -Werror\=non-modular-include-in-framework-module -Wno-trigraphs -Wno-missing-field-initializers -Wno-missing-prototypes -Wno-return-type -Wno-missing-braces -Wparentheses -Wswitch -Wno-unused-function -Wno-unused-label -Wno-unused-parameter -Wno-unused-variable -Wunused-value -Wno-empty-body -Wno-uninitialized -Wno-unknown-pragmas -Wno-shadow -Wno-four-char-constants -Wno-conversion -Wno-constant-conversion -Wno-int-conversion -Wno-bool-conversion -Wno-enum-conversion -Wno-float-conversion -Wno-non-literal-null-conversion -Wno-objc-literal-conversion -Wshorten-64-to-32 -Wpointer-sign -Wno-newline-eof -Wno-implicit-fallthrough -isysroot /Applications/Xcode-27.0.0-Release.Candidate.app/Contents/Developer/Platforms/WatchOS.platform/Developer/SDKs/WatchOS27.0.sdk -fstrict-aliasing -Wdeprecated-declarations -Wno-sign-conversion -Wno-infinite-recursion -Wno-comma -Wno-block-capture-autoreleasing -Wno-strict-prototypes -Wno-semicolon-before-method-body -index-store-path /Users/admin/builder/spi-builder-workspace/.derivedData/Index.noindex/DataStore @/Users/admin/builder/spi-builder-workspace/.derivedData/Build/Intermediates.noindex/AndroidNDK.build/Debug-watchos/CAndroidNDK-t.build/Objects-normal/arm64/7187679823f38a2a940e0043cdf9d637-common-args.resp -MMD -MT dependencies -MF /Users/admin/builder/spi-builder-workspace/.derivedData/Build/Intermediates.noindex/AndroidNDK.build/Debug-watchos/CAndroidNDK-t.build/Objects-normal/arm64/MainRunLoop.d --serialize-diagnostics /Users/admin/builder/spi-builder-workspace/.derivedData/Build/Intermediates.noindex/AndroidNDK.build/Debug-watchos/CAndroidNDK-t.build/Objects-normal/arm64/MainRunLoop.dia -c /Users/admin/builder/spi-builder-workspace/Sources/CAndroidNDK/MainRunLoop.c -o /Users/admin/builder/spi-builder-workspace/.derivedData/Build/Intermediates.noindex/AndroidNDK.build/Debug-watchos/CAndroidNDK-t.build/Objects-normal/arm64/MainRunLoop.o -index-unit-output-path /AndroidNDK.build/Debug-watchos/CAndroidNDK-t.build/Objects-normal/arm64/MainRunLoop.o
/Users/admin/builder/spi-builder-workspace/Sources/CAndroidNDK/include/AndroidNDK.h:4:10: error: 'jni.h' file not found (in target 'CAndroidNDK' from project 'AndroidNDK')
    /Users/admin/builder/spi-builder-workspace/Sources/CAndroidNDK/MainRunLoop.c:1:10: note: in file included from /Users/admin/builder/spi-builder-workspace/Sources/CAndroidNDK/MainRunLoop.c:1:
SwiftDriver AndroidNDK normal arm64_32 com.apple.xcode.tools.swift.compiler (in target 'AndroidNDK' from project 'AndroidNDK')
    cd /Users/admin/builder/spi-builder-workspace/.swiftpm/xcode
    builtin-SwiftDriver -- /Applications/Xcode-27.0.0-Release.Candidate.app/Contents/Developer/Toolchains/XcodeDefault.xctoolchain/usr/bin/swiftc -parse-as-library -module-name AndroidNDK -Onone @/Users/admin/builder/spi-builder-workspace/.derivedData/Build/Intermediates.noindex/AndroidNDK.build/Debug-watchos/AndroidNDK-t.build/Objects-normal/arm64_32/AndroidNDK.SwiftFileList -DSWIFT_PACKAGE -DDEBUG -DSWIFT_MODULE_RESOURCE_BUNDLE_UNAVAILABLE -Xcc -fmodule-map-file\=/Users/admin/builder/spi-builder-workspace/.derivedData/Build/Intermediates.noindex/GeneratedModuleMaps-watchos/CAndroidNDK.modulemap -DXcode -plugin-path /Applications/Xcode-27.0.0-Release.Candidate.app/Contents/Developer/Toolchains/XcodeDefault.xctoolchain/usr/lib/swift/host/plugins/testing -enable-experimental-feature DebugDescriptionMacro -sdk /Applications/Xcode-27.0.0-Release.Candidate.app/Contents/Developer/Platforms/WatchOS.platform/Developer/SDKs/WatchOS27.0.sdk -target arm64_32-apple-watchos9.0 -g -module-cache-path /Users/admin/builder/spi-builder-workspace/.derivedData/ModuleCache.noindex -Xfrontend -serialize-debugging-options -profile-coverage-mapping -profile-generate -enable-testing -index-store-path /Users/admin/builder/spi-builder-workspace/.derivedData/Index.noindex/DataStore -Xcc -D_LIBCPP_HARDENING_MODE\=_LIBCPP_HARDENING_MODE_DEBUG -swift-version 5 -I /Users/admin/builder/spi-builder-workspace/.derivedData/Build/Products/Debug-watchos -Isystem /Applications/Xcode-27.0.0-Release.Candidate.app/Contents/Developer/Platforms/WatchOS.platform/Developer/usr/lib -F /Users/admin/builder/spi-builder-workspace/.derivedData/Build/Products/Debug-watchos/PackageFrameworks -F /Users/admin/builder/spi-builder-workspace/.derivedData/Build/Products/Debug-watchos -F /Applications/Xcode-27.0.0-Release.Candidate.app/Contents/Developer/Platforms/WatchOS.platform/Developer/Library/Frameworks -F /Applications/Xcode-27.0.0-Release.Candidate.app/Contents/Developer/Platforms/WatchOS.platform/Developer/SDKs/WatchOS27.0.sdk/Developer/Library/Frameworks -c -j10 -enable-batch-mode -incremental -Xcc -ivfsstatcache -Xcc /Users/admin/builder/spi-builder-workspace/.derivedData/SDKStatCaches.noindex/watchos27.0-24R360-e829b21a6f8c9b70876ba0858053c04477534ef55a1706bf4c1112bbb242f0a2.sdkstatcache -output-file-map /Users/admin/builder/spi-builder-workspace/.derivedData/Build/Intermediates.noindex/AndroidNDK.build/Debug-watchos/AndroidNDK-t.build/Objects-normal/arm64_32/AndroidNDK-OutputFileMap.json -save-temps -no-color-diagnostics -explicit-module-build -module-cache-path /Users/admin/builder/spi-builder-workspace/.derivedData/Build/Intermediates.noindex/SwiftExplicitPrecompiledModules -clang-scanner-module-cache-path /Users/admin/builder/spi-builder-workspace/.derivedData/ModuleCache.noindex -sdk-module-cache-path /Users/admin/builder/spi-builder-workspace/.derivedData/SDKExplicitPrecompiledModules -emit-dependencies -emit-module -emit-module-path /Users/admin/builder/spi-builder-workspace/.derivedData/Build/Intermediates.noindex/AndroidNDK.build/Debug-watchos/AndroidNDK-t.build/Objects-normal/arm64_32/AndroidNDK.swiftmodule -serialize-diagnostics -dependency-scan-serialize-diagnostics-path /Users/admin/builder/spi-builder-workspace/.derivedData/Build/Intermediates.noindex/AndroidNDK.build/Debug-watchos/AndroidNDK-t.build/Objects-normal/arm64_32/AndroidNDK-dependency-scan.dia -validate-clang-modules-once -clang-build-session-file /Users/admin/builder/spi-builder-workspace/.derivedData/ModuleCache.noindex/Session.modulevalidation -Xcc -fmodules-prune-interval\=86400 -Xcc -fmodules-prune-after\=345600 -emit-const-values -const-gather-protocols-list /Users/admin/builder/spi-builder-workspace/.derivedData/Build/Intermediates.noindex/AndroidNDK.build/Debug-watchos/AndroidNDK-t.build/Objects-normal/arm64_32/AndroidNDK_const_extract_protocols.json -Xcc -I/Users/admin/builder/spi-builder-workspace/Sources/CAndroidNDK/include -Xcc -I/Users/admin/builder/spi-builder-workspace/.derivedData/Build/Products/Debug-watchos/include -Xcc -I/Users/admin/builder/spi-builder-workspace/.derivedData/Build/Intermediates.noindex/AndroidNDK.build/Debug-watchos/AndroidNDK-t.build/DerivedSources-normal/arm64_32 -Xcc -I/Users/admin/builder/spi-builder-workspace/.derivedData/Build/Intermediates.noindex/AndroidNDK.build/Debug-watchos/AndroidNDK-t.build/DerivedSources/arm64_32 -Xcc -I/Users/admin/builder/spi-builder-workspace/.derivedData/Build/Intermediates.noindex/AndroidNDK.build/Debug-watchos/AndroidNDK-t.build/DerivedSources -Xcc -DSWIFT_PACKAGE -Xcc -DDEBUG\=1 -emit-objc-header -emit-objc-header-path /Users/admin/builder/spi-builder-workspace/.derivedData/Build/Intermediates.noindex/AndroidNDK.build/Debug-watchos/AndroidNDK-t.build/Objects-normal/arm64_32/AndroidNDK-Swift.h -working-directory /Users/admin/builder/spi-builder-workspace/.swiftpm/xcode -experimental-emit-module-separately -disable-cmo
error: Clang dependency scanning failure: While building module 'CAndroidNDK' imported from module-include.input:1:
In file included from <module-includes>:1:
/Users/admin/builder/spi-builder-workspace/Sources/CAndroidNDK/include/AndroidLog.h:4:10: fatal error: 'android/log.h' file not found
module-include.input:1:5: fatal error: could not build module 'CAndroidNDK'
 (in target 'AndroidNDK' from project 'AndroidNDK')
/Users/admin/builder/spi-builder-workspace/Sources/AndroidNDK/AndroidHandler.swift:5:8: error: Unable to resolve module dependency: 'CAndroidNDK' (in target 'AndroidNDK' from project 'AndroidNDK')
    note: A dependency of main module 'AndroidNDK'
    /Users/admin/builder/spi-builder-workspace/Sources/AndroidNDK/LogCat.swift:5:8: note: Also imported here
error: Clang dependency scanning failure: While building module 'CAndroidNDK' imported from module-include.input:1:
In file included from <module-includes>:1:
/Users/admin/builder/spi-builder-workspace/Sources/CAndroidNDK/include/AndroidLog.h:4:10: fatal error: 'android/log.h' file not found
module-include.input:1:5: fatal error: could not build module 'CAndroidNDK'
 (in target 'AndroidNDK' from project 'AndroidNDK')
/Users/admin/builder/spi-builder-workspace/Sources/AndroidNDK/AndroidHandler.swift:5:8: note: A dependency of main module 'AndroidNDK'
import CAndroidNDK
       ^ (in target 'AndroidNDK' from project 'AndroidNDK')
/Users/admin/builder/spi-builder-workspace/Sources/AndroidNDK/LogCat.swift:5:8: note: Also imported here
import CAndroidNDK
       ^ (in target 'AndroidNDK' from project 'AndroidNDK')
SwiftDriver AndroidNDK normal arm64 com.apple.xcode.tools.swift.compiler (in target 'AndroidNDK' from project 'AndroidNDK')
    cd /Users/admin/builder/spi-builder-workspace/.swiftpm/xcode
    builtin-SwiftDriver -- /Applications/Xcode-27.0.0-Release.Candidate.app/Contents/Developer/Toolchains/XcodeDefault.xctoolchain/usr/bin/swiftc -parse-as-library -module-name AndroidNDK -Onone @/Users/admin/builder/spi-builder-workspace/.derivedData/Build/Intermediates.noindex/AndroidNDK.build/Debug-watchos/AndroidNDK-t.build/Objects-normal/arm64/AndroidNDK.SwiftFileList -DSWIFT_PACKAGE -DDEBUG -DSWIFT_MODULE_RESOURCE_BUNDLE_UNAVAILABLE -Xcc -fmodule-map-file\=/Users/admin/builder/spi-builder-workspace/.derivedData/Build/Intermediates.noindex/GeneratedModuleMaps-watchos/CAndroidNDK.modulemap -DXcode -plugin-path /Applications/Xcode-27.0.0-Release.Candidate.app/Contents/Developer/Toolchains/XcodeDefault.xctoolchain/usr/lib/swift/host/plugins/testing -enable-experimental-feature DebugDescriptionMacro -sdk /Applications/Xcode-27.0.0-Release.Candidate.app/Contents/Developer/Platforms/WatchOS.platform/Developer/SDKs/WatchOS27.0.sdk -target arm64-apple-watchos9.0 -g -module-cache-path /Users/admin/builder/spi-builder-workspace/.derivedData/ModuleCache.noindex -Xfrontend -serialize-debugging-options -profile-coverage-mapping -profile-generate -enable-testing -index-store-path /Users/admin/builder/spi-builder-workspace/.derivedData/Index.noindex/DataStore -Xcc -D_LIBCPP_HARDENING_MODE\=_LIBCPP_HARDENING_MODE_DEBUG -swift-version 5 -I /Users/admin/builder/spi-builder-workspace/.derivedData/Build/Products/Debug-watchos -Isystem /Applications/Xcode-27.0.0-Release.Candidate.app/Contents/Developer/Platforms/WatchOS.platform/Developer/usr/lib -F /Users/admin/builder/spi-builder-workspace/.derivedData/Build/Products/Debug-watchos/PackageFrameworks -F /Users/admin/builder/spi-builder-workspace/.derivedData/Build/Products/Debug-watchos -F /Applications/Xcode-27.0.0-Release.Candidate.app/Contents/Developer/Platforms/WatchOS.platform/Developer/Library/Frameworks -F /Applications/Xcode-27.0.0-Release.Candidate.app/Contents/Developer/Platforms/WatchOS.platform/Developer/SDKs/WatchOS27.0.sdk/Developer/Library/Frameworks -c -j10 -enable-batch-mode -incremental -Xcc -ivfsstatcache -Xcc /Users/admin/builder/spi-builder-workspace/.derivedData/SDKStatCaches.noindex/watchos27.0-24R360-e829b21a6f8c9b70876ba0858053c04477534ef55a1706bf4c1112bbb242f0a2.sdkstatcache -output-file-map /Users/admin/builder/spi-builder-workspace/.derivedData/Build/Intermediates.noindex/AndroidNDK.build/Debug-watchos/AndroidNDK-t.build/Objects-normal/arm64/AndroidNDK-OutputFileMap.json -save-temps -no-color-diagnostics -explicit-module-build -module-cache-path /Users/admin/builder/spi-builder-workspace/.derivedData/Build/Intermediates.noindex/SwiftExplicitPrecompiledModules -clang-scanner-module-cache-path /Users/admin/builder/spi-builder-workspace/.derivedData/ModuleCache.noindex -sdk-module-cache-path /Users/admin/builder/spi-builder-workspace/.derivedData/SDKExplicitPrecompiledModules -emit-dependencies -emit-module -emit-module-path /Users/admin/builder/spi-builder-workspace/.derivedData/Build/Intermediates.noindex/AndroidNDK.build/Debug-watchos/AndroidNDK-t.build/Objects-normal/arm64/AndroidNDK.swiftmodule -serialize-diagnostics -dependency-scan-serialize-diagnostics-path /Users/admin/builder/spi-builder-workspace/.derivedData/Build/Intermediates.noindex/AndroidNDK.build/Debug-watchos/AndroidNDK-t.build/Objects-normal/arm64/AndroidNDK-dependency-scan.dia -validate-clang-modules-once -clang-build-session-file /Users/admin/builder/spi-builder-workspace/.derivedData/ModuleCache.noindex/Session.modulevalidation -Xcc -fmodules-prune-interval\=86400 -Xcc -fmodules-prune-after\=345600 -emit-const-values -const-gather-protocols-list /Users/admin/builder/spi-builder-workspace/.derivedData/Build/Intermediates.noindex/AndroidNDK.build/Debug-watchos/AndroidNDK-t.build/Objects-normal/arm64/AndroidNDK_const_extract_protocols.json -Xcc -I/Users/admin/builder/spi-builder-workspace/Sources/CAndroidNDK/include -Xcc -I/Users/admin/builder/spi-builder-workspace/.derivedData/Build/Products/Debug-watchos/include -Xcc -I/Users/admin/builder/spi-builder-workspace/.derivedData/Build/Intermediates.noindex/AndroidNDK.build/Debug-watchos/AndroidNDK-t.build/DerivedSources-normal/arm64 -Xcc -I/Users/admin/builder/spi-builder-workspace/.derivedData/Build/Intermediates.noindex/AndroidNDK.build/Debug-watchos/AndroidNDK-t.build/DerivedSources/arm64 -Xcc -I/Users/admin/builder/spi-builder-workspace/.derivedData/Build/Intermediates.noindex/AndroidNDK.build/Debug-watchos/AndroidNDK-t.build/DerivedSources -Xcc -DSWIFT_PACKAGE -Xcc -DDEBUG\=1 -emit-objc-header -emit-objc-header-path /Users/admin/builder/spi-builder-workspace/.derivedData/Build/Intermediates.noindex/AndroidNDK.build/Debug-watchos/AndroidNDK-t.build/Objects-normal/arm64/AndroidNDK-Swift.h -working-directory /Users/admin/builder/spi-builder-workspace/.swiftpm/xcode -experimental-emit-module-separately -disable-cmo
error: Clang dependency scanning failure: While building module 'CAndroidNDK' imported from module-include.input:1:
In file included from <module-includes>:1:
/Users/admin/builder/spi-builder-workspace/Sources/CAndroidNDK/include/AndroidLog.h:4:10: fatal error: 'android/log.h' file not found
module-include.input:1:4: fatal error: could not build module 'CAndroidNDK'
 (in target 'AndroidNDK' from project 'AndroidNDK')
/Users/admin/builder/spi-builder-workspace/Sources/AndroidNDK/AndroidHandler.swift:5:8: error: Unable to resolve module dependency: 'CAndroidNDK' (in target 'AndroidNDK' from project 'AndroidNDK')
    note: A dependency of main module 'AndroidNDK'
    /Users/admin/builder/spi-builder-workspace/Sources/AndroidNDK/LogCat.swift:5:8: note: Also imported here
error: Clang dependency scanning failure: While building module 'CAndroidNDK' imported from module-include.input:1:
In file included from <module-includes>:1:
/Users/admin/builder/spi-builder-workspace/Sources/CAndroidNDK/include/AndroidLog.h:4:10: fatal error: 'android/log.h' file not found
module-include.input:1:4: fatal error: could not build module 'CAndroidNDK'
 (in target 'AndroidNDK' from project 'AndroidNDK')
/Users/admin/builder/spi-builder-workspace/Sources/AndroidNDK/AndroidHandler.swift:5:8: note: A dependency of main module 'AndroidNDK'
import CAndroidNDK
       ^ (in target 'AndroidNDK' from project 'AndroidNDK')
/Users/admin/builder/spi-builder-workspace/Sources/AndroidNDK/LogCat.swift:5:8: note: Also imported here
import CAndroidNDK
       ^ (in target 'AndroidNDK' from project 'AndroidNDK')
PruneExplicitPrecompiledModules /Users/admin/builder/spi-builder-workspace/.derivedData/Build/Intermediates.noindex/SwiftExplicitPrecompiledModules
PruneExplicitPrecompiledModules /Users/admin/builder/spi-builder-workspace/.derivedData/SDKExplicitPrecompiledModules
PruneExplicitPrecompiledModules /Users/admin/builder/spi-builder-workspace/.derivedData/Build/Intermediates.noindex/ExplicitPrecompiledModules
2026-09-21 18:10:39.826 xcodebuild[676:4506] [MT] IDERunDestination: Supported platforms for the buildables in the current scheme is empty.
** BUILD FAILED **
The following build commands failed:
	ScanDependencies /Users/admin/builder/spi-builder-workspace/.derivedData/Build/Intermediates.noindex/AndroidNDK.build/Debug-watchos/CAndroidNDK-t.build/Objects-normal/arm64_32/MainRunLoop.o /Users/admin/builder/spi-builder-workspace/Sources/CAndroidNDK/MainRunLoop.c normal arm64_32 c com.apple.compilers.llvm.clang.1_0.compiler (in target 'CAndroidNDK' from project 'AndroidNDK')
	ScanDependencies /Users/admin/builder/spi-builder-workspace/.derivedData/Build/Intermediates.noindex/AndroidNDK.build/Debug-watchos/CAndroidNDK-t.build/Objects-normal/arm64/MainRunLoop.o /Users/admin/builder/spi-builder-workspace/Sources/CAndroidNDK/MainRunLoop.c normal arm64 c com.apple.compilers.llvm.clang.1_0.compiler (in target 'CAndroidNDK' from project 'AndroidNDK')
	SwiftDriver AndroidNDK normal arm64_32 com.apple.xcode.tools.swift.compiler (in target 'AndroidNDK' from project 'AndroidNDK')
	SwiftDriver AndroidNDK normal arm64 com.apple.xcode.tools.swift.compiler (in target 'AndroidNDK' from project 'AndroidNDK')
	Building workspace AndroidNDK with scheme AndroidNDK
(5 failures)
BUILD FAILURE 6.4 watchOS