Build Information
Failed to build WalletAddressValidatorKit, reference main (f90b04), with Swift 6.1 for Linux on 18 Jul 2026 06:51:56 UTC.
Build Command
bash -c docker run --pull=always --rm -v "checkouts-54344847-3":/host -w "$PWD" -e JAVA_HOME="/root/.sdkman/candidates/java/current" -e SPI_BUILD="1" -e SPI_PROCESSING="1" registry.gitlab.com/saguaro1/spi-images:basic-6.1-latest swift build --triple x86_64-unknown-linux-gnu 2>&1Build Log
========================================
RunAll
========================================
Builder version: 333316120c8b89ed7d21f1b34865290794301d91
Interrupt handler set up.
========================================
Checkout
========================================
Clone URL: https://github.com/devdasx/wallet-address-validator-kit.git
Reference: main
Initialized empty Git repository in /host/spi-builder-workspace/.git/
hint: Using 'master' as the name for the initial branch. This default branch name
hint: is subject to change. To configure the initial branch name to use in all
hint: of your new repositories, which will suppress this warning, call:
hint:
hint: git config --global init.defaultBranch <name>
hint:
hint: Names commonly chosen instead of 'master' are 'main', 'trunk' and
hint: 'development'. The just-created branch can be renamed via this command:
hint:
hint: git branch -m <name>
From https://github.com/devdasx/wallet-address-validator-kit
* branch main -> FETCH_HEAD
* [new branch] main -> origin/main
HEAD is now at f90b04c Fix Swift Package Index manifest
Cloned https://github.com/devdasx/wallet-address-validator-kit.git
Revision (git rev-parse @):
f90b04c5c2b23979b3811b276d379cad5d1cf5f0
SPI manifest file found: $PWD/.spi.yml
SUCCESS checkout https://github.com/devdasx/wallet-address-validator-kit.git at main
========================================
Build
========================================
Selected platform: linux
Swift version: 6.1
Building package at path: $PWD
https://github.com/devdasx/wallet-address-validator-kit.git
https://github.com/devdasx/wallet-address-validator-kit.git
WARNING: environment variable SUPPRESS_SWIFT_6_FLAGS is not set
Running build ...
bash -c docker run --pull=always --rm -v "checkouts-54344847-3":/host -w "$PWD" -e JAVA_HOME="/root/.sdkman/candidates/java/current" -e SPI_BUILD="1" -e SPI_PROCESSING="1" registry.gitlab.com/saguaro1/spi-images:basic-6.1-latest swift build --triple x86_64-unknown-linux-gnu -Xswiftc -Xfrontend -Xswiftc -stats-output-dir -Xswiftc -Xfrontend -Xswiftc .stats -Xswiftc -strict-concurrency=complete -Xswiftc -enable-upcoming-feature -Xswiftc StrictConcurrency -Xswiftc -enable-upcoming-feature -Xswiftc DisableOutwardActorInference -Xswiftc -enable-upcoming-feature -Xswiftc GlobalActorIsolatedTypesUsability -Xswiftc -enable-upcoming-feature -Xswiftc InferSendableFromCaptures 2>&1
basic-6.1-latest: Pulling from saguaro1/spi-images
Digest: sha256:0f094b998e61bb35b7a666f42e392cfb12929ea8fa9160622b1badd8b73d5c87
Status: Image is up to date for registry.gitlab.com/saguaro1/spi-images:basic-6.1-latest
Building for debugging...
[0/2] Write sources
[1/2] Write swift-version-24593BA9C3E375BF.txt
error: emit-module command failed with exit code 1 (use -v to see invocation)
[3/4] Emitting module WalletAddressValidatorKit
/host/spi-builder-workspace/Sources/WalletAddressValidatorKit/WalletAddressValidatorKit.swift:2:8: error: no such module 'CryptoKit'
1 | import Foundation
2 | import CryptoKit
| `- error: no such module 'CryptoKit'
3 |
4 | public struct AddressValidationResult: Equatable {
[4/4] Compiling WalletAddressValidatorKit WalletAddressValidatorKit.swift
/host/spi-builder-workspace/Sources/WalletAddressValidatorKit/WalletAddressValidatorKit.swift:2:8: error: no such module 'CryptoKit'
1 | import Foundation
2 | import CryptoKit
| `- error: no such module 'CryptoKit'
3 |
4 | public struct AddressValidationResult: Equatable {
Running build ...
bash -c docker run --pull=always --rm -v "checkouts-54344847-3":/host -w "$PWD" -e JAVA_HOME="/root/.sdkman/candidates/java/current" -e SPI_BUILD="1" -e SPI_PROCESSING="1" registry.gitlab.com/saguaro1/spi-images:basic-6.1-latest swift build --triple x86_64-unknown-linux-gnu 2>&1
basic-6.1-latest: Pulling from saguaro1/spi-images
Digest: sha256:0f094b998e61bb35b7a666f42e392cfb12929ea8fa9160622b1badd8b73d5c87
Status: Image is up to date for registry.gitlab.com/saguaro1/spi-images:basic-6.1-latest
[0/1] Planning build
Building for debugging...
[0/1] Write swift-version-24593BA9C3E375BF.txt
error: emit-module command failed with exit code 1 (use -v to see invocation)
[2/3] Compiling WalletAddressValidatorKit WalletAddressValidatorKit.swift
/host/spi-builder-workspace/Sources/WalletAddressValidatorKit/WalletAddressValidatorKit.swift:2:8: error: no such module 'CryptoKit'
1 | import Foundation
2 | import CryptoKit
| `- error: no such module 'CryptoKit'
3 |
4 | public struct AddressValidationResult: Equatable {
[3/3] Emitting module WalletAddressValidatorKit
/host/spi-builder-workspace/Sources/WalletAddressValidatorKit/WalletAddressValidatorKit.swift:2:8: error: no such module 'CryptoKit'
1 | import Foundation
2 | import CryptoKit
| `- error: no such module 'CryptoKit'
3 |
4 | public struct AddressValidationResult: Equatable {
BUILD FAILURE 6.1 linux