The Swift Package Index logo.Swift Package Index

Build Information

Failed to build VectorPlus, reference main (1bfe7d), with Swift 6.1 for Wasm on 25 Jun 2026 11:37:45 UTC.

Build Command

bash -c docker run --pull=always --rm -v "checkouts-53886769-0":/host -w "$PWD" -e JAVA_HOME="/root/.sdkman/candidates/java/current" -e SPI_BUILD="1" -e SPI_PROCESSING="1" registry.gitlab.com/swiftpackageindex/spi-images:wasm-6.1-latest swift build --swift-sdk wasm32-unknown-wasi 2>&1

Build Log

========================================
RunAll
========================================
Builder version: 4071e0796c748d991a0123890d2f0ecadc8fcc8c
Interrupt handler set up.
========================================
Checkout
========================================
Clone URL: https://github.com/richardpiazza/VectorPlus.git
Reference: main
Initialized empty Git repository in /host/spi-builder-workspace/.git/
hint: Using 'master' as the name for the initial branch. This default branch name
hint: is subject to change. To configure the initial branch name to use in all
hint: of your new repositories, which will suppress this warning, call:
hint:
hint: 	git config --global init.defaultBranch <name>
hint:
hint: Names commonly chosen instead of 'master' are 'main', 'trunk' and
hint: 'development'. The just-created branch can be renamed via this command:
hint:
hint: 	git branch -m <name>
From https://github.com/richardpiazza/VectorPlus
 * branch            main       -> FETCH_HEAD
 * [new branch]      main       -> origin/main
HEAD is now at 1bfe7d6 `SVGView` made public. (#12)
Cloned https://github.com/richardpiazza/VectorPlus.git
Revision (git rev-parse @):
1bfe7d628bd1c505098266aab9a8dc6b55473291
SPI manifest file found: $PWD/.spi.yml
SUCCESS checkout https://github.com/richardpiazza/VectorPlus.git at main
========================================
Build
========================================
Selected platform:         wasm
Swift version:             6.1
Building package at path:  $PWD
https://github.com/richardpiazza/VectorPlus.git
https://github.com/richardpiazza/VectorPlus.git
WARNING: environment variable SUPPRESS_SWIFT_6_FLAGS is not set
Running build ...
bash -c docker run --pull=always --rm -v "checkouts-53886769-0":/host -w "$PWD" -e JAVA_HOME="/root/.sdkman/candidates/java/current" -e SPI_BUILD="1" -e SPI_PROCESSING="1" registry.gitlab.com/swiftpackageindex/spi-images:wasm-6.1-latest swift build --swift-sdk wasm32-unknown-wasi -Xswiftc -Xfrontend -Xswiftc -stats-output-dir -Xswiftc -Xfrontend -Xswiftc .stats -Xswiftc -strict-concurrency=complete -Xswiftc -enable-upcoming-feature -Xswiftc StrictConcurrency -Xswiftc -enable-upcoming-feature -Xswiftc DisableOutwardActorInference -Xswiftc -enable-upcoming-feature -Xswiftc GlobalActorIsolatedTypesUsability -Xswiftc -enable-upcoming-feature -Xswiftc InferSendableFromCaptures 2>&1
wasm-6.1-latest: Pulling from swiftpackageindex/spi-images
Digest: sha256:87277f180438764e0763769462b4e00642129a1e8364b1cdaa91f88fde66785b
Status: Image is up to date for registry.gitlab.com/swiftpackageindex/spi-images:wasm-6.1-latest
Fetching https://github.com/apple/swift-argument-parser.git
Fetching https://github.com/JohnSundell/ShellOut.git
Fetching https://github.com/swiftlang/swift-testing.git
Fetching https://github.com/richardpiazza/SwiftSVG.git
Fetching https://github.com/richardpiazza/SwiftColor.git
[1/193] Fetching swiftcolor
[194/836] Fetching swiftcolor, swiftsvg
[837/18785] Fetching swiftcolor, swiftsvg, swift-argument-parser
[17710/58061] Fetching swiftcolor, swiftsvg, swift-argument-parser, swift-testing
[19179/59041] Fetching swiftcolor, swiftsvg, swift-argument-parser, swift-testing, shellout
Fetched https://github.com/richardpiazza/SwiftColor.git from cache (1.04s)
Fetched https://github.com/JohnSundell/ShellOut.git from cache (1.04s)
Fetched https://github.com/richardpiazza/SwiftSVG.git from cache (1.04s)
Fetched https://github.com/apple/swift-argument-parser.git from cache (1.05s)
Fetched https://github.com/swiftlang/swift-testing.git from cache (1.06s)
Computing version for https://github.com/JohnSundell/ShellOut.git
Computed https://github.com/JohnSundell/ShellOut.git at 2.3.0 (1.98s)
Computing version for https://github.com/richardpiazza/SwiftColor.git
Computed https://github.com/richardpiazza/SwiftColor.git at 0.3.2 (0.20s)
Computing version for https://github.com/richardpiazza/SwiftSVG.git
Computed https://github.com/richardpiazza/SwiftSVG.git at 0.12.0 (0.22s)
Fetching https://github.com/richardpiazza/Swift2D.git
Fetching https://github.com/CoreOffice/XMLCoder.git
[1/10129] Fetching xmlcoder
Fetched https://github.com/CoreOffice/XMLCoder.git from cache (0.49s)
[1/310] Fetching swift2d
Fetched https://github.com/richardpiazza/Swift2D.git from cache (0.52s)
Computing version for https://github.com/richardpiazza/Swift2D.git
Computed https://github.com/richardpiazza/Swift2D.git at 2.2.1 (0.73s)
Computing version for https://github.com/CoreOffice/XMLCoder.git
Computed https://github.com/CoreOffice/XMLCoder.git at 0.18.2 (0.91s)
Computing version for https://github.com/apple/swift-argument-parser.git
Computed https://github.com/apple/swift-argument-parser.git at 1.8.2 (0.23s)
Computing version for https://github.com/swiftlang/swift-testing.git
Computed https://github.com/swiftlang/swift-testing.git at 6.2.4 (0.33s)
Fetching https://github.com/swiftlang/swift-syntax.git
[1/75744] Fetching swift-syntax
Fetched https://github.com/swiftlang/swift-syntax.git from cache (2.50s)
Computing version for https://github.com/swiftlang/swift-syntax.git
Computed https://github.com/swiftlang/swift-syntax.git at 602.0.0 (2.83s)
Creating working copy for https://github.com/richardpiazza/SwiftColor.git
Working copy of https://github.com/richardpiazza/SwiftColor.git resolved at 0.3.2
Creating working copy for https://github.com/JohnSundell/ShellOut.git
Working copy of https://github.com/JohnSundell/ShellOut.git resolved at 2.3.0
Creating working copy for https://github.com/swiftlang/swift-testing.git
Working copy of https://github.com/swiftlang/swift-testing.git resolved at 6.2.4
Creating working copy for https://github.com/apple/swift-argument-parser.git
Working copy of https://github.com/apple/swift-argument-parser.git resolved at 1.8.2
Creating working copy for https://github.com/richardpiazza/SwiftSVG.git
Working copy of https://github.com/richardpiazza/SwiftSVG.git resolved at 0.12.0
Creating working copy for https://github.com/swiftlang/swift-syntax.git
Working copy of https://github.com/swiftlang/swift-syntax.git resolved at 602.0.0
Creating working copy for https://github.com/richardpiazza/Swift2D.git
Working copy of https://github.com/richardpiazza/Swift2D.git resolved at 2.2.1
Creating working copy for https://github.com/CoreOffice/XMLCoder.git
Working copy of https://github.com/CoreOffice/XMLCoder.git resolved at 0.18.2
[1/1] Compiling plugin GenerateManual
[2/2] Compiling plugin GenerateDoccReference
Building for debugging...
[2/21] Write sources
[10/21] Write swift-version-24593BA9C3E375BF.txt
[12/88] Emitting module XMLCoder
[13/94] Compiling ArgumentParserToolInfo ToolInfo.swift
<unknown>:0: warning: upcoming feature 'InferSendableFromCaptures' is already enabled as of Swift version 6
<unknown>:0: warning: upcoming feature 'GlobalActorIsolatedTypesUsability' is already enabled as of Swift version 6
<unknown>:0: warning: upcoming feature 'DisableOutwardActorInference' is already enabled as of Swift version 6
[14/94] Emitting module ArgumentParserToolInfo
<unknown>:0: warning: upcoming feature 'InferSendableFromCaptures' is already enabled as of Swift version 6
<unknown>:0: warning: upcoming feature 'GlobalActorIsolatedTypesUsability' is already enabled as of Swift version 6
<unknown>:0: warning: upcoming feature 'DisableOutwardActorInference' is already enabled as of Swift version 6
[15/95] Compiling Swift2D Size.swift
[17/95] Compiling SwiftColor Pigment+SwiftUI.swift
[17/96] Wrapping AST for ArgumentParserToolInfo for debugging
[19/127] Compiling SwiftColor Pigment.swift
[20/143] Compiling ArgumentParser Foundation.swift
[21/143] Compiling XMLCoder XMLEncoderImplementation.swift
[22/143] Compiling XMLCoder XMLEncodingStorage.swift
[23/143] Compiling XMLCoder XMLKeyedEncodingContainer.swift
[24/143] Compiling XMLCoder XMLReferencingEncoder.swift
[25/143] Compiling XMLCoder XMLUnkeyedEncodingContainer.swift
[26/143] Compiling ArgumentParser BashCompletionsGenerator.swift
[27/143] Compiling ArgumentParser CompletionsGenerator.swift
[28/143] Compiling ArgumentParser FishCompletionsGenerator.swift
[29/143] Compiling ArgumentParser ZshCompletionsGenerator.swift
[30/143] Compiling ArgumentParser Argument.swift
[31/143] Compiling ArgumentParser ArgumentDiscussion.swift
[32/143] Compiling ArgumentParser ArgumentHelp.swift
[33/143] Compiling ArgumentParser Tree.swift
[34/143] Compiling ArgumentParser HelpCommand.swift
[35/143] Compiling ArgumentParser HelpGenerator.swift
[36/143] Compiling ArgumentParser MessageInfo.swift
[37/143] Compiling ArgumentParser UsageGenerator.swift
[38/143] Compiling ArgumentParser CollectionExtensions.swift
[39/143] Compiling ArgumentParser ArgumentVisibility.swift
[40/143] Compiling ArgumentParser CompletionKind.swift
[41/143] Compiling ArgumentParser Errors.swift
[42/143] Compiling ArgumentParser Flag.swift
[43/143] Compiling ArgumentParser NameSpecification.swift
[44/143] Compiling ArgumentParser Option.swift
[45/143] Compiling ArgumentParser OptionGroup.swift
[46/143] Compiling Swift2D Rect+CoreGraphics.swift
[47/143] Compiling SwiftColor Pigment+String.swift
[50/143] Compiling SwiftColor Pigment+UIKit.swift
/host/spi-builder-workspace/.build/checkouts/SwiftColor/Sources/SwiftColor/Pigment+Hex.swift:134:33: error: integer literal '4278190080' overflows when stored into 'Int'
132 |         hex: Int
133 |     ) -> (red: Double, green: Double, blue: Double, alpha: Double) {
134 |         let red = Double((hex & 0xFF00_0000) >> 24) / 255.0
    |                                 `- error: integer literal '4278190080' overflows when stored into 'Int'
135 |         let green = Double((hex & 0x00FF_0000) >> 16) / 255.0
136 |         let blue = Double((hex & 0x0000_FF00) >> 8) / 255.0
/host/spi-builder-workspace/.build/checkouts/SwiftColor/Sources/SwiftColor/Pigment+Hex.swift:134:33: error: integer literal '4278190080' overflows when stored into 'Int'
132 |         hex: Int
133 |     ) -> (red: Double, green: Double, blue: Double, alpha: Double) {
134 |         let red = Double((hex & 0xFF00_0000) >> 24) / 255.0
    |                                 `- error: integer literal '4278190080' overflows when stored into 'Int'
135 |         let green = Double((hex & 0x00FF_0000) >> 16) / 255.0
136 |         let blue = Double((hex & 0x0000_FF00) >> 8) / 255.0
[53/143] Compiling Swift2D Rect.swift
[54/143] Compiling Swift2D Size+CoreGraphics.swift
[55/143] Compiling Swift2D Point.swift
[56/143] Compiling Swift2D Point+CoreGraphics.swift
[57/143] Emitting module Swift2D
[60/144] Emitting module SwiftColor
[63/144] Compiling ArgumentParser InputKey.swift
[64/144] Compiling ArgumentParser InputOrigin.swift
[65/144] Compiling ArgumentParser Name.swift
[66/144] Compiling ArgumentParser Parsed.swift
[67/144] Compiling ArgumentParser ParsedValues.swift
[68/144] Compiling ArgumentParser ParserError.swift
[69/144] Compiling ArgumentParser ParentCommand.swift
[70/144] Compiling ArgumentParser AsyncParsableCommand.swift
[71/144] Compiling ArgumentParser CommandConfiguration.swift
[72/144] Compiling ArgumentParser CommandGroup.swift
[73/144] Compiling ArgumentParser EnumerableFlag.swift
[74/144] Compiling ArgumentParser ExpressibleByArgument.swift
[75/144] Compiling ArgumentParser ParsableArguments.swift
[76/144] Compiling ArgumentParser ParsableCommand.swift
[77/144] Compiling ArgumentParser ArgumentDecoder.swift
[78/144] Compiling ArgumentParser ArgumentDefinition.swift
[79/144] Compiling ArgumentParser ArgumentSet.swift
[80/144] Compiling ArgumentParser CommandParser.swift
[81/144] Compiling ArgumentParser SplitArguments.swift
[82/144] Compiling ArgumentParser DumpHelpGenerator.swift
[83/144] Compiling ArgumentParser Mutex.swift
[84/144] Compiling ArgumentParser Platform.swift
[85/144] Compiling ArgumentParser SequenceExtensions.swift
[86/144] Compiling ArgumentParser StringExtensions.swift
[87/144] Compiling ArgumentParser SwiftExtensions.swift
<unknown>:0: warning: upcoming feature 'InferSendableFromCaptures' is already enabled as of Swift version 6
<unknown>:0: warning: upcoming feature 'GlobalActorIsolatedTypesUsability' is already enabled as of Swift version 6
<unknown>:0: warning: upcoming feature 'DisableOutwardActorInference' is already enabled as of Swift version 6
Running build ...
bash -c docker run --pull=always --rm -v "checkouts-53886769-0":/host -w "$PWD" -e JAVA_HOME="/root/.sdkman/candidates/java/current" -e SPI_BUILD="1" -e SPI_PROCESSING="1" registry.gitlab.com/swiftpackageindex/spi-images:wasm-6.1-latest swift build --swift-sdk wasm32-unknown-wasi 2>&1
wasm-6.1-latest: Pulling from swiftpackageindex/spi-images
Digest: sha256:87277f180438764e0763769462b4e00642129a1e8364b1cdaa91f88fde66785b
Status: Image is up to date for registry.gitlab.com/swiftpackageindex/spi-images:wasm-6.1-latest
[0/1] Planning build
[1/1] Compiling plugin GenerateManual
[2/2] Compiling plugin GenerateDoccReference
Building for debugging...
[2/13] Write swift-version-24593BA9C3E375BF.txt
[4/80] Compiling SwiftColor Pigment+UIKit.swift
[5/81] Compiling SwiftColor Pigment+SwiftUI.swift
[6/81] Emitting module SwiftColor
[7/81] Compiling SwiftColor Pigment.swift
[8/81] Compiling SwiftColor Pigment+String.swift
[9/81] Compiling Swift2D Size.swift
[10/81] Compiling Swift2D Size+CoreGraphics.swift
[11/81] Compiling XMLCoder DoubleBox.swift
[12/81] Compiling XMLCoder FloatBox.swift
[13/81] Compiling Swift2D Rect+CoreGraphics.swift
[14/81] Compiling Swift2D Point+CoreGraphics.swift
[15/81] Emitting module Swift2D
[16/81] Compiling Swift2D Point.swift
[17/81] Compiling Swift2D Rect.swift
[21/82] Compiling XMLCoder IntBox.swift
[22/82] Compiling XMLCoder KeyedBox.swift
[23/82] Compiling XMLCoder NullBox.swift
[24/82] Compiling XMLCoder SharedBox.swift
[25/82] Compiling XMLCoder SingleKeyedBox.swift
[26/88] Compiling XMLCoder Attribute.swift
[27/88] Compiling XMLCoder BoolBox.swift
[28/88] Compiling XMLCoder Box.swift
[29/88] Compiling XMLCoder ChoiceBox.swift
[30/88] Compiling XMLCoder DataBox.swift
[31/88] Compiling XMLCoder DateBox.swift
[32/88] Compiling XMLCoder DecimalBox.swift
[33/88] Compiling XMLCoder StringBox.swift
[34/88] Compiling XMLCoder UIntBox.swift
[35/88] Compiling XMLCoder URLBox.swift
[36/88] Compiling XMLCoder UnkeyedBox.swift
[37/88] Compiling XMLCoder ValueBox.swift
[38/88] Compiling XMLCoder Element.swift
[39/88] Compiling XMLCoder ElementAndAttribute.swift
[40/88] Emitting module XMLCoder
[40/88] Wrapping AST for Swift2D for debugging
[42/88] Emitting module ArgumentParserToolInfo
[43/88] Compiling ArgumentParserToolInfo ToolInfo.swift
/host/spi-builder-workspace/.build/checkouts/SwiftColor/Sources/SwiftColor/Pigment+Hex.swift:134:33: error: integer literal '4278190080' overflows when stored into 'Int'
132 |         hex: Int
133 |     ) -> (red: Double, green: Double, blue: Double, alpha: Double) {
134 |         let red = Double((hex & 0xFF00_0000) >> 24) / 255.0
    |                                 `- error: integer literal '4278190080' overflows when stored into 'Int'
135 |         let green = Double((hex & 0x00FF_0000) >> 16) / 255.0
136 |         let blue = Double((hex & 0x0000_FF00) >> 8) / 255.0
/host/spi-builder-workspace/.build/checkouts/SwiftColor/Sources/SwiftColor/Pigment+Hex.swift:134:33: error: integer literal '4278190080' overflows when stored into 'Int'
132 |         hex: Int
133 |     ) -> (red: Double, green: Double, blue: Double, alpha: Double) {
134 |         let red = Double((hex & 0xFF00_0000) >> 24) / 255.0
    |                                 `- error: integer literal '4278190080' overflows when stored into 'Int'
135 |         let green = Double((hex & 0x00FF_0000) >> 16) / 255.0
136 |         let blue = Double((hex & 0x0000_FF00) >> 8) / 255.0
[51/89] Compiling XMLCoder DynamicNodeDecoding.swift
[52/89] Compiling XMLCoder SingleValueDecodingContainer.swift
[53/89] Compiling XMLCoder XMLChoiceDecodingContainer.swift
[54/89] Compiling XMLCoder XMLDecoder.swift
[55/89] Compiling XMLCoder XMLDecoderImplementation.swift
[56/89] Compiling XMLCoder XMLDecodingStorage.swift
BUILD FAILURE 6.1 wasm