Build Information
Failed to build SynheartBehavior, reference v0.5.0 (fb451e), with Swift 6.1 for watchOS using Xcode 16.3 on 4 Oct 2026 16:10:21 UTC.
Build Command
env DEVELOPER_DIR=/Applications/Xcode-16.3.0.app xcrun xcodebuild -IDEClonedSourcePackagesDirPathOverride=$PWD/.dependencies -skipMacroValidation -skipPackagePluginValidation -derivedDataPath $PWD/.derivedData build -scheme SynheartBehavior -destination generic/platform=watchOSBuild Log
========================================
RunAll
========================================
Builder version: 5.1.1
Interrupt handler set up.
========================================
Checkout
========================================
Clone URL: https://github.com/synheart-ai/synheart-behavior-swift.git
Reference: v0.5.0
Initialized empty Git repository in /Users/admin/builder/spi-builder-workspace/.git/
From https://github.com/synheart-ai/synheart-behavior-swift
* tag v0.5.0 -> FETCH_HEAD
HEAD is now at fb451e4 Merge pull request #13 from synheart-ai/feat/call-notification-motion-collectors
Cloned https://github.com/synheart-ai/synheart-behavior-swift.git
Revision (git rev-parse @):
fb451e44c0058bb84717f98c1c0cc90a40cad03e
SUCCESS checkout https://github.com/synheart-ai/synheart-behavior-swift.git at v0.5.0
========================================
Build
========================================
Selected platform: watchOS
Swift version: 6.1
Building package at path: $PWD
https://github.com/synheart-ai/synheart-behavior-swift.git
https://github.com/synheart-ai/synheart-behavior-swift.git
{
"dependencies" : [
],
"manifest_display_name" : "SynheartBehavior",
"name" : "SynheartBehavior",
"path" : "/Users/admin/builder/spi-builder-workspace",
"platforms" : [
{
"name" : "ios",
"version" : "13.0"
},
{
"name" : "macos",
"version" : "10.15"
}
],
"products" : [
{
"name" : "SynheartBehavior",
"targets" : [
"SynheartBehavior"
],
"type" : {
"library" : [
"automatic"
]
}
}
],
"targets" : [
{
"c99name" : "SynheartBehaviorTests",
"module_type" : "SwiftTarget",
"name" : "SynheartBehaviorTests",
"path" : "Tests/SynheartBehaviorTests",
"sources" : [
"CollectorTests.swift",
"InterruptionTrackersTests.swift",
"SynheartBehaviorTests.swift"
],
"target_dependencies" : [
"SynheartBehavior"
],
"type" : "test"
},
{
"c99name" : "SynheartBehavior",
"module_type" : "SwiftTarget",
"name" : "SynheartBehavior",
"path" : "Sources/SynheartBehavior",
"product_memberships" : [
"SynheartBehavior"
],
"sources" : [
"AttentionSignalCollector.swift",
"BehaviorConfig.swift",
"BehaviorEvent.swift",
"BehaviorSession.swift",
"BehaviorStats.swift",
"CallCollector.swift",
"EventBatcher.swift",
"GestureSignalCollector.swift",
"InputSignalCollector.swift",
"InterruptionTrackers.swift",
"MotionSignalCollector.swift",
"NotificationCollector.swift",
"ScrollSignalCollector.swift",
"SessionManager.swift",
"SynheartBehavior.swift"
],
"type" : "library"
}
],
"tools_version" : "5.9"
}
Command line invocation:
/Applications/Xcode-16.3.0.app/Contents/Developer/usr/bin/xcodebuild -IDEClonedSourcePackagesDirPathOverride=/Users/admin/builder/spi-builder-workspace/.dependencies -resolvePackageDependencies
Resolve Package Graph
Resolve Package Graph
Resolved source packages:
SynheartBehavior: /Users/admin/builder/spi-builder-workspace
resolved source packages: SynheartBehavior
{
"dependencies" : [
],
"manifest_display_name" : "SynheartBehavior",
"name" : "SynheartBehavior",
"path" : "/Users/admin/builder/spi-builder-workspace",
"platforms" : [
{
"name" : "ios",
"version" : "13.0"
},
{
"name" : "macos",
"version" : "10.15"
}
],
"products" : [
{
"name" : "SynheartBehavior",
"targets" : [
"SynheartBehavior"
],
"type" : {
"library" : [
"automatic"
]
}
}
],
"targets" : [
{
"c99name" : "SynheartBehaviorTests",
"module_type" : "SwiftTarget",
"name" : "SynheartBehaviorTests",
"path" : "Tests/SynheartBehaviorTests",
"sources" : [
"CollectorTests.swift",
"InterruptionTrackersTests.swift",
"SynheartBehaviorTests.swift"
],
"target_dependencies" : [
"SynheartBehavior"
],
"type" : "test"
},
{
"c99name" : "SynheartBehavior",
"module_type" : "SwiftTarget",
"name" : "SynheartBehavior",
"path" : "Sources/SynheartBehavior",
"product_memberships" : [
"SynheartBehavior"
],
"sources" : [
"AttentionSignalCollector.swift",
"BehaviorConfig.swift",
"BehaviorEvent.swift",
"BehaviorSession.swift",
"BehaviorStats.swift",
"CallCollector.swift",
"EventBatcher.swift",
"GestureSignalCollector.swift",
"InputSignalCollector.swift",
"InterruptionTrackers.swift",
"MotionSignalCollector.swift",
"NotificationCollector.swift",
"ScrollSignalCollector.swift",
"SessionManager.swift",
"SynheartBehavior.swift"
],
"type" : "library"
}
],
"tools_version" : "5.9"
}
{
"workspace" : {
"name" : "spi-builder-workspace",
"schemes" : [
"SynheartBehavior"
]
}
}
Running build ...
env DEVELOPER_DIR=/Applications/Xcode-16.3.0.app xcrun xcodebuild -IDEClonedSourcePackagesDirPathOverride=$PWD/.dependencies -skipMacroValidation -skipPackagePluginValidation -derivedDataPath $PWD/.derivedData build -scheme SynheartBehavior -destination generic/platform=watchOS OTHER_SWIFT_FLAGS=-stats-output-dir .stats -strict-concurrency=complete -enable-upcoming-feature StrictConcurrency -enable-upcoming-feature DisableOutwardActorInference -enable-upcoming-feature GlobalActorIsolatedTypesUsability -enable-upcoming-feature InferSendableFromCaptures
Command line invocation:
/Applications/Xcode-16.3.0.app/Contents/Developer/usr/bin/xcodebuild -IDEClonedSourcePackagesDirPathOverride=/Users/admin/builder/spi-builder-workspace/.dependencies -skipMacroValidation -skipPackagePluginValidation -derivedDataPath /Users/admin/builder/spi-builder-workspace/.derivedData build -scheme SynheartBehavior -destination generic/platform=watchOS "OTHER_SWIFT_FLAGS=-stats-output-dir .stats -strict-concurrency=complete -enable-upcoming-feature StrictConcurrency -enable-upcoming-feature DisableOutwardActorInference -enable-upcoming-feature GlobalActorIsolatedTypesUsability -enable-upcoming-feature InferSendableFromCaptures"
Build settings from command line:
OTHER_SWIFT_FLAGS = -stats-output-dir .stats -strict-concurrency=complete -enable-upcoming-feature StrictConcurrency -enable-upcoming-feature DisableOutwardActorInference -enable-upcoming-feature GlobalActorIsolatedTypesUsability -enable-upcoming-feature InferSendableFromCaptures
Resolve Package Graph
Resolved source packages:
SynheartBehavior: /Users/admin/builder/spi-builder-workspace
ComputePackagePrebuildTargetDependencyGraph
Prepare packages
CreateBuildRequest
SendProjectDescription
CreateBuildOperation
ComputeTargetDependencyGraph
note: Building targets in dependency order
note: Target dependency graph (2 targets)
Target 'SynheartBehavior' in project 'SynheartBehavior'
➜ Explicit dependency on target 'SynheartBehavior' in project 'SynheartBehavior'
Target 'SynheartBehavior' in project 'SynheartBehavior' (no dependencies)
GatherProvisioningInputs
CreateBuildDescription
ExecuteExternalTool /Applications/Xcode-16.3.0.app/Contents/Developer/Toolchains/XcodeDefault.xctoolchain/usr/bin/clang -v -E -dM -isysroot /Applications/Xcode-16.3.0.app/Contents/Developer/Platforms/WatchOS.platform/Developer/SDKs/WatchOS11.4.sdk -x c -c /dev/null
ExecuteExternalTool /Applications/Xcode-16.3.0.app/Contents/Developer/Toolchains/XcodeDefault.xctoolchain/usr/bin/swiftc --version
ExecuteExternalTool /Applications/Xcode-16.3.0.app/Contents/Developer/Toolchains/XcodeDefault.xctoolchain/usr/bin/ld -version_details
Build description signature: 93ae3154d86dbebbb70885d4ed5cae9c
Build description path: /Users/admin/builder/spi-builder-workspace/.derivedData/Build/Intermediates.noindex/XCBuildData/93ae3154d86dbebbb70885d4ed5cae9c.xcbuilddata
CreateBuildDirectory /Users/admin/builder/spi-builder-workspace/.derivedData/Build/Products
cd /Users/admin/builder/spi-builder-workspace/.swiftpm/xcode
builtin-create-build-directory /Users/admin/builder/spi-builder-workspace/.derivedData/Build/Products
CreateBuildDirectory /Users/admin/builder/spi-builder-workspace/.derivedData/Build/Intermediates.noindex
cd /Users/admin/builder/spi-builder-workspace/.swiftpm/xcode
builtin-create-build-directory /Users/admin/builder/spi-builder-workspace/.derivedData/Build/Intermediates.noindex
ClangStatCache /Applications/Xcode-16.3.0.app/Contents/Developer/Toolchains/XcodeDefault.xctoolchain/usr/bin/clang-stat-cache /Applications/Xcode-16.3.0.app/Contents/Developer/Platforms/WatchOS.platform/Developer/SDKs/WatchOS11.4.sdk /Users/admin/builder/spi-builder-workspace/.derivedData/SDKStatCaches.noindex/watchos11.4-22T246-43efb940ff07ba2497b70ec94253f576.sdkstatcache
cd /Users/admin/builder/spi-builder-workspace/.swiftpm/xcode
/Applications/Xcode-16.3.0.app/Contents/Developer/Toolchains/XcodeDefault.xctoolchain/usr/bin/clang-stat-cache /Applications/Xcode-16.3.0.app/Contents/Developer/Platforms/WatchOS.platform/Developer/SDKs/WatchOS11.4.sdk -o /Users/admin/builder/spi-builder-workspace/.derivedData/SDKStatCaches.noindex/watchos11.4-22T246-43efb940ff07ba2497b70ec94253f576.sdkstatcache
CreateBuildDirectory /Users/admin/builder/spi-builder-workspace/.derivedData/Build/Intermediates.noindex/EagerLinkingTBDs/Debug-watchos
cd /Users/admin/builder/spi-builder-workspace/.swiftpm/xcode
builtin-create-build-directory /Users/admin/builder/spi-builder-workspace/.derivedData/Build/Intermediates.noindex/EagerLinkingTBDs/Debug-watchos
CreateBuildDirectory /Users/admin/builder/spi-builder-workspace/.derivedData/Build/Products/Debug-watchos
cd /Users/admin/builder/spi-builder-workspace/.swiftpm/xcode
builtin-create-build-directory /Users/admin/builder/spi-builder-workspace/.derivedData/Build/Products/Debug-watchos
CreateBuildDirectory /Users/admin/builder/spi-builder-workspace/.derivedData/Build/Products/Debug-watchos/PackageFrameworks
cd /Users/admin/builder/spi-builder-workspace/.swiftpm/xcode
builtin-create-build-directory /Users/admin/builder/spi-builder-workspace/.derivedData/Build/Products/Debug-watchos/PackageFrameworks
WriteAuxiliaryFile /Users/admin/builder/spi-builder-workspace/.derivedData/Build/Intermediates.noindex/SynheartBehavior.build/Debug-watchos/SynheartBehavior.build/SynheartBehavior.modulemap (in target 'SynheartBehavior' from project 'SynheartBehavior')
cd /Users/admin/builder/spi-builder-workspace
write-file /Users/admin/builder/spi-builder-workspace/.derivedData/Build/Intermediates.noindex/SynheartBehavior.build/Debug-watchos/SynheartBehavior.build/SynheartBehavior.modulemap
WriteAuxiliaryFile /Users/admin/builder/spi-builder-workspace/.derivedData/Build/Intermediates.noindex/SynheartBehavior.build/Debug-watchos/SynheartBehavior.build/SynheartBehavior.DependencyStaticMetadataFileList (in target 'SynheartBehavior' from project 'SynheartBehavior')
cd /Users/admin/builder/spi-builder-workspace
write-file /Users/admin/builder/spi-builder-workspace/.derivedData/Build/Intermediates.noindex/SynheartBehavior.build/Debug-watchos/SynheartBehavior.build/SynheartBehavior.DependencyStaticMetadataFileList
WriteAuxiliaryFile /Users/admin/builder/spi-builder-workspace/.derivedData/Build/Intermediates.noindex/SynheartBehavior.build/Debug-watchos/SynheartBehavior.build/SynheartBehavior.DependencyMetadataFileList (in target 'SynheartBehavior' from project 'SynheartBehavior')
cd /Users/admin/builder/spi-builder-workspace
write-file /Users/admin/builder/spi-builder-workspace/.derivedData/Build/Intermediates.noindex/SynheartBehavior.build/Debug-watchos/SynheartBehavior.build/SynheartBehavior.DependencyMetadataFileList
WriteAuxiliaryFile /Users/admin/builder/spi-builder-workspace/.derivedData/Build/Intermediates.noindex/SynheartBehavior.build/Debug-watchos/SynheartBehavior.build/Objects-normal/arm64_32/SynheartBehavior_const_extract_protocols.json (in target 'SynheartBehavior' from project 'SynheartBehavior')
cd /Users/admin/builder/spi-builder-workspace
write-file /Users/admin/builder/spi-builder-workspace/.derivedData/Build/Intermediates.noindex/SynheartBehavior.build/Debug-watchos/SynheartBehavior.build/Objects-normal/arm64_32/SynheartBehavior_const_extract_protocols.json
WriteAuxiliaryFile /Users/admin/builder/spi-builder-workspace/.derivedData/Build/Intermediates.noindex/SynheartBehavior.build/Debug-watchos/SynheartBehavior.build/Objects-normal/arm64_32/SynheartBehavior-OutputFileMap.json (in target 'SynheartBehavior' from project 'SynheartBehavior')
cd /Users/admin/builder/spi-builder-workspace
write-file /Users/admin/builder/spi-builder-workspace/.derivedData/Build/Intermediates.noindex/SynheartBehavior.build/Debug-watchos/SynheartBehavior.build/Objects-normal/arm64_32/SynheartBehavior-OutputFileMap.json
WriteAuxiliaryFile /Users/admin/builder/spi-builder-workspace/.derivedData/Build/Intermediates.noindex/SynheartBehavior.build/Debug-watchos/SynheartBehavior.build/Objects-normal/armv7k/SynheartBehavior.SwiftFileList (in target 'SynheartBehavior' from project 'SynheartBehavior')
cd /Users/admin/builder/spi-builder-workspace
write-file /Users/admin/builder/spi-builder-workspace/.derivedData/Build/Intermediates.noindex/SynheartBehavior.build/Debug-watchos/SynheartBehavior.build/Objects-normal/armv7k/SynheartBehavior.SwiftFileList
WriteAuxiliaryFile /Users/admin/builder/spi-builder-workspace/.derivedData/Build/Intermediates.noindex/SynheartBehavior.build/Debug-watchos/SynheartBehavior.build/Objects-normal/armv7k/SynheartBehavior_const_extract_protocols.json (in target 'SynheartBehavior' from project 'SynheartBehavior')
cd /Users/admin/builder/spi-builder-workspace
write-file /Users/admin/builder/spi-builder-workspace/.derivedData/Build/Intermediates.noindex/SynheartBehavior.build/Debug-watchos/SynheartBehavior.build/Objects-normal/armv7k/SynheartBehavior_const_extract_protocols.json
WriteAuxiliaryFile /Users/admin/builder/spi-builder-workspace/.derivedData/Build/Intermediates.noindex/SynheartBehavior.build/Debug-watchos/SynheartBehavior.build/Objects-normal/armv7k/SynheartBehavior-OutputFileMap.json (in target 'SynheartBehavior' from project 'SynheartBehavior')
cd /Users/admin/builder/spi-builder-workspace
write-file /Users/admin/builder/spi-builder-workspace/.derivedData/Build/Intermediates.noindex/SynheartBehavior.build/Debug-watchos/SynheartBehavior.build/Objects-normal/armv7k/SynheartBehavior-OutputFileMap.json
WriteAuxiliaryFile /Users/admin/builder/spi-builder-workspace/.derivedData/Build/Intermediates.noindex/SynheartBehavior.build/Debug-watchos/SynheartBehavior.build/Objects-normal/armv7k/SynheartBehavior.SwiftConstValuesFileList (in target 'SynheartBehavior' from project 'SynheartBehavior')
cd /Users/admin/builder/spi-builder-workspace
write-file /Users/admin/builder/spi-builder-workspace/.derivedData/Build/Intermediates.noindex/SynheartBehavior.build/Debug-watchos/SynheartBehavior.build/Objects-normal/armv7k/SynheartBehavior.SwiftConstValuesFileList
WriteAuxiliaryFile /Users/admin/builder/spi-builder-workspace/.derivedData/Build/Intermediates.noindex/SynheartBehavior.build/Debug-watchos/SynheartBehavior.build/Objects-normal/armv7k/SynheartBehavior.LinkFileList (in target 'SynheartBehavior' from project 'SynheartBehavior')
cd /Users/admin/builder/spi-builder-workspace
write-file /Users/admin/builder/spi-builder-workspace/.derivedData/Build/Intermediates.noindex/SynheartBehavior.build/Debug-watchos/SynheartBehavior.build/Objects-normal/armv7k/SynheartBehavior.LinkFileList
WriteAuxiliaryFile /Users/admin/builder/spi-builder-workspace/.derivedData/Build/Intermediates.noindex/SynheartBehavior.build/Debug-watchos/SynheartBehavior.build/Objects-normal/arm64_32/SynheartBehavior.SwiftFileList (in target 'SynheartBehavior' from project 'SynheartBehavior')
cd /Users/admin/builder/spi-builder-workspace
write-file /Users/admin/builder/spi-builder-workspace/.derivedData/Build/Intermediates.noindex/SynheartBehavior.build/Debug-watchos/SynheartBehavior.build/Objects-normal/arm64_32/SynheartBehavior.SwiftFileList
WriteAuxiliaryFile /Users/admin/builder/spi-builder-workspace/.derivedData/Build/Intermediates.noindex/SynheartBehavior.build/Debug-watchos/SynheartBehavior.build/Objects-normal/arm64_32/SynheartBehavior.SwiftConstValuesFileList (in target 'SynheartBehavior' from project 'SynheartBehavior')
cd /Users/admin/builder/spi-builder-workspace
write-file /Users/admin/builder/spi-builder-workspace/.derivedData/Build/Intermediates.noindex/SynheartBehavior.build/Debug-watchos/SynheartBehavior.build/Objects-normal/arm64_32/SynheartBehavior.SwiftConstValuesFileList
WriteAuxiliaryFile /Users/admin/builder/spi-builder-workspace/.derivedData/Build/Intermediates.noindex/SynheartBehavior.build/Debug-watchos/SynheartBehavior.build/Objects-normal/arm64_32/SynheartBehavior.LinkFileList (in target 'SynheartBehavior' from project 'SynheartBehavior')
cd /Users/admin/builder/spi-builder-workspace
write-file /Users/admin/builder/spi-builder-workspace/.derivedData/Build/Intermediates.noindex/SynheartBehavior.build/Debug-watchos/SynheartBehavior.build/Objects-normal/arm64_32/SynheartBehavior.LinkFileList
WriteAuxiliaryFile /Users/admin/builder/spi-builder-workspace/.derivedData/Build/Intermediates.noindex/SynheartBehavior.build/Debug-watchos/SynheartBehavior.build/Objects-normal/arm64/SynheartBehavior_const_extract_protocols.json (in target 'SynheartBehavior' from project 'SynheartBehavior')
cd /Users/admin/builder/spi-builder-workspace
write-file /Users/admin/builder/spi-builder-workspace/.derivedData/Build/Intermediates.noindex/SynheartBehavior.build/Debug-watchos/SynheartBehavior.build/Objects-normal/arm64/SynheartBehavior_const_extract_protocols.json
WriteAuxiliaryFile /Users/admin/builder/spi-builder-workspace/.derivedData/Build/Intermediates.noindex/SynheartBehavior.build/Debug-watchos/SynheartBehavior.build/Objects-normal/arm64/SynheartBehavior.SwiftFileList (in target 'SynheartBehavior' from project 'SynheartBehavior')
cd /Users/admin/builder/spi-builder-workspace
write-file /Users/admin/builder/spi-builder-workspace/.derivedData/Build/Intermediates.noindex/SynheartBehavior.build/Debug-watchos/SynheartBehavior.build/Objects-normal/arm64/SynheartBehavior.SwiftFileList
WriteAuxiliaryFile /Users/admin/builder/spi-builder-workspace/.derivedData/Build/Intermediates.noindex/SynheartBehavior.build/Debug-watchos/SynheartBehavior.build/Objects-normal/arm64/SynheartBehavior.SwiftConstValuesFileList (in target 'SynheartBehavior' from project 'SynheartBehavior')
cd /Users/admin/builder/spi-builder-workspace
write-file /Users/admin/builder/spi-builder-workspace/.derivedData/Build/Intermediates.noindex/SynheartBehavior.build/Debug-watchos/SynheartBehavior.build/Objects-normal/arm64/SynheartBehavior.SwiftConstValuesFileList
WriteAuxiliaryFile /Users/admin/builder/spi-builder-workspace/.derivedData/Build/Intermediates.noindex/SynheartBehavior.build/Debug-watchos/SynheartBehavior.build/Objects-normal/arm64/SynheartBehavior.LinkFileList (in target 'SynheartBehavior' from project 'SynheartBehavior')
cd /Users/admin/builder/spi-builder-workspace
write-file /Users/admin/builder/spi-builder-workspace/.derivedData/Build/Intermediates.noindex/SynheartBehavior.build/Debug-watchos/SynheartBehavior.build/Objects-normal/arm64/SynheartBehavior.LinkFileList
WriteAuxiliaryFile /Users/admin/builder/spi-builder-workspace/.derivedData/Build/Intermediates.noindex/SynheartBehavior.build/Debug-watchos/SynheartBehavior.build/Objects-normal/arm64/SynheartBehavior-OutputFileMap.json (in target 'SynheartBehavior' from project 'SynheartBehavior')
cd /Users/admin/builder/spi-builder-workspace
write-file /Users/admin/builder/spi-builder-workspace/.derivedData/Build/Intermediates.noindex/SynheartBehavior.build/Debug-watchos/SynheartBehavior.build/Objects-normal/arm64/SynheartBehavior-OutputFileMap.json
Copy /Users/admin/builder/spi-builder-workspace/.derivedData/Build/Intermediates.noindex/GeneratedModuleMaps-watchos/SynheartBehavior.modulemap /Users/admin/builder/spi-builder-workspace/.derivedData/Build/Intermediates.noindex/SynheartBehavior.build/Debug-watchos/SynheartBehavior.build/SynheartBehavior.modulemap (in target 'SynheartBehavior' from project 'SynheartBehavior')
cd /Users/admin/builder/spi-builder-workspace
builtin-copy -exclude .DS_Store -exclude CVS -exclude .svn -exclude .git -exclude .hg -resolve-src-symlinks /Users/admin/builder/spi-builder-workspace/.derivedData/Build/Intermediates.noindex/SynheartBehavior.build/Debug-watchos/SynheartBehavior.build/SynheartBehavior.modulemap /Users/admin/builder/spi-builder-workspace/.derivedData/Build/Intermediates.noindex/GeneratedModuleMaps-watchos
SwiftDriver SynheartBehavior normal armv7k com.apple.xcode.tools.swift.compiler (in target 'SynheartBehavior' from project 'SynheartBehavior')
cd /Users/admin/builder/spi-builder-workspace/.swiftpm/xcode
builtin-SwiftDriver -- /Applications/Xcode-16.3.0.app/Contents/Developer/Toolchains/XcodeDefault.xctoolchain/usr/bin/swiftc -module-name SynheartBehavior -Onone -enforce-exclusivity\=checked @/Users/admin/builder/spi-builder-workspace/.derivedData/Build/Intermediates.noindex/SynheartBehavior.build/Debug-watchos/SynheartBehavior.build/Objects-normal/armv7k/SynheartBehavior.SwiftFileList -DSWIFT_PACKAGE -DDEBUG -stats-output-dir .stats -strict-concurrency\=complete -enable-upcoming-feature StrictConcurrency -enable-upcoming-feature DisableOutwardActorInference -enable-upcoming-feature GlobalActorIsolatedTypesUsability -enable-upcoming-feature InferSendableFromCaptures -plugin-path /Applications/Xcode-16.3.0.app/Contents/Developer/Toolchains/XcodeDefault.xctoolchain/usr/lib/swift/host/plugins/testing -enable-experimental-feature DebugDescriptionMacro -sdk /Applications/Xcode-16.3.0.app/Contents/Developer/Platforms/WatchOS.platform/Developer/SDKs/WatchOS11.4.sdk -target armv7k-apple-watchos6.0 -g -module-cache-path /Users/admin/builder/spi-builder-workspace/.derivedData/ModuleCache.noindex -Xfrontend -serialize-debugging-options -profile-coverage-mapping -profile-generate -enable-testing -index-store-path /Users/admin/builder/spi-builder-workspace/.derivedData/Index.noindex/DataStore -swift-version 5 -I /Users/admin/builder/spi-builder-workspace/.derivedData/Build/Products/Debug-watchos -I /Applications/Xcode-16.3.0.app/Contents/Developer/Platforms/WatchOS.platform/Developer/usr/lib -F /Users/admin/builder/spi-builder-workspace/.derivedData/Build/Products/Debug-watchos -F /Applications/Xcode-16.3.0.app/Contents/Developer/Platforms/WatchOS.platform/Developer/Library/Frameworks -F /Applications/Xcode-16.3.0.app/Contents/Developer/Platforms/WatchOS.platform/Developer/SDKs/WatchOS11.4.sdk/Developer/Library/Frameworks -c -j10 -enable-batch-mode -incremental -Xcc -ivfsstatcache -Xcc /Users/admin/builder/spi-builder-workspace/.derivedData/SDKStatCaches.noindex/watchos11.4-22T246-43efb940ff07ba2497b70ec94253f576.sdkstatcache -output-file-map /Users/admin/builder/spi-builder-workspace/.derivedData/Build/Intermediates.noindex/SynheartBehavior.build/Debug-watchos/SynheartBehavior.build/Objects-normal/armv7k/SynheartBehavior-OutputFileMap.json -use-frontend-parseable-output -save-temps -no-color-diagnostics -serialize-diagnostics -emit-dependencies -emit-module -emit-module-path /Users/admin/builder/spi-builder-workspace/.derivedData/Build/Intermediates.noindex/SynheartBehavior.build/Debug-watchos/SynheartBehavior.build/Objects-normal/armv7k/SynheartBehavior.swiftmodule -validate-clang-modules-once -clang-build-session-file /Users/admin/builder/spi-builder-workspace/.derivedData/ModuleCache.noindex/Session.modulevalidation -package-name spi_builder_workspace -Xcc -I/Users/admin/builder/spi-builder-workspace/.derivedData/Build/Intermediates.noindex/SynheartBehavior.build/Debug-watchos/SynheartBehavior.build/swift-overrides.hmap -emit-const-values -Xfrontend -const-gather-protocols-file -Xfrontend /Users/admin/builder/spi-builder-workspace/.derivedData/Build/Intermediates.noindex/SynheartBehavior.build/Debug-watchos/SynheartBehavior.build/Objects-normal/armv7k/SynheartBehavior_const_extract_protocols.json -Xcc -I/Users/admin/builder/spi-builder-workspace/.derivedData/Build/Products/Debug-watchos/include -Xcc -I/Users/admin/builder/spi-builder-workspace/.derivedData/Build/Intermediates.noindex/SynheartBehavior.build/Debug-watchos/SynheartBehavior.build/DerivedSources-normal/armv7k -Xcc -I/Users/admin/builder/spi-builder-workspace/.derivedData/Build/Intermediates.noindex/SynheartBehavior.build/Debug-watchos/SynheartBehavior.build/DerivedSources/armv7k -Xcc -I/Users/admin/builder/spi-builder-workspace/.derivedData/Build/Intermediates.noindex/SynheartBehavior.build/Debug-watchos/SynheartBehavior.build/DerivedSources -Xcc -DSWIFT_PACKAGE -Xcc -DDEBUG\=1 -emit-objc-header -emit-objc-header-path /Users/admin/builder/spi-builder-workspace/.derivedData/Build/Intermediates.noindex/SynheartBehavior.build/Debug-watchos/SynheartBehavior.build/Objects-normal/armv7k/SynheartBehavior-Swift.h -working-directory /Users/admin/builder/spi-builder-workspace/.swiftpm/xcode -experimental-emit-module-separately -disable-cmo
SwiftDriver SynheartBehavior normal arm64_32 com.apple.xcode.tools.swift.compiler (in target 'SynheartBehavior' from project 'SynheartBehavior')
cd /Users/admin/builder/spi-builder-workspace/.swiftpm/xcode
builtin-SwiftDriver -- /Applications/Xcode-16.3.0.app/Contents/Developer/Toolchains/XcodeDefault.xctoolchain/usr/bin/swiftc -module-name SynheartBehavior -Onone -enforce-exclusivity\=checked @/Users/admin/builder/spi-builder-workspace/.derivedData/Build/Intermediates.noindex/SynheartBehavior.build/Debug-watchos/SynheartBehavior.build/Objects-normal/arm64_32/SynheartBehavior.SwiftFileList -DSWIFT_PACKAGE -DDEBUG -stats-output-dir .stats -strict-concurrency\=complete -enable-upcoming-feature StrictConcurrency -enable-upcoming-feature DisableOutwardActorInference -enable-upcoming-feature GlobalActorIsolatedTypesUsability -enable-upcoming-feature InferSendableFromCaptures -plugin-path /Applications/Xcode-16.3.0.app/Contents/Developer/Toolchains/XcodeDefault.xctoolchain/usr/lib/swift/host/plugins/testing -enable-experimental-feature DebugDescriptionMacro -sdk /Applications/Xcode-16.3.0.app/Contents/Developer/Platforms/WatchOS.platform/Developer/SDKs/WatchOS11.4.sdk -target arm64_32-apple-watchos6.0 -g -module-cache-path /Users/admin/builder/spi-builder-workspace/.derivedData/ModuleCache.noindex -Xfrontend -serialize-debugging-options -profile-coverage-mapping -profile-generate -enable-testing -index-store-path /Users/admin/builder/spi-builder-workspace/.derivedData/Index.noindex/DataStore -swift-version 5 -I /Users/admin/builder/spi-builder-workspace/.derivedData/Build/Products/Debug-watchos -I /Applications/Xcode-16.3.0.app/Contents/Developer/Platforms/WatchOS.platform/Developer/usr/lib -F /Users/admin/builder/spi-builder-workspace/.derivedData/Build/Products/Debug-watchos -F /Applications/Xcode-16.3.0.app/Contents/Developer/Platforms/WatchOS.platform/Developer/Library/Frameworks -F /Applications/Xcode-16.3.0.app/Contents/Developer/Platforms/WatchOS.platform/Developer/SDKs/WatchOS11.4.sdk/Developer/Library/Frameworks -c -j10 -enable-batch-mode -incremental -Xcc -ivfsstatcache -Xcc /Users/admin/builder/spi-builder-workspace/.derivedData/SDKStatCaches.noindex/watchos11.4-22T246-43efb940ff07ba2497b70ec94253f576.sdkstatcache -output-file-map /Users/admin/builder/spi-builder-workspace/.derivedData/Build/Intermediates.noindex/SynheartBehavior.build/Debug-watchos/SynheartBehavior.build/Objects-normal/arm64_32/SynheartBehavior-OutputFileMap.json -use-frontend-parseable-output -save-temps -no-color-diagnostics -serialize-diagnostics -emit-dependencies -emit-module -emit-module-path /Users/admin/builder/spi-builder-workspace/.derivedData/Build/Intermediates.noindex/SynheartBehavior.build/Debug-watchos/SynheartBehavior.build/Objects-normal/arm64_32/SynheartBehavior.swiftmodule -validate-clang-modules-once -clang-build-session-file /Users/admin/builder/spi-builder-workspace/.derivedData/ModuleCache.noindex/Session.modulevalidation -package-name spi_builder_workspace -Xcc -I/Users/admin/builder/spi-builder-workspace/.derivedData/Build/Intermediates.noindex/SynheartBehavior.build/Debug-watchos/SynheartBehavior.build/swift-overrides.hmap -emit-const-values -Xfrontend -const-gather-protocols-file -Xfrontend /Users/admin/builder/spi-builder-workspace/.derivedData/Build/Intermediates.noindex/SynheartBehavior.build/Debug-watchos/SynheartBehavior.build/Objects-normal/arm64_32/SynheartBehavior_const_extract_protocols.json -Xcc -I/Users/admin/builder/spi-builder-workspace/.derivedData/Build/Products/Debug-watchos/include -Xcc -I/Users/admin/builder/spi-builder-workspace/.derivedData/Build/Intermediates.noindex/SynheartBehavior.build/Debug-watchos/SynheartBehavior.build/DerivedSources-normal/arm64_32 -Xcc -I/Users/admin/builder/spi-builder-workspace/.derivedData/Build/Intermediates.noindex/SynheartBehavior.build/Debug-watchos/SynheartBehavior.build/DerivedSources/arm64_32 -Xcc -I/Users/admin/builder/spi-builder-workspace/.derivedData/Build/Intermediates.noindex/SynheartBehavior.build/Debug-watchos/SynheartBehavior.build/DerivedSources -Xcc -DSWIFT_PACKAGE -Xcc -DDEBUG\=1 -emit-objc-header -emit-objc-header-path /Users/admin/builder/spi-builder-workspace/.derivedData/Build/Intermediates.noindex/SynheartBehavior.build/Debug-watchos/SynheartBehavior.build/Objects-normal/arm64_32/SynheartBehavior-Swift.h -working-directory /Users/admin/builder/spi-builder-workspace/.swiftpm/xcode -experimental-emit-module-separately -disable-cmo
SwiftDriver SynheartBehavior normal arm64 com.apple.xcode.tools.swift.compiler (in target 'SynheartBehavior' from project 'SynheartBehavior')
cd /Users/admin/builder/spi-builder-workspace/.swiftpm/xcode
builtin-SwiftDriver -- /Applications/Xcode-16.3.0.app/Contents/Developer/Toolchains/XcodeDefault.xctoolchain/usr/bin/swiftc -module-name SynheartBehavior -Onone -enforce-exclusivity\=checked @/Users/admin/builder/spi-builder-workspace/.derivedData/Build/Intermediates.noindex/SynheartBehavior.build/Debug-watchos/SynheartBehavior.build/Objects-normal/arm64/SynheartBehavior.SwiftFileList -DSWIFT_PACKAGE -DDEBUG -stats-output-dir .stats -strict-concurrency\=complete -enable-upcoming-feature StrictConcurrency -enable-upcoming-feature DisableOutwardActorInference -enable-upcoming-feature GlobalActorIsolatedTypesUsability -enable-upcoming-feature InferSendableFromCaptures -plugin-path /Applications/Xcode-16.3.0.app/Contents/Developer/Toolchains/XcodeDefault.xctoolchain/usr/lib/swift/host/plugins/testing -enable-experimental-feature DebugDescriptionMacro -sdk /Applications/Xcode-16.3.0.app/Contents/Developer/Platforms/WatchOS.platform/Developer/SDKs/WatchOS11.4.sdk -target arm64-apple-watchos6.0 -g -module-cache-path /Users/admin/builder/spi-builder-workspace/.derivedData/ModuleCache.noindex -Xfrontend -serialize-debugging-options -profile-coverage-mapping -profile-generate -enable-testing -index-store-path /Users/admin/builder/spi-builder-workspace/.derivedData/Index.noindex/DataStore -swift-version 5 -I /Users/admin/builder/spi-builder-workspace/.derivedData/Build/Products/Debug-watchos -I /Applications/Xcode-16.3.0.app/Contents/Developer/Platforms/WatchOS.platform/Developer/usr/lib -F /Users/admin/builder/spi-builder-workspace/.derivedData/Build/Products/Debug-watchos -F /Applications/Xcode-16.3.0.app/Contents/Developer/Platforms/WatchOS.platform/Developer/Library/Frameworks -F /Applications/Xcode-16.3.0.app/Contents/Developer/Platforms/WatchOS.platform/Developer/SDKs/WatchOS11.4.sdk/Developer/Library/Frameworks -c -j10 -enable-batch-mode -incremental -Xcc -ivfsstatcache -Xcc /Users/admin/builder/spi-builder-workspace/.derivedData/SDKStatCaches.noindex/watchos11.4-22T246-43efb940ff07ba2497b70ec94253f576.sdkstatcache -output-file-map /Users/admin/builder/spi-builder-workspace/.derivedData/Build/Intermediates.noindex/SynheartBehavior.build/Debug-watchos/SynheartBehavior.build/Objects-normal/arm64/SynheartBehavior-OutputFileMap.json -use-frontend-parseable-output -save-temps -no-color-diagnostics -serialize-diagnostics -emit-dependencies -emit-module -emit-module-path /Users/admin/builder/spi-builder-workspace/.derivedData/Build/Intermediates.noindex/SynheartBehavior.build/Debug-watchos/SynheartBehavior.build/Objects-normal/arm64/SynheartBehavior.swiftmodule -validate-clang-modules-once -clang-build-session-file /Users/admin/builder/spi-builder-workspace/.derivedData/ModuleCache.noindex/Session.modulevalidation -package-name spi_builder_workspace -Xcc -I/Users/admin/builder/spi-builder-workspace/.derivedData/Build/Intermediates.noindex/SynheartBehavior.build/Debug-watchos/SynheartBehavior.build/swift-overrides.hmap -emit-const-values -Xfrontend -const-gather-protocols-file -Xfrontend /Users/admin/builder/spi-builder-workspace/.derivedData/Build/Intermediates.noindex/SynheartBehavior.build/Debug-watchos/SynheartBehavior.build/Objects-normal/arm64/SynheartBehavior_const_extract_protocols.json -Xcc -I/Users/admin/builder/spi-builder-workspace/.derivedData/Build/Products/Debug-watchos/include -Xcc -I/Users/admin/builder/spi-builder-workspace/.derivedData/Build/Intermediates.noindex/SynheartBehavior.build/Debug-watchos/SynheartBehavior.build/DerivedSources-normal/arm64 -Xcc -I/Users/admin/builder/spi-builder-workspace/.derivedData/Build/Intermediates.noindex/SynheartBehavior.build/Debug-watchos/SynheartBehavior.build/DerivedSources/arm64 -Xcc -I/Users/admin/builder/spi-builder-workspace/.derivedData/Build/Intermediates.noindex/SynheartBehavior.build/Debug-watchos/SynheartBehavior.build/DerivedSources -Xcc -DSWIFT_PACKAGE -Xcc -DDEBUG\=1 -emit-objc-header -emit-objc-header-path /Users/admin/builder/spi-builder-workspace/.derivedData/Build/Intermediates.noindex/SynheartBehavior.build/Debug-watchos/SynheartBehavior.build/Objects-normal/arm64/SynheartBehavior-Swift.h -working-directory /Users/admin/builder/spi-builder-workspace/.swiftpm/xcode -experimental-emit-module-separately -disable-cmo
SwiftEmitModule normal armv7k Emitting\ module\ for\ SynheartBehavior (in target 'SynheartBehavior' from project 'SynheartBehavior')
EmitSwiftModule normal armv7k (in target 'SynheartBehavior' from project 'SynheartBehavior')
cd /Users/admin/builder/spi-builder-workspace/.swiftpm/xcode
/Users/admin/builder/spi-builder-workspace/Sources/SynheartBehavior/BehaviorEvent.swift:34:24: warning: static property 'isoFormatter' is not concurrency-safe because non-'Sendable' type 'ISO8601DateFormatter' may have shared mutable state; this is an error in the Swift 6 language mode
private static let isoFormatter: ISO8601DateFormatter = {
^
/Applications/Xcode-16.3.0.app/Contents/Developer/Platforms/WatchOS.platform/Developer/SDKs/WatchOS11.4.sdk/System/Library/Frameworks/Foundation.framework/Headers/NSISO8601DateFormatter.h:46:12: note: class 'ISO8601DateFormatter' does not conform to the 'Sendable' protocol
@interface NSISO8601DateFormatter : NSFormatter <NSSecureCoding> {
^
/Users/admin/builder/spi-builder-workspace/Sources/SynheartBehavior/BehaviorEvent.swift:34:24: note: add '@MainActor' to make static property 'isoFormatter' part of global actor 'MainActor'
private static let isoFormatter: ISO8601DateFormatter = {
^
@MainActor
/Users/admin/builder/spi-builder-workspace/Sources/SynheartBehavior/BehaviorEvent.swift:34:24: note: disable concurrency-safety checks if accesses are protected by an external synchronization mechanism
private static let isoFormatter: ISO8601DateFormatter = {
^
nonisolated(unsafe)
/Users/admin/builder/spi-builder-workspace/Sources/SynheartBehavior/GestureSignalCollector.swift:12:38: error: cannot find type 'UIWindow' in scope
private var windows: NSHashTable<UIWindow> = NSHashTable.weakObjects()
^~~~~~~~
/Users/admin/builder/spi-builder-workspace/Sources/SynheartBehavior/GestureSignalCollector.swift:66:54: error: cannot find type 'UIWindow' in scope
private func attachGestureRecognizers(to window: UIWindow) {
^~~~~~~~
/Users/admin/builder/spi-builder-workspace/Sources/SynheartBehavior/GestureSignalCollector.swift:97:56: error: cannot find type 'UIWindow' in scope
private func removeGestureRecognizers(from window: UIWindow) {
^~~~~~~~
/Users/admin/builder/spi-builder-workspace/Sources/SynheartBehavior/GestureSignalCollector.swift:106:48: error: cannot find type 'UITapGestureRecognizer' in scope
@objc private func handleTap(_ recognizer: UITapGestureRecognizer) {
^~~~~~~~~~~~~~~~~~~~~~
/Users/admin/builder/spi-builder-workspace/Sources/SynheartBehavior/GestureSignalCollector.swift:140:54: error: cannot find type 'UILongPressGestureRecognizer' in scope
@objc private func handleLongPress(_ recognizer: UILongPressGestureRecognizer) {
^~~~~~~~~~~~~~~~~~~~~~~~~~~~
/Users/admin/builder/spi-builder-workspace/Sources/SynheartBehavior/GestureSignalCollector.swift:162:48: error: cannot find type 'UIPanGestureRecognizer' in scope
@objc private func handlePan(_ recognizer: UIPanGestureRecognizer) {
^~~~~~~~~~~~~~~~~~~~~~
/Users/admin/builder/spi-builder-workspace/Sources/SynheartBehavior/GestureSignalCollector.swift:319:32: error: cannot find type 'UIWindow' in scope
static func keyWindow() -> UIWindow? {
^~~~~~~~
/Users/admin/builder/spi-builder-workspace/Sources/SynheartBehavior/GestureSignalCollector.swift:331:19: error: cannot find type 'UIWindow' in scope
private extension UIWindow {
^~~~~~~~
/Users/admin/builder/spi-builder-workspace/Sources/SynheartBehavior/GestureSignalCollector.swift:339:19: error: cannot find type 'UIView' in scope
private extension UIView {
^~~~~~
/Applications/Xcode-16.3.0.app/Contents/Developer/Platforms/WatchOS.platform/Developer/SDKs/WatchOS11.4.sdk/System/Library/Frameworks/UIKit.framework/Headers/NSTextAttachment.h:23:1: note: interface 'UIView' forward declared here
@class UIView;
^
/Users/admin/builder/spi-builder-workspace/Sources/SynheartBehavior/GestureSignalCollector.swift:350:35: error: cannot find type 'UIGestureRecognizerDelegate' in scope
extension GestureSignalCollector: UIGestureRecognizerDelegate {
^~~~~~~~~~~~~~~~~~~~~~~~~~~
/Users/admin/builder/spi-builder-workspace/Sources/SynheartBehavior/GestureSignalCollector.swift:351:49: error: cannot find type 'UIGestureRecognizer' in scope
func gestureRecognizer(_ gestureRecognizer: UIGestureRecognizer, shouldRecognizeSimultaneouslyWith otherGestureRecognizer: UIGestureRecognizer) -> Bool {
^~~~~~~~~~~~~~~~~~~
/Users/admin/builder/spi-builder-workspace/Sources/SynheartBehavior/GestureSignalCollector.swift:351:128: error: cannot find type 'UIGestureRecognizer' in scope
func gestureRecognizer(_ gestureRecognizer: UIGestureRecognizer, shouldRecognizeSimultaneouslyWith otherGestureRecognizer: UIGestureRecognizer) -> Bool {
^~~~~~~~~~~~~~~~~~~
/Users/admin/builder/spi-builder-workspace/Sources/SynheartBehavior/GestureSignalCollector.swift:360:49: error: cannot find type 'UIGestureRecognizer' in scope
func gestureRecognizer(_ gestureRecognizer: UIGestureRecognizer, shouldReceive touch: UITouch) -> Bool {
^~~~~~~~~~~~~~~~~~~
/Users/admin/builder/spi-builder-workspace/Sources/SynheartBehavior/GestureSignalCollector.swift:360:91: error: cannot find type 'UITouch' in scope
func gestureRecognizer(_ gestureRecognizer: UIGestureRecognizer, shouldReceive touch: UITouch) -> Bool {
^~~~~~~
/Users/admin/builder/spi-builder-workspace/Sources/SynheartBehavior/GestureSignalCollector.swift:384:49: error: cannot find type 'UIGestureRecognizer' in scope
func gestureRecognizer(_ gestureRecognizer: UIGestureRecognizer, shouldRequireFailureOf otherGestureRecognizer: UIGestureRecognizer) -> Bool {
^~~~~~~~~~~~~~~~~~~
/Users/admin/builder/spi-builder-workspace/Sources/SynheartBehavior/GestureSignalCollector.swift:384:117: error: cannot find type 'UIGestureRecognizer' in scope
func gestureRecognizer(_ gestureRecognizer: UIGestureRecognizer, shouldRequireFailureOf otherGestureRecognizer: UIGestureRecognizer) -> Bool {
^~~~~~~~~~~~~~~~~~~
/Users/admin/builder/spi-builder-workspace/Sources/SynheartBehavior/NotificationCollector.swift:144:10: error: cannot override 'userNotificationCenter' which has been marked unavailable
func userNotificationCenter(_ center: UNUserNotificationCenter, openSettingsFor notification: UNNotification?) {
^
UserNotifications.UNUserNotificationCenterDelegate.userNotificationCenter:3:17: note: 'userNotificationCenter(_:openSettingsFor:)' has been explicitly marked unavailable here
optional func userNotificationCenter(_ center: UNUserNotificationCenter, openSettingsFor notification: UNNotification?)}
^
/Users/admin/builder/spi-builder-workspace/Sources/SynheartBehavior/ScrollSignalCollector.swift:12:42: error: cannot find type 'UIScrollView' in scope
private var scrollViews: NSHashTable<UIScrollView> = NSHashTable.weakObjects()
^~~~~~~~~~~~
/Users/admin/builder/spi-builder-workspace/Sources/SynheartBehavior/ScrollSignalCollector.swift:25:24: warning: static property 'hasSwizzled' is not concurrency-safe because it is nonisolated global shared mutable state; this is an error in the Swift 6 language mode
private static var hasSwizzled = false
^
/Users/admin/builder/spi-builder-workspace/Sources/SynheartBehavior/ScrollSignalCollector.swift:25:24: note: convert 'hasSwizzled' to a 'let' constant to make 'Sendable' shared state immutable
private static var hasSwizzled = false
~~~ ^
let
/Users/admin/builder/spi-builder-workspace/Sources/SynheartBehavior/ScrollSignalCollector.swift:25:24: note: add '@MainActor' to make static property 'hasSwizzled' part of global actor 'MainActor'
private static var hasSwizzled = false
^
@MainActor
/Users/admin/builder/spi-builder-workspace/Sources/SynheartBehavior/ScrollSignalCollector.swift:25:24: note: disable concurrency-safety checks if accesses are protected by an external synchronization mechanism
private static var hasSwizzled = false
^
nonisolated(unsafe)
/Users/admin/builder/spi-builder-workspace/Sources/SynheartBehavior/ScrollSignalCollector.swift:97:47: error: cannot find type 'UIView' in scope
private func discoverScrollViews(in view: UIView) {
^~~~~~
/Applications/Xcode-16.3.0.app/Contents/Developer/Platforms/WatchOS.platform/Developer/SDKs/WatchOS11.4.sdk/System/Library/Frameworks/UIKit.framework/Headers/NSTextAttachment.h:23:1: note: interface 'UIView' forward declared here
@class UIView;
^
/Users/admin/builder/spi-builder-workspace/Sources/SynheartBehavior/ScrollSignalCollector.swift:107:48: error: cannot find type 'UIScrollView' in scope
private func trackScrollView(_ scrollView: UIScrollView) {
^~~~~~~~~~~~
/Users/admin/builder/spi-builder-workspace/Sources/SynheartBehavior/ScrollSignalCollector.swift:147:34: error: cannot find type 'UIScrollViewDelegate' in scope
extension ScrollSignalCollector: UIScrollViewDelegate {
^~~~~~~~~~~~~~~~~~~~
/Users/admin/builder/spi-builder-workspace/Sources/SynheartBehavior/ScrollSignalCollector.swift:148:52: error: cannot find type 'UIScrollView' in scope
func scrollViewWillBeginDragging(_ scrollView: UIScrollView) {
^~~~~~~~~~~~
/Users/admin/builder/spi-builder-workspace/Sources/SynheartBehavior/ScrollSignalCollector.swift:159:44: error: cannot find type 'UIScrollView' in scope
func scrollViewDidScroll(_ scrollView: UIScrollView) {
^~~~~~~~~~~~
/Users/admin/builder/spi-builder-workspace/Sources/SynheartBehavior/ScrollSignalCollector.swift:223:50: error: cannot find type 'UIScrollView' in scope
func scrollViewWillEndDragging(_ scrollView: UIScrollView, withVelocity velocity: CGPoint, targetContentOffset: UnsafeMutablePointer<CGPoint>) {
^~~~~~~~~~~~
/Users/admin/builder/spi-builder-workspace/Sources/SynheartBehavior/ScrollSignalCollector.swift:228:49: error: cannot find type 'UIScrollView' in scope
func scrollViewDidEndDragging(_ scrollView: UIScrollView, willDecelerate decelerate: Bool) {
^~~~~~~~~~~~
/Users/admin/builder/spi-builder-workspace/Sources/SynheartBehavior/ScrollSignalCollector.swift:232:53: error: cannot find type 'UIScrollView' in scope
func scrollViewDidEndDecelerating(_ scrollView: UIScrollView) {
^~~~~~~~~~~~
Failed frontend command:
/Applications/Xcode-16.3.0.app/Contents/Developer/Toolchains/XcodeDefault.xctoolchain/usr/bin/swift-frontend -frontend -emit-module -experimental-skip-non-inlinable-function-bodies-without-types /Users/admin/builder/spi-builder-workspace/Sources/SynheartBehavior/AttentionSignalCollector.swift /Users/admin/builder/spi-builder-workspace/Sources/SynheartBehavior/BehaviorConfig.swift /Users/admin/builder/spi-builder-workspace/Sources/SynheartBehavior/BehaviorEvent.swift /Users/admin/builder/spi-builder-workspace/Sources/SynheartBehavior/BehaviorSession.swift /Users/admin/builder/spi-builder-workspace/Sources/SynheartBehavior/BehaviorStats.swift /Users/admin/builder/spi-builder-workspace/Sources/SynheartBehavior/CallCollector.swift /Users/admin/builder/spi-builder-workspace/Sources/SynheartBehavior/EventBatcher.swift /Users/admin/builder/spi-builder-workspace/Sources/SynheartBehavior/GestureSignalCollector.swift /Users/admin/builder/spi-builder-workspace/Sources/SynheartBehavior/InputSignalCollector.swift /Users/admin/builder/spi-builder-workspace/Sources/SynheartBehavior/InterruptionTrackers.swift /Users/admin/builder/spi-builder-workspace/Sources/SynheartBehavior/MotionSignalCollector.swift /Users/admin/builder/spi-builder-workspace/Sources/SynheartBehavior/NotificationCollector.swift /Users/admin/builder/spi-builder-workspace/Sources/SynheartBehavior/ScrollSignalCollector.swift /Users/admin/builder/spi-builder-workspace/Sources/SynheartBehavior/SessionManager.swift /Users/admin/builder/spi-builder-workspace/Sources/SynheartBehavior/SynheartBehavior.swift -target armv7k-apple-watchos6.0 -enable-objc-interop -stack-check -sdk /Applications/Xcode-16.3.0.app/Contents/Developer/Platforms/WatchOS.platform/Developer/SDKs/WatchOS11.4.sdk -I /Users/admin/builder/spi-builder-workspace/.derivedData/Build/Products/Debug-watchos -I /Applications/Xcode-16.3.0.app/Contents/Developer/Platforms/WatchOS.platform/Developer/usr/lib -F /Users/admin/builder/spi-builder-workspace/.derivedData/Build/Products/Debug-watchos -F /Applications/Xcode-16.3.0.app/Contents/Developer/Platforms/WatchOS.platform/Developer/Library/Frameworks -F /Applications/Xcode-16.3.0.app/Contents/Developer/Platforms/WatchOS.platform/Developer/SDKs/WatchOS11.4.sdk/Developer/Library/Frameworks -no-color-diagnostics -enable-testing -g -debug-info-format\=dwarf -dwarf-version\=4 -module-cache-path /Users/admin/builder/spi-builder-workspace/.derivedData/ModuleCache.noindex -profile-generate -profile-coverage-mapping -swift-version 5 -enforce-exclusivity\=checked -stats-output-dir /Users/admin/builder/spi-builder-workspace/.swiftpm/xcode/.stats -Onone -D SWIFT_PACKAGE -D DEBUG -serialize-debugging-options -const-gather-protocols-file /Users/admin/builder/spi-builder-workspace/.derivedData/Build/Intermediates.noindex/SynheartBehavior.build/Debug-watchos/SynheartBehavior.build/Objects-normal/armv7k/SynheartBehavior_const_extract_protocols.json -enable-upcoming-feature StrictConcurrency -enable-upcoming-feature DisableOutwardActorInference -enable-upcoming-feature GlobalActorIsolatedTypesUsability -enable-upcoming-feature InferSendableFromCaptures -enable-experimental-feature DebugDescriptionMacro -strict-concurrency\=complete -empty-abi-descriptor -plugin-path /Applications/Xcode-16.3.0.app/Contents/Developer/Toolchains/XcodeDefault.xctoolchain/usr/lib/swift/host/plugins/testing -validate-clang-modules-once -clang-build-session-file /Users/admin/builder/spi-builder-workspace/.derivedData/ModuleCache.noindex/Session.modulevalidation -Xcc -working-directory -Xcc /Users/admin/builder/spi-builder-workspace/.swiftpm/xcode -resource-dir /Applications/Xcode-16.3.0.app/Contents/Developer/Toolchains/XcodeDefault.xctoolchain/usr/lib/swift -enable-anonymous-context-mangled-names -file-compilation-dir /Users/admin/builder/spi-builder-workspace/.swiftpm/xcode -Xcc -ivfsstatcache -Xcc /Users/admin/builder/spi-builder-workspace/.derivedData/SDKStatCaches.noindex/watchos11.4-22T246-43efb940ff07ba2497b70ec94253f576.sdkstatcache -Xcc -I/Users/admin/builder/spi-builder-workspace/.derivedData/Build/Intermediates.noindex/SynheartBehavior.build/Debug-watchos/SynheartBehavior.build/swift-overrides.hmap -Xcc -I/Users/admin/builder/spi-builder-workspace/.derivedData/Build/Products/Debug-watchos/include -Xcc -I/Users/admin/builder/spi-builder-workspace/.derivedData/Build/Intermediates.noindex/SynheartBehavior.build/Debug-watchos/SynheartBehavior.build/DerivedSources-normal/armv7k -Xcc -I/Users/admin/builder/spi-builder-workspace/.derivedData/Build/Intermediates.noindex/SynheartBehavior.build/Debug-watchos/SynheartBehavior.build/DerivedSources/armv7k -Xcc -I/Users/admin/builder/spi-builder-workspace/.derivedData/Build/Intermediates.noindex/SynheartBehavior.build/Debug-watchos/SynheartBehavior.build/DerivedSources -Xcc -DSWIFT_PACKAGE -Xcc -DDEBUG\=1 -module-name SynheartBehavior -package-name spi_builder_workspace -frontend-parseable-output -disable-clang-spi -target-sdk-version 11.4 -target-sdk-name watchos11.4 -external-plugin-path /Applications/Xcode-16.3.0.app/Contents/Developer/Platforms/WatchOS.platform/Developer/usr/lib/swift/host/plugins\#/Applications/Xcode-16.3.0.app/Contents/Developer/Platforms/WatchOS.platform/Developer/usr/bin/swift-plugin-server -external-plugin-path /Applications/Xcode-16.3.0.app/Contents/Developer/Platforms/WatchOS.platform/Developer/usr/local/lib/swift/host/plugins\#/Applications/Xcode-16.3.0.app/Contents/Developer/Platforms/WatchOS.platform/Developer/usr/bin/swift-plugin-server -in-process-plugin-server-path /Applications/Xcode-16.3.0.app/Contents/Developer/Toolchains/XcodeDefault.xctoolchain/usr/lib/swift/host/libSwiftInProcPluginServer.dylib -plugin-path /Applications/Xcode-16.3.0.app/Contents/Developer/Toolchains/XcodeDefault.xctoolchain/usr/lib/swift/host/plugins -plugin-path /Applications/Xcode-16.3.0.app/Contents/Developer/Toolchains/XcodeDefault.xctoolchain/usr/local/lib/swift/host/plugins -emit-module-doc-path /Users/admin/builder/spi-builder-workspace/.derivedData/Build/Intermediates.noindex/SynheartBehavior.build/Debug-watchos/SynheartBehavior.build/Objects-normal/armv7k/SynheartBehavior.swiftdoc -emit-module-source-info-path /Users/admin/builder/spi-builder-workspace/.derivedData/Build/Intermediates.noindex/SynheartBehavior.build/Debug-watchos/SynheartBehavior.build/Objects-normal/armv7k/SynheartBehavior.swiftsourceinfo -emit-objc-header-path /Users/admin/builder/spi-builder-workspace/.derivedData/Build/Intermediates.noindex/SynheartBehavior.build/Debug-watchos/SynheartBehavior.build/Objects-normal/armv7k/SynheartBehavior-Swift.h -serialize-diagnostics-path /Users/admin/builder/spi-builder-workspace/.derivedData/Build/Intermediates.noindex/SynheartBehavior.build/Debug-watchos/SynheartBehavior.build/Objects-normal/armv7k/SynheartBehavior-master-emit-module.dia -emit-dependencies-path /Users/admin/builder/spi-builder-workspace/.derivedData/Build/Intermediates.noindex/SynheartBehavior.build/Debug-watchos/SynheartBehavior.build/Objects-normal/armv7k/SynheartBehavior-master-emit-module.d -o /Users/admin/builder/spi-builder-workspace/.derivedData/Build/Intermediates.noindex/SynheartBehavior.build/Debug-watchos/SynheartBehavior.build/Objects-normal/armv7k/SynheartBehavior.swiftmodule -emit-abi-descriptor-path /Users/admin/builder/spi-builder-workspace/.derivedData/Build/Intermediates.noindex/SynheartBehavior.build/Debug-watchos/SynheartBehavior.build/Objects-normal/armv7k/SynheartBehavior.abi.json
SwiftCompile normal armv7k Compiling\ BehaviorEvent.swift,\ BehaviorSession.swift /Users/admin/builder/spi-builder-workspace/Sources/SynheartBehavior/BehaviorEvent.swift /Users/admin/builder/spi-builder-workspace/Sources/SynheartBehavior/BehaviorSession.swift (in target 'SynheartBehavior' from project 'SynheartBehavior')
SwiftCompile normal armv7k /Users/admin/builder/spi-builder-workspace/Sources/SynheartBehavior/BehaviorEvent.swift (in target 'SynheartBehavior' from project 'SynheartBehavior')
cd /Users/admin/builder/spi-builder-workspace/.swiftpm/xcode
SwiftCompile normal armv7k /Users/admin/builder/spi-builder-workspace/Sources/SynheartBehavior/BehaviorSession.swift (in target 'SynheartBehavior' from project 'SynheartBehavior')
cd /Users/admin/builder/spi-builder-workspace/.swiftpm/xcode
SwiftCompile normal armv7k Compiling\ AttentionSignalCollector.swift,\ BehaviorConfig.swift /Users/admin/builder/spi-builder-workspace/Sources/SynheartBehavior/AttentionSignalCollector.swift /Users/admin/builder/spi-builder-workspace/Sources/SynheartBehavior/BehaviorConfig.swift (in target 'SynheartBehavior' from project 'SynheartBehavior')
SwiftCompile normal armv7k /Users/admin/builder/spi-builder-workspace/Sources/SynheartBehavior/AttentionSignalCollector.swift (in target 'SynheartBehavior' from project 'SynheartBehavior')
cd /Users/admin/builder/spi-builder-workspace/.swiftpm/xcode
SwiftCompile normal armv7k /Users/admin/builder/spi-builder-workspace/Sources/SynheartBehavior/BehaviorConfig.swift (in target 'SynheartBehavior' from project 'SynheartBehavior')
cd /Users/admin/builder/spi-builder-workspace/.swiftpm/xcode
SwiftCompile normal armv7k Compiling\ BehaviorStats.swift,\ CallCollector.swift /Users/admin/builder/spi-builder-workspace/Sources/SynheartBehavior/BehaviorStats.swift /Users/admin/builder/spi-builder-workspace/Sources/SynheartBehavior/CallCollector.swift (in target 'SynheartBehavior' from project 'SynheartBehavior')
SwiftCompile normal armv7k /Users/admin/builder/spi-builder-workspace/Sources/SynheartBehavior/BehaviorStats.swift (in target 'SynheartBehavior' from project 'SynheartBehavior')
cd /Users/admin/builder/spi-builder-workspace/.swiftpm/xcode
SwiftCompile normal armv7k /Users/admin/builder/spi-builder-workspace/Sources/SynheartBehavior/CallCollector.swift (in target 'SynheartBehavior' from project 'SynheartBehavior')
cd /Users/admin/builder/spi-builder-workspace/.swiftpm/xcode
SwiftCompile normal armv7k Compiling\ InputSignalCollector.swift,\ InterruptionTrackers.swift /Users/admin/builder/spi-builder-workspace/Sources/SynheartBehavior/InputSignalCollector.swift /Users/admin/builder/spi-builder-workspace/Sources/SynheartBehavior/InterruptionTrackers.swift (in target 'SynheartBehavior' from project 'SynheartBehavior')
SwiftCompile normal armv7k /Users/admin/builder/spi-builder-workspace/Sources/SynheartBehavior/InputSignalCollector.swift (in target 'SynheartBehavior' from project 'SynheartBehavior')
cd /Users/admin/builder/spi-builder-workspace/.swiftpm/xcode
SwiftCompile normal armv7k /Users/admin/builder/spi-builder-workspace/Sources/SynheartBehavior/InterruptionTrackers.swift (in target 'SynheartBehavior' from project 'SynheartBehavior')
cd /Users/admin/builder/spi-builder-workspace/.swiftpm/xcode
SwiftCompile normal armv7k Compiling\ EventBatcher.swift,\ GestureSignalCollector.swift /Users/admin/builder/spi-builder-workspace/Sources/SynheartBehavior/EventBatcher.swift /Users/admin/builder/spi-builder-workspace/Sources/SynheartBehavior/GestureSignalCollector.swift (in target 'SynheartBehavior' from project 'SynheartBehavior')
SwiftCompile normal armv7k /Users/admin/builder/spi-builder-workspace/Sources/SynheartBehavior/EventBatcher.swift (in target 'SynheartBehavior' from project 'SynheartBehavior')
cd /Users/admin/builder/spi-builder-workspace/.swiftpm/xcode
SwiftCompile normal armv7k /Users/admin/builder/spi-builder-workspace/Sources/SynheartBehavior/GestureSignalCollector.swift (in target 'SynheartBehavior' from project 'SynheartBehavior')
cd /Users/admin/builder/spi-builder-workspace/.swiftpm/xcode
SwiftEmitModule normal arm64_32 Emitting\ module\ for\ SynheartBehavior (in target 'SynheartBehavior' from project 'SynheartBehavior')
Failed frontend command:
/Applications/Xcode-16.3.0.app/Contents/Developer/Toolchains/XcodeDefault.xctoolchain/usr/bin/swift-frontend -frontend -emit-module -experimental-skip-non-inlinable-function-bodies-without-types /Users/admin/builder/spi-builder-workspace/Sources/SynheartBehavior/AttentionSignalCollector.swift /Users/admin/builder/spi-builder-workspace/Sources/SynheartBehavior/BehaviorConfig.swift /Users/admin/builder/spi-builder-workspace/Sources/SynheartBehavior/BehaviorEvent.swift /Users/admin/builder/spi-builder-workspace/Sources/SynheartBehavior/BehaviorSession.swift /Users/admin/builder/spi-builder-workspace/Sources/SynheartBehavior/BehaviorStats.swift /Users/admin/builder/spi-builder-workspace/Sources/SynheartBehavior/CallCollector.swift /Users/admin/builder/spi-builder-workspace/Sources/SynheartBehavior/EventBatcher.swift /Users/admin/builder/spi-builder-workspace/Sources/SynheartBehavior/GestureSignalCollector.swift /Users/admin/builder/spi-builder-workspace/Sources/SynheartBehavior/InputSignalCollector.swift /Users/admin/builder/spi-builder-workspace/Sources/SynheartBehavior/InterruptionTrackers.swift /Users/admin/builder/spi-builder-workspace/Sources/SynheartBehavior/MotionSignalCollector.swift /Users/admin/builder/spi-builder-workspace/Sources/SynheartBehavior/NotificationCollector.swift /Users/admin/builder/spi-builder-workspace/Sources/SynheartBehavior/ScrollSignalCollector.swift /Users/admin/builder/spi-builder-workspace/Sources/SynheartBehavior/SessionManager.swift /Users/admin/builder/spi-builder-workspace/Sources/SynheartBehavior/SynheartBehavior.swift -target arm64_32-apple-watchos6.0 -enable-objc-interop -sdk /Applications/Xcode-16.3.0.app/Contents/Developer/Platforms/WatchOS.platform/Developer/SDKs/WatchOS11.4.sdk -I /Users/admin/builder/spi-builder-workspace/.derivedData/Build/Products/Debug-watchos -I /Applications/Xcode-16.3.0.app/Contents/Developer/Platforms/WatchOS.platform/Developer/usr/lib -F /Users/admin/builder/spi-builder-workspace/.derivedData/Build/Products/Debug-watchos -F /Applications/Xcode-16.3.0.app/Contents/Developer/Platforms/WatchOS.platform/Developer/Library/Frameworks -F /Applications/Xcode-16.3.0.app/Contents/Developer/Platforms/WatchOS.platform/Developer/SDKs/WatchOS11.4.sdk/Developer/Library/Frameworks -no-color-diagnostics -enable-testing -g -debug-info-format\=dwarf -dwarf-version\=4 -module-cache-path /Users/admin/builder/spi-builder-workspace/.derivedData/ModuleCache.noindex -profile-generate -profile-coverage-mapping -swift-version 5 -enforce-exclusivity\=checked -stats-output-dir /Users/admin/builder/spi-builder-workspace/.swiftpm/xcode/.stats -Onone -D SWIFT_PACKAGE -D DEBUG -serialize-debugging-options -const-gather-protocols-file /Users/admin/builder/spi-builder-workspace/.derivedData/Build/Intermediates.noindex/SynheartBehavior.build/Debug-watchos/SynheartBehavior.build/Objects-normal/arm64_32/SynheartBehavior_const_extract_protocols.json -enable-upcoming-feature StrictConcurrency -enable-upcoming-feature DisableOutwardActorInference -enable-upcoming-feature GlobalActorIsolatedTypesUsability -enable-upcoming-feature InferSendableFromCaptures -enable-experimental-feature DebugDescriptionMacro -strict-concurrency\=complete -empty-abi-descriptor -plugin-path /Applications/Xcode-16.3.0.app/Contents/Developer/Toolchains/XcodeDefault.xctoolchain/usr/lib/swift/host/plugins/testing -validate-clang-modules-once -clang-build-session-file /Users/admin/builder/spi-builder-workspace/.derivedData/ModuleCache.noindex/Session.modulevalidation -Xcc -working-directory -Xcc /Users/admin/builder/spi-builder-workspace/.swiftpm/xcode -resource-dir /Applications/Xcode-16.3.0.app/Contents/Developer/Toolchains/XcodeDefault.xctoolchain/usr/lib/swift -enable-anonymous-context-mangled-names -file-compilation-dir /Users/admin/builder/spi-builder-workspace/.swiftpm/xcode -Xcc -ivfsstatcache -Xcc /Users/admin/builder/spi-builder-workspace/.derivedData/SDKStatCaches.noindex/watchos11.4-22T246-43efb940ff07ba2497b70ec94253f576.sdkstatcache -Xcc -I/Users/admin/builder/spi-builder-workspace/.derivedData/Build/Intermediates.noindex/SynheartBehavior.build/Debug-watchos/SynheartBehavior.build/swift-overrides.hmap -Xcc -I/Users/admin/builder/spi-builder-workspace/.derivedData/Build/Products/Debug-watchos/include -Xcc -I/Users/admin/builder/spi-builder-workspace/.derivedData/Build/Intermediates.noindex/SynheartBehavior.build/Debug-watchos/SynheartBehavior.build/DerivedSources-normal/arm64_32 -Xcc -I/Users/admin/builder/spi-builder-workspace/.derivedData/Build/Intermediates.noindex/SynheartBehavior.build/Debug-watchos/SynheartBehavior.build/DerivedSources/arm64_32 -Xcc -I/Users/admin/builder/spi-builder-workspace/.derivedData/Build/Intermediates.noindex/SynheartBehavior.build/Debug-watchos/SynheartBehavior.build/DerivedSources -Xcc -DSWIFT_PACKAGE -Xcc -DDEBUG\=1 -module-name SynheartBehavior -package-name spi_builder_workspace -frontend-parseable-output -disable-clang-spi -target-sdk-version 11.4 -target-sdk-name watchos11.4 -external-plugin-path /Applications/Xcode-16.3.0.app/Contents/Developer/Platforms/WatchOS.platform/Developer/usr/lib/swift/host/plugins\#/Applications/Xcode-16.3.0.app/Contents/Developer/Platforms/WatchOS.platform/Developer/usr/bin/swift-plugin-server -external-plugin-path /Applications/Xcode-16.3.0.app/Contents/Developer/Platforms/WatchOS.platform/Developer/usr/local/lib/swift/host/plugins\#/Applications/Xcode-16.3.0.app/Contents/Developer/Platforms/WatchOS.platform/Developer/usr/bin/swift-plugin-server -in-process-plugin-server-path /Applications/Xcode-16.3.0.app/Contents/Developer/Toolchains/XcodeDefault.xctoolchain/usr/lib/swift/host/libSwiftInProcPluginServer.dylib -plugin-path /Applications/Xcode-16.3.0.app/Contents/Developer/Toolchains/XcodeDefault.xctoolchain/usr/lib/swift/host/plugins -plugin-path /Applications/Xcode-16.3.0.app/Contents/Developer/Toolchains/XcodeDefault.xctoolchain/usr/local/lib/swift/host/plugins -emit-module-doc-path /Users/admin/builder/spi-builder-workspace/.derivedData/Build/Intermediates.noindex/SynheartBehavior.build/Debug-watchos/SynheartBehavior.build/Objects-normal/arm64_32/SynheartBehavior.swiftdoc -emit-module-source-info-path /Users/admin/builder/spi-builder-workspace/.derivedData/Build/Intermediates.noindex/SynheartBehavior.build/Debug-watchos/SynheartBehavior.build/Objects-normal/arm64_32/SynheartBehavior.swiftsourceinfo -emit-objc-header-path /Users/admin/builder/spi-builder-workspace/.derivedData/Build/Intermediates.noindex/SynheartBehavior.build/Debug-watchos/SynheartBehavior.build/Objects-normal/arm64_32/SynheartBehavior-Swift.h -serialize-diagnostics-path /Users/admin/builder/spi-builder-workspace/.derivedData/Build/Intermediates.noindex/SynheartBehavior.build/Debug-watchos/SynheartBehavior.build/Objects-normal/arm64_32/SynheartBehavior-master-emit-module.dia -emit-dependencies-path /Users/admin/builder/spi-builder-workspace/.derivedData/Build/Intermediates.noindex/SynheartBehavior.build/Debug-watchos/SynheartBehavior.build/Objects-normal/arm64_32/SynheartBehavior-master-emit-module.d -o /Users/admin/builder/spi-builder-workspace/.derivedData/Build/Intermediates.noindex/SynheartBehavior.build/Debug-watchos/SynheartBehavior.build/Objects-normal/arm64_32/SynheartBehavior.swiftmodule -emit-abi-descriptor-path /Users/admin/builder/spi-builder-workspace/.derivedData/Build/Intermediates.noindex/SynheartBehavior.build/Debug-watchos/SynheartBehavior.build/Objects-normal/arm64_32/SynheartBehavior.abi.json
EmitSwiftModule normal arm64_32 (in target 'SynheartBehavior' from project 'SynheartBehavior')
cd /Users/admin/builder/spi-builder-workspace/.swiftpm/xcode
/Users/admin/builder/spi-builder-workspace/Sources/SynheartBehavior/BehaviorEvent.swift:34:24: warning: static property 'isoFormatter' is not concurrency-safe because non-'Sendable' type 'ISO8601DateFormatter' may have shared mutable state; this is an error in the Swift 6 language mode
private static let isoFormatter: ISO8601DateFormatter = {
^
/Applications/Xcode-16.3.0.app/Contents/Developer/Platforms/WatchOS.platform/Developer/SDKs/WatchOS11.4.sdk/System/Library/Frameworks/Foundation.framework/Headers/NSISO8601DateFormatter.h:46:12: note: class 'ISO8601DateFormatter' does not conform to the 'Sendable' protocol
@interface NSISO8601DateFormatter : NSFormatter <NSSecureCoding> {
^
/Users/admin/builder/spi-builder-workspace/Sources/SynheartBehavior/BehaviorEvent.swift:34:24: note: add '@MainActor' to make static property 'isoFormatter' part of global actor 'MainActor'
private static let isoFormatter: ISO8601DateFormatter = {
^
@MainActor
/Users/admin/builder/spi-builder-workspace/Sources/SynheartBehavior/BehaviorEvent.swift:34:24: note: disable concurrency-safety checks if accesses are protected by an external synchronization mechanism
private static let isoFormatter: ISO8601DateFormatter = {
^
nonisolated(unsafe)
/Users/admin/builder/spi-builder-workspace/Sources/SynheartBehavior/GestureSignalCollector.swift:12:38: error: cannot find type 'UIWindow' in scope
private var windows: NSHashTable<UIWindow> = NSHashTable.weakObjects()
^~~~~~~~
/Users/admin/builder/spi-builder-workspace/Sources/SynheartBehavior/GestureSignalCollector.swift:66:54: error: cannot find type 'UIWindow' in scope
private func attachGestureRecognizers(to window: UIWindow) {
^~~~~~~~
/Users/admin/builder/spi-builder-workspace/Sources/SynheartBehavior/GestureSignalCollector.swift:97:56: error: cannot find type 'UIWindow' in scope
private func removeGestureRecognizers(from window: UIWindow) {
^~~~~~~~
/Users/admin/builder/spi-builder-workspace/Sources/SynheartBehavior/GestureSignalCollector.swift:106:48: error: cannot find type 'UITapGestureRecognizer' in scope
@objc private func handleTap(_ recognizer: UITapGestureRecognizer) {
^~~~~~~~~~~~~~~~~~~~~~
/Users/admin/builder/spi-builder-workspace/Sources/SynheartBehavior/GestureSignalCollector.swift:140:54: error: cannot find type 'UILongPressGestureRecognizer' in scope
@objc private func handleLongPress(_ recognizer: UILongPressGestureRecognizer) {
^~~~~~~~~~~~~~~~~~~~~~~~~~~~
/Users/admin/builder/spi-builder-workspace/Sources/SynheartBehavior/GestureSignalCollector.swift:162:48: error: cannot find type 'UIPanGestureRecognizer' in scope
@objc private func handlePan(_ recognizer: UIPanGestureRecognizer) {
^~~~~~~~~~~~~~~~~~~~~~
/Users/admin/builder/spi-builder-workspace/Sources/SynheartBehavior/GestureSignalCollector.swift:319:32: error: cannot find type 'UIWindow' in scope
static func keyWindow() -> UIWindow? {
^~~~~~~~
/Users/admin/builder/spi-builder-workspace/Sources/SynheartBehavior/GestureSignalCollector.swift:331:19: error: cannot find type 'UIWindow' in scope
private extension UIWindow {
^~~~~~~~
/Users/admin/builder/spi-builder-workspace/Sources/SynheartBehavior/GestureSignalCollector.swift:339:19: error: cannot find type 'UIView' in scope
private extension UIView {
^~~~~~
/Applications/Xcode-16.3.0.app/Contents/Developer/Platforms/WatchOS.platform/Developer/SDKs/WatchOS11.4.sdk/System/Library/Frameworks/UIKit.framework/Headers/NSTextAttachment.h:23:1: note: interface 'UIView' forward declared here
@class UIView;
^
/Users/admin/builder/spi-builder-workspace/Sources/SynheartBehavior/GestureSignalCollector.swift:350:35: error: cannot find type 'UIGestureRecognizerDelegate' in scope
extension GestureSignalCollector: UIGestureRecognizerDelegate {
^~~~~~~~~~~~~~~~~~~~~~~~~~~
/Users/admin/builder/spi-builder-workspace/Sources/SynheartBehavior/GestureSignalCollector.swift:351:49: error: cannot find type 'UIGestureRecognizer' in scope
func gestureRecognizer(_ gestureRecognizer: UIGestureRecognizer, shouldRecognizeSimultaneouslyWith otherGestureRecognizer: UIGestureRecognizer) -> Bool {
^~~~~~~~~~~~~~~~~~~
/Users/admin/builder/spi-builder-workspace/Sources/SynheartBehavior/GestureSignalCollector.swift:351:128: error: cannot find type 'UIGestureRecognizer' in scope
func gestureRecognizer(_ gestureRecognizer: UIGestureRecognizer, shouldRecognizeSimultaneouslyWith otherGestureRecognizer: UIGestureRecognizer) -> Bool {
^~~~~~~~~~~~~~~~~~~
/Users/admin/builder/spi-builder-workspace/Sources/SynheartBehavior/GestureSignalCollector.swift:360:49: error: cannot find type 'UIGestureRecognizer' in scope
func gestureRecognizer(_ gestureRecognizer: UIGestureRecognizer, shouldReceive touch: UITouch) -> Bool {
^~~~~~~~~~~~~~~~~~~
/Users/admin/builder/spi-builder-workspace/Sources/SynheartBehavior/GestureSignalCollector.swift:360:91: error: cannot find type 'UITouch' in scope
func gestureRecognizer(_ gestureRecognizer: UIGestureRecognizer, shouldReceive touch: UITouch) -> Bool {
^~~~~~~
/Users/admin/builder/spi-builder-workspace/Sources/SynheartBehavior/GestureSignalCollector.swift:384:49: error: cannot find type 'UIGestureRecognizer' in scope
func gestureRecognizer(_ gestureRecognizer: UIGestureRecognizer, shouldRequireFailureOf otherGestureRecognizer: UIGestureRecognizer) -> Bool {
^~~~~~~~~~~~~~~~~~~
/Users/admin/builder/spi-builder-workspace/Sources/SynheartBehavior/GestureSignalCollector.swift:384:117: error: cannot find type 'UIGestureRecognizer' in scope
func gestureRecognizer(_ gestureRecognizer: UIGestureRecognizer, shouldRequireFailureOf otherGestureRecognizer: UIGestureRecognizer) -> Bool {
^~~~~~~~~~~~~~~~~~~
/Users/admin/builder/spi-builder-workspace/Sources/SynheartBehavior/NotificationCollector.swift:144:10: error: cannot override 'userNotificationCenter' which has been marked unavailable
func userNotificationCenter(_ center: UNUserNotificationCenter, openSettingsFor notification: UNNotification?) {
^
UserNotifications.UNUserNotificationCenterDelegate.userNotificationCenter:3:17: note: 'userNotificationCenter(_:openSettingsFor:)' has been explicitly marked unavailable here
optional func userNotificationCenter(_ center: UNUserNotificationCenter, openSettingsFor notification: UNNotification?)}
^
/Users/admin/builder/spi-builder-workspace/Sources/SynheartBehavior/ScrollSignalCollector.swift:12:42: error: cannot find type 'UIScrollView' in scope
private var scrollViews: NSHashTable<UIScrollView> = NSHashTable.weakObjects()
^~~~~~~~~~~~
/Users/admin/builder/spi-builder-workspace/Sources/SynheartBehavior/ScrollSignalCollector.swift:25:24: warning: static property 'hasSwizzled' is not concurrency-safe because it is nonisolated global shared mutable state; this is an error in the Swift 6 language mode
private static var hasSwizzled = false
^
/Users/admin/builder/spi-builder-workspace/Sources/SynheartBehavior/ScrollSignalCollector.swift:25:24: note: convert 'hasSwizzled' to a 'let' constant to make 'Sendable' shared state immutable
private static var hasSwizzled = false
~~~ ^
let
/Users/admin/builder/spi-builder-workspace/Sources/SynheartBehavior/ScrollSignalCollector.swift:25:24: note: add '@MainActor' to make static property 'hasSwizzled' part of global actor 'MainActor'
private static var hasSwizzled = false
^
@MainActor
/Users/admin/builder/spi-builder-workspace/Sources/SynheartBehavior/ScrollSignalCollector.swift:25:24: note: disable concurrency-safety checks if accesses are protected by an external synchronization mechanism
private static var hasSwizzled = false
^
nonisolated(unsafe)
/Users/admin/builder/spi-builder-workspace/Sources/SynheartBehavior/ScrollSignalCollector.swift:97:47: error: cannot find type 'UIView' in scope
private func discoverScrollViews(in view: UIView) {
^~~~~~
/Applications/Xcode-16.3.0.app/Contents/Developer/Platforms/WatchOS.platform/Developer/SDKs/WatchOS11.4.sdk/System/Library/Frameworks/UIKit.framework/Headers/NSTextAttachment.h:23:1: note: interface 'UIView' forward declared here
@class UIView;
^
/Users/admin/builder/spi-builder-workspace/Sources/SynheartBehavior/ScrollSignalCollector.swift:107:48: error: cannot find type 'UIScrollView' in scope
private func trackScrollView(_ scrollView: UIScrollView) {
^~~~~~~~~~~~
/Users/admin/builder/spi-builder-workspace/Sources/SynheartBehavior/ScrollSignalCollector.swift:147:34: error: cannot find type 'UIScrollViewDelegate' in scope
extension ScrollSignalCollector: UIScrollViewDelegate {
^~~~~~~~~~~~~~~~~~~~
/Users/admin/builder/spi-builder-workspace/Sources/SynheartBehavior/ScrollSignalCollector.swift:148:52: error: cannot find type 'UIScrollView' in scope
func scrollViewWillBeginDragging(_ scrollView: UIScrollView) {
^~~~~~~~~~~~
/Users/admin/builder/spi-builder-workspace/Sources/SynheartBehavior/ScrollSignalCollector.swift:159:44: error: cannot find type 'UIScrollView' in scope
func scrollViewDidScroll(_ scrollView: UIScrollView) {
^~~~~~~~~~~~
/Users/admin/builder/spi-builder-workspace/Sources/SynheartBehavior/ScrollSignalCollector.swift:223:50: error: cannot find type 'UIScrollView' in scope
func scrollViewWillEndDragging(_ scrollView: UIScrollView, withVelocity velocity: CGPoint, targetContentOffset: UnsafeMutablePointer<CGPoint>) {
^~~~~~~~~~~~
/Users/admin/builder/spi-builder-workspace/Sources/SynheartBehavior/ScrollSignalCollector.swift:228:49: error: cannot find type 'UIScrollView' in scope
func scrollViewDidEndDragging(_ scrollView: UIScrollView, willDecelerate decelerate: Bool) {
^~~~~~~~~~~~
/Users/admin/builder/spi-builder-workspace/Sources/SynheartBehavior/ScrollSignalCollector.swift:232:53: error: cannot find type 'UIScrollView' in scope
func scrollViewDidEndDecelerating(_ scrollView: UIScrollView) {
^~~~~~~~~~~~
SwiftCompile normal arm64_32 Compiling\ SessionManager.swift /Users/admin/builder/spi-builder-workspace/Sources/SynheartBehavior/SessionManager.swift (in target 'SynheartBehavior' from project 'SynheartBehavior')
SwiftCompile normal arm64_32 /Users/admin/builder/spi-builder-workspace/Sources/SynheartBehavior/SessionManager.swift (in target 'SynheartBehavior' from project 'SynheartBehavior')
cd /Users/admin/builder/spi-builder-workspace/.swiftpm/xcode
SwiftEmitModule normal arm64 Emitting\ module\ for\ SynheartBehavior (in target 'SynheartBehavior' from project 'SynheartBehavior')
EmitSwiftModule normal arm64 (in target 'SynheartBehavior' from project 'SynheartBehavior')
cd /Users/admin/builder/spi-builder-workspace/.swiftpm/xcode
/Users/admin/builder/spi-builder-workspace/Sources/SynheartBehavior/BehaviorEvent.swift:34:24: warning: static property 'isoFormatter' is not concurrency-safe because non-'Sendable' type 'ISO8601DateFormatter' may have shared mutable state; this is an error in the Swift 6 language mode
private static let isoFormatter: ISO8601DateFormatter = {
^
/Applications/Xcode-16.3.0.app/Contents/Developer/Platforms/WatchOS.platform/Developer/SDKs/WatchOS11.4.sdk/System/Library/Frameworks/Foundation.framework/Headers/NSISO8601DateFormatter.h:46:12: note: class 'ISO8601DateFormatter' does not conform to the 'Sendable' protocol
@interface NSISO8601DateFormatter : NSFormatter <NSSecureCoding> {
^
/Users/admin/builder/spi-builder-workspace/Sources/SynheartBehavior/BehaviorEvent.swift:34:24: note: add '@MainActor' to make static property 'isoFormatter' part of global actor 'MainActor'
private static let isoFormatter: ISO8601DateFormatter = {
^
@MainActor
/Users/admin/builder/spi-builder-workspace/Sources/SynheartBehavior/BehaviorEvent.swift:34:24: note: disable concurrency-safety checks if accesses are protected by an external synchronization mechanism
private static let isoFormatter: ISO8601DateFormatter = {
^
nonisolated(unsafe)
/Users/admin/builder/spi-builder-workspace/Sources/SynheartBehavior/GestureSignalCollector.swift:12:38: error: cannot find type 'UIWindow' in scope
private var windows: NSHashTable<UIWindow> = NSHashTable.weakObjects()
^~~~~~~~
/Users/admin/builder/spi-builder-workspace/Sources/SynheartBehavior/GestureSignalCollector.swift:66:54: error: cannot find type 'UIWindow' in scope
private func attachGestureRecognizers(to window: UIWindow) {
^~~~~~~~
/Users/admin/builder/spi-builder-workspace/Sources/SynheartBehavior/GestureSignalCollector.swift:97:56: error: cannot find type 'UIWindow' in scope
private func removeGestureRecognizers(from window: UIWindow) {
^~~~~~~~
/Users/admin/builder/spi-builder-workspace/Sources/SynheartBehavior/GestureSignalCollector.swift:106:48: error: cannot find type 'UITapGestureRecognizer' in scope
@objc private func handleTap(_ recognizer: UITapGestureRecognizer) {
^~~~~~~~~~~~~~~~~~~~~~
/Users/admin/builder/spi-builder-workspace/Sources/SynheartBehavior/GestureSignalCollector.swift:140:54: error: cannot find type 'UILongPressGestureRecognizer' in scope
@objc private func handleLongPress(_ recognizer: UILongPressGestureRecognizer) {
^~~~~~~~~~~~~~~~~~~~~~~~~~~~
/Users/admin/builder/spi-builder-workspace/Sources/SynheartBehavior/GestureSignalCollector.swift:162:48: error: cannot find type 'UIPanGestureRecognizer' in scope
@objc private func handlePan(_ recognizer: UIPanGestureRecognizer) {
^~~~~~~~~~~~~~~~~~~~~~
/Users/admin/builder/spi-builder-workspace/Sources/SynheartBehavior/GestureSignalCollector.swift:319:32: error: cannot find type 'UIWindow' in scope
static func keyWindow() -> UIWindow? {
^~~~~~~~
/Users/admin/builder/spi-builder-workspace/Sources/SynheartBehavior/GestureSignalCollector.swift:331:19: error: cannot find type 'UIWindow' in scope
private extension UIWindow {
^~~~~~~~
/Users/admin/builder/spi-builder-workspace/Sources/SynheartBehavior/GestureSignalCollector.swift:339:19: error: cannot find type 'UIView' in scope
private extension UIView {
^~~~~~
/Applications/Xcode-16.3.0.app/Contents/Developer/Platforms/WatchOS.platform/Developer/SDKs/WatchOS11.4.sdk/System/Library/Frameworks/UIKit.framework/Headers/NSTextAttachment.h:23:1: note: interface 'UIView' forward declared here
@class UIView;
^
/Users/admin/builder/spi-builder-workspace/Sources/SynheartBehavior/GestureSignalCollector.swift:350:35: error: cannot find type 'UIGestureRecognizerDelegate' in scope
extension GestureSignalCollector: UIGestureRecognizerDelegate {
^~~~~~~~~~~~~~~~~~~~~~~~~~~
/Users/admin/builder/spi-builder-workspace/Sources/SynheartBehavior/GestureSignalCollector.swift:351:49: error: cannot find type 'UIGestureRecognizer' in scope
func gestureRecognizer(_ gestureRecognizer: UIGestureRecognizer, shouldRecognizeSimultaneouslyWith otherGestureRecognizer: UIGestureRecognizer) -> Bool {
^~~~~~~~~~~~~~~~~~~
/Users/admin/builder/spi-builder-workspace/Sources/SynheartBehavior/GestureSignalCollector.swift:351:128: error: cannot find type 'UIGestureRecognizer' in scope
func gestureRecognizer(_ gestureRecognizer: UIGestureRecognizer, shouldRecognizeSimultaneouslyWith otherGestureRecognizer: UIGestureRecognizer) -> Bool {
^~~~~~~~~~~~~~~~~~~
/Users/admin/builder/spi-builder-workspace/Sources/SynheartBehavior/GestureSignalCollector.swift:360:49: error: cannot find type 'UIGestureRecognizer' in scope
func gestureRecognizer(_ gestureRecognizer: UIGestureRecognizer, shouldReceive touch: UITouch) -> Bool {
^~~~~~~~~~~~~~~~~~~
/Users/admin/builder/spi-builder-workspace/Sources/SynheartBehavior/GestureSignalCollector.swift:360:91: error: cannot find type 'UITouch' in scope
func gestureRecognizer(_ gestureRecognizer: UIGestureRecognizer, shouldReceive touch: UITouch) -> Bool {
^~~~~~~
/Users/admin/builder/spi-builder-workspace/Sources/SynheartBehavior/GestureSignalCollector.swift:384:49: error: cannot find type 'UIGestureRecognizer' in scope
func gestureRecognizer(_ gestureRecognizer: UIGestureRecognizer, shouldRequireFailureOf otherGestureRecognizer: UIGestureRecognizer) -> Bool {
^~~~~~~~~~~~~~~~~~~
/Users/admin/builder/spi-builder-workspace/Sources/SynheartBehavior/GestureSignalCollector.swift:384:117: error: cannot find type 'UIGestureRecognizer' in scope
func gestureRecognizer(_ gestureRecognizer: UIGestureRecognizer, shouldRequireFailureOf otherGestureRecognizer: UIGestureRecognizer) -> Bool {
^~~~~~~~~~~~~~~~~~~
/Users/admin/builder/spi-builder-workspace/Sources/SynheartBehavior/NotificationCollector.swift:144:10: error: cannot override 'userNotificationCenter' which has been marked unavailable
func userNotificationCenter(_ center: UNUserNotificationCenter, openSettingsFor notification: UNNotification?) {
^
UserNotifications.UNUserNotificationCenterDelegate.userNotificationCenter:3:17: note: 'userNotificationCenter(_:openSettingsFor:)' has been explicitly marked unavailable here
optional func userNotificationCenter(_ center: UNUserNotificationCenter, openSettingsFor notification: UNNotification?)}
^
/Users/admin/builder/spi-builder-workspace/Sources/SynheartBehavior/ScrollSignalCollector.swift:12:42: error: cannot find type 'UIScrollView' in scope
private var scrollViews: NSHashTable<UIScrollView> = NSHashTable.weakObjects()
^~~~~~~~~~~~
/Users/admin/builder/spi-builder-workspace/Sources/SynheartBehavior/ScrollSignalCollector.swift:25:24: warning: static property 'hasSwizzled' is not concurrency-safe because it is nonisolated global shared mutable state; this is an error in the Swift 6 language mode
private static var hasSwizzled = false
^
/Users/admin/builder/spi-builder-workspace/Sources/SynheartBehavior/ScrollSignalCollector.swift:25:24: note: convert 'hasSwizzled' to a 'let' constant to make 'Sendable' shared state immutable
private static var hasSwizzled = false
~~~ ^
let
/Users/admin/builder/spi-builder-workspace/Sources/SynheartBehavior/ScrollSignalCollector.swift:25:24: note: add '@MainActor' to make static property 'hasSwizzled' part of global actor 'MainActor'
private static var hasSwizzled = false
^
@MainActor
/Users/admin/builder/spi-builder-workspace/Sources/SynheartBehavior/ScrollSignalCollector.swift:25:24: note: disable concurrency-safety checks if accesses are protected by an external synchronization mechanism
private static var hasSwizzled = false
^
nonisolated(unsafe)
/Users/admin/builder/spi-builder-workspace/Sources/SynheartBehavior/ScrollSignalCollector.swift:97:47: error: cannot find type 'UIView' in scope
private func discoverScrollViews(in view: UIView) {
^~~~~~
/Applications/Xcode-16.3.0.app/Contents/Developer/Platforms/WatchOS.platform/Developer/SDKs/WatchOS11.4.sdk/System/Library/Frameworks/UIKit.framework/Headers/NSTextAttachment.h:23:1: note: interface 'UIView' forward declared here
@class UIView;
^
/Users/admin/builder/spi-builder-workspace/Sources/SynheartBehavior/ScrollSignalCollector.swift:107:48: error: cannot find type 'UIScrollView' in scope
private func trackScrollView(_ scrollView: UIScrollView) {
^~~~~~~~~~~~
/Users/admin/builder/spi-builder-workspace/Sources/SynheartBehavior/ScrollSignalCollector.swift:147:34: error: cannot find type 'UIScrollViewDelegate' in scope
extension ScrollSignalCollector: UIScrollViewDelegate {
^~~~~~~~~~~~~~~~~~~~
/Users/admin/builder/spi-builder-workspace/Sources/SynheartBehavior/ScrollSignalCollector.swift:148:52: error: cannot find type 'UIScrollView' in scope
func scrollViewWillBeginDragging(_ scrollView: UIScrollView) {
^~~~~~~~~~~~
/Users/admin/builder/spi-builder-workspace/Sources/SynheartBehavior/ScrollSignalCollector.swift:159:44: error: cannot find type 'UIScrollView' in scope
func scrollViewDidScroll(_ scrollView: UIScrollView) {
^~~~~~~~~~~~
/Users/admin/builder/spi-builder-workspace/Sources/SynheartBehavior/ScrollSignalCollector.swift:223:50: error: cannot find type 'UIScrollView' in scope
func scrollViewWillEndDragging(_ scrollView: UIScrollView, withVelocity velocity: CGPoint, targetContentOffset: UnsafeMutablePointer<CGPoint>) {
^~~~~~~~~~~~
/Users/admin/builder/spi-builder-workspace/Sources/SynheartBehavior/ScrollSignalCollector.swift:228:49: error: cannot find type 'UIScrollView' in scope
func scrollViewDidEndDragging(_ scrollView: UIScrollView, willDecelerate decelerate: Bool) {
^~~~~~~~~~~~
/Users/admin/builder/spi-builder-workspace/Sources/SynheartBehavior/ScrollSignalCollector.swift:232:53: error: cannot find type 'UIScrollView' in scope
func scrollViewDidEndDecelerating(_ scrollView: UIScrollView) {
^~~~~~~~~~~~
SwiftCompile normal arm64_32 Compiling\ MotionSignalCollector.swift /Users/admin/builder/spi-builder-workspace/Sources/SynheartBehavior/MotionSignalCollector.swift (in target 'SynheartBehavior' from project 'SynheartBehavior')
SwiftCompile normal arm64_32 /Users/admin/builder/spi-builder-workspace/Sources/SynheartBehavior/MotionSignalCollector.swift (in target 'SynheartBehavior' from project 'SynheartBehavior')
cd /Users/admin/builder/spi-builder-workspace/.swiftpm/xcode
** BUILD FAILED **
The following build commands failed:
EmitSwiftModule normal armv7k (in target 'SynheartBehavior' from project 'SynheartBehavior')
SwiftEmitModule normal armv7k Emitting\ module\ for\ SynheartBehavior (in target 'SynheartBehavior' from project 'SynheartBehavior')
SwiftEmitModule normal arm64_32 Emitting\ module\ for\ SynheartBehavior (in target 'SynheartBehavior' from project 'SynheartBehavior')
EmitSwiftModule normal arm64_32 (in target 'SynheartBehavior' from project 'SynheartBehavior')
EmitSwiftModule normal arm64 (in target 'SynheartBehavior' from project 'SynheartBehavior')
Building workspace spi-builder-workspace with scheme SynheartBehavior
(6 failures)
Command line invocation:
/Applications/Xcode-16.3.0.app/Contents/Developer/usr/bin/xcodebuild -IDEClonedSourcePackagesDirPathOverride=/Users/admin/builder/spi-builder-workspace/.dependencies -resolvePackageDependencies
Resolve Package Graph
Resolved source packages:
SynheartBehavior: /Users/admin/builder/spi-builder-workspace
resolved source packages: SynheartBehavior
{
"dependencies" : [
],
"manifest_display_name" : "SynheartBehavior",
"name" : "SynheartBehavior",
"path" : "/Users/admin/builder/spi-builder-workspace",
"platforms" : [
{
"name" : "ios",
"version" : "13.0"
},
{
"name" : "macos",
"version" : "10.15"
}
],
"products" : [
{
"name" : "SynheartBehavior",
"targets" : [
"SynheartBehavior"
],
"type" : {
"library" : [
"automatic"
]
}
}
],
"targets" : [
{
"c99name" : "SynheartBehaviorTests",
"module_type" : "SwiftTarget",
"name" : "SynheartBehaviorTests",
"path" : "Tests/SynheartBehaviorTests",
"sources" : [
"CollectorTests.swift",
"InterruptionTrackersTests.swift",
"SynheartBehaviorTests.swift"
],
"target_dependencies" : [
"SynheartBehavior"
],
"type" : "test"
},
{
"c99name" : "SynheartBehavior",
"module_type" : "SwiftTarget",
"name" : "SynheartBehavior",
"path" : "Sources/SynheartBehavior",
"product_memberships" : [
"SynheartBehavior"
],
"sources" : [
"AttentionSignalCollector.swift",
"BehaviorConfig.swift",
"BehaviorEvent.swift",
"BehaviorSession.swift",
"BehaviorStats.swift",
"CallCollector.swift",
"EventBatcher.swift",
"GestureSignalCollector.swift",
"InputSignalCollector.swift",
"InterruptionTrackers.swift",
"MotionSignalCollector.swift",
"NotificationCollector.swift",
"ScrollSignalCollector.swift",
"SessionManager.swift",
"SynheartBehavior.swift"
],
"type" : "library"
}
],
"tools_version" : "5.9"
}
{
"workspace" : {
"name" : "spi-builder-workspace",
"schemes" : [
"SynheartBehavior"
]
}
}
Running build ...
env DEVELOPER_DIR=/Applications/Xcode-16.3.0.app xcrun xcodebuild -IDEClonedSourcePackagesDirPathOverride=$PWD/.dependencies -skipMacroValidation -skipPackagePluginValidation -derivedDataPath $PWD/.derivedData build -scheme SynheartBehavior -destination generic/platform=watchOS
Command line invocation:
/Applications/Xcode-16.3.0.app/Contents/Developer/usr/bin/xcodebuild -IDEClonedSourcePackagesDirPathOverride=/Users/admin/builder/spi-builder-workspace/.dependencies -skipMacroValidation -skipPackagePluginValidation -derivedDataPath /Users/admin/builder/spi-builder-workspace/.derivedData build -scheme SynheartBehavior -destination generic/platform=watchOS
Resolve Package Graph
Resolved source packages:
SynheartBehavior: /Users/admin/builder/spi-builder-workspace
ComputePackagePrebuildTargetDependencyGraph
Prepare packages
CreateBuildRequest
SendProjectDescription
CreateBuildOperation
ComputeTargetDependencyGraph
note: Building targets in dependency order
note: Target dependency graph (2 targets)
Target 'SynheartBehavior' in project 'SynheartBehavior'
➜ Explicit dependency on target 'SynheartBehavior' in project 'SynheartBehavior'
Target 'SynheartBehavior' in project 'SynheartBehavior' (no dependencies)
GatherProvisioningInputs
CreateBuildDescription
ExecuteExternalTool /Applications/Xcode-16.3.0.app/Contents/Developer/Toolchains/XcodeDefault.xctoolchain/usr/bin/clang -v -E -dM -isysroot /Applications/Xcode-16.3.0.app/Contents/Developer/Platforms/WatchOS.platform/Developer/SDKs/WatchOS11.4.sdk -x c -c /dev/null
ExecuteExternalTool /Applications/Xcode-16.3.0.app/Contents/Developer/Toolchains/XcodeDefault.xctoolchain/usr/bin/swiftc --version
ExecuteExternalTool /Applications/Xcode-16.3.0.app/Contents/Developer/Toolchains/XcodeDefault.xctoolchain/usr/bin/ld -version_details
Build description signature: 6fa3e6739bb871c231f7f86535d30b6b
Build description path: /Users/admin/builder/spi-builder-workspace/.derivedData/Build/Intermediates.noindex/XCBuildData/6fa3e6739bb871c231f7f86535d30b6b.xcbuilddata
ClangStatCache /Applications/Xcode-16.3.0.app/Contents/Developer/Toolchains/XcodeDefault.xctoolchain/usr/bin/clang-stat-cache /Applications/Xcode-16.3.0.app/Contents/Developer/Platforms/WatchOS.platform/Developer/SDKs/WatchOS11.4.sdk /Users/admin/builder/spi-builder-workspace/.derivedData/SDKStatCaches.noindex/watchos11.4-22T246-43efb940ff07ba2497b70ec94253f576.sdkstatcache
cd /Users/admin/builder/spi-builder-workspace/.swiftpm/xcode
/Applications/Xcode-16.3.0.app/Contents/Developer/Toolchains/XcodeDefault.xctoolchain/usr/bin/clang-stat-cache /Applications/Xcode-16.3.0.app/Contents/Developer/Platforms/WatchOS.platform/Developer/SDKs/WatchOS11.4.sdk -o /Users/admin/builder/spi-builder-workspace/.derivedData/SDKStatCaches.noindex/watchos11.4-22T246-43efb940ff07ba2497b70ec94253f576.sdkstatcache
SwiftDriver SynheartBehavior normal armv7k com.apple.xcode.tools.swift.compiler (in target 'SynheartBehavior' from project 'SynheartBehavior')
cd /Users/admin/builder/spi-builder-workspace/.swiftpm/xcode
builtin-SwiftDriver -- /Applications/Xcode-16.3.0.app/Contents/Developer/Toolchains/XcodeDefault.xctoolchain/usr/bin/swiftc -module-name SynheartBehavior -Onone -enforce-exclusivity\=checked @/Users/admin/builder/spi-builder-workspace/.derivedData/Build/Intermediates.noindex/SynheartBehavior.build/Debug-watchos/SynheartBehavior.build/Objects-normal/armv7k/SynheartBehavior.SwiftFileList -DSWIFT_PACKAGE -DDEBUG -DXcode -plugin-path /Applications/Xcode-16.3.0.app/Contents/Developer/Toolchains/XcodeDefault.xctoolchain/usr/lib/swift/host/plugins/testing -enable-experimental-feature DebugDescriptionMacro -sdk /Applications/Xcode-16.3.0.app/Contents/Developer/Platforms/WatchOS.platform/Developer/SDKs/WatchOS11.4.sdk -target armv7k-apple-watchos6.0 -g -module-cache-path /Users/admin/builder/spi-builder-workspace/.derivedData/ModuleCache.noindex -Xfrontend -serialize-debugging-options -profile-coverage-mapping -profile-generate -enable-testing -index-store-path /Users/admin/builder/spi-builder-workspace/.derivedData/Index.noindex/DataStore -swift-version 5 -I /Users/admin/builder/spi-builder-workspace/.derivedData/Build/Products/Debug-watchos -I /Applications/Xcode-16.3.0.app/Contents/Developer/Platforms/WatchOS.platform/Developer/usr/lib -F /Users/admin/builder/spi-builder-workspace/.derivedData/Build/Products/Debug-watchos -F /Applications/Xcode-16.3.0.app/Contents/Developer/Platforms/WatchOS.platform/Developer/Library/Frameworks -F /Applications/Xcode-16.3.0.app/Contents/Developer/Platforms/WatchOS.platform/Developer/SDKs/WatchOS11.4.sdk/Developer/Library/Frameworks -c -j10 -enable-batch-mode -incremental -Xcc -ivfsstatcache -Xcc /Users/admin/builder/spi-builder-workspace/.derivedData/SDKStatCaches.noindex/watchos11.4-22T246-43efb940ff07ba2497b70ec94253f576.sdkstatcache -output-file-map /Users/admin/builder/spi-builder-workspace/.derivedData/Build/Intermediates.noindex/SynheartBehavior.build/Debug-watchos/SynheartBehavior.build/Objects-normal/armv7k/SynheartBehavior-OutputFileMap.json -use-frontend-parseable-output -save-temps -no-color-diagnostics -serialize-diagnostics -emit-dependencies -emit-module -emit-module-path /Users/admin/builder/spi-builder-workspace/.derivedData/Build/Intermediates.noindex/SynheartBehavior.build/Debug-watchos/SynheartBehavior.build/Objects-normal/armv7k/SynheartBehavior.swiftmodule -validate-clang-modules-once -clang-build-session-file /Users/admin/builder/spi-builder-workspace/.derivedData/ModuleCache.noindex/Session.modulevalidation -package-name spi_builder_workspace -Xcc -I/Users/admin/builder/spi-builder-workspace/.derivedData/Build/Intermediates.noindex/SynheartBehavior.build/Debug-watchos/SynheartBehavior.build/swift-overrides.hmap -emit-const-values -Xfrontend -const-gather-protocols-file -Xfrontend /Users/admin/builder/spi-builder-workspace/.derivedData/Build/Intermediates.noindex/SynheartBehavior.build/Debug-watchos/SynheartBehavior.build/Objects-normal/armv7k/SynheartBehavior_const_extract_protocols.json -Xcc -I/Users/admin/builder/spi-builder-workspace/.derivedData/Build/Products/Debug-watchos/include -Xcc -I/Users/admin/builder/spi-builder-workspace/.derivedData/Build/Intermediates.noindex/SynheartBehavior.build/Debug-watchos/SynheartBehavior.build/DerivedSources-normal/armv7k -Xcc -I/Users/admin/builder/spi-builder-workspace/.derivedData/Build/Intermediates.noindex/SynheartBehavior.build/Debug-watchos/SynheartBehavior.build/DerivedSources/armv7k -Xcc -I/Users/admin/builder/spi-builder-workspace/.derivedData/Build/Intermediates.noindex/SynheartBehavior.build/Debug-watchos/SynheartBehavior.build/DerivedSources -Xcc -DSWIFT_PACKAGE -Xcc -DDEBUG\=1 -emit-objc-header -emit-objc-header-path /Users/admin/builder/spi-builder-workspace/.derivedData/Build/Intermediates.noindex/SynheartBehavior.build/Debug-watchos/SynheartBehavior.build/Objects-normal/armv7k/SynheartBehavior-Swift.h -working-directory /Users/admin/builder/spi-builder-workspace/.swiftpm/xcode -experimental-emit-module-separately -disable-cmo
SwiftDriver SynheartBehavior normal arm64_32 com.apple.xcode.tools.swift.compiler (in target 'SynheartBehavior' from project 'SynheartBehavior')
cd /Users/admin/builder/spi-builder-workspace/.swiftpm/xcode
builtin-SwiftDriver -- /Applications/Xcode-16.3.0.app/Contents/Developer/Toolchains/XcodeDefault.xctoolchain/usr/bin/swiftc -module-name SynheartBehavior -Onone -enforce-exclusivity\=checked @/Users/admin/builder/spi-builder-workspace/.derivedData/Build/Intermediates.noindex/SynheartBehavior.build/Debug-watchos/SynheartBehavior.build/Objects-normal/arm64_32/SynheartBehavior.SwiftFileList -DSWIFT_PACKAGE -DDEBUG -DXcode -plugin-path /Applications/Xcode-16.3.0.app/Contents/Developer/Toolchains/XcodeDefault.xctoolchain/usr/lib/swift/host/plugins/testing -enable-experimental-feature DebugDescriptionMacro -sdk /Applications/Xcode-16.3.0.app/Contents/Developer/Platforms/WatchOS.platform/Developer/SDKs/WatchOS11.4.sdk -target arm64_32-apple-watchos6.0 -g -module-cache-path /Users/admin/builder/spi-builder-workspace/.derivedData/ModuleCache.noindex -Xfrontend -serialize-debugging-options -profile-coverage-mapping -profile-generate -enable-testing -index-store-path /Users/admin/builder/spi-builder-workspace/.derivedData/Index.noindex/DataStore -swift-version 5 -I /Users/admin/builder/spi-builder-workspace/.derivedData/Build/Products/Debug-watchos -I /Applications/Xcode-16.3.0.app/Contents/Developer/Platforms/WatchOS.platform/Developer/usr/lib -F /Users/admin/builder/spi-builder-workspace/.derivedData/Build/Products/Debug-watchos -F /Applications/Xcode-16.3.0.app/Contents/Developer/Platforms/WatchOS.platform/Developer/Library/Frameworks -F /Applications/Xcode-16.3.0.app/Contents/Developer/Platforms/WatchOS.platform/Developer/SDKs/WatchOS11.4.sdk/Developer/Library/Frameworks -c -j10 -enable-batch-mode -incremental -Xcc -ivfsstatcache -Xcc /Users/admin/builder/spi-builder-workspace/.derivedData/SDKStatCaches.noindex/watchos11.4-22T246-43efb940ff07ba2497b70ec94253f576.sdkstatcache -output-file-map /Users/admin/builder/spi-builder-workspace/.derivedData/Build/Intermediates.noindex/SynheartBehavior.build/Debug-watchos/SynheartBehavior.build/Objects-normal/arm64_32/SynheartBehavior-OutputFileMap.json -use-frontend-parseable-output -save-temps -no-color-diagnostics -serialize-diagnostics -emit-dependencies -emit-module -emit-module-path /Users/admin/builder/spi-builder-workspace/.derivedData/Build/Intermediates.noindex/SynheartBehavior.build/Debug-watchos/SynheartBehavior.build/Objects-normal/arm64_32/SynheartBehavior.swiftmodule -validate-clang-modules-once -clang-build-session-file /Users/admin/builder/spi-builder-workspace/.derivedData/ModuleCache.noindex/Session.modulevalidation -package-name spi_builder_workspace -Xcc -I/Users/admin/builder/spi-builder-workspace/.derivedData/Build/Intermediates.noindex/SynheartBehavior.build/Debug-watchos/SynheartBehavior.build/swift-overrides.hmap -emit-const-values -Xfrontend -const-gather-protocols-file -Xfrontend /Users/admin/builder/spi-builder-workspace/.derivedData/Build/Intermediates.noindex/SynheartBehavior.build/Debug-watchos/SynheartBehavior.build/Objects-normal/arm64_32/SynheartBehavior_const_extract_protocols.json -Xcc -I/Users/admin/builder/spi-builder-workspace/.derivedData/Build/Products/Debug-watchos/include -Xcc -I/Users/admin/builder/spi-builder-workspace/.derivedData/Build/Intermediates.noindex/SynheartBehavior.build/Debug-watchos/SynheartBehavior.build/DerivedSources-normal/arm64_32 -Xcc -I/Users/admin/builder/spi-builder-workspace/.derivedData/Build/Intermediates.noindex/SynheartBehavior.build/Debug-watchos/SynheartBehavior.build/DerivedSources/arm64_32 -Xcc -I/Users/admin/builder/spi-builder-workspace/.derivedData/Build/Intermediates.noindex/SynheartBehavior.build/Debug-watchos/SynheartBehavior.build/DerivedSources -Xcc -DSWIFT_PACKAGE -Xcc -DDEBUG\=1 -emit-objc-header -emit-objc-header-path /Users/admin/builder/spi-builder-workspace/.derivedData/Build/Intermediates.noindex/SynheartBehavior.build/Debug-watchos/SynheartBehavior.build/Objects-normal/arm64_32/SynheartBehavior-Swift.h -working-directory /Users/admin/builder/spi-builder-workspace/.swiftpm/xcode -experimental-emit-module-separately -disable-cmo
SwiftDriver SynheartBehavior normal arm64 com.apple.xcode.tools.swift.compiler (in target 'SynheartBehavior' from project 'SynheartBehavior')
cd /Users/admin/builder/spi-builder-workspace/.swiftpm/xcode
builtin-SwiftDriver -- /Applications/Xcode-16.3.0.app/Contents/Developer/Toolchains/XcodeDefault.xctoolchain/usr/bin/swiftc -module-name SynheartBehavior -Onone -enforce-exclusivity\=checked @/Users/admin/builder/spi-builder-workspace/.derivedData/Build/Intermediates.noindex/SynheartBehavior.build/Debug-watchos/SynheartBehavior.build/Objects-normal/arm64/SynheartBehavior.SwiftFileList -DSWIFT_PACKAGE -DDEBUG -DXcode -plugin-path /Applications/Xcode-16.3.0.app/Contents/Developer/Toolchains/XcodeDefault.xctoolchain/usr/lib/swift/host/plugins/testing -enable-experimental-feature DebugDescriptionMacro -sdk /Applications/Xcode-16.3.0.app/Contents/Developer/Platforms/WatchOS.platform/Developer/SDKs/WatchOS11.4.sdk -target arm64-apple-watchos6.0 -g -module-cache-path /Users/admin/builder/spi-builder-workspace/.derivedData/ModuleCache.noindex -Xfrontend -serialize-debugging-options -profile-coverage-mapping -profile-generate -enable-testing -index-store-path /Users/admin/builder/spi-builder-workspace/.derivedData/Index.noindex/DataStore -swift-version 5 -I /Users/admin/builder/spi-builder-workspace/.derivedData/Build/Products/Debug-watchos -I /Applications/Xcode-16.3.0.app/Contents/Developer/Platforms/WatchOS.platform/Developer/usr/lib -F /Users/admin/builder/spi-builder-workspace/.derivedData/Build/Products/Debug-watchos -F /Applications/Xcode-16.3.0.app/Contents/Developer/Platforms/WatchOS.platform/Developer/Library/Frameworks -F /Applications/Xcode-16.3.0.app/Contents/Developer/Platforms/WatchOS.platform/Developer/SDKs/WatchOS11.4.sdk/Developer/Library/Frameworks -c -j10 -enable-batch-mode -incremental -Xcc -ivfsstatcache -Xcc /Users/admin/builder/spi-builder-workspace/.derivedData/SDKStatCaches.noindex/watchos11.4-22T246-43efb940ff07ba2497b70ec94253f576.sdkstatcache -output-file-map /Users/admin/builder/spi-builder-workspace/.derivedData/Build/Intermediates.noindex/SynheartBehavior.build/Debug-watchos/SynheartBehavior.build/Objects-normal/arm64/SynheartBehavior-OutputFileMap.json -use-frontend-parseable-output -save-temps -no-color-diagnostics -serialize-diagnostics -emit-dependencies -emit-module -emit-module-path /Users/admin/builder/spi-builder-workspace/.derivedData/Build/Intermediates.noindex/SynheartBehavior.build/Debug-watchos/SynheartBehavior.build/Objects-normal/arm64/SynheartBehavior.swiftmodule -validate-clang-modules-once -clang-build-session-file /Users/admin/builder/spi-builder-workspace/.derivedData/ModuleCache.noindex/Session.modulevalidation -package-name spi_builder_workspace -Xcc -I/Users/admin/builder/spi-builder-workspace/.derivedData/Build/Intermediates.noindex/SynheartBehavior.build/Debug-watchos/SynheartBehavior.build/swift-overrides.hmap -emit-const-values -Xfrontend -const-gather-protocols-file -Xfrontend /Users/admin/builder/spi-builder-workspace/.derivedData/Build/Intermediates.noindex/SynheartBehavior.build/Debug-watchos/SynheartBehavior.build/Objects-normal/arm64/SynheartBehavior_const_extract_protocols.json -Xcc -I/Users/admin/builder/spi-builder-workspace/.derivedData/Build/Products/Debug-watchos/include -Xcc -I/Users/admin/builder/spi-builder-workspace/.derivedData/Build/Intermediates.noindex/SynheartBehavior.build/Debug-watchos/SynheartBehavior.build/DerivedSources-normal/arm64 -Xcc -I/Users/admin/builder/spi-builder-workspace/.derivedData/Build/Intermediates.noindex/SynheartBehavior.build/Debug-watchos/SynheartBehavior.build/DerivedSources/arm64 -Xcc -I/Users/admin/builder/spi-builder-workspace/.derivedData/Build/Intermediates.noindex/SynheartBehavior.build/Debug-watchos/SynheartBehavior.build/DerivedSources -Xcc -DSWIFT_PACKAGE -Xcc -DDEBUG\=1 -emit-objc-header -emit-objc-header-path /Users/admin/builder/spi-builder-workspace/.derivedData/Build/Intermediates.noindex/SynheartBehavior.build/Debug-watchos/SynheartBehavior.build/Objects-normal/arm64/SynheartBehavior-Swift.h -working-directory /Users/admin/builder/spi-builder-workspace/.swiftpm/xcode -experimental-emit-module-separately -disable-cmo
SwiftEmitModule normal arm64_32 Emitting\ module\ for\ SynheartBehavior (in target 'SynheartBehavior' from project 'SynheartBehavior')
EmitSwiftModule normal arm64_32 (in target 'SynheartBehavior' from project 'SynheartBehavior')
cd /Users/admin/builder/spi-builder-workspace/.swiftpm/xcode
/Users/admin/builder/spi-builder-workspace/Sources/SynheartBehavior/GestureSignalCollector.swift:12:38: error: cannot find type 'UIWindow' in scope
private var windows: NSHashTable<UIWindow> = NSHashTable.weakObjects()
^~~~~~~~
/Users/admin/builder/spi-builder-workspace/Sources/SynheartBehavior/GestureSignalCollector.swift:66:54: error: cannot find type 'UIWindow' in scope
private func attachGestureRecognizers(to window: UIWindow) {
^~~~~~~~
/Users/admin/builder/spi-builder-workspace/Sources/SynheartBehavior/GestureSignalCollector.swift:97:56: error: cannot find type 'UIWindow' in scope
private func removeGestureRecognizers(from window: UIWindow) {
^~~~~~~~
/Users/admin/builder/spi-builder-workspace/Sources/SynheartBehavior/GestureSignalCollector.swift:106:48: error: cannot find type 'UITapGestureRecognizer' in scope
@objc private func handleTap(_ recognizer: UITapGestureRecognizer) {
^~~~~~~~~~~~~~~~~~~~~~
/Users/admin/builder/spi-builder-workspace/Sources/SynheartBehavior/GestureSignalCollector.swift:140:54: error: cannot find type 'UILongPressGestureRecognizer' in scope
@objc private func handleLongPress(_ recognizer: UILongPressGestureRecognizer) {
^~~~~~~~~~~~~~~~~~~~~~~~~~~~
/Users/admin/builder/spi-builder-workspace/Sources/SynheartBehavior/GestureSignalCollector.swift:162:48: error: cannot find type 'UIPanGestureRecognizer' in scope
@objc private func handlePan(_ recognizer: UIPanGestureRecognizer) {
^~~~~~~~~~~~~~~~~~~~~~
/Users/admin/builder/spi-builder-workspace/Sources/SynheartBehavior/GestureSignalCollector.swift:319:32: error: cannot find type 'UIWindow' in scope
static func keyWindow() -> UIWindow? {
^~~~~~~~
/Users/admin/builder/spi-builder-workspace/Sources/SynheartBehavior/GestureSignalCollector.swift:331:19: error: cannot find type 'UIWindow' in scope
private extension UIWindow {
^~~~~~~~
/Users/admin/builder/spi-builder-workspace/Sources/SynheartBehavior/GestureSignalCollector.swift:339:19: error: cannot find type 'UIView' in scope
private extension UIView {
^~~~~~
/Applications/Xcode-16.3.0.app/Contents/Developer/Platforms/WatchOS.platform/Developer/SDKs/WatchOS11.4.sdk/System/Library/Frameworks/UIKit.framework/Headers/NSTextAttachment.h:23:1: note: interface 'UIView' forward declared here
@class UIView;
^
/Users/admin/builder/spi-builder-workspace/Sources/SynheartBehavior/GestureSignalCollector.swift:350:35: error: cannot find type 'UIGestureRecognizerDelegate' in scope
extension GestureSignalCollector: UIGestureRecognizerDelegate {
^~~~~~~~~~~~~~~~~~~~~~~~~~~
/Users/admin/builder/spi-builder-workspace/Sources/SynheartBehavior/GestureSignalCollector.swift:351:49: error: cannot find type 'UIGestureRecognizer' in scope
func gestureRecognizer(_ gestureRecognizer: UIGestureRecognizer, shouldRecognizeSimultaneouslyWith otherGestureRecognizer: UIGestureRecognizer) -> Bool {
^~~~~~~~~~~~~~~~~~~
/Users/admin/builder/spi-builder-workspace/Sources/SynheartBehavior/GestureSignalCollector.swift:351:128: error: cannot find type 'UIGestureRecognizer' in scope
func gestureRecognizer(_ gestureRecognizer: UIGestureRecognizer, shouldRecognizeSimultaneouslyWith otherGestureRecognizer: UIGestureRecognizer) -> Bool {
^~~~~~~~~~~~~~~~~~~
/Users/admin/builder/spi-builder-workspace/Sources/SynheartBehavior/GestureSignalCollector.swift:360:49: error: cannot find type 'UIGestureRecognizer' in scope
func gestureRecognizer(_ gestureRecognizer: UIGestureRecognizer, shouldReceive touch: UITouch) -> Bool {
^~~~~~~~~~~~~~~~~~~
/Users/admin/builder/spi-builder-workspace/Sources/SynheartBehavior/GestureSignalCollector.swift:360:91: error: cannot find type 'UITouch' in scope
func gestureRecognizer(_ gestureRecognizer: UIGestureRecognizer, shouldReceive touch: UITouch) -> Bool {
^~~~~~~
/Users/admin/builder/spi-builder-workspace/Sources/SynheartBehavior/GestureSignalCollector.swift:384:49: error: cannot find type 'UIGestureRecognizer' in scope
func gestureRecognizer(_ gestureRecognizer: UIGestureRecognizer, shouldRequireFailureOf otherGestureRecognizer: UIGestureRecognizer) -> Bool {
^~~~~~~~~~~~~~~~~~~
/Users/admin/builder/spi-builder-workspace/Sources/SynheartBehavior/GestureSignalCollector.swift:384:117: error: cannot find type 'UIGestureRecognizer' in scope
func gestureRecognizer(_ gestureRecognizer: UIGestureRecognizer, shouldRequireFailureOf otherGestureRecognizer: UIGestureRecognizer) -> Bool {
^~~~~~~~~~~~~~~~~~~
/Users/admin/builder/spi-builder-workspace/Sources/SynheartBehavior/NotificationCollector.swift:144:10: error: cannot override 'userNotificationCenter' which has been marked unavailable
func userNotificationCenter(_ center: UNUserNotificationCenter, openSettingsFor notification: UNNotification?) {
^
UserNotifications.UNUserNotificationCenterDelegate.userNotificationCenter:3:17: note: 'userNotificationCenter(_:openSettingsFor:)' has been explicitly marked unavailable here
optional func userNotificationCenter(_ center: UNUserNotificationCenter, openSettingsFor notification: UNNotification?)}
^
/Users/admin/builder/spi-builder-workspace/Sources/SynheartBehavior/ScrollSignalCollector.swift:12:42: error: cannot find type 'UIScrollView' in scope
private var scrollViews: NSHashTable<UIScrollView> = NSHashTable.weakObjects()
^~~~~~~~~~~~
/Users/admin/builder/spi-builder-workspace/Sources/SynheartBehavior/ScrollSignalCollector.swift:97:47: error: cannot find type 'UIView' in scope
private func discoverScrollViews(in view: UIView) {
^~~~~~
/Applications/Xcode-16.3.0.app/Contents/Developer/Platforms/WatchOS.platform/Developer/SDKs/WatchOS11.4.sdk/System/Library/Frameworks/UIKit.framework/Headers/NSTextAttachment.h:23:1: note: interface 'UIView' forward declared here
@class UIView;
^
/Users/admin/builder/spi-builder-workspace/Sources/SynheartBehavior/ScrollSignalCollector.swift:107:48: error: cannot find type 'UIScrollView' in scope
private func trackScrollView(_ scrollView: UIScrollView) {
^~~~~~~~~~~~
/Users/admin/builder/spi-builder-workspace/Sources/SynheartBehavior/ScrollSignalCollector.swift:147:34: error: cannot find type 'UIScrollViewDelegate' in scope
extension ScrollSignalCollector: UIScrollViewDelegate {
^~~~~~~~~~~~~~~~~~~~
/Users/admin/builder/spi-builder-workspace/Sources/SynheartBehavior/ScrollSignalCollector.swift:148:52: error: cannot find type 'UIScrollView' in scope
func scrollViewWillBeginDragging(_ scrollView: UIScrollView) {
^~~~~~~~~~~~
/Users/admin/builder/spi-builder-workspace/Sources/SynheartBehavior/ScrollSignalCollector.swift:159:44: error: cannot find type 'UIScrollView' in scope
func scrollViewDidScroll(_ scrollView: UIScrollView) {
^~~~~~~~~~~~
/Users/admin/builder/spi-builder-workspace/Sources/SynheartBehavior/ScrollSignalCollector.swift:223:50: error: cannot find type 'UIScrollView' in scope
func scrollViewWillEndDragging(_ scrollView: UIScrollView, withVelocity velocity: CGPoint, targetContentOffset: UnsafeMutablePointer<CGPoint>) {
^~~~~~~~~~~~
/Users/admin/builder/spi-builder-workspace/Sources/SynheartBehavior/ScrollSignalCollector.swift:228:49: error: cannot find type 'UIScrollView' in scope
func scrollViewDidEndDragging(_ scrollView: UIScrollView, willDecelerate decelerate: Bool) {
^~~~~~~~~~~~
/Users/admin/builder/spi-builder-workspace/Sources/SynheartBehavior/ScrollSignalCollector.swift:232:53: error: cannot find type 'UIScrollView' in scope
func scrollViewDidEndDecelerating(_ scrollView: UIScrollView) {
^~~~~~~~~~~~
Failed frontend command:
/Applications/Xcode-16.3.0.app/Contents/Developer/Toolchains/XcodeDefault.xctoolchain/usr/bin/swift-frontend -frontend -emit-module -experimental-skip-non-inlinable-function-bodies-without-types /Users/admin/builder/spi-builder-workspace/Sources/SynheartBehavior/AttentionSignalCollector.swift /Users/admin/builder/spi-builder-workspace/Sources/SynheartBehavior/BehaviorConfig.swift /Users/admin/builder/spi-builder-workspace/Sources/SynheartBehavior/BehaviorEvent.swift /Users/admin/builder/spi-builder-workspace/Sources/SynheartBehavior/BehaviorSession.swift /Users/admin/builder/spi-builder-workspace/Sources/SynheartBehavior/BehaviorStats.swift /Users/admin/builder/spi-builder-workspace/Sources/SynheartBehavior/CallCollector.swift /Users/admin/builder/spi-builder-workspace/Sources/SynheartBehavior/EventBatcher.swift /Users/admin/builder/spi-builder-workspace/Sources/SynheartBehavior/GestureSignalCollector.swift /Users/admin/builder/spi-builder-workspace/Sources/SynheartBehavior/InputSignalCollector.swift /Users/admin/builder/spi-builder-workspace/Sources/SynheartBehavior/InterruptionTrackers.swift /Users/admin/builder/spi-builder-workspace/Sources/SynheartBehavior/MotionSignalCollector.swift /Users/admin/builder/spi-builder-workspace/Sources/SynheartBehavior/NotificationCollector.swift /Users/admin/builder/spi-builder-workspace/Sources/SynheartBehavior/ScrollSignalCollector.swift /Users/admin/builder/spi-builder-workspace/Sources/SynheartBehavior/SessionManager.swift /Users/admin/builder/spi-builder-workspace/Sources/SynheartBehavior/SynheartBehavior.swift -target arm64_32-apple-watchos6.0 -enable-objc-interop -sdk /Applications/Xcode-16.3.0.app/Contents/Developer/Platforms/WatchOS.platform/Developer/SDKs/WatchOS11.4.sdk -I /Users/admin/builder/spi-builder-workspace/.derivedData/Build/Products/Debug-watchos -I /Applications/Xcode-16.3.0.app/Contents/Developer/Platforms/WatchOS.platform/Developer/usr/lib -F /Users/admin/builder/spi-builder-workspace/.derivedData/Build/Products/Debug-watchos -F /Applications/Xcode-16.3.0.app/Contents/Developer/Platforms/WatchOS.platform/Developer/Library/Frameworks -F /Applications/Xcode-16.3.0.app/Contents/Developer/Platforms/WatchOS.platform/Developer/SDKs/WatchOS11.4.sdk/Developer/Library/Frameworks -no-color-diagnostics -enable-testing -g -debug-info-format\=dwarf -dwarf-version\=4 -module-cache-path /Users/admin/builder/spi-builder-workspace/.derivedData/ModuleCache.noindex -profile-generate -profile-coverage-mapping -swift-version 5 -enforce-exclusivity\=checked -Onone -D SWIFT_PACKAGE -D DEBUG -D Xcode -serialize-debugging-options -const-gather-protocols-file /Users/admin/builder/spi-builder-workspace/.derivedData/Build/Intermediates.noindex/SynheartBehavior.build/Debug-watchos/SynheartBehavior.build/Objects-normal/arm64_32/SynheartBehavior_const_extract_protocols.json -enable-experimental-feature DebugDescriptionMacro -empty-abi-descriptor -plugin-path /Applications/Xcode-16.3.0.app/Contents/Developer/Toolchains/XcodeDefault.xctoolchain/usr/lib/swift/host/plugins/testing -validate-clang-modules-once -clang-build-session-file /Users/admin/builder/spi-builder-workspace/.derivedData/ModuleCache.noindex/Session.modulevalidation -Xcc -working-directory -Xcc /Users/admin/builder/spi-builder-workspace/.swiftpm/xcode -resource-dir /Applications/Xcode-16.3.0.app/Contents/Developer/Toolchains/XcodeDefault.xctoolchain/usr/lib/swift -enable-anonymous-context-mangled-names -file-compilation-dir /Users/admin/builder/spi-builder-workspace/.swiftpm/xcode -Xcc -ivfsstatcache -Xcc /Users/admin/builder/spi-builder-workspace/.derivedData/SDKStatCaches.noindex/watchos11.4-22T246-43efb940ff07ba2497b70ec94253f576.sdkstatcache -Xcc -I/Users/admin/builder/spi-builder-workspace/.derivedData/Build/Intermediates.noindex/SynheartBehavior.build/Debug-watchos/SynheartBehavior.build/swift-overrides.hmap -Xcc -I/Users/admin/builder/spi-builder-workspace/.derivedData/Build/Products/Debug-watchos/include -Xcc -I/Users/admin/builder/spi-builder-workspace/.derivedData/Build/Intermediates.noindex/SynheartBehavior.build/Debug-watchos/SynheartBehavior.build/DerivedSources-normal/arm64_32 -Xcc -I/Users/admin/builder/spi-builder-workspace/.derivedData/Build/Intermediates.noindex/SynheartBehavior.build/Debug-watchos/SynheartBehavior.build/DerivedSources/arm64_32 -Xcc -I/Users/admin/builder/spi-builder-workspace/.derivedData/Build/Intermediates.noindex/SynheartBehavior.build/Debug-watchos/SynheartBehavior.build/DerivedSources -Xcc -DSWIFT_PACKAGE -Xcc -DDEBUG\=1 -module-name SynheartBehavior -package-name spi_builder_workspace -frontend-parseable-output -disable-clang-spi -target-sdk-version 11.4 -target-sdk-name watchos11.4 -external-plugin-path /Applications/Xcode-16.3.0.app/Contents/Developer/Platforms/WatchOS.platform/Developer/usr/lib/swift/host/plugins\#/Applications/Xcode-16.3.0.app/Contents/Developer/Platforms/WatchOS.platform/Developer/usr/bin/swift-plugin-server -external-plugin-path /Applications/Xcode-16.3.0.app/Contents/Developer/Platforms/WatchOS.platform/Developer/usr/local/lib/swift/host/plugins\#/Applications/Xcode-16.3.0.app/Contents/Developer/Platforms/WatchOS.platform/Developer/usr/bin/swift-plugin-server -in-process-plugin-server-path /Applications/Xcode-16.3.0.app/Contents/Developer/Toolchains/XcodeDefault.xctoolchain/usr/lib/swift/host/libSwiftInProcPluginServer.dylib -plugin-path /Applications/Xcode-16.3.0.app/Contents/Developer/Toolchains/XcodeDefault.xctoolchain/usr/lib/swift/host/plugins -plugin-path /Applications/Xcode-16.3.0.app/Contents/Developer/Toolchains/XcodeDefault.xctoolchain/usr/local/lib/swift/host/plugins -emit-module-doc-path /Users/admin/builder/spi-builder-workspace/.derivedData/Build/Intermediates.noindex/SynheartBehavior.build/Debug-watchos/SynheartBehavior.build/Objects-normal/arm64_32/SynheartBehavior.swiftdoc -emit-module-source-info-path /Users/admin/builder/spi-builder-workspace/.derivedData/Build/Intermediates.noindex/SynheartBehavior.build/Debug-watchos/SynheartBehavior.build/Objects-normal/arm64_32/SynheartBehavior.swiftsourceinfo -emit-objc-header-path /Users/admin/builder/spi-builder-workspace/.derivedData/Build/Intermediates.noindex/SynheartBehavior.build/Debug-watchos/SynheartBehavior.build/Objects-normal/arm64_32/SynheartBehavior-Swift.h -serialize-diagnostics-path /Users/admin/builder/spi-builder-workspace/.derivedData/Build/Intermediates.noindex/SynheartBehavior.build/Debug-watchos/SynheartBehavior.build/Objects-normal/arm64_32/SynheartBehavior-master-emit-module.dia -emit-dependencies-path /Users/admin/builder/spi-builder-workspace/.derivedData/Build/Intermediates.noindex/SynheartBehavior.build/Debug-watchos/SynheartBehavior.build/Objects-normal/arm64_32/SynheartBehavior-master-emit-module.d -o /Users/admin/builder/spi-builder-workspace/.derivedData/Build/Intermediates.noindex/SynheartBehavior.build/Debug-watchos/SynheartBehavior.build/Objects-normal/arm64_32/SynheartBehavior.swiftmodule -emit-abi-descriptor-path /Users/admin/builder/spi-builder-workspace/.derivedData/Build/Intermediates.noindex/SynheartBehavior.build/Debug-watchos/SynheartBehavior.build/Objects-normal/arm64_32/SynheartBehavior.abi.json
SwiftCompile normal arm64_32 Compiling\ AttentionSignalCollector.swift,\ BehaviorConfig.swift /Users/admin/builder/spi-builder-workspace/Sources/SynheartBehavior/AttentionSignalCollector.swift /Users/admin/builder/spi-builder-workspace/Sources/SynheartBehavior/BehaviorConfig.swift (in target 'SynheartBehavior' from project 'SynheartBehavior')
SwiftCompile normal arm64_32 /Users/admin/builder/spi-builder-workspace/Sources/SynheartBehavior/AttentionSignalCollector.swift (in target 'SynheartBehavior' from project 'SynheartBehavior')
cd /Users/admin/builder/spi-builder-workspace/.swiftpm/xcode
SwiftCompile normal arm64_32 /Users/admin/builder/spi-builder-workspace/Sources/SynheartBehavior/BehaviorConfig.swift (in target 'SynheartBehavior' from project 'SynheartBehavior')
cd /Users/admin/builder/spi-builder-workspace/.swiftpm/xcode
SwiftCompile normal arm64_32 Compiling\ BehaviorStats.swift,\ CallCollector.swift /Users/admin/builder/spi-builder-workspace/Sources/SynheartBehavior/BehaviorStats.swift /Users/admin/builder/spi-builder-workspace/Sources/SynheartBehavior/CallCollector.swift (in target 'SynheartBehavior' from project 'SynheartBehavior')
SwiftCompile normal arm64_32 /Users/admin/builder/spi-builder-workspace/Sources/SynheartBehavior/BehaviorStats.swift (in target 'SynheartBehavior' from project 'SynheartBehavior')
cd /Users/admin/builder/spi-builder-workspace/.swiftpm/xcode
SwiftCompile normal arm64_32 /Users/admin/builder/spi-builder-workspace/Sources/SynheartBehavior/CallCollector.swift (in target 'SynheartBehavior' from project 'SynheartBehavior')
cd /Users/admin/builder/spi-builder-workspace/.swiftpm/xcode
SwiftCompile normal arm64_32 Compiling\ BehaviorEvent.swift,\ BehaviorSession.swift /Users/admin/builder/spi-builder-workspace/Sources/SynheartBehavior/BehaviorEvent.swift /Users/admin/builder/spi-builder-workspace/Sources/SynheartBehavior/BehaviorSession.swift (in target 'SynheartBehavior' from project 'SynheartBehavior')
SwiftCompile normal arm64_32 /Users/admin/builder/spi-builder-workspace/Sources/SynheartBehavior/BehaviorEvent.swift (in target 'SynheartBehavior' from project 'SynheartBehavior')
cd /Users/admin/builder/spi-builder-workspace/.swiftpm/xcode
SwiftCompile normal arm64_32 /Users/admin/builder/spi-builder-workspace/Sources/SynheartBehavior/BehaviorSession.swift (in target 'SynheartBehavior' from project 'SynheartBehavior')
cd /Users/admin/builder/spi-builder-workspace/.swiftpm/xcode
SwiftCompile normal arm64_32 Compiling\ InputSignalCollector.swift,\ InterruptionTrackers.swift /Users/admin/builder/spi-builder-workspace/Sources/SynheartBehavior/InputSignalCollector.swift /Users/admin/builder/spi-builder-workspace/Sources/SynheartBehavior/InterruptionTrackers.swift (in target 'SynheartBehavior' from project 'SynheartBehavior')
SwiftCompile normal arm64_32 /Users/admin/builder/spi-builder-workspace/Sources/SynheartBehavior/InputSignalCollector.swift (in target 'SynheartBehavior' from project 'SynheartBehavior')
cd /Users/admin/builder/spi-builder-workspace/.swiftpm/xcode
SwiftCompile normal arm64_32 /Users/admin/builder/spi-builder-workspace/Sources/SynheartBehavior/InterruptionTrackers.swift (in target 'SynheartBehavior' from project 'SynheartBehavior')
cd /Users/admin/builder/spi-builder-workspace/.swiftpm/xcode
SwiftCompile normal arm64_32 Compiling\ NotificationCollector.swift /Users/admin/builder/spi-builder-workspace/Sources/SynheartBehavior/NotificationCollector.swift (in target 'SynheartBehavior' from project 'SynheartBehavior')
SwiftCompile normal arm64_32 /Users/admin/builder/spi-builder-workspace/Sources/SynheartBehavior/NotificationCollector.swift (in target 'SynheartBehavior' from project 'SynheartBehavior')
cd /Users/admin/builder/spi-builder-workspace/.swiftpm/xcode
SwiftCompile normal arm64_32 Compiling\ SessionManager.swift /Users/admin/builder/spi-builder-workspace/Sources/SynheartBehavior/SessionManager.swift (in target 'SynheartBehavior' from project 'SynheartBehavior')
SwiftCompile normal arm64_32 /Users/admin/builder/spi-builder-workspace/Sources/SynheartBehavior/SessionManager.swift (in target 'SynheartBehavior' from project 'SynheartBehavior')
cd /Users/admin/builder/spi-builder-workspace/.swiftpm/xcode
SwiftCompile normal armv7k Compiling\ BehaviorStats.swift,\ CallCollector.swift /Users/admin/builder/spi-builder-workspace/Sources/SynheartBehavior/BehaviorStats.swift /Users/admin/builder/spi-builder-workspace/Sources/SynheartBehavior/CallCollector.swift (in target 'SynheartBehavior' from project 'SynheartBehavior')
SwiftCompile normal armv7k /Users/admin/builder/spi-builder-workspace/Sources/SynheartBehavior/BehaviorStats.swift (in target 'SynheartBehavior' from project 'SynheartBehavior')
cd /Users/admin/builder/spi-builder-workspace/.swiftpm/xcode
SwiftCompile normal armv7k /Users/admin/builder/spi-builder-workspace/Sources/SynheartBehavior/CallCollector.swift (in target 'SynheartBehavior' from project 'SynheartBehavior')
cd /Users/admin/builder/spi-builder-workspace/.swiftpm/xcode
SwiftCompile normal armv7k Compiling\ MotionSignalCollector.swift /Users/admin/builder/spi-builder-workspace/Sources/SynheartBehavior/MotionSignalCollector.swift (in target 'SynheartBehavior' from project 'SynheartBehavior')
SwiftCompile normal armv7k /Users/admin/builder/spi-builder-workspace/Sources/SynheartBehavior/MotionSignalCollector.swift (in target 'SynheartBehavior' from project 'SynheartBehavior')
cd /Users/admin/builder/spi-builder-workspace/.swiftpm/xcode
SwiftEmitModule normal armv7k Emitting\ module\ for\ SynheartBehavior (in target 'SynheartBehavior' from project 'SynheartBehavior')
Failed frontend command:
/Applications/Xcode-16.3.0.app/Contents/Developer/Toolchains/XcodeDefault.xctoolchain/usr/bin/swift-frontend -frontend -emit-module -experimental-skip-non-inlinable-function-bodies-without-types /Users/admin/builder/spi-builder-workspace/Sources/SynheartBehavior/AttentionSignalCollector.swift /Users/admin/builder/spi-builder-workspace/Sources/SynheartBehavior/BehaviorConfig.swift /Users/admin/builder/spi-builder-workspace/Sources/SynheartBehavior/BehaviorEvent.swift /Users/admin/builder/spi-builder-workspace/Sources/SynheartBehavior/BehaviorSession.swift /Users/admin/builder/spi-builder-workspace/Sources/SynheartBehavior/BehaviorStats.swift /Users/admin/builder/spi-builder-workspace/Sources/SynheartBehavior/CallCollector.swift /Users/admin/builder/spi-builder-workspace/Sources/SynheartBehavior/EventBatcher.swift /Users/admin/builder/spi-builder-workspace/Sources/SynheartBehavior/GestureSignalCollector.swift /Users/admin/builder/spi-builder-workspace/Sources/SynheartBehavior/InputSignalCollector.swift /Users/admin/builder/spi-builder-workspace/Sources/SynheartBehavior/InterruptionTrackers.swift /Users/admin/builder/spi-builder-workspace/Sources/SynheartBehavior/MotionSignalCollector.swift /Users/admin/builder/spi-builder-workspace/Sources/SynheartBehavior/NotificationCollector.swift /Users/admin/builder/spi-builder-workspace/Sources/SynheartBehavior/ScrollSignalCollector.swift /Users/admin/builder/spi-builder-workspace/Sources/SynheartBehavior/SessionManager.swift /Users/admin/builder/spi-builder-workspace/Sources/SynheartBehavior/SynheartBehavior.swift -target armv7k-apple-watchos6.0 -enable-objc-interop -stack-check -sdk /Applications/Xcode-16.3.0.app/Contents/Developer/Platforms/WatchOS.platform/Developer/SDKs/WatchOS11.4.sdk -I /Users/admin/builder/spi-builder-workspace/.derivedData/Build/Products/Debug-watchos -I /Applications/Xcode-16.3.0.app/Contents/Developer/Platforms/WatchOS.platform/Developer/usr/lib -F /Users/admin/builder/spi-builder-workspace/.derivedData/Build/Products/Debug-watchos -F /Applications/Xcode-16.3.0.app/Contents/Developer/Platforms/WatchOS.platform/Developer/Library/Frameworks -F /Applications/Xcode-16.3.0.app/Contents/Developer/Platforms/WatchOS.platform/Developer/SDKs/WatchOS11.4.sdk/Developer/Library/Frameworks -no-color-diagnostics -enable-testing -g -debug-info-format\=dwarf -dwarf-version\=4 -module-cache-path /Users/admin/builder/spi-builder-workspace/.derivedData/ModuleCache.noindex -profile-generate -profile-coverage-mapping -swift-version 5 -enforce-exclusivity\=checked -Onone -D SWIFT_PACKAGE -D DEBUG -D Xcode -serialize-debugging-options -const-gather-protocols-file /Users/admin/builder/spi-builder-workspace/.derivedData/Build/Intermediates.noindex/SynheartBehavior.build/Debug-watchos/SynheartBehavior.build/Objects-normal/armv7k/SynheartBehavior_const_extract_protocols.json -enable-experimental-feature DebugDescriptionMacro -empty-abi-descriptor -plugin-path /Applications/Xcode-16.3.0.app/Contents/Developer/Toolchains/XcodeDefault.xctoolchain/usr/lib/swift/host/plugins/testing -validate-clang-modules-once -clang-build-session-file /Users/admin/builder/spi-builder-workspace/.derivedData/ModuleCache.noindex/Session.modulevalidation -Xcc -working-directory -Xcc /Users/admin/builder/spi-builder-workspace/.swiftpm/xcode -resource-dir /Applications/Xcode-16.3.0.app/Contents/Developer/Toolchains/XcodeDefault.xctoolchain/usr/lib/swift -enable-anonymous-context-mangled-names -file-compilation-dir /Users/admin/builder/spi-builder-workspace/.swiftpm/xcode -Xcc -ivfsstatcache -Xcc /Users/admin/builder/spi-builder-workspace/.derivedData/SDKStatCaches.noindex/watchos11.4-22T246-43efb940ff07ba2497b70ec94253f576.sdkstatcache -Xcc -I/Users/admin/builder/spi-builder-workspace/.derivedData/Build/Intermediates.noindex/SynheartBehavior.build/Debug-watchos/SynheartBehavior.build/swift-overrides.hmap -Xcc -I/Users/admin/builder/spi-builder-workspace/.derivedData/Build/Products/Debug-watchos/include -Xcc -I/Users/admin/builder/spi-builder-workspace/.derivedData/Build/Intermediates.noindex/SynheartBehavior.build/Debug-watchos/SynheartBehavior.build/DerivedSources-normal/armv7k -Xcc -I/Users/admin/builder/spi-builder-workspace/.derivedData/Build/Intermediates.noindex/SynheartBehavior.build/Debug-watchos/SynheartBehavior.build/DerivedSources/armv7k -Xcc -I/Users/admin/builder/spi-builder-workspace/.derivedData/Build/Intermediates.noindex/SynheartBehavior.build/Debug-watchos/SynheartBehavior.build/DerivedSources -Xcc -DSWIFT_PACKAGE -Xcc -DDEBUG\=1 -module-name SynheartBehavior -package-name spi_builder_workspace -frontend-parseable-output -disable-clang-spi -target-sdk-version 11.4 -target-sdk-name watchos11.4 -external-plugin-path /Applications/Xcode-16.3.0.app/Contents/Developer/Platforms/WatchOS.platform/Developer/usr/lib/swift/host/plugins\#/Applications/Xcode-16.3.0.app/Contents/Developer/Platforms/WatchOS.platform/Developer/usr/bin/swift-plugin-server -external-plugin-path /Applications/Xcode-16.3.0.app/Contents/Developer/Platforms/WatchOS.platform/Developer/usr/local/lib/swift/host/plugins\#/Applications/Xcode-16.3.0.app/Contents/Developer/Platforms/WatchOS.platform/Developer/usr/bin/swift-plugin-server -in-process-plugin-server-path /Applications/Xcode-16.3.0.app/Contents/Developer/Toolchains/XcodeDefault.xctoolchain/usr/lib/swift/host/libSwiftInProcPluginServer.dylib -plugin-path /Applications/Xcode-16.3.0.app/Contents/Developer/Toolchains/XcodeDefault.xctoolchain/usr/lib/swift/host/plugins -plugin-path /Applications/Xcode-16.3.0.app/Contents/Developer/Toolchains/XcodeDefault.xctoolchain/usr/local/lib/swift/host/plugins -emit-module-doc-path /Users/admin/builder/spi-builder-workspace/.derivedData/Build/Intermediates.noindex/SynheartBehavior.build/Debug-watchos/SynheartBehavior.build/Objects-normal/armv7k/SynheartBehavior.swiftdoc -emit-module-source-info-path /Users/admin/builder/spi-builder-workspace/.derivedData/Build/Intermediates.noindex/SynheartBehavior.build/Debug-watchos/SynheartBehavior.build/Objects-normal/armv7k/SynheartBehavior.swiftsourceinfo -emit-objc-header-path /Users/admin/builder/spi-builder-workspace/.derivedData/Build/Intermediates.noindex/SynheartBehavior.build/Debug-watchos/SynheartBehavior.build/Objects-normal/armv7k/SynheartBehavior-Swift.h -serialize-diagnostics-path /Users/admin/builder/spi-builder-workspace/.derivedData/Build/Intermediates.noindex/SynheartBehavior.build/Debug-watchos/SynheartBehavior.build/Objects-normal/armv7k/SynheartBehavior-master-emit-module.dia -emit-dependencies-path /Users/admin/builder/spi-builder-workspace/.derivedData/Build/Intermediates.noindex/SynheartBehavior.build/Debug-watchos/SynheartBehavior.build/Objects-normal/armv7k/SynheartBehavior-master-emit-module.d -o /Users/admin/builder/spi-builder-workspace/.derivedData/Build/Intermediates.noindex/SynheartBehavior.build/Debug-watchos/SynheartBehavior.build/Objects-normal/armv7k/SynheartBehavior.swiftmodule -emit-abi-descriptor-path /Users/admin/builder/spi-builder-workspace/.derivedData/Build/Intermediates.noindex/SynheartBehavior.build/Debug-watchos/SynheartBehavior.build/Objects-normal/armv7k/SynheartBehavior.abi.json
EmitSwiftModule normal armv7k (in target 'SynheartBehavior' from project 'SynheartBehavior')
cd /Users/admin/builder/spi-builder-workspace/.swiftpm/xcode
/Users/admin/builder/spi-builder-workspace/Sources/SynheartBehavior/GestureSignalCollector.swift:12:38: error: cannot find type 'UIWindow' in scope
private var windows: NSHashTable<UIWindow> = NSHashTable.weakObjects()
^~~~~~~~
/Users/admin/builder/spi-builder-workspace/Sources/SynheartBehavior/GestureSignalCollector.swift:66:54: error: cannot find type 'UIWindow' in scope
private func attachGestureRecognizers(to window: UIWindow) {
^~~~~~~~
/Users/admin/builder/spi-builder-workspace/Sources/SynheartBehavior/GestureSignalCollector.swift:97:56: error: cannot find type 'UIWindow' in scope
private func removeGestureRecognizers(from window: UIWindow) {
^~~~~~~~
/Users/admin/builder/spi-builder-workspace/Sources/SynheartBehavior/GestureSignalCollector.swift:106:48: error: cannot find type 'UITapGestureRecognizer' in scope
@objc private func handleTap(_ recognizer: UITapGestureRecognizer) {
^~~~~~~~~~~~~~~~~~~~~~
/Users/admin/builder/spi-builder-workspace/Sources/SynheartBehavior/GestureSignalCollector.swift:140:54: error: cannot find type 'UILongPressGestureRecognizer' in scope
@objc private func handleLongPress(_ recognizer: UILongPressGestureRecognizer) {
^~~~~~~~~~~~~~~~~~~~~~~~~~~~
/Users/admin/builder/spi-builder-workspace/Sources/SynheartBehavior/GestureSignalCollector.swift:162:48: error: cannot find type 'UIPanGestureRecognizer' in scope
@objc private func handlePan(_ recognizer: UIPanGestureRecognizer) {
^~~~~~~~~~~~~~~~~~~~~~
/Users/admin/builder/spi-builder-workspace/Sources/SynheartBehavior/GestureSignalCollector.swift:319:32: error: cannot find type 'UIWindow' in scope
static func keyWindow() -> UIWindow? {
^~~~~~~~
/Users/admin/builder/spi-builder-workspace/Sources/SynheartBehavior/GestureSignalCollector.swift:331:19: error: cannot find type 'UIWindow' in scope
private extension UIWindow {
^~~~~~~~
/Users/admin/builder/spi-builder-workspace/Sources/SynheartBehavior/GestureSignalCollector.swift:339:19: error: cannot find type 'UIView' in scope
private extension UIView {
^~~~~~
/Applications/Xcode-16.3.0.app/Contents/Developer/Platforms/WatchOS.platform/Developer/SDKs/WatchOS11.4.sdk/System/Library/Frameworks/UIKit.framework/Headers/NSTextAttachment.h:23:1: note: interface 'UIView' forward declared here
@class UIView;
^
/Users/admin/builder/spi-builder-workspace/Sources/SynheartBehavior/GestureSignalCollector.swift:350:35: error: cannot find type 'UIGestureRecognizerDelegate' in scope
extension GestureSignalCollector: UIGestureRecognizerDelegate {
^~~~~~~~~~~~~~~~~~~~~~~~~~~
/Users/admin/builder/spi-builder-workspace/Sources/SynheartBehavior/GestureSignalCollector.swift:351:49: error: cannot find type 'UIGestureRecognizer' in scope
func gestureRecognizer(_ gestureRecognizer: UIGestureRecognizer, shouldRecognizeSimultaneouslyWith otherGestureRecognizer: UIGestureRecognizer) -> Bool {
^~~~~~~~~~~~~~~~~~~
/Users/admin/builder/spi-builder-workspace/Sources/SynheartBehavior/GestureSignalCollector.swift:351:128: error: cannot find type 'UIGestureRecognizer' in scope
func gestureRecognizer(_ gestureRecognizer: UIGestureRecognizer, shouldRecognizeSimultaneouslyWith otherGestureRecognizer: UIGestureRecognizer) -> Bool {
^~~~~~~~~~~~~~~~~~~
/Users/admin/builder/spi-builder-workspace/Sources/SynheartBehavior/GestureSignalCollector.swift:360:49: error: cannot find type 'UIGestureRecognizer' in scope
func gestureRecognizer(_ gestureRecognizer: UIGestureRecognizer, shouldReceive touch: UITouch) -> Bool {
^~~~~~~~~~~~~~~~~~~
/Users/admin/builder/spi-builder-workspace/Sources/SynheartBehavior/GestureSignalCollector.swift:360:91: error: cannot find type 'UITouch' in scope
func gestureRecognizer(_ gestureRecognizer: UIGestureRecognizer, shouldReceive touch: UITouch) -> Bool {
^~~~~~~
/Users/admin/builder/spi-builder-workspace/Sources/SynheartBehavior/GestureSignalCollector.swift:384:49: error: cannot find type 'UIGestureRecognizer' in scope
func gestureRecognizer(_ gestureRecognizer: UIGestureRecognizer, shouldRequireFailureOf otherGestureRecognizer: UIGestureRecognizer) -> Bool {
^~~~~~~~~~~~~~~~~~~
/Users/admin/builder/spi-builder-workspace/Sources/SynheartBehavior/GestureSignalCollector.swift:384:117: error: cannot find type 'UIGestureRecognizer' in scope
func gestureRecognizer(_ gestureRecognizer: UIGestureRecognizer, shouldRequireFailureOf otherGestureRecognizer: UIGestureRecognizer) -> Bool {
^~~~~~~~~~~~~~~~~~~
/Users/admin/builder/spi-builder-workspace/Sources/SynheartBehavior/NotificationCollector.swift:144:10: error: cannot override 'userNotificationCenter' which has been marked unavailable
func userNotificationCenter(_ center: UNUserNotificationCenter, openSettingsFor notification: UNNotification?) {
^
UserNotifications.UNUserNotificationCenterDelegate.userNotificationCenter:3:17: note: 'userNotificationCenter(_:openSettingsFor:)' has been explicitly marked unavailable here
optional func userNotificationCenter(_ center: UNUserNotificationCenter, openSettingsFor notification: UNNotification?)}
^
/Users/admin/builder/spi-builder-workspace/Sources/SynheartBehavior/ScrollSignalCollector.swift:12:42: error: cannot find type 'UIScrollView' in scope
private var scrollViews: NSHashTable<UIScrollView> = NSHashTable.weakObjects()
^~~~~~~~~~~~
/Users/admin/builder/spi-builder-workspace/Sources/SynheartBehavior/ScrollSignalCollector.swift:97:47: error: cannot find type 'UIView' in scope
private func discoverScrollViews(in view: UIView) {
^~~~~~
/Applications/Xcode-16.3.0.app/Contents/Developer/Platforms/WatchOS.platform/Developer/SDKs/WatchOS11.4.sdk/System/Library/Frameworks/UIKit.framework/Headers/NSTextAttachment.h:23:1: note: interface 'UIView' forward declared here
@class UIView;
^
/Users/admin/builder/spi-builder-workspace/Sources/SynheartBehavior/ScrollSignalCollector.swift:107:48: error: cannot find type 'UIScrollView' in scope
private func trackScrollView(_ scrollView: UIScrollView) {
^~~~~~~~~~~~
/Users/admin/builder/spi-builder-workspace/Sources/SynheartBehavior/ScrollSignalCollector.swift:147:34: error: cannot find type 'UIScrollViewDelegate' in scope
extension ScrollSignalCollector: UIScrollViewDelegate {
^~~~~~~~~~~~~~~~~~~~
/Users/admin/builder/spi-builder-workspace/Sources/SynheartBehavior/ScrollSignalCollector.swift:148:52: error: cannot find type 'UIScrollView' in scope
func scrollViewWillBeginDragging(_ scrollView: UIScrollView) {
^~~~~~~~~~~~
/Users/admin/builder/spi-builder-workspace/Sources/SynheartBehavior/ScrollSignalCollector.swift:159:44: error: cannot find type 'UIScrollView' in scope
func scrollViewDidScroll(_ scrollView: UIScrollView) {
^~~~~~~~~~~~
/Users/admin/builder/spi-builder-workspace/Sources/SynheartBehavior/ScrollSignalCollector.swift:223:50: error: cannot find type 'UIScrollView' in scope
func scrollViewWillEndDragging(_ scrollView: UIScrollView, withVelocity velocity: CGPoint, targetContentOffset: UnsafeMutablePointer<CGPoint>) {
^~~~~~~~~~~~
/Users/admin/builder/spi-builder-workspace/Sources/SynheartBehavior/ScrollSignalCollector.swift:228:49: error: cannot find type 'UIScrollView' in scope
func scrollViewDidEndDragging(_ scrollView: UIScrollView, willDecelerate decelerate: Bool) {
^~~~~~~~~~~~
/Users/admin/builder/spi-builder-workspace/Sources/SynheartBehavior/ScrollSignalCollector.swift:232:53: error: cannot find type 'UIScrollView' in scope
func scrollViewDidEndDecelerating(_ scrollView: UIScrollView) {
^~~~~~~~~~~~
SwiftEmitModule normal arm64 Emitting\ module\ for\ SynheartBehavior (in target 'SynheartBehavior' from project 'SynheartBehavior')
Command SwiftEmitModule failed with a nonzero exit code
SwiftCompile normal arm64 Compiling\ ScrollSignalCollector.swift /Users/admin/builder/spi-builder-workspace/Sources/SynheartBehavior/ScrollSignalCollector.swift (in target 'SynheartBehavior' from project 'SynheartBehavior')
Command SwiftCompile failed with a nonzero exit code
** BUILD FAILED **
The following build commands failed:
EmitSwiftModule normal arm64_32 (in target 'SynheartBehavior' from project 'SynheartBehavior')
SwiftEmitModule normal arm64_32 Emitting\ module\ for\ SynheartBehavior (in target 'SynheartBehavior' from project 'SynheartBehavior')
SwiftEmitModule normal armv7k Emitting\ module\ for\ SynheartBehavior (in target 'SynheartBehavior' from project 'SynheartBehavior')
EmitSwiftModule normal armv7k (in target 'SynheartBehavior' from project 'SynheartBehavior')
SwiftEmitModule normal arm64 Emitting\ module\ for\ SynheartBehavior (in target 'SynheartBehavior' from project 'SynheartBehavior')
SwiftCompile normal arm64 Compiling\ ScrollSignalCollector.swift /Users/admin/builder/spi-builder-workspace/Sources/SynheartBehavior/ScrollSignalCollector.swift (in target 'SynheartBehavior' from project 'SynheartBehavior')
Building workspace spi-builder-workspace with scheme SynheartBehavior
(7 failures)
BUILD FAILURE 6.1 watchOS