The Swift Package Index logo.Swift Package Index

Build Information

Failed to build StadiaMapsAutocompleteSearch, reference 4.0.0 (6b36ba), with Swift 6.4 for watchOS using Xcode 27.0 on 22 Sep 2026 16:36:29 UTC.

Build Command

env DEVELOPER_DIR=/Applications/Xcode-27.0.0-Release.Candidate.app xcrun xcodebuild -IDEClonedSourcePackagesDirPathOverride=$PWD/.dependencies -skipMacroValidation -skipPackagePluginValidation -derivedDataPath $PWD/.derivedData build -scheme StadiaMapsAutocompleteSearch-Package -destination generic/platform=watchOS

Build Log

Ld /Users/admin/builder/spi-builder-workspace/.derivedData/Build/Intermediates.noindex/AnyCodable.build/Debug-watchos/AnyCodable-t.build/Objects-normal/arm64/Binary/AnyCodable.o normal arm64 (in target 'AnyCodable' from project 'AnyCodable')
    cd /Users/admin/builder/spi-builder-workspace/.dependencies/checkouts/AnyCodable
    /Applications/Xcode-27.0.0-Release.Candidate.app/Contents/Developer/Toolchains/XcodeDefault.xctoolchain/usr/bin/clang -Xlinker -reproducible -target arm64-apple-watchos9.0 -r -isysroot /Applications/Xcode-27.0.0-Release.Candidate.app/Contents/Developer/Platforms/WatchOS.platform/Developer/SDKs/WatchOS27.0.sdk -O0 -w -Xlinker -no_warn_duplicate_libraries -F/Users/admin/builder/spi-builder-workspace/.derivedData/Build/Intermediates.noindex/EagerLinkingTBDs/Debug-watchos -F/Users/admin/builder/spi-builder-workspace/.derivedData/Build/Products/Debug-watchos -iframework /Applications/Xcode-27.0.0-Release.Candidate.app/Contents/Developer/Platforms/WatchOS.platform/Developer/Library/Frameworks -iframework /Applications/Xcode-27.0.0-Release.Candidate.app/Contents/Developer/Platforms/WatchOS.platform/Developer/SDKs/WatchOS27.0.sdk/Developer/Library/Frameworks -filelist /Users/admin/builder/spi-builder-workspace/.derivedData/Build/Intermediates.noindex/AnyCodable.build/Debug-watchos/AnyCodable-t.build/Objects-normal/arm64/AnyCodable.LinkFileList -nostdlib -Xlinker -object_path_lto -Xlinker /Users/admin/builder/spi-builder-workspace/.derivedData/Build/Intermediates.noindex/AnyCodable.build/Debug-watchos/AnyCodable-t.build/Objects-normal/arm64/AnyCodable_lto.o -Xlinker -no_deduplicate -Xlinker -debug_variant -Xlinker -dependency_info -Xlinker /Users/admin/builder/spi-builder-workspace/.derivedData/Build/Intermediates.noindex/AnyCodable.build/Debug-watchos/AnyCodable-t.build/Objects-normal/arm64/AnyCodable_dependency_info.dat -fobjc-link-runtime -L/Applications/Xcode-27.0.0-Release.Candidate.app/Contents/Developer/Toolchains/XcodeDefault.xctoolchain/usr/lib/swift/watchos -L/usr/lib/swift -Xlinker -add_ast_path -Xlinker /Users/admin/builder/spi-builder-workspace/.derivedData/Build/Intermediates.noindex/AnyCodable.build/Debug-watchos/AnyCodable-t.build/Objects-normal/arm64/AnyCodable.swiftmodule -o /Users/admin/builder/spi-builder-workspace/.derivedData/Build/Intermediates.noindex/AnyCodable.build/Debug-watchos/AnyCodable-t.build/Objects-normal/arm64/Binary/AnyCodable.o
CreateUniversalBinary /Users/admin/builder/spi-builder-workspace/.derivedData/Build/Products/Debug-watchos/AnyCodable.o normal arm64\ arm64_32 (in target 'AnyCodable' from project 'AnyCodable')
    cd /Users/admin/builder/spi-builder-workspace/.dependencies/checkouts/AnyCodable
    /Applications/Xcode-27.0.0-Release.Candidate.app/Contents/Developer/Toolchains/XcodeDefault.xctoolchain/usr/bin/lipo -create /Users/admin/builder/spi-builder-workspace/.derivedData/Build/Intermediates.noindex/AnyCodable.build/Debug-watchos/AnyCodable-t.build/Objects-normal/arm64/Binary/AnyCodable.o /Users/admin/builder/spi-builder-workspace/.derivedData/Build/Intermediates.noindex/AnyCodable.build/Debug-watchos/AnyCodable-t.build/Objects-normal/arm64_32/Binary/AnyCodable.o -output /Users/admin/builder/spi-builder-workspace/.derivedData/Build/Products/Debug-watchos/AnyCodable.o
ExtractAppIntentsMetadata (in target 'AnyCodable' from project 'AnyCodable')
    cd /Users/admin/builder/spi-builder-workspace/.dependencies/checkouts/AnyCodable
    /Applications/Xcode-27.0.0-Release.Candidate.app/Contents/Developer/Toolchains/XcodeDefault.xctoolchain/usr/bin/appintentsmetadataprocessor --toolchain-dir /var/run/com.apple.security.cryptexd/mnt/com.apple.MobileAsset.MetalToolchain-v27.1.266.1.zvwa7O/Metal.xctoolchain --module-name AnyCodable --sdk-root /Applications/Xcode-27.0.0-Release.Candidate.app/Contents/Developer/Platforms/WatchOS.platform/Developer/SDKs/WatchOS27.0.sdk --xcode-version 27A266a --platform-family watchOS --deployment-target 9.0 --bundle-identifier anycodable.AnyCodable --output /Users/admin/builder/spi-builder-workspace/.derivedData/Build/Products/Debug-watchos/AnyCodable.appintents --target-triple arm64-apple-watchos9.0 --target-triple arm64_32-apple-watchos9.0 --binary-file /Users/admin/builder/spi-builder-workspace/.derivedData/Build/Products/Debug-watchos/AnyCodable.o --dependency-file /Users/admin/builder/spi-builder-workspace/.derivedData/Build/Intermediates.noindex/AnyCodable.build/Debug-watchos/AnyCodable-t.build/Objects-normal/arm64/AnyCodable_dependency_info.dat --dependency-file /Users/admin/builder/spi-builder-workspace/.derivedData/Build/Intermediates.noindex/AnyCodable.build/Debug-watchos/AnyCodable-t.build/Objects-normal/arm64_32/AnyCodable_dependency_info.dat --stringsdata-file /Users/admin/builder/spi-builder-workspace/.derivedData/Build/Intermediates.noindex/AnyCodable.build/Debug-watchos/AnyCodable-t.build/Objects-normal/arm64/ExtractedAppShortcutsMetadata.stringsdata --stringsdata-file /Users/admin/builder/spi-builder-workspace/.derivedData/Build/Intermediates.noindex/AnyCodable.build/Debug-watchos/AnyCodable-t.build/Objects-normal/arm64_32/ExtractedAppShortcutsMetadata.stringsdata --source-file-list /Users/admin/builder/spi-builder-workspace/.derivedData/Build/Intermediates.noindex/AnyCodable.build/Debug-watchos/AnyCodable-t.build/Objects-normal/arm64/AnyCodable.SwiftFileList --source-file-list /Users/admin/builder/spi-builder-workspace/.derivedData/Build/Intermediates.noindex/AnyCodable.build/Debug-watchos/AnyCodable-t.build/Objects-normal/arm64_32/AnyCodable.SwiftFileList --metadata-file-list /Users/admin/builder/spi-builder-workspace/.derivedData/Build/Intermediates.noindex/AnyCodable.build/Debug-watchos/AnyCodable-t.build/AnyCodable.DependencyMetadataFileList --static-metadata-file-list /Users/admin/builder/spi-builder-workspace/.derivedData/Build/Intermediates.noindex/AnyCodable.build/Debug-watchos/AnyCodable-t.build/AnyCodable.DependencyStaticMetadataFileList --swift-const-vals-list /Users/admin/builder/spi-builder-workspace/.derivedData/Build/Intermediates.noindex/AnyCodable.build/Debug-watchos/AnyCodable-t.build/Objects-normal/arm64/AnyCodable.SwiftConstValuesFileList --swift-const-vals-list /Users/admin/builder/spi-builder-workspace/.derivedData/Build/Intermediates.noindex/AnyCodable.build/Debug-watchos/AnyCodable-t.build/Objects-normal/arm64_32/AnyCodable.SwiftConstValuesFileList --force --compile-time-extraction --deployment-aware-processing --no-app-shortcuts-localization
2026-09-22 12:36:19.846 appintentsmetadataprocessor[882:5242] Starting appintentsmetadataprocessor export
2026-09-22 12:36:19.981 appintentsmetadataprocessor[882:5242] Extracted no relevant App Intents symbols, skipping writing output
SwiftDriverJobDiscovery normal arm64 Compiling OsrmBannerComponent.swift, OsrmBannerContent.swift, OsrmBannerInstruction.swift, OsrmBaseApiResponse.swift, OsrmGuidanceModifier.swift, OsrmIntersection.swift, OsrmLane.swift, OsrmRoute.swift, OsrmRouteLeg.swift, OsrmRouteResponse.swift, OsrmRouteStep.swift, OsrmSpeedLimit.swift, OsrmStepManeuver.swift, OsrmViaWaypoint.swift, OsrmVoiceInstruction.swift (in target 'StadiaMaps' from project 'StadiaMaps')
SwiftDriverJobDiscovery normal arm64 Compiling EdgeSign.swift, EdgeUse.swift, EndNode.swift, ExtendedDirectionsOptions.swift, FeaturePropertiesV2.swift, FeaturePropertiesV2Properties.swift, FoursquareAddendum.swift, GeoAttributes.swift, GeoJSONGeometry.swift, GeoJSONGeometryBase.swift, GeoJSONLineString.swift, GeoJSONPoint.swift, GeoJSONPolygon.swift, GeocodeResponse.swift, GeocodeResponseEnvelopePropertiesV2.swift, GeocodingGeoJSONFeature.swift (in target 'StadiaMaps' from project 'StadiaMaps')
SwiftDriver StadiaMapsAutocompleteSearchAPI normal arm64 com.apple.xcode.tools.swift.compiler (in target 'StadiaMapsAutocompleteSearchAPI' from project 'StadiaMapsAutocompleteSearch')
    cd /Users/admin/builder/spi-builder-workspace/.swiftpm/xcode
    builtin-SwiftDriver -- /Applications/Xcode-27.0.0-Release.Candidate.app/Contents/Developer/Toolchains/XcodeDefault.xctoolchain/usr/bin/swiftc -parse-as-library -module-name StadiaMapsAutocompleteSearchAPI -Onone @/Users/admin/builder/spi-builder-workspace/.derivedData/Build/Intermediates.noindex/StadiaMapsAutocompleteSearch.build/Debug-watchos/StadiaMapsAutocompleteSearchAPI-t.build/Objects-normal/arm64/StadiaMapsAutocompleteSearchAPI.SwiftFileList -DSWIFT_PACKAGE -DDEBUG -DSWIFT_MODULE_RESOURCE_BUNDLE_UNAVAILABLE -DXcode -plugin-path /Applications/Xcode-27.0.0-Release.Candidate.app/Contents/Developer/Toolchains/XcodeDefault.xctoolchain/usr/lib/swift/host/plugins/testing -enable-experimental-feature DebugDescriptionMacro -sdk /Applications/Xcode-27.0.0-Release.Candidate.app/Contents/Developer/Platforms/WatchOS.platform/Developer/SDKs/WatchOS27.0.sdk -target arm64-apple-watchos9.0 -g -module-cache-path /Users/admin/builder/spi-builder-workspace/.derivedData/ModuleCache.noindex -Xfrontend -serialize-debugging-options -profile-coverage-mapping -profile-generate -enable-testing -index-store-path /Users/admin/builder/spi-builder-workspace/.derivedData/Index.noindex/DataStore -Xcc -D_LIBCPP_HARDENING_MODE\=_LIBCPP_HARDENING_MODE_DEBUG -swift-version 5 -I /Users/admin/builder/spi-builder-workspace/.derivedData/Build/Products/Debug-watchos -Isystem /Applications/Xcode-27.0.0-Release.Candidate.app/Contents/Developer/Platforms/WatchOS.platform/Developer/usr/lib -F /Users/admin/builder/spi-builder-workspace/.derivedData/Build/Products/Debug-watchos/PackageFrameworks -F /Users/admin/builder/spi-builder-workspace/.derivedData/Build/Products/Debug-watchos -F /Applications/Xcode-27.0.0-Release.Candidate.app/Contents/Developer/Platforms/WatchOS.platform/Developer/Library/Frameworks -F /Applications/Xcode-27.0.0-Release.Candidate.app/Contents/Developer/Platforms/WatchOS.platform/Developer/SDKs/WatchOS27.0.sdk/Developer/Library/Frameworks -c -j10 -enable-batch-mode -incremental -Xcc -ivfsstatcache -Xcc /Users/admin/builder/spi-builder-workspace/.derivedData/SDKStatCaches.noindex/watchos27.0-24R360-e829b21a6f8c9b70876ba0858053c04477534ef55a1706bf4c1112bbb242f0a2.sdkstatcache -output-file-map /Users/admin/builder/spi-builder-workspace/.derivedData/Build/Intermediates.noindex/StadiaMapsAutocompleteSearch.build/Debug-watchos/StadiaMapsAutocompleteSearchAPI-t.build/Objects-normal/arm64/StadiaMapsAutocompleteSearchAPI-OutputFileMap.json -save-temps -no-color-diagnostics -explicit-module-build -module-cache-path /Users/admin/builder/spi-builder-workspace/.derivedData/Build/Intermediates.noindex/SwiftExplicitPrecompiledModules -clang-scanner-module-cache-path /Users/admin/builder/spi-builder-workspace/.derivedData/ModuleCache.noindex -sdk-module-cache-path /Users/admin/builder/spi-builder-workspace/.derivedData/SDKExplicitPrecompiledModules -emit-dependencies -emit-module -emit-module-path /Users/admin/builder/spi-builder-workspace/.derivedData/Build/Intermediates.noindex/StadiaMapsAutocompleteSearch.build/Debug-watchos/StadiaMapsAutocompleteSearchAPI-t.build/Objects-normal/arm64/StadiaMapsAutocompleteSearchAPI.swiftmodule -serialize-diagnostics -dependency-scan-serialize-diagnostics-path /Users/admin/builder/spi-builder-workspace/.derivedData/Build/Intermediates.noindex/StadiaMapsAutocompleteSearch.build/Debug-watchos/StadiaMapsAutocompleteSearchAPI-t.build/Objects-normal/arm64/StadiaMapsAutocompleteSearchAPI-dependency-scan.dia -validate-clang-modules-once -clang-build-session-file /Users/admin/builder/spi-builder-workspace/.derivedData/ModuleCache.noindex/Session.modulevalidation -Xcc -fmodules-prune-interval\=86400 -Xcc -fmodules-prune-after\=345600 -package-name spi_builder_workspace -emit-const-values -const-gather-protocols-list /Users/admin/builder/spi-builder-workspace/.derivedData/Build/Intermediates.noindex/StadiaMapsAutocompleteSearch.build/Debug-watchos/StadiaMapsAutocompleteSearchAPI-t.build/Objects-normal/arm64/StadiaMapsAutocompleteSearchAPI_const_extract_protocols.json -Xcc -I/Users/admin/builder/spi-builder-workspace/.derivedData/Build/Products/Debug-watchos/include -Xcc -I/Users/admin/builder/spi-builder-workspace/.derivedData/Build/Intermediates.noindex/StadiaMapsAutocompleteSearch.build/Debug-watchos/StadiaMapsAutocompleteSearchAPI-t.build/DerivedSources-normal/arm64 -Xcc -I/Users/admin/builder/spi-builder-workspace/.derivedData/Build/Intermediates.noindex/StadiaMapsAutocompleteSearch.build/Debug-watchos/StadiaMapsAutocompleteSearchAPI-t.build/DerivedSources/arm64 -Xcc -I/Users/admin/builder/spi-builder-workspace/.derivedData/Build/Intermediates.noindex/StadiaMapsAutocompleteSearch.build/Debug-watchos/StadiaMapsAutocompleteSearchAPI-t.build/DerivedSources -Xcc -DSWIFT_PACKAGE -Xcc -DDEBUG\=1 -emit-objc-header -emit-objc-header-path /Users/admin/builder/spi-builder-workspace/.derivedData/Build/Intermediates.noindex/StadiaMapsAutocompleteSearch.build/Debug-watchos/StadiaMapsAutocompleteSearchAPI-t.build/Objects-normal/arm64/StadiaMapsAutocompleteSearchAPI-Swift.h -working-directory /Users/admin/builder/spi-builder-workspace/.swiftpm/xcode -experimental-emit-module-separately -disable-cmo
SwiftDriver StadiaMapsAutocompleteSearchAPI normal arm64_32 com.apple.xcode.tools.swift.compiler (in target 'StadiaMapsAutocompleteSearchAPI' from project 'StadiaMapsAutocompleteSearch')
    cd /Users/admin/builder/spi-builder-workspace/.swiftpm/xcode
    builtin-SwiftDriver -- /Applications/Xcode-27.0.0-Release.Candidate.app/Contents/Developer/Toolchains/XcodeDefault.xctoolchain/usr/bin/swiftc -parse-as-library -module-name StadiaMapsAutocompleteSearchAPI -Onone @/Users/admin/builder/spi-builder-workspace/.derivedData/Build/Intermediates.noindex/StadiaMapsAutocompleteSearch.build/Debug-watchos/StadiaMapsAutocompleteSearchAPI-t.build/Objects-normal/arm64_32/StadiaMapsAutocompleteSearchAPI.SwiftFileList -DSWIFT_PACKAGE -DDEBUG -DSWIFT_MODULE_RESOURCE_BUNDLE_UNAVAILABLE -DXcode -plugin-path /Applications/Xcode-27.0.0-Release.Candidate.app/Contents/Developer/Toolchains/XcodeDefault.xctoolchain/usr/lib/swift/host/plugins/testing -enable-experimental-feature DebugDescriptionMacro -sdk /Applications/Xcode-27.0.0-Release.Candidate.app/Contents/Developer/Platforms/WatchOS.platform/Developer/SDKs/WatchOS27.0.sdk -target arm64_32-apple-watchos9.0 -g -module-cache-path /Users/admin/builder/spi-builder-workspace/.derivedData/ModuleCache.noindex -Xfrontend -serialize-debugging-options -profile-coverage-mapping -profile-generate -enable-testing -index-store-path /Users/admin/builder/spi-builder-workspace/.derivedData/Index.noindex/DataStore -Xcc -D_LIBCPP_HARDENING_MODE\=_LIBCPP_HARDENING_MODE_DEBUG -swift-version 5 -I /Users/admin/builder/spi-builder-workspace/.derivedData/Build/Products/Debug-watchos -Isystem /Applications/Xcode-27.0.0-Release.Candidate.app/Contents/Developer/Platforms/WatchOS.platform/Developer/usr/lib -F /Users/admin/builder/spi-builder-workspace/.derivedData/Build/Products/Debug-watchos/PackageFrameworks -F /Users/admin/builder/spi-builder-workspace/.derivedData/Build/Products/Debug-watchos -F /Applications/Xcode-27.0.0-Release.Candidate.app/Contents/Developer/Platforms/WatchOS.platform/Developer/Library/Frameworks -F /Applications/Xcode-27.0.0-Release.Candidate.app/Contents/Developer/Platforms/WatchOS.platform/Developer/SDKs/WatchOS27.0.sdk/Developer/Library/Frameworks -c -j10 -enable-batch-mode -incremental -Xcc -ivfsstatcache -Xcc /Users/admin/builder/spi-builder-workspace/.derivedData/SDKStatCaches.noindex/watchos27.0-24R360-e829b21a6f8c9b70876ba0858053c04477534ef55a1706bf4c1112bbb242f0a2.sdkstatcache -output-file-map /Users/admin/builder/spi-builder-workspace/.derivedData/Build/Intermediates.noindex/StadiaMapsAutocompleteSearch.build/Debug-watchos/StadiaMapsAutocompleteSearchAPI-t.build/Objects-normal/arm64_32/StadiaMapsAutocompleteSearchAPI-OutputFileMap.json -save-temps -no-color-diagnostics -explicit-module-build -module-cache-path /Users/admin/builder/spi-builder-workspace/.derivedData/Build/Intermediates.noindex/SwiftExplicitPrecompiledModules -clang-scanner-module-cache-path /Users/admin/builder/spi-builder-workspace/.derivedData/ModuleCache.noindex -sdk-module-cache-path /Users/admin/builder/spi-builder-workspace/.derivedData/SDKExplicitPrecompiledModules -emit-dependencies -emit-module -emit-module-path /Users/admin/builder/spi-builder-workspace/.derivedData/Build/Intermediates.noindex/StadiaMapsAutocompleteSearch.build/Debug-watchos/StadiaMapsAutocompleteSearchAPI-t.build/Objects-normal/arm64_32/StadiaMapsAutocompleteSearchAPI.swiftmodule -serialize-diagnostics -dependency-scan-serialize-diagnostics-path /Users/admin/builder/spi-builder-workspace/.derivedData/Build/Intermediates.noindex/StadiaMapsAutocompleteSearch.build/Debug-watchos/StadiaMapsAutocompleteSearchAPI-t.build/Objects-normal/arm64_32/StadiaMapsAutocompleteSearchAPI-dependency-scan.dia -validate-clang-modules-once -clang-build-session-file /Users/admin/builder/spi-builder-workspace/.derivedData/ModuleCache.noindex/Session.modulevalidation -Xcc -fmodules-prune-interval\=86400 -Xcc -fmodules-prune-after\=345600 -package-name spi_builder_workspace -emit-const-values -const-gather-protocols-list /Users/admin/builder/spi-builder-workspace/.derivedData/Build/Intermediates.noindex/StadiaMapsAutocompleteSearch.build/Debug-watchos/StadiaMapsAutocompleteSearchAPI-t.build/Objects-normal/arm64_32/StadiaMapsAutocompleteSearchAPI_const_extract_protocols.json -Xcc -I/Users/admin/builder/spi-builder-workspace/.derivedData/Build/Products/Debug-watchos/include -Xcc -I/Users/admin/builder/spi-builder-workspace/.derivedData/Build/Intermediates.noindex/StadiaMapsAutocompleteSearch.build/Debug-watchos/StadiaMapsAutocompleteSearchAPI-t.build/DerivedSources-normal/arm64_32 -Xcc -I/Users/admin/builder/spi-builder-workspace/.derivedData/Build/Intermediates.noindex/StadiaMapsAutocompleteSearch.build/Debug-watchos/StadiaMapsAutocompleteSearchAPI-t.build/DerivedSources/arm64_32 -Xcc -I/Users/admin/builder/spi-builder-workspace/.derivedData/Build/Intermediates.noindex/StadiaMapsAutocompleteSearch.build/Debug-watchos/StadiaMapsAutocompleteSearchAPI-t.build/DerivedSources -Xcc -DSWIFT_PACKAGE -Xcc -DDEBUG\=1 -emit-objc-header -emit-objc-header-path /Users/admin/builder/spi-builder-workspace/.derivedData/Build/Intermediates.noindex/StadiaMapsAutocompleteSearch.build/Debug-watchos/StadiaMapsAutocompleteSearchAPI-t.build/Objects-normal/arm64_32/StadiaMapsAutocompleteSearchAPI-Swift.h -working-directory /Users/admin/builder/spi-builder-workspace/.swiftpm/xcode -experimental-emit-module-separately -disable-cmo
SwiftDriverJobDiscovery normal arm64 Compiling IsochroneResponse.swift, LayerId.swift, LocateDetailedEdge.swift, LocateEdge.swift, LocateEdgeInfo.swift, LocateNode.swift, LocateObject.swift, LowSpeedVehicleCostingOptions.swift, ManeuverSign.swift, ManeuverSignElement.swift, MapMatchCostingModel.swift, MapMatchRequest.swift, MapMatchRouteResponse.swift, MapMatchTraceOptions.swift, MapMatchWaypoint.swift, MatchType.swift (in target 'StadiaMaps' from project 'StadiaMaps')
SwiftDriverJobDiscovery normal arm64_32 Compiling GeocodingGeoJSONProperties.swift, GeocodingGeoJSONPropertiesAddendum.swift, GeocodingGeoJSONPropertiesAddendumOsm.swift, GeocodingLayer.swift, GeocodingMeta.swift, GeocodingObject.swift, GeocodingSource.swift, GeonamesAddendum.swift, HeightRequest.swift, HeightResponse.swift, HighwayClassification.swift, IntersectingEdge.swift, IsochroneCostingModel.swift, IsochroneFeature.swift, IsochroneProperties.swift, IsochroneRequest.swift (in target 'StadiaMaps' from project 'StadiaMaps')
SwiftDriverJobDiscovery normal arm64_32 Compiling AnnotationFilters.swift, AutoCostingOptions.swift, BaseCostingOptions.swift, BaseTraceRequest.swift, BicycleCostingOptions.swift, BikeNetwork.swift, BulkRequest.swift, BulkRequestQuery.swift, BulkSearchResponse.swift, Context.swift, Contour.swift, Coordinate.swift, CostingModel.swift, CostingOptions.swift, DirectionsOptions.swift, DistanceUnit.swift (in target 'StadiaMaps' from project 'StadiaMaps')
SwiftExplicitDependencyGeneratePcm arm64_32 /Users/admin/builder/spi-builder-workspace/.derivedData/SDKExplicitPrecompiledModules/_Builtin_stdatomic-1TY035TURL76BF2U98PZPPZRX.pcm
SwiftExplicitDependencyGeneratePcm arm64_32 /Users/admin/builder/spi-builder-workspace/.derivedData/SDKExplicitPrecompiledModules/MachO-56838ZJ0NC1EBAJ0O6O8QMPDX.pcm
SwiftExplicitDependencyGeneratePcm arm64_32 /Users/admin/builder/spi-builder-workspace/.derivedData/SDKExplicitPrecompiledModules/_LocationEssentials-AQ1OL9QKC3LQLY5CNSRM1HB53.pcm
SwiftExplicitDependencyGeneratePcm arm64 /Users/admin/builder/spi-builder-workspace/.derivedData/SDKExplicitPrecompiledModules/MachO-2U90NNSAQILBNBPS1SA4F8TYP.pcm
SwiftExplicitDependencyGeneratePcm arm64 /Users/admin/builder/spi-builder-workspace/.derivedData/SDKExplicitPrecompiledModules/_Builtin_stdatomic-7JEFA3KBJJJN6TKJWY3OG1VG5.pcm
SwiftExplicitDependencyGeneratePcm arm64 /Users/admin/builder/spi-builder-workspace/.derivedData/SDKExplicitPrecompiledModules/_LocationEssentials-5ZZDGDXB6HLQUC72SJW7YJ7MK.pcm
SwiftExplicitDependencyGeneratePcm arm64_32 /Users/admin/builder/spi-builder-workspace/.derivedData/SDKExplicitPrecompiledModules/CoreLocation-8XU5YMYM4P11RQMYCQAG65ITK.pcm
SwiftExplicitDependencyGeneratePcm arm64 /Users/admin/builder/spi-builder-workspace/.derivedData/SDKExplicitPrecompiledModules/CoreLocation-ACKJ9K7ABI14F97Y46Y6SRR17.pcm
SwiftExplicitDependencyGeneratePcm arm64 /Users/admin/builder/spi-builder-workspace/.derivedData/SDKExplicitPrecompiledModules/os-5DIL6Z9LFIGLMZAHM7X2T5435.pcm
SwiftExplicitDependencyGeneratePcm arm64_32 /Users/admin/builder/spi-builder-workspace/.derivedData/SDKExplicitPrecompiledModules/os-E5IGB442IA6SBB25TTCOLK2OC.pcm
SwiftEmitModule normal arm64_32 Emitting\ module\ for\ StadiaMapsAutocompleteSearchAPI (in target 'StadiaMapsAutocompleteSearchAPI' from project 'StadiaMapsAutocompleteSearch')
SwiftCompile normal arm64_32 (in target 'StadiaMapsAutocompleteSearchAPI' from project 'StadiaMapsAutocompleteSearch')
    cd /Users/admin/builder/spi-builder-workspace/.swiftpm/xcode

SwiftCompile normal arm64_32 Compiling\ GeocodingAPI+Search.swift /Users/admin/builder/spi-builder-workspace/Sources/StadiaMapsAutocompleteSearchAPI/GeocodingAPI+Search.swift (in target 'StadiaMapsAutocompleteSearchAPI' from project 'StadiaMapsAutocompleteSearch')
SwiftCompile normal arm64_32 /Users/admin/builder/spi-builder-workspace/Sources/StadiaMapsAutocompleteSearchAPI/GeocodingAPI+Search.swift (in target 'StadiaMapsAutocompleteSearchAPI' from project 'StadiaMapsAutocompleteSearch')
    cd /Users/admin/builder/spi-builder-workspace/.swiftpm/xcode
    builtin-SwiftPerFileCompile GeocodingAPI+Search.swift
SwiftCompile normal arm64_32 Compiling\ Extensions.swift /Users/admin/builder/spi-builder-workspace/Sources/StadiaMapsAutocompleteSearchAPI/Extensions.swift (in target 'StadiaMapsAutocompleteSearchAPI' from project 'StadiaMapsAutocompleteSearch')
SwiftCompile normal arm64_32 /Users/admin/builder/spi-builder-workspace/Sources/StadiaMapsAutocompleteSearchAPI/Extensions.swift (in target 'StadiaMapsAutocompleteSearchAPI' from project 'StadiaMapsAutocompleteSearch')
    cd /Users/admin/builder/spi-builder-workspace/.swiftpm/xcode
    builtin-SwiftPerFileCompile Extensions.swift
SwiftCompile normal arm64 Compiling\ Extensions.swift /Users/admin/builder/spi-builder-workspace/Sources/StadiaMapsAutocompleteSearchAPI/Extensions.swift (in target 'StadiaMapsAutocompleteSearchAPI' from project 'StadiaMapsAutocompleteSearch')
SwiftCompile normal arm64 /Users/admin/builder/spi-builder-workspace/Sources/StadiaMapsAutocompleteSearchAPI/Extensions.swift (in target 'StadiaMapsAutocompleteSearchAPI' from project 'StadiaMapsAutocompleteSearch')
    cd /Users/admin/builder/spi-builder-workspace/.swiftpm/xcode
    builtin-SwiftPerFileCompile Extensions.swift
SwiftEmitModule normal arm64 Emitting\ module\ for\ StadiaMapsAutocompleteSearchAPI (in target 'StadiaMapsAutocompleteSearchAPI' from project 'StadiaMapsAutocompleteSearch')
SwiftCompile normal arm64 (in target 'StadiaMapsAutocompleteSearchAPI' from project 'StadiaMapsAutocompleteSearch')
    cd /Users/admin/builder/spi-builder-workspace/.swiftpm/xcode

SwiftCompile normal arm64 Compiling\ GeocodingAPI+Search.swift /Users/admin/builder/spi-builder-workspace/Sources/StadiaMapsAutocompleteSearchAPI/GeocodingAPI+Search.swift (in target 'StadiaMapsAutocompleteSearchAPI' from project 'StadiaMapsAutocompleteSearch')
SwiftCompile normal arm64 /Users/admin/builder/spi-builder-workspace/Sources/StadiaMapsAutocompleteSearchAPI/GeocodingAPI+Search.swift (in target 'StadiaMapsAutocompleteSearchAPI' from project 'StadiaMapsAutocompleteSearch')
    cd /Users/admin/builder/spi-builder-workspace/.swiftpm/xcode
    builtin-SwiftPerFileCompile GeocodingAPI+Search.swift
SwiftDriverJobDiscovery normal arm64_32 Compiling TraceAttributesRequest.swift, TraceAttributesResponse.swift, TraceEdge.swift, TravelMode.swift, Traversability.swift, TruckCostingOptions.swift, TzResponse.swift, Warning.swift, WhosOnFirstConcordances.swift, WofContext.swift, WofContextComponent.swift, OpenISO8601DateFormatter.swift, SynchronizedDictionary.swift, URLSessionImplementations.swift, Validation.swift (in target 'StadiaMaps' from project 'StadiaMaps')
SwiftDriverJobDiscovery normal arm64_32 Emitting module for StadiaMapsAutocompleteSearchAPI (in target 'StadiaMapsAutocompleteSearchAPI' from project 'StadiaMapsAutocompleteSearch')
SwiftDriverJobDiscovery normal arm64 Emitting module for StadiaMapsAutocompleteSearchAPI (in target 'StadiaMapsAutocompleteSearchAPI' from project 'StadiaMapsAutocompleteSearch')
SwiftDriver\ Compilation\ Requirements StadiaMapsAutocompleteSearchAPI normal arm64_32 com.apple.xcode.tools.swift.compiler (in target 'StadiaMapsAutocompleteSearchAPI' from project 'StadiaMapsAutocompleteSearch')
    cd /Users/admin/builder/spi-builder-workspace/.swiftpm/xcode
    builtin-Swift-Compilation-Requirements -- /Applications/Xcode-27.0.0-Release.Candidate.app/Contents/Developer/Toolchains/XcodeDefault.xctoolchain/usr/bin/swiftc -parse-as-library -module-name StadiaMapsAutocompleteSearchAPI -Onone @/Users/admin/builder/spi-builder-workspace/.derivedData/Build/Intermediates.noindex/StadiaMapsAutocompleteSearch.build/Debug-watchos/StadiaMapsAutocompleteSearchAPI-t.build/Objects-normal/arm64_32/StadiaMapsAutocompleteSearchAPI.SwiftFileList -DSWIFT_PACKAGE -DDEBUG -DSWIFT_MODULE_RESOURCE_BUNDLE_UNAVAILABLE -DXcode -plugin-path /Applications/Xcode-27.0.0-Release.Candidate.app/Contents/Developer/Toolchains/XcodeDefault.xctoolchain/usr/lib/swift/host/plugins/testing -enable-experimental-feature DebugDescriptionMacro -sdk /Applications/Xcode-27.0.0-Release.Candidate.app/Contents/Developer/Platforms/WatchOS.platform/Developer/SDKs/WatchOS27.0.sdk -target arm64_32-apple-watchos9.0 -g -module-cache-path /Users/admin/builder/spi-builder-workspace/.derivedData/ModuleCache.noindex -Xfrontend -serialize-debugging-options -profile-coverage-mapping -profile-generate -enable-testing -index-store-path /Users/admin/builder/spi-builder-workspace/.derivedData/Index.noindex/DataStore -Xcc -D_LIBCPP_HARDENING_MODE\=_LIBCPP_HARDENING_MODE_DEBUG -swift-version 5 -I /Users/admin/builder/spi-builder-workspace/.derivedData/Build/Products/Debug-watchos -Isystem /Applications/Xcode-27.0.0-Release.Candidate.app/Contents/Developer/Platforms/WatchOS.platform/Developer/usr/lib -F /Users/admin/builder/spi-builder-workspace/.derivedData/Build/Products/Debug-watchos/PackageFrameworks -F /Users/admin/builder/spi-builder-workspace/.derivedData/Build/Products/Debug-watchos -F /Applications/Xcode-27.0.0-Release.Candidate.app/Contents/Developer/Platforms/WatchOS.platform/Developer/Library/Frameworks -F /Applications/Xcode-27.0.0-Release.Candidate.app/Contents/Developer/Platforms/WatchOS.platform/Developer/SDKs/WatchOS27.0.sdk/Developer/Library/Frameworks -c -j10 -enable-batch-mode -incremental -Xcc -ivfsstatcache -Xcc /Users/admin/builder/spi-builder-workspace/.derivedData/SDKStatCaches.noindex/watchos27.0-24R360-e829b21a6f8c9b70876ba0858053c04477534ef55a1706bf4c1112bbb242f0a2.sdkstatcache -output-file-map /Users/admin/builder/spi-builder-workspace/.derivedData/Build/Intermediates.noindex/StadiaMapsAutocompleteSearch.build/Debug-watchos/StadiaMapsAutocompleteSearchAPI-t.build/Objects-normal/arm64_32/StadiaMapsAutocompleteSearchAPI-OutputFileMap.json -save-temps -no-color-diagnostics -explicit-module-build -module-cache-path /Users/admin/builder/spi-builder-workspace/.derivedData/Build/Intermediates.noindex/SwiftExplicitPrecompiledModules -clang-scanner-module-cache-path /Users/admin/builder/spi-builder-workspace/.derivedData/ModuleCache.noindex -sdk-module-cache-path /Users/admin/builder/spi-builder-workspace/.derivedData/SDKExplicitPrecompiledModules -emit-dependencies -emit-module -emit-module-path /Users/admin/builder/spi-builder-workspace/.derivedData/Build/Intermediates.noindex/StadiaMapsAutocompleteSearch.build/Debug-watchos/StadiaMapsAutocompleteSearchAPI-t.build/Objects-normal/arm64_32/StadiaMapsAutocompleteSearchAPI.swiftmodule -serialize-diagnostics -dependency-scan-serialize-diagnostics-path /Users/admin/builder/spi-builder-workspace/.derivedData/Build/Intermediates.noindex/StadiaMapsAutocompleteSearch.build/Debug-watchos/StadiaMapsAutocompleteSearchAPI-t.build/Objects-normal/arm64_32/StadiaMapsAutocompleteSearchAPI-dependency-scan.dia -validate-clang-modules-once -clang-build-session-file /Users/admin/builder/spi-builder-workspace/.derivedData/ModuleCache.noindex/Session.modulevalidation -Xcc -fmodules-prune-interval\=86400 -Xcc -fmodules-prune-after\=345600 -package-name spi_builder_workspace -emit-const-values -const-gather-protocols-list /Users/admin/builder/spi-builder-workspace/.derivedData/Build/Intermediates.noindex/StadiaMapsAutocompleteSearch.build/Debug-watchos/StadiaMapsAutocompleteSearchAPI-t.build/Objects-normal/arm64_32/StadiaMapsAutocompleteSearchAPI_const_extract_protocols.json -Xcc -I/Users/admin/builder/spi-builder-workspace/.derivedData/Build/Products/Debug-watchos/include -Xcc -I/Users/admin/builder/spi-builder-workspace/.derivedData/Build/Intermediates.noindex/StadiaMapsAutocompleteSearch.build/Debug-watchos/StadiaMapsAutocompleteSearchAPI-t.build/DerivedSources-normal/arm64_32 -Xcc -I/Users/admin/builder/spi-builder-workspace/.derivedData/Build/Intermediates.noindex/StadiaMapsAutocompleteSearch.build/Debug-watchos/StadiaMapsAutocompleteSearchAPI-t.build/DerivedSources/arm64_32 -Xcc -I/Users/admin/builder/spi-builder-workspace/.derivedData/Build/Intermediates.noindex/StadiaMapsAutocompleteSearch.build/Debug-watchos/StadiaMapsAutocompleteSearchAPI-t.build/DerivedSources -Xcc -DSWIFT_PACKAGE -Xcc -DDEBUG\=1 -emit-objc-header -emit-objc-header-path /Users/admin/builder/spi-builder-workspace/.derivedData/Build/Intermediates.noindex/StadiaMapsAutocompleteSearch.build/Debug-watchos/StadiaMapsAutocompleteSearchAPI-t.build/Objects-normal/arm64_32/StadiaMapsAutocompleteSearchAPI-Swift.h -working-directory /Users/admin/builder/spi-builder-workspace/.swiftpm/xcode -experimental-emit-module-separately -disable-cmo
SwiftDriver\ Compilation\ Requirements StadiaMapsAutocompleteSearchAPI normal arm64 com.apple.xcode.tools.swift.compiler (in target 'StadiaMapsAutocompleteSearchAPI' from project 'StadiaMapsAutocompleteSearch')
    cd /Users/admin/builder/spi-builder-workspace/.swiftpm/xcode
    builtin-Swift-Compilation-Requirements -- /Applications/Xcode-27.0.0-Release.Candidate.app/Contents/Developer/Toolchains/XcodeDefault.xctoolchain/usr/bin/swiftc -parse-as-library -module-name StadiaMapsAutocompleteSearchAPI -Onone @/Users/admin/builder/spi-builder-workspace/.derivedData/Build/Intermediates.noindex/StadiaMapsAutocompleteSearch.build/Debug-watchos/StadiaMapsAutocompleteSearchAPI-t.build/Objects-normal/arm64/StadiaMapsAutocompleteSearchAPI.SwiftFileList -DSWIFT_PACKAGE -DDEBUG -DSWIFT_MODULE_RESOURCE_BUNDLE_UNAVAILABLE -DXcode -plugin-path /Applications/Xcode-27.0.0-Release.Candidate.app/Contents/Developer/Toolchains/XcodeDefault.xctoolchain/usr/lib/swift/host/plugins/testing -enable-experimental-feature DebugDescriptionMacro -sdk /Applications/Xcode-27.0.0-Release.Candidate.app/Contents/Developer/Platforms/WatchOS.platform/Developer/SDKs/WatchOS27.0.sdk -target arm64-apple-watchos9.0 -g -module-cache-path /Users/admin/builder/spi-builder-workspace/.derivedData/ModuleCache.noindex -Xfrontend -serialize-debugging-options -profile-coverage-mapping -profile-generate -enable-testing -index-store-path /Users/admin/builder/spi-builder-workspace/.derivedData/Index.noindex/DataStore -Xcc -D_LIBCPP_HARDENING_MODE\=_LIBCPP_HARDENING_MODE_DEBUG -swift-version 5 -I /Users/admin/builder/spi-builder-workspace/.derivedData/Build/Products/Debug-watchos -Isystem /Applications/Xcode-27.0.0-Release.Candidate.app/Contents/Developer/Platforms/WatchOS.platform/Developer/usr/lib -F /Users/admin/builder/spi-builder-workspace/.derivedData/Build/Products/Debug-watchos/PackageFrameworks -F /Users/admin/builder/spi-builder-workspace/.derivedData/Build/Products/Debug-watchos -F /Applications/Xcode-27.0.0-Release.Candidate.app/Contents/Developer/Platforms/WatchOS.platform/Developer/Library/Frameworks -F /Applications/Xcode-27.0.0-Release.Candidate.app/Contents/Developer/Platforms/WatchOS.platform/Developer/SDKs/WatchOS27.0.sdk/Developer/Library/Frameworks -c -j10 -enable-batch-mode -incremental -Xcc -ivfsstatcache -Xcc /Users/admin/builder/spi-builder-workspace/.derivedData/SDKStatCaches.noindex/watchos27.0-24R360-e829b21a6f8c9b70876ba0858053c04477534ef55a1706bf4c1112bbb242f0a2.sdkstatcache -output-file-map /Users/admin/builder/spi-builder-workspace/.derivedData/Build/Intermediates.noindex/StadiaMapsAutocompleteSearch.build/Debug-watchos/StadiaMapsAutocompleteSearchAPI-t.build/Objects-normal/arm64/StadiaMapsAutocompleteSearchAPI-OutputFileMap.json -save-temps -no-color-diagnostics -explicit-module-build -module-cache-path /Users/admin/builder/spi-builder-workspace/.derivedData/Build/Intermediates.noindex/SwiftExplicitPrecompiledModules -clang-scanner-module-cache-path /Users/admin/builder/spi-builder-workspace/.derivedData/ModuleCache.noindex -sdk-module-cache-path /Users/admin/builder/spi-builder-workspace/.derivedData/SDKExplicitPrecompiledModules -emit-dependencies -emit-module -emit-module-path /Users/admin/builder/spi-builder-workspace/.derivedData/Build/Intermediates.noindex/StadiaMapsAutocompleteSearch.build/Debug-watchos/StadiaMapsAutocompleteSearchAPI-t.build/Objects-normal/arm64/StadiaMapsAutocompleteSearchAPI.swiftmodule -serialize-diagnostics -dependency-scan-serialize-diagnostics-path /Users/admin/builder/spi-builder-workspace/.derivedData/Build/Intermediates.noindex/StadiaMapsAutocompleteSearch.build/Debug-watchos/StadiaMapsAutocompleteSearchAPI-t.build/Objects-normal/arm64/StadiaMapsAutocompleteSearchAPI-dependency-scan.dia -validate-clang-modules-once -clang-build-session-file /Users/admin/builder/spi-builder-workspace/.derivedData/ModuleCache.noindex/Session.modulevalidation -Xcc -fmodules-prune-interval\=86400 -Xcc -fmodules-prune-after\=345600 -package-name spi_builder_workspace -emit-const-values -const-gather-protocols-list /Users/admin/builder/spi-builder-workspace/.derivedData/Build/Intermediates.noindex/StadiaMapsAutocompleteSearch.build/Debug-watchos/StadiaMapsAutocompleteSearchAPI-t.build/Objects-normal/arm64/StadiaMapsAutocompleteSearchAPI_const_extract_protocols.json -Xcc -I/Users/admin/builder/spi-builder-workspace/.derivedData/Build/Products/Debug-watchos/include -Xcc -I/Users/admin/builder/spi-builder-workspace/.derivedData/Build/Intermediates.noindex/StadiaMapsAutocompleteSearch.build/Debug-watchos/StadiaMapsAutocompleteSearchAPI-t.build/DerivedSources-normal/arm64 -Xcc -I/Users/admin/builder/spi-builder-workspace/.derivedData/Build/Intermediates.noindex/StadiaMapsAutocompleteSearch.build/Debug-watchos/StadiaMapsAutocompleteSearchAPI-t.build/DerivedSources/arm64 -Xcc -I/Users/admin/builder/spi-builder-workspace/.derivedData/Build/Intermediates.noindex/StadiaMapsAutocompleteSearch.build/Debug-watchos/StadiaMapsAutocompleteSearchAPI-t.build/DerivedSources -Xcc -DSWIFT_PACKAGE -Xcc -DDEBUG\=1 -emit-objc-header -emit-objc-header-path /Users/admin/builder/spi-builder-workspace/.derivedData/Build/Intermediates.noindex/StadiaMapsAutocompleteSearch.build/Debug-watchos/StadiaMapsAutocompleteSearchAPI-t.build/Objects-normal/arm64/StadiaMapsAutocompleteSearchAPI-Swift.h -working-directory /Users/admin/builder/spi-builder-workspace/.swiftpm/xcode -experimental-emit-module-separately -disable-cmo
SwiftMergeGeneratedHeaders /Users/admin/builder/spi-builder-workspace/.derivedData/Build/Intermediates.noindex/GeneratedModuleMaps-watchos/StadiaMapsAutocompleteSearchAPI-Swift.h /Users/admin/builder/spi-builder-workspace/.derivedData/Build/Intermediates.noindex/StadiaMapsAutocompleteSearch.build/Debug-watchos/StadiaMapsAutocompleteSearchAPI-t.build/Objects-normal/arm64/StadiaMapsAutocompleteSearchAPI-Swift.h /Users/admin/builder/spi-builder-workspace/.derivedData/Build/Intermediates.noindex/StadiaMapsAutocompleteSearch.build/Debug-watchos/StadiaMapsAutocompleteSearchAPI-t.build/Objects-normal/arm64_32/StadiaMapsAutocompleteSearchAPI-Swift.h (in target 'StadiaMapsAutocompleteSearchAPI' from project 'StadiaMapsAutocompleteSearch')
    cd /Users/admin/builder/spi-builder-workspace
    builtin-swiftHeaderTool -arch arm64 /Users/admin/builder/spi-builder-workspace/.derivedData/Build/Intermediates.noindex/StadiaMapsAutocompleteSearch.build/Debug-watchos/StadiaMapsAutocompleteSearchAPI-t.build/Objects-normal/arm64/StadiaMapsAutocompleteSearchAPI-Swift.h -arch arm64_32 /Users/admin/builder/spi-builder-workspace/.derivedData/Build/Intermediates.noindex/StadiaMapsAutocompleteSearch.build/Debug-watchos/StadiaMapsAutocompleteSearchAPI-t.build/Objects-normal/arm64_32/StadiaMapsAutocompleteSearchAPI-Swift.h -o /Users/admin/builder/spi-builder-workspace/.derivedData/Build/Intermediates.noindex/GeneratedModuleMaps-watchos/StadiaMapsAutocompleteSearchAPI-Swift.h
Copy /Users/admin/builder/spi-builder-workspace/.derivedData/Build/Products/Debug-watchos/StadiaMapsAutocompleteSearchAPI.swiftmodule/arm64_32-apple-watchos.swiftmodule /Users/admin/builder/spi-builder-workspace/.derivedData/Build/Intermediates.noindex/StadiaMapsAutocompleteSearch.build/Debug-watchos/StadiaMapsAutocompleteSearchAPI-t.build/Objects-normal/arm64_32/StadiaMapsAutocompleteSearchAPI.swiftmodule (in target 'StadiaMapsAutocompleteSearchAPI' from project 'StadiaMapsAutocompleteSearch')
    cd /Users/admin/builder/spi-builder-workspace
    builtin-copy -exclude .DS_Store -exclude CVS -exclude .svn -exclude .git -exclude .hg -resolve-src-symlinks -rename /Users/admin/builder/spi-builder-workspace/.derivedData/Build/Intermediates.noindex/StadiaMapsAutocompleteSearch.build/Debug-watchos/StadiaMapsAutocompleteSearchAPI-t.build/Objects-normal/arm64_32/StadiaMapsAutocompleteSearchAPI.swiftmodule /Users/admin/builder/spi-builder-workspace/.derivedData/Build/Products/Debug-watchos/StadiaMapsAutocompleteSearchAPI.swiftmodule/arm64_32-apple-watchos.swiftmodule
Copy /Users/admin/builder/spi-builder-workspace/.derivedData/Build/Products/Debug-watchos/StadiaMapsAutocompleteSearchAPI.swiftmodule/arm64_32-apple-watchos.swiftdoc /Users/admin/builder/spi-builder-workspace/.derivedData/Build/Intermediates.noindex/StadiaMapsAutocompleteSearch.build/Debug-watchos/StadiaMapsAutocompleteSearchAPI-t.build/Objects-normal/arm64_32/StadiaMapsAutocompleteSearchAPI.swiftdoc (in target 'StadiaMapsAutocompleteSearchAPI' from project 'StadiaMapsAutocompleteSearch')
    cd /Users/admin/builder/spi-builder-workspace
    builtin-copy -exclude .DS_Store -exclude CVS -exclude .svn -exclude .git -exclude .hg -resolve-src-symlinks -rename /Users/admin/builder/spi-builder-workspace/.derivedData/Build/Intermediates.noindex/StadiaMapsAutocompleteSearch.build/Debug-watchos/StadiaMapsAutocompleteSearchAPI-t.build/Objects-normal/arm64_32/StadiaMapsAutocompleteSearchAPI.swiftdoc /Users/admin/builder/spi-builder-workspace/.derivedData/Build/Products/Debug-watchos/StadiaMapsAutocompleteSearchAPI.swiftmodule/arm64_32-apple-watchos.swiftdoc
Copy /Users/admin/builder/spi-builder-workspace/.derivedData/Build/Products/Debug-watchos/StadiaMapsAutocompleteSearchAPI.swiftmodule/arm64_32-apple-watchos.abi.json /Users/admin/builder/spi-builder-workspace/.derivedData/Build/Intermediates.noindex/StadiaMapsAutocompleteSearch.build/Debug-watchos/StadiaMapsAutocompleteSearchAPI-t.build/Objects-normal/arm64_32/StadiaMapsAutocompleteSearchAPI.abi.json (in target 'StadiaMapsAutocompleteSearchAPI' from project 'StadiaMapsAutocompleteSearch')
    cd /Users/admin/builder/spi-builder-workspace
    builtin-copy -exclude .DS_Store -exclude CVS -exclude .svn -exclude .git -exclude .hg -resolve-src-symlinks -rename /Users/admin/builder/spi-builder-workspace/.derivedData/Build/Intermediates.noindex/StadiaMapsAutocompleteSearch.build/Debug-watchos/StadiaMapsAutocompleteSearchAPI-t.build/Objects-normal/arm64_32/StadiaMapsAutocompleteSearchAPI.abi.json /Users/admin/builder/spi-builder-workspace/.derivedData/Build/Products/Debug-watchos/StadiaMapsAutocompleteSearchAPI.swiftmodule/arm64_32-apple-watchos.abi.json
Copy /Users/admin/builder/spi-builder-workspace/.derivedData/Build/Products/Debug-watchos/StadiaMapsAutocompleteSearchAPI.swiftmodule/arm64-apple-watchos.swiftmodule /Users/admin/builder/spi-builder-workspace/.derivedData/Build/Intermediates.noindex/StadiaMapsAutocompleteSearch.build/Debug-watchos/StadiaMapsAutocompleteSearchAPI-t.build/Objects-normal/arm64/StadiaMapsAutocompleteSearchAPI.swiftmodule (in target 'StadiaMapsAutocompleteSearchAPI' from project 'StadiaMapsAutocompleteSearch')
    cd /Users/admin/builder/spi-builder-workspace
    builtin-copy -exclude .DS_Store -exclude CVS -exclude .svn -exclude .git -exclude .hg -resolve-src-symlinks -rename /Users/admin/builder/spi-builder-workspace/.derivedData/Build/Intermediates.noindex/StadiaMapsAutocompleteSearch.build/Debug-watchos/StadiaMapsAutocompleteSearchAPI-t.build/Objects-normal/arm64/StadiaMapsAutocompleteSearchAPI.swiftmodule /Users/admin/builder/spi-builder-workspace/.derivedData/Build/Products/Debug-watchos/StadiaMapsAutocompleteSearchAPI.swiftmodule/arm64-apple-watchos.swiftmodule
Copy /Users/admin/builder/spi-builder-workspace/.derivedData/Build/Products/Debug-watchos/StadiaMapsAutocompleteSearchAPI.swiftmodule/arm64-apple-watchos.swiftdoc /Users/admin/builder/spi-builder-workspace/.derivedData/Build/Intermediates.noindex/StadiaMapsAutocompleteSearch.build/Debug-watchos/StadiaMapsAutocompleteSearchAPI-t.build/Objects-normal/arm64/StadiaMapsAutocompleteSearchAPI.swiftdoc (in target 'StadiaMapsAutocompleteSearchAPI' from project 'StadiaMapsAutocompleteSearch')
    cd /Users/admin/builder/spi-builder-workspace
    builtin-copy -exclude .DS_Store -exclude CVS -exclude .svn -exclude .git -exclude .hg -resolve-src-symlinks -rename /Users/admin/builder/spi-builder-workspace/.derivedData/Build/Intermediates.noindex/StadiaMapsAutocompleteSearch.build/Debug-watchos/StadiaMapsAutocompleteSearchAPI-t.build/Objects-normal/arm64/StadiaMapsAutocompleteSearchAPI.swiftdoc /Users/admin/builder/spi-builder-workspace/.derivedData/Build/Products/Debug-watchos/StadiaMapsAutocompleteSearchAPI.swiftmodule/arm64-apple-watchos.swiftdoc
Copy /Users/admin/builder/spi-builder-workspace/.derivedData/Build/Products/Debug-watchos/StadiaMapsAutocompleteSearchAPI.swiftmodule/arm64-apple-watchos.abi.json /Users/admin/builder/spi-builder-workspace/.derivedData/Build/Intermediates.noindex/StadiaMapsAutocompleteSearch.build/Debug-watchos/StadiaMapsAutocompleteSearchAPI-t.build/Objects-normal/arm64/StadiaMapsAutocompleteSearchAPI.abi.json (in target 'StadiaMapsAutocompleteSearchAPI' from project 'StadiaMapsAutocompleteSearch')
    cd /Users/admin/builder/spi-builder-workspace
    builtin-copy -exclude .DS_Store -exclude CVS -exclude .svn -exclude .git -exclude .hg -resolve-src-symlinks -rename /Users/admin/builder/spi-builder-workspace/.derivedData/Build/Intermediates.noindex/StadiaMapsAutocompleteSearch.build/Debug-watchos/StadiaMapsAutocompleteSearchAPI-t.build/Objects-normal/arm64/StadiaMapsAutocompleteSearchAPI.abi.json /Users/admin/builder/spi-builder-workspace/.derivedData/Build/Products/Debug-watchos/StadiaMapsAutocompleteSearchAPI.swiftmodule/arm64-apple-watchos.abi.json
Copy /Users/admin/builder/spi-builder-workspace/.derivedData/Build/Products/Debug-watchos/StadiaMapsAutocompleteSearchAPI.swiftmodule/Project/arm64_32-apple-watchos.swiftsourceinfo /Users/admin/builder/spi-builder-workspace/.derivedData/Build/Intermediates.noindex/StadiaMapsAutocompleteSearch.build/Debug-watchos/StadiaMapsAutocompleteSearchAPI-t.build/Objects-normal/arm64_32/StadiaMapsAutocompleteSearchAPI.swiftsourceinfo (in target 'StadiaMapsAutocompleteSearchAPI' from project 'StadiaMapsAutocompleteSearch')
    cd /Users/admin/builder/spi-builder-workspace
    builtin-copy -exclude .DS_Store -exclude CVS -exclude .svn -exclude .git -exclude .hg -resolve-src-symlinks -rename /Users/admin/builder/spi-builder-workspace/.derivedData/Build/Intermediates.noindex/StadiaMapsAutocompleteSearch.build/Debug-watchos/StadiaMapsAutocompleteSearchAPI-t.build/Objects-normal/arm64_32/StadiaMapsAutocompleteSearchAPI.swiftsourceinfo /Users/admin/builder/spi-builder-workspace/.derivedData/Build/Products/Debug-watchos/StadiaMapsAutocompleteSearchAPI.swiftmodule/Project/arm64_32-apple-watchos.swiftsourceinfo
Copy /Users/admin/builder/spi-builder-workspace/.derivedData/Build/Products/Debug-watchos/StadiaMapsAutocompleteSearchAPI.swiftmodule/Project/arm64-apple-watchos.swiftsourceinfo /Users/admin/builder/spi-builder-workspace/.derivedData/Build/Intermediates.noindex/StadiaMapsAutocompleteSearch.build/Debug-watchos/StadiaMapsAutocompleteSearchAPI-t.build/Objects-normal/arm64/StadiaMapsAutocompleteSearchAPI.swiftsourceinfo (in target 'StadiaMapsAutocompleteSearchAPI' from project 'StadiaMapsAutocompleteSearch')
    cd /Users/admin/builder/spi-builder-workspace
    builtin-copy -exclude .DS_Store -exclude CVS -exclude .svn -exclude .git -exclude .hg -resolve-src-symlinks -rename /Users/admin/builder/spi-builder-workspace/.derivedData/Build/Intermediates.noindex/StadiaMapsAutocompleteSearch.build/Debug-watchos/StadiaMapsAutocompleteSearchAPI-t.build/Objects-normal/arm64/StadiaMapsAutocompleteSearchAPI.swiftsourceinfo /Users/admin/builder/spi-builder-workspace/.derivedData/Build/Products/Debug-watchos/StadiaMapsAutocompleteSearchAPI.swiftmodule/Project/arm64-apple-watchos.swiftsourceinfo
SwiftDriver StadiaMapsAutocompleteSearch normal arm64_32 com.apple.xcode.tools.swift.compiler (in target 'StadiaMapsAutocompleteSearch' from project 'StadiaMapsAutocompleteSearch')
    cd /Users/admin/builder/spi-builder-workspace/.swiftpm/xcode
    builtin-SwiftDriver -- /Applications/Xcode-27.0.0-Release.Candidate.app/Contents/Developer/Toolchains/XcodeDefault.xctoolchain/usr/bin/swiftc -parse-as-library -module-name StadiaMapsAutocompleteSearch -Onone @/Users/admin/builder/spi-builder-workspace/.derivedData/Build/Intermediates.noindex/StadiaMapsAutocompleteSearch.build/Debug-watchos/StadiaMapsAutocompleteSearch-t.build/Objects-normal/arm64_32/StadiaMapsAutocompleteSearch.SwiftFileList -DSWIFT_PACKAGE -DDEBUG -DSWIFT_MODULE_RESOURCE_BUNDLE_UNAVAILABLE -DXcode -plugin-path /Applications/Xcode-27.0.0-Release.Candidate.app/Contents/Developer/Toolchains/XcodeDefault.xctoolchain/usr/lib/swift/host/plugins/testing -enable-experimental-feature DebugDescriptionMacro -sdk /Applications/Xcode-27.0.0-Release.Candidate.app/Contents/Developer/Platforms/WatchOS.platform/Developer/SDKs/WatchOS27.0.sdk -target arm64_32-apple-watchos9.0 -g -module-cache-path /Users/admin/builder/spi-builder-workspace/.derivedData/ModuleCache.noindex -Xfrontend -serialize-debugging-options -profile-coverage-mapping -profile-generate -enable-testing -index-store-path /Users/admin/builder/spi-builder-workspace/.derivedData/Index.noindex/DataStore -Xcc -D_LIBCPP_HARDENING_MODE\=_LIBCPP_HARDENING_MODE_DEBUG -swift-version 5 -I /Users/admin/builder/spi-builder-workspace/.derivedData/Build/Products/Debug-watchos -Isystem /Applications/Xcode-27.0.0-Release.Candidate.app/Contents/Developer/Platforms/WatchOS.platform/Developer/usr/lib -F /Users/admin/builder/spi-builder-workspace/.derivedData/Build/Products/Debug-watchos/PackageFrameworks -F /Users/admin/builder/spi-builder-workspace/.derivedData/Build/Products/Debug-watchos -F /Applications/Xcode-27.0.0-Release.Candidate.app/Contents/Developer/Platforms/WatchOS.platform/Developer/Library/Frameworks -F /Applications/Xcode-27.0.0-Release.Candidate.app/Contents/Developer/Platforms/WatchOS.platform/Developer/SDKs/WatchOS27.0.sdk/Developer/Library/Frameworks -c -j10 -enable-batch-mode -incremental -Xcc -ivfsstatcache -Xcc /Users/admin/builder/spi-builder-workspace/.derivedData/SDKStatCaches.noindex/watchos27.0-24R360-e829b21a6f8c9b70876ba0858053c04477534ef55a1706bf4c1112bbb242f0a2.sdkstatcache -output-file-map /Users/admin/builder/spi-builder-workspace/.derivedData/Build/Intermediates.noindex/StadiaMapsAutocompleteSearch.build/Debug-watchos/StadiaMapsAutocompleteSearch-t.build/Objects-normal/arm64_32/StadiaMapsAutocompleteSearch-OutputFileMap.json -save-temps -no-color-diagnostics -explicit-module-build -module-cache-path /Users/admin/builder/spi-builder-workspace/.derivedData/Build/Intermediates.noindex/SwiftExplicitPrecompiledModules -clang-scanner-module-cache-path /Users/admin/builder/spi-builder-workspace/.derivedData/ModuleCache.noindex -sdk-module-cache-path /Users/admin/builder/spi-builder-workspace/.derivedData/SDKExplicitPrecompiledModules -emit-dependencies -emit-module -emit-module-path /Users/admin/builder/spi-builder-workspace/.derivedData/Build/Intermediates.noindex/StadiaMapsAutocompleteSearch.build/Debug-watchos/StadiaMapsAutocompleteSearch-t.build/Objects-normal/arm64_32/StadiaMapsAutocompleteSearch.swiftmodule -serialize-diagnostics -dependency-scan-serialize-diagnostics-path /Users/admin/builder/spi-builder-workspace/.derivedData/Build/Intermediates.noindex/StadiaMapsAutocompleteSearch.build/Debug-watchos/StadiaMapsAutocompleteSearch-t.build/Objects-normal/arm64_32/StadiaMapsAutocompleteSearch-dependency-scan.dia -validate-clang-modules-once -clang-build-session-file /Users/admin/builder/spi-builder-workspace/.derivedData/ModuleCache.noindex/Session.modulevalidation -Xcc -fmodules-prune-interval\=86400 -Xcc -fmodules-prune-after\=345600 -package-name spi_builder_workspace -emit-const-values -const-gather-protocols-list /Users/admin/builder/spi-builder-workspace/.derivedData/Build/Intermediates.noindex/StadiaMapsAutocompleteSearch.build/Debug-watchos/StadiaMapsAutocompleteSearch-t.build/Objects-normal/arm64_32/StadiaMapsAutocompleteSearch_const_extract_protocols.json -Xcc -I/Users/admin/builder/spi-builder-workspace/.derivedData/Build/Products/Debug-watchos/include -Xcc -I/Users/admin/builder/spi-builder-workspace/.derivedData/Build/Intermediates.noindex/StadiaMapsAutocompleteSearch.build/Debug-watchos/StadiaMapsAutocompleteSearch-t.build/DerivedSources-normal/arm64_32 -Xcc -I/Users/admin/builder/spi-builder-workspace/.derivedData/Build/Intermediates.noindex/StadiaMapsAutocompleteSearch.build/Debug-watchos/StadiaMapsAutocompleteSearch-t.build/DerivedSources/arm64_32 -Xcc -I/Users/admin/builder/spi-builder-workspace/.derivedData/Build/Intermediates.noindex/StadiaMapsAutocompleteSearch.build/Debug-watchos/StadiaMapsAutocompleteSearch-t.build/DerivedSources -Xcc -DSWIFT_PACKAGE -Xcc -DDEBUG\=1 -emit-objc-header -emit-objc-header-path /Users/admin/builder/spi-builder-workspace/.derivedData/Build/Intermediates.noindex/StadiaMapsAutocompleteSearch.build/Debug-watchos/StadiaMapsAutocompleteSearch-t.build/Objects-normal/arm64_32/StadiaMapsAutocompleteSearch-Swift.h -working-directory /Users/admin/builder/spi-builder-workspace/.swiftpm/xcode -experimental-emit-module-separately -disable-cmo
SwiftDriver StadiaMapsAutocompleteSearch normal arm64 com.apple.xcode.tools.swift.compiler (in target 'StadiaMapsAutocompleteSearch' from project 'StadiaMapsAutocompleteSearch')
    cd /Users/admin/builder/spi-builder-workspace/.swiftpm/xcode
    builtin-SwiftDriver -- /Applications/Xcode-27.0.0-Release.Candidate.app/Contents/Developer/Toolchains/XcodeDefault.xctoolchain/usr/bin/swiftc -parse-as-library -module-name StadiaMapsAutocompleteSearch -Onone @/Users/admin/builder/spi-builder-workspace/.derivedData/Build/Intermediates.noindex/StadiaMapsAutocompleteSearch.build/Debug-watchos/StadiaMapsAutocompleteSearch-t.build/Objects-normal/arm64/StadiaMapsAutocompleteSearch.SwiftFileList -DSWIFT_PACKAGE -DDEBUG -DSWIFT_MODULE_RESOURCE_BUNDLE_UNAVAILABLE -DXcode -plugin-path /Applications/Xcode-27.0.0-Release.Candidate.app/Contents/Developer/Toolchains/XcodeDefault.xctoolchain/usr/lib/swift/host/plugins/testing -enable-experimental-feature DebugDescriptionMacro -sdk /Applications/Xcode-27.0.0-Release.Candidate.app/Contents/Developer/Platforms/WatchOS.platform/Developer/SDKs/WatchOS27.0.sdk -target arm64-apple-watchos9.0 -g -module-cache-path /Users/admin/builder/spi-builder-workspace/.derivedData/ModuleCache.noindex -Xfrontend -serialize-debugging-options -profile-coverage-mapping -profile-generate -enable-testing -index-store-path /Users/admin/builder/spi-builder-workspace/.derivedData/Index.noindex/DataStore -Xcc -D_LIBCPP_HARDENING_MODE\=_LIBCPP_HARDENING_MODE_DEBUG -swift-version 5 -I /Users/admin/builder/spi-builder-workspace/.derivedData/Build/Products/Debug-watchos -Isystem /Applications/Xcode-27.0.0-Release.Candidate.app/Contents/Developer/Platforms/WatchOS.platform/Developer/usr/lib -F /Users/admin/builder/spi-builder-workspace/.derivedData/Build/Products/Debug-watchos/PackageFrameworks -F /Users/admin/builder/spi-builder-workspace/.derivedData/Build/Products/Debug-watchos -F /Applications/Xcode-27.0.0-Release.Candidate.app/Contents/Developer/Platforms/WatchOS.platform/Developer/Library/Frameworks -F /Applications/Xcode-27.0.0-Release.Candidate.app/Contents/Developer/Platforms/WatchOS.platform/Developer/SDKs/WatchOS27.0.sdk/Developer/Library/Frameworks -c -j10 -enable-batch-mode -incremental -Xcc -ivfsstatcache -Xcc /Users/admin/builder/spi-builder-workspace/.derivedData/SDKStatCaches.noindex/watchos27.0-24R360-e829b21a6f8c9b70876ba0858053c04477534ef55a1706bf4c1112bbb242f0a2.sdkstatcache -output-file-map /Users/admin/builder/spi-builder-workspace/.derivedData/Build/Intermediates.noindex/StadiaMapsAutocompleteSearch.build/Debug-watchos/StadiaMapsAutocompleteSearch-t.build/Objects-normal/arm64/StadiaMapsAutocompleteSearch-OutputFileMap.json -save-temps -no-color-diagnostics -explicit-module-build -module-cache-path /Users/admin/builder/spi-builder-workspace/.derivedData/Build/Intermediates.noindex/SwiftExplicitPrecompiledModules -clang-scanner-module-cache-path /Users/admin/builder/spi-builder-workspace/.derivedData/ModuleCache.noindex -sdk-module-cache-path /Users/admin/builder/spi-builder-workspace/.derivedData/SDKExplicitPrecompiledModules -emit-dependencies -emit-module -emit-module-path /Users/admin/builder/spi-builder-workspace/.derivedData/Build/Intermediates.noindex/StadiaMapsAutocompleteSearch.build/Debug-watchos/StadiaMapsAutocompleteSearch-t.build/Objects-normal/arm64/StadiaMapsAutocompleteSearch.swiftmodule -serialize-diagnostics -dependency-scan-serialize-diagnostics-path /Users/admin/builder/spi-builder-workspace/.derivedData/Build/Intermediates.noindex/StadiaMapsAutocompleteSearch.build/Debug-watchos/StadiaMapsAutocompleteSearch-t.build/Objects-normal/arm64/StadiaMapsAutocompleteSearch-dependency-scan.dia -validate-clang-modules-once -clang-build-session-file /Users/admin/builder/spi-builder-workspace/.derivedData/ModuleCache.noindex/Session.modulevalidation -Xcc -fmodules-prune-interval\=86400 -Xcc -fmodules-prune-after\=345600 -package-name spi_builder_workspace -emit-const-values -const-gather-protocols-list /Users/admin/builder/spi-builder-workspace/.derivedData/Build/Intermediates.noindex/StadiaMapsAutocompleteSearch.build/Debug-watchos/StadiaMapsAutocompleteSearch-t.build/Objects-normal/arm64/StadiaMapsAutocompleteSearch_const_extract_protocols.json -Xcc -I/Users/admin/builder/spi-builder-workspace/.derivedData/Build/Products/Debug-watchos/include -Xcc -I/Users/admin/builder/spi-builder-workspace/.derivedData/Build/Intermediates.noindex/StadiaMapsAutocompleteSearch.build/Debug-watchos/StadiaMapsAutocompleteSearch-t.build/DerivedSources-normal/arm64 -Xcc -I/Users/admin/builder/spi-builder-workspace/.derivedData/Build/Intermediates.noindex/StadiaMapsAutocompleteSearch.build/Debug-watchos/StadiaMapsAutocompleteSearch-t.build/DerivedSources/arm64 -Xcc -I/Users/admin/builder/spi-builder-workspace/.derivedData/Build/Intermediates.noindex/StadiaMapsAutocompleteSearch.build/Debug-watchos/StadiaMapsAutocompleteSearch-t.build/DerivedSources -Xcc -DSWIFT_PACKAGE -Xcc -DDEBUG\=1 -emit-objc-header -emit-objc-header-path /Users/admin/builder/spi-builder-workspace/.derivedData/Build/Intermediates.noindex/StadiaMapsAutocompleteSearch.build/Debug-watchos/StadiaMapsAutocompleteSearch-t.build/Objects-normal/arm64/StadiaMapsAutocompleteSearch-Swift.h -working-directory /Users/admin/builder/spi-builder-workspace/.swiftpm/xcode -experimental-emit-module-separately -disable-cmo
SwiftDriverJobDiscovery normal arm64_32 Compiling EdgeSign.swift, EdgeUse.swift, EndNode.swift, ExtendedDirectionsOptions.swift, FeaturePropertiesV2.swift, FeaturePropertiesV2Properties.swift, FoursquareAddendum.swift, GeoAttributes.swift, GeoJSONGeometry.swift, GeoJSONGeometryBase.swift, GeoJSONLineString.swift, GeoJSONPoint.swift, GeoJSONPolygon.swift, GeocodeResponse.swift, GeocodeResponseEnvelopePropertiesV2.swift, GeocodingGeoJSONFeature.swift (in target 'StadiaMaps' from project 'StadiaMaps')
SwiftDriver\ Compilation StadiaMaps normal arm64_32 com.apple.xcode.tools.swift.compiler (in target 'StadiaMaps' from project 'StadiaMaps')
    cd /Users/admin/builder/spi-builder-workspace/.swiftpm/xcode
    builtin-Swift-Compilation -- /Applications/Xcode-27.0.0-Release.Candidate.app/Contents/Developer/Toolchains/XcodeDefault.xctoolchain/usr/bin/swiftc -parse-as-library -module-name StadiaMaps -Onone @/Users/admin/builder/spi-builder-workspace/.derivedData/Build/Intermediates.noindex/StadiaMaps.build/Debug-watchos/StadiaMaps-t.build/Objects-normal/arm64_32/StadiaMaps.SwiftFileList -DSWIFT_PACKAGE -DDEBUG -DSWIFT_MODULE_RESOURCE_BUNDLE_UNAVAILABLE -DXcode -plugin-path /Applications/Xcode-27.0.0-Release.Candidate.app/Contents/Developer/Toolchains/XcodeDefault.xctoolchain/usr/lib/swift/host/plugins/testing -enable-experimental-feature DebugDescriptionMacro -sdk /Applications/Xcode-27.0.0-Release.Candidate.app/Contents/Developer/Platforms/WatchOS.platform/Developer/SDKs/WatchOS27.0.sdk -target arm64_32-apple-watchos9.0 -g -module-cache-path /Users/admin/builder/spi-builder-workspace/.derivedData/ModuleCache.noindex -Xfrontend -serialize-debugging-options -profile-coverage-mapping -profile-generate -enable-testing -suppress-warnings -index-store-path /Users/admin/builder/spi-builder-workspace/.derivedData/Index.noindex/DataStore -Xcc -D_LIBCPP_HARDENING_MODE\=_LIBCPP_HARDENING_MODE_DEBUG -swift-version 5 -I /Users/admin/builder/spi-builder-workspace/.derivedData/Build/Products/Debug-watchos -Isystem /Applications/Xcode-27.0.0-Release.Candidate.app/Contents/Developer/Platforms/WatchOS.platform/Developer/usr/lib -F /Users/admin/builder/spi-builder-workspace/.derivedData/Build/Products/Debug-watchos/PackageFrameworks -F /Users/admin/builder/spi-builder-workspace/.derivedData/Build/Products/Debug-watchos -F /Applications/Xcode-27.0.0-Release.Candidate.app/Contents/Developer/Platforms/WatchOS.platform/Developer/Library/Frameworks -F /Applications/Xcode-27.0.0-Release.Candidate.app/Contents/Developer/Platforms/WatchOS.platform/Developer/SDKs/WatchOS27.0.sdk/Developer/Library/Frameworks -c -j10 -enable-batch-mode -incremental -Xcc -ivfsstatcache -Xcc /Users/admin/builder/spi-builder-workspace/.derivedData/SDKStatCaches.noindex/watchos27.0-24R360-e829b21a6f8c9b70876ba0858053c04477534ef55a1706bf4c1112bbb242f0a2.sdkstatcache -output-file-map /Users/admin/builder/spi-builder-workspace/.derivedData/Build/Intermediates.noindex/StadiaMaps.build/Debug-watchos/StadiaMaps-t.build/Objects-normal/arm64_32/StadiaMaps-OutputFileMap.json -save-temps -no-color-diagnostics -explicit-module-build -module-cache-path /Users/admin/builder/spi-builder-workspace/.derivedData/Build/Intermediates.noindex/SwiftExplicitPrecompiledModules -clang-scanner-module-cache-path /Users/admin/builder/spi-builder-workspace/.derivedData/ModuleCache.noindex -sdk-module-cache-path /Users/admin/builder/spi-builder-workspace/.derivedData/SDKExplicitPrecompiledModules -emit-dependencies -emit-module -emit-module-path /Users/admin/builder/spi-builder-workspace/.derivedData/Build/Intermediates.noindex/StadiaMaps.build/Debug-watchos/StadiaMaps-t.build/Objects-normal/arm64_32/StadiaMaps.swiftmodule -serialize-diagnostics -dependency-scan-serialize-diagnostics-path /Users/admin/builder/spi-builder-workspace/.derivedData/Build/Intermediates.noindex/StadiaMaps.build/Debug-watchos/StadiaMaps-t.build/Objects-normal/arm64_32/StadiaMaps-dependency-scan.dia -validate-clang-modules-once -clang-build-session-file /Users/admin/builder/spi-builder-workspace/.derivedData/ModuleCache.noindex/Session.modulevalidation -Xcc -fmodules-prune-interval\=86400 -Xcc -fmodules-prune-after\=345600 -emit-const-values -const-gather-protocols-list /Users/admin/builder/spi-builder-workspace/.derivedData/Build/Intermediates.noindex/StadiaMaps.build/Debug-watchos/StadiaMaps-t.build/Objects-normal/arm64_32/StadiaMaps_const_extract_protocols.json -Xcc -I/Users/admin/builder/spi-builder-workspace/.derivedData/Build/Products/Debug-watchos/include -Xcc -I/Users/admin/builder/spi-builder-workspace/.derivedData/Build/Intermediates.noindex/StadiaMaps.build/Debug-watchos/StadiaMaps-t.build/DerivedSources-normal/arm64_32 -Xcc -I/Users/admin/builder/spi-builder-workspace/.derivedData/Build/Intermediates.noindex/StadiaMaps.build/Debug-watchos/StadiaMaps-t.build/DerivedSources/arm64_32 -Xcc -I/Users/admin/builder/spi-builder-workspace/.derivedData/Build/Intermediates.noindex/StadiaMaps.build/Debug-watchos/StadiaMaps-t.build/DerivedSources -Xcc -DSWIFT_PACKAGE -Xcc -DDEBUG\=1 -emit-objc-header -emit-objc-header-path /Users/admin/builder/spi-builder-workspace/.derivedData/Build/Intermediates.noindex/StadiaMaps.build/Debug-watchos/StadiaMaps-t.build/Objects-normal/arm64_32/StadiaMaps-Swift.h -working-directory /Users/admin/builder/spi-builder-workspace/.swiftpm/xcode -experimental-emit-module-separately -disable-cmo
SwiftDriverJobDiscovery normal arm64 Compiling Extensions.swift (in target 'StadiaMapsAutocompleteSearchAPI' from project 'StadiaMapsAutocompleteSearch')
SwiftDriverJobDiscovery normal arm64_32 Compiling Extensions.swift (in target 'StadiaMapsAutocompleteSearchAPI' from project 'StadiaMapsAutocompleteSearch')
Ld /Users/admin/builder/spi-builder-workspace/.derivedData/Build/Intermediates.noindex/StadiaMaps.build/Debug-watchos/StadiaMaps-t.build/Objects-normal/arm64_32/Binary/StadiaMaps.o normal arm64_32 (in target 'StadiaMaps' from project 'StadiaMaps')
    cd /Users/admin/builder/spi-builder-workspace/.dependencies/checkouts/stadiamaps-api-swift
    /Applications/Xcode-27.0.0-Release.Candidate.app/Contents/Developer/Toolchains/XcodeDefault.xctoolchain/usr/bin/clang -Xlinker -reproducible -target arm64_32-apple-watchos9.0 -r -isysroot /Applications/Xcode-27.0.0-Release.Candidate.app/Contents/Developer/Platforms/WatchOS.platform/Developer/SDKs/WatchOS27.0.sdk -O0 -w -Xlinker -no_warn_duplicate_libraries -F/Users/admin/builder/spi-builder-workspace/.derivedData/Build/Intermediates.noindex/EagerLinkingTBDs/Debug-watchos -F/Users/admin/builder/spi-builder-workspace/.derivedData/Build/Products/Debug-watchos/PackageFrameworks -F/Users/admin/builder/spi-builder-workspace/.derivedData/Build/Products/Debug-watchos -iframework /Applications/Xcode-27.0.0-Release.Candidate.app/Contents/Developer/Platforms/WatchOS.platform/Developer/Library/Frameworks -iframework /Applications/Xcode-27.0.0-Release.Candidate.app/Contents/Developer/Platforms/WatchOS.platform/Developer/SDKs/WatchOS27.0.sdk/Developer/Library/Frameworks -filelist /Users/admin/builder/spi-builder-workspace/.derivedData/Build/Intermediates.noindex/StadiaMaps.build/Debug-watchos/StadiaMaps-t.build/Objects-normal/arm64_32/StadiaMaps.LinkFileList -nostdlib -Xlinker -object_path_lto -Xlinker /Users/admin/builder/spi-builder-workspace/.derivedData/Build/Intermediates.noindex/StadiaMaps.build/Debug-watchos/StadiaMaps-t.build/Objects-normal/arm64_32/StadiaMaps_lto.o -Xlinker -no_deduplicate -Xlinker -debug_variant -Xlinker -dependency_info -Xlinker /Users/admin/builder/spi-builder-workspace/.derivedData/Build/Intermediates.noindex/StadiaMaps.build/Debug-watchos/StadiaMaps-t.build/Objects-normal/arm64_32/StadiaMaps_dependency_info.dat -fobjc-link-runtime -L/Applications/Xcode-27.0.0-Release.Candidate.app/Contents/Developer/Toolchains/XcodeDefault.xctoolchain/usr/lib/swift/watchos -L/usr/lib/swift -Xlinker -add_ast_path -Xlinker /Users/admin/builder/spi-builder-workspace/.derivedData/Build/Intermediates.noindex/StadiaMaps.build/Debug-watchos/StadiaMaps-t.build/Objects-normal/arm64_32/StadiaMaps.swiftmodule -o /Users/admin/builder/spi-builder-workspace/.derivedData/Build/Intermediates.noindex/StadiaMaps.build/Debug-watchos/StadiaMaps-t.build/Objects-normal/arm64_32/Binary/StadiaMaps.o
SwiftDriverJobDiscovery normal arm64 Compiling GeocodingAPI+Search.swift (in target 'StadiaMapsAutocompleteSearchAPI' from project 'StadiaMapsAutocompleteSearch')
SwiftDriver\ Compilation StadiaMapsAutocompleteSearchAPI normal arm64 com.apple.xcode.tools.swift.compiler (in target 'StadiaMapsAutocompleteSearchAPI' from project 'StadiaMapsAutocompleteSearch')
    cd /Users/admin/builder/spi-builder-workspace/.swiftpm/xcode
    builtin-Swift-Compilation -- /Applications/Xcode-27.0.0-Release.Candidate.app/Contents/Developer/Toolchains/XcodeDefault.xctoolchain/usr/bin/swiftc -parse-as-library -module-name StadiaMapsAutocompleteSearchAPI -Onone @/Users/admin/builder/spi-builder-workspace/.derivedData/Build/Intermediates.noindex/StadiaMapsAutocompleteSearch.build/Debug-watchos/StadiaMapsAutocompleteSearchAPI-t.build/Objects-normal/arm64/StadiaMapsAutocompleteSearchAPI.SwiftFileList -DSWIFT_PACKAGE -DDEBUG -DSWIFT_MODULE_RESOURCE_BUNDLE_UNAVAILABLE -DXcode -plugin-path /Applications/Xcode-27.0.0-Release.Candidate.app/Contents/Developer/Toolchains/XcodeDefault.xctoolchain/usr/lib/swift/host/plugins/testing -enable-experimental-feature DebugDescriptionMacro -sdk /Applications/Xcode-27.0.0-Release.Candidate.app/Contents/Developer/Platforms/WatchOS.platform/Developer/SDKs/WatchOS27.0.sdk -target arm64-apple-watchos9.0 -g -module-cache-path /Users/admin/builder/spi-builder-workspace/.derivedData/ModuleCache.noindex -Xfrontend -serialize-debugging-options -profile-coverage-mapping -profile-generate -enable-testing -index-store-path /Users/admin/builder/spi-builder-workspace/.derivedData/Index.noindex/DataStore -Xcc -D_LIBCPP_HARDENING_MODE\=_LIBCPP_HARDENING_MODE_DEBUG -swift-version 5 -I /Users/admin/builder/spi-builder-workspace/.derivedData/Build/Products/Debug-watchos -Isystem /Applications/Xcode-27.0.0-Release.Candidate.app/Contents/Developer/Platforms/WatchOS.platform/Developer/usr/lib -F /Users/admin/builder/spi-builder-workspace/.derivedData/Build/Products/Debug-watchos/PackageFrameworks -F /Users/admin/builder/spi-builder-workspace/.derivedData/Build/Products/Debug-watchos -F /Applications/Xcode-27.0.0-Release.Candidate.app/Contents/Developer/Platforms/WatchOS.platform/Developer/Library/Frameworks -F /Applications/Xcode-27.0.0-Release.Candidate.app/Contents/Developer/Platforms/WatchOS.platform/Developer/SDKs/WatchOS27.0.sdk/Developer/Library/Frameworks -c -j10 -enable-batch-mode -incremental -Xcc -ivfsstatcache -Xcc /Users/admin/builder/spi-builder-workspace/.derivedData/SDKStatCaches.noindex/watchos27.0-24R360-e829b21a6f8c9b70876ba0858053c04477534ef55a1706bf4c1112bbb242f0a2.sdkstatcache -output-file-map /Users/admin/builder/spi-builder-workspace/.derivedData/Build/Intermediates.noindex/StadiaMapsAutocompleteSearch.build/Debug-watchos/StadiaMapsAutocompleteSearchAPI-t.build/Objects-normal/arm64/StadiaMapsAutocompleteSearchAPI-OutputFileMap.json -save-temps -no-color-diagnostics -explicit-module-build -module-cache-path /Users/admin/builder/spi-builder-workspace/.derivedData/Build/Intermediates.noindex/SwiftExplicitPrecompiledModules -clang-scanner-module-cache-path /Users/admin/builder/spi-builder-workspace/.derivedData/ModuleCache.noindex -sdk-module-cache-path /Users/admin/builder/spi-builder-workspace/.derivedData/SDKExplicitPrecompiledModules -emit-dependencies -emit-module -emit-module-path /Users/admin/builder/spi-builder-workspace/.derivedData/Build/Intermediates.noindex/StadiaMapsAutocompleteSearch.build/Debug-watchos/StadiaMapsAutocompleteSearchAPI-t.build/Objects-normal/arm64/StadiaMapsAutocompleteSearchAPI.swiftmodule -serialize-diagnostics -dependency-scan-serialize-diagnostics-path /Users/admin/builder/spi-builder-workspace/.derivedData/Build/Intermediates.noindex/StadiaMapsAutocompleteSearch.build/Debug-watchos/StadiaMapsAutocompleteSearchAPI-t.build/Objects-normal/arm64/StadiaMapsAutocompleteSearchAPI-dependency-scan.dia -validate-clang-modules-once -clang-build-session-file /Users/admin/builder/spi-builder-workspace/.derivedData/ModuleCache.noindex/Session.modulevalidation -Xcc -fmodules-prune-interval\=86400 -Xcc -fmodules-prune-after\=345600 -package-name spi_builder_workspace -emit-const-values -const-gather-protocols-list /Users/admin/builder/spi-builder-workspace/.derivedData/Build/Intermediates.noindex/StadiaMapsAutocompleteSearch.build/Debug-watchos/StadiaMapsAutocompleteSearchAPI-t.build/Objects-normal/arm64/StadiaMapsAutocompleteSearchAPI_const_extract_protocols.json -Xcc -I/Users/admin/builder/spi-builder-workspace/.derivedData/Build/Products/Debug-watchos/include -Xcc -I/Users/admin/builder/spi-builder-workspace/.derivedData/Build/Intermediates.noindex/StadiaMapsAutocompleteSearch.build/Debug-watchos/StadiaMapsAutocompleteSearchAPI-t.build/DerivedSources-normal/arm64 -Xcc -I/Users/admin/builder/spi-builder-workspace/.derivedData/Build/Intermediates.noindex/StadiaMapsAutocompleteSearch.build/Debug-watchos/StadiaMapsAutocompleteSearchAPI-t.build/DerivedSources/arm64 -Xcc -I/Users/admin/builder/spi-builder-workspace/.derivedData/Build/Intermediates.noindex/StadiaMapsAutocompleteSearch.build/Debug-watchos/StadiaMapsAutocompleteSearchAPI-t.build/DerivedSources -Xcc -DSWIFT_PACKAGE -Xcc -DDEBUG\=1 -emit-objc-header -emit-objc-header-path /Users/admin/builder/spi-builder-workspace/.derivedData/Build/Intermediates.noindex/StadiaMapsAutocompleteSearch.build/Debug-watchos/StadiaMapsAutocompleteSearchAPI-t.build/Objects-normal/arm64/StadiaMapsAutocompleteSearchAPI-Swift.h -working-directory /Users/admin/builder/spi-builder-workspace/.swiftpm/xcode -experimental-emit-module-separately -disable-cmo
SwiftDriverJobDiscovery normal arm64_32 Compiling GeocodingAPI+Search.swift (in target 'StadiaMapsAutocompleteSearchAPI' from project 'StadiaMapsAutocompleteSearch')
SwiftDriver\ Compilation StadiaMapsAutocompleteSearchAPI normal arm64_32 com.apple.xcode.tools.swift.compiler (in target 'StadiaMapsAutocompleteSearchAPI' from project 'StadiaMapsAutocompleteSearch')
    cd /Users/admin/builder/spi-builder-workspace/.swiftpm/xcode
    builtin-Swift-Compilation -- /Applications/Xcode-27.0.0-Release.Candidate.app/Contents/Developer/Toolchains/XcodeDefault.xctoolchain/usr/bin/swiftc -parse-as-library -module-name StadiaMapsAutocompleteSearchAPI -Onone @/Users/admin/builder/spi-builder-workspace/.derivedData/Build/Intermediates.noindex/StadiaMapsAutocompleteSearch.build/Debug-watchos/StadiaMapsAutocompleteSearchAPI-t.build/Objects-normal/arm64_32/StadiaMapsAutocompleteSearchAPI.SwiftFileList -DSWIFT_PACKAGE -DDEBUG -DSWIFT_MODULE_RESOURCE_BUNDLE_UNAVAILABLE -DXcode -plugin-path /Applications/Xcode-27.0.0-Release.Candidate.app/Contents/Developer/Toolchains/XcodeDefault.xctoolchain/usr/lib/swift/host/plugins/testing -enable-experimental-feature DebugDescriptionMacro -sdk /Applications/Xcode-27.0.0-Release.Candidate.app/Contents/Developer/Platforms/WatchOS.platform/Developer/SDKs/WatchOS27.0.sdk -target arm64_32-apple-watchos9.0 -g -module-cache-path /Users/admin/builder/spi-builder-workspace/.derivedData/ModuleCache.noindex -Xfrontend -serialize-debugging-options -profile-coverage-mapping -profile-generate -enable-testing -index-store-path /Users/admin/builder/spi-builder-workspace/.derivedData/Index.noindex/DataStore -Xcc -D_LIBCPP_HARDENING_MODE\=_LIBCPP_HARDENING_MODE_DEBUG -swift-version 5 -I /Users/admin/builder/spi-builder-workspace/.derivedData/Build/Products/Debug-watchos -Isystem /Applications/Xcode-27.0.0-Release.Candidate.app/Contents/Developer/Platforms/WatchOS.platform/Developer/usr/lib -F /Users/admin/builder/spi-builder-workspace/.derivedData/Build/Products/Debug-watchos/PackageFrameworks -F /Users/admin/builder/spi-builder-workspace/.derivedData/Build/Products/Debug-watchos -F /Applications/Xcode-27.0.0-Release.Candidate.app/Contents/Developer/Platforms/WatchOS.platform/Developer/Library/Frameworks -F /Applications/Xcode-27.0.0-Release.Candidate.app/Contents/Developer/Platforms/WatchOS.platform/Developer/SDKs/WatchOS27.0.sdk/Developer/Library/Frameworks -c -j10 -enable-batch-mode -incremental -Xcc -ivfsstatcache -Xcc /Users/admin/builder/spi-builder-workspace/.derivedData/SDKStatCaches.noindex/watchos27.0-24R360-e829b21a6f8c9b70876ba0858053c04477534ef55a1706bf4c1112bbb242f0a2.sdkstatcache -output-file-map /Users/admin/builder/spi-builder-workspace/.derivedData/Build/Intermediates.noindex/StadiaMapsAutocompleteSearch.build/Debug-watchos/StadiaMapsAutocompleteSearchAPI-t.build/Objects-normal/arm64_32/StadiaMapsAutocompleteSearchAPI-OutputFileMap.json -save-temps -no-color-diagnostics -explicit-module-build -module-cache-path /Users/admin/builder/spi-builder-workspace/.derivedData/Build/Intermediates.noindex/SwiftExplicitPrecompiledModules -clang-scanner-module-cache-path /Users/admin/builder/spi-builder-workspace/.derivedData/ModuleCache.noindex -sdk-module-cache-path /Users/admin/builder/spi-builder-workspace/.derivedData/SDKExplicitPrecompiledModules -emit-dependencies -emit-module -emit-module-path /Users/admin/builder/spi-builder-workspace/.derivedData/Build/Intermediates.noindex/StadiaMapsAutocompleteSearch.build/Debug-watchos/StadiaMapsAutocompleteSearchAPI-t.build/Objects-normal/arm64_32/StadiaMapsAutocompleteSearchAPI.swiftmodule -serialize-diagnostics -dependency-scan-serialize-diagnostics-path /Users/admin/builder/spi-builder-workspace/.derivedData/Build/Intermediates.noindex/StadiaMapsAutocompleteSearch.build/Debug-watchos/StadiaMapsAutocompleteSearchAPI-t.build/Objects-normal/arm64_32/StadiaMapsAutocompleteSearchAPI-dependency-scan.dia -validate-clang-modules-once -clang-build-session-file /Users/admin/builder/spi-builder-workspace/.derivedData/ModuleCache.noindex/Session.modulevalidation -Xcc -fmodules-prune-interval\=86400 -Xcc -fmodules-prune-after\=345600 -package-name spi_builder_workspace -emit-const-values -const-gather-protocols-list /Users/admin/builder/spi-builder-workspace/.derivedData/Build/Intermediates.noindex/StadiaMapsAutocompleteSearch.build/Debug-watchos/StadiaMapsAutocompleteSearchAPI-t.build/Objects-normal/arm64_32/StadiaMapsAutocompleteSearchAPI_const_extract_protocols.json -Xcc -I/Users/admin/builder/spi-builder-workspace/.derivedData/Build/Products/Debug-watchos/include -Xcc -I/Users/admin/builder/spi-builder-workspace/.derivedData/Build/Intermediates.noindex/StadiaMapsAutocompleteSearch.build/Debug-watchos/StadiaMapsAutocompleteSearchAPI-t.build/DerivedSources-normal/arm64_32 -Xcc -I/Users/admin/builder/spi-builder-workspace/.derivedData/Build/Intermediates.noindex/StadiaMapsAutocompleteSearch.build/Debug-watchos/StadiaMapsAutocompleteSearchAPI-t.build/DerivedSources/arm64_32 -Xcc -I/Users/admin/builder/spi-builder-workspace/.derivedData/Build/Intermediates.noindex/StadiaMapsAutocompleteSearch.build/Debug-watchos/StadiaMapsAutocompleteSearchAPI-t.build/DerivedSources -Xcc -DSWIFT_PACKAGE -Xcc -DDEBUG\=1 -emit-objc-header -emit-objc-header-path /Users/admin/builder/spi-builder-workspace/.derivedData/Build/Intermediates.noindex/StadiaMapsAutocompleteSearch.build/Debug-watchos/StadiaMapsAutocompleteSearchAPI-t.build/Objects-normal/arm64_32/StadiaMapsAutocompleteSearchAPI-Swift.h -working-directory /Users/admin/builder/spi-builder-workspace/.swiftpm/xcode -experimental-emit-module-separately -disable-cmo
SwiftDriverJobDiscovery normal arm64 Compiling TraceAttributesRequest.swift, TraceAttributesResponse.swift, TraceEdge.swift, TravelMode.swift, Traversability.swift, TruckCostingOptions.swift, TzResponse.swift, Warning.swift, WhosOnFirstConcordances.swift, WofContext.swift, WofContextComponent.swift, OpenISO8601DateFormatter.swift, SynchronizedDictionary.swift, URLSessionImplementations.swift, Validation.swift (in target 'StadiaMaps' from project 'StadiaMaps')
SwiftDriverJobDiscovery normal arm64 Compiling MatchedPoint.swift, MatrixCostingModel.swift, MatrixDistance.swift, MatrixRequest.swift, MatrixResponse.swift, MatrixWaypoint.swift, MotorScooterCostingOptions.swift, MotorcycleCostingOptions.swift, NearestRoadsRequest.swift, NodeId.swift, NodeType.swift, OpenStreetMapAddendum.swift, OptimizedRouteRequest.swift, OsrmAdmin.swift, OsrmAnnotation.swift (in target 'StadiaMaps' from project 'StadiaMaps')
SwiftDriver\ Compilation StadiaMaps normal arm64 com.apple.xcode.tools.swift.compiler (in target 'StadiaMaps' from project 'StadiaMaps')
    cd /Users/admin/builder/spi-builder-workspace/.swiftpm/xcode
    builtin-Swift-Compilation -- /Applications/Xcode-27.0.0-Release.Candidate.app/Contents/Developer/Toolchains/XcodeDefault.xctoolchain/usr/bin/swiftc -parse-as-library -module-name StadiaMaps -Onone @/Users/admin/builder/spi-builder-workspace/.derivedData/Build/Intermediates.noindex/StadiaMaps.build/Debug-watchos/StadiaMaps-t.build/Objects-normal/arm64/StadiaMaps.SwiftFileList -DSWIFT_PACKAGE -DDEBUG -DSWIFT_MODULE_RESOURCE_BUNDLE_UNAVAILABLE -DXcode -plugin-path /Applications/Xcode-27.0.0-Release.Candidate.app/Contents/Developer/Toolchains/XcodeDefault.xctoolchain/usr/lib/swift/host/plugins/testing -enable-experimental-feature DebugDescriptionMacro -sdk /Applications/Xcode-27.0.0-Release.Candidate.app/Contents/Developer/Platforms/WatchOS.platform/Developer/SDKs/WatchOS27.0.sdk -target arm64-apple-watchos9.0 -g -module-cache-path /Users/admin/builder/spi-builder-workspace/.derivedData/ModuleCache.noindex -Xfrontend -serialize-debugging-options -profile-coverage-mapping -profile-generate -enable-testing -suppress-warnings -index-store-path /Users/admin/builder/spi-builder-workspace/.derivedData/Index.noindex/DataStore -Xcc -D_LIBCPP_HARDENING_MODE\=_LIBCPP_HARDENING_MODE_DEBUG -swift-version 5 -I /Users/admin/builder/spi-builder-workspace/.derivedData/Build/Products/Debug-watchos -Isystem /Applications/Xcode-27.0.0-Release.Candidate.app/Contents/Developer/Platforms/WatchOS.platform/Developer/usr/lib -F /Users/admin/builder/spi-builder-workspace/.derivedData/Build/Products/Debug-watchos/PackageFrameworks -F /Users/admin/builder/spi-builder-workspace/.derivedData/Build/Products/Debug-watchos -F /Applications/Xcode-27.0.0-Release.Candidate.app/Contents/Developer/Platforms/WatchOS.platform/Developer/Library/Frameworks -F /Applications/Xcode-27.0.0-Release.Candidate.app/Contents/Developer/Platforms/WatchOS.platform/Developer/SDKs/WatchOS27.0.sdk/Developer/Library/Frameworks -c -j10 -enable-batch-mode -incremental -Xcc -ivfsstatcache -Xcc /Users/admin/builder/spi-builder-workspace/.derivedData/SDKStatCaches.noindex/watchos27.0-24R360-e829b21a6f8c9b70876ba0858053c04477534ef55a1706bf4c1112bbb242f0a2.sdkstatcache -output-file-map /Users/admin/builder/spi-builder-workspace/.derivedData/Build/Intermediates.noindex/StadiaMaps.build/Debug-watchos/StadiaMaps-t.build/Objects-normal/arm64/StadiaMaps-OutputFileMap.json -save-temps -no-color-diagnostics -explicit-module-build -module-cache-path /Users/admin/builder/spi-builder-workspace/.derivedData/Build/Intermediates.noindex/SwiftExplicitPrecompiledModules -clang-scanner-module-cache-path /Users/admin/builder/spi-builder-workspace/.derivedData/ModuleCache.noindex -sdk-module-cache-path /Users/admin/builder/spi-builder-workspace/.derivedData/SDKExplicitPrecompiledModules -emit-dependencies -emit-module -emit-module-path /Users/admin/builder/spi-builder-workspace/.derivedData/Build/Intermediates.noindex/StadiaMaps.build/Debug-watchos/StadiaMaps-t.build/Objects-normal/arm64/StadiaMaps.swiftmodule -serialize-diagnostics -dependency-scan-serialize-diagnostics-path /Users/admin/builder/spi-builder-workspace/.derivedData/Build/Intermediates.noindex/StadiaMaps.build/Debug-watchos/StadiaMaps-t.build/Objects-normal/arm64/StadiaMaps-dependency-scan.dia -validate-clang-modules-once -clang-build-session-file /Users/admin/builder/spi-builder-workspace/.derivedData/ModuleCache.noindex/Session.modulevalidation -Xcc -fmodules-prune-interval\=86400 -Xcc -fmodules-prune-after\=345600 -emit-const-values -const-gather-protocols-list /Users/admin/builder/spi-builder-workspace/.derivedData/Build/Intermediates.noindex/StadiaMaps.build/Debug-watchos/StadiaMaps-t.build/Objects-normal/arm64/StadiaMaps_const_extract_protocols.json -Xcc -I/Users/admin/builder/spi-builder-workspace/.derivedData/Build/Products/Debug-watchos/include -Xcc -I/Users/admin/builder/spi-builder-workspace/.derivedData/Build/Intermediates.noindex/StadiaMaps.build/Debug-watchos/StadiaMaps-t.build/DerivedSources-normal/arm64 -Xcc -I/Users/admin/builder/spi-builder-workspace/.derivedData/Build/Intermediates.noindex/StadiaMaps.build/Debug-watchos/StadiaMaps-t.build/DerivedSources/arm64 -Xcc -I/Users/admin/builder/spi-builder-workspace/.derivedData/Build/Intermediates.noindex/StadiaMaps.build/Debug-watchos/StadiaMaps-t.build/DerivedSources -Xcc -DSWIFT_PACKAGE -Xcc -DDEBUG\=1 -emit-objc-header -emit-objc-header-path /Users/admin/builder/spi-builder-workspace/.derivedData/Build/Intermediates.noindex/StadiaMaps.build/Debug-watchos/StadiaMaps-t.build/Objects-normal/arm64/StadiaMaps-Swift.h -working-directory /Users/admin/builder/spi-builder-workspace/.swiftpm/xcode -experimental-emit-module-separately -disable-cmo
Ld /Users/admin/builder/spi-builder-workspace/.derivedData/Build/Intermediates.noindex/StadiaMaps.build/Debug-watchos/StadiaMaps-t.build/Objects-normal/arm64/Binary/StadiaMaps.o normal arm64 (in target 'StadiaMaps' from project 'StadiaMaps')
    cd /Users/admin/builder/spi-builder-workspace/.dependencies/checkouts/stadiamaps-api-swift
    /Applications/Xcode-27.0.0-Release.Candidate.app/Contents/Developer/Toolchains/XcodeDefault.xctoolchain/usr/bin/clang -Xlinker -reproducible -target arm64-apple-watchos9.0 -r -isysroot /Applications/Xcode-27.0.0-Release.Candidate.app/Contents/Developer/Platforms/WatchOS.platform/Developer/SDKs/WatchOS27.0.sdk -O0 -w -Xlinker -no_warn_duplicate_libraries -F/Users/admin/builder/spi-builder-workspace/.derivedData/Build/Intermediates.noindex/EagerLinkingTBDs/Debug-watchos -F/Users/admin/builder/spi-builder-workspace/.derivedData/Build/Products/Debug-watchos/PackageFrameworks -F/Users/admin/builder/spi-builder-workspace/.derivedData/Build/Products/Debug-watchos -iframework /Applications/Xcode-27.0.0-Release.Candidate.app/Contents/Developer/Platforms/WatchOS.platform/Developer/Library/Frameworks -iframework /Applications/Xcode-27.0.0-Release.Candidate.app/Contents/Developer/Platforms/WatchOS.platform/Developer/SDKs/WatchOS27.0.sdk/Developer/Library/Frameworks -filelist /Users/admin/builder/spi-builder-workspace/.derivedData/Build/Intermediates.noindex/StadiaMaps.build/Debug-watchos/StadiaMaps-t.build/Objects-normal/arm64/StadiaMaps.LinkFileList -nostdlib -Xlinker -object_path_lto -Xlinker /Users/admin/builder/spi-builder-workspace/.derivedData/Build/Intermediates.noindex/StadiaMaps.build/Debug-watchos/StadiaMaps-t.build/Objects-normal/arm64/StadiaMaps_lto.o -Xlinker -no_deduplicate -Xlinker -debug_variant -Xlinker -dependency_info -Xlinker /Users/admin/builder/spi-builder-workspace/.derivedData/Build/Intermediates.noindex/StadiaMaps.build/Debug-watchos/StadiaMaps-t.build/Objects-normal/arm64/StadiaMaps_dependency_info.dat -fobjc-link-runtime -L/Applications/Xcode-27.0.0-Release.Candidate.app/Contents/Developer/Toolchains/XcodeDefault.xctoolchain/usr/lib/swift/watchos -L/usr/lib/swift -Xlinker -add_ast_path -Xlinker /Users/admin/builder/spi-builder-workspace/.derivedData/Build/Intermediates.noindex/StadiaMaps.build/Debug-watchos/StadiaMaps-t.build/Objects-normal/arm64/StadiaMaps.swiftmodule -o /Users/admin/builder/spi-builder-workspace/.derivedData/Build/Intermediates.noindex/StadiaMaps.build/Debug-watchos/StadiaMaps-t.build/Objects-normal/arm64/Binary/StadiaMaps.o
CreateUniversalBinary /Users/admin/builder/spi-builder-workspace/.derivedData/Build/Products/Debug-watchos/StadiaMaps.o normal arm64\ arm64_32 (in target 'StadiaMaps' from project 'StadiaMaps')
    cd /Users/admin/builder/spi-builder-workspace/.dependencies/checkouts/stadiamaps-api-swift
    /Applications/Xcode-27.0.0-Release.Candidate.app/Contents/Developer/Toolchains/XcodeDefault.xctoolchain/usr/bin/lipo -create /Users/admin/builder/spi-builder-workspace/.derivedData/Build/Intermediates.noindex/StadiaMaps.build/Debug-watchos/StadiaMaps-t.build/Objects-normal/arm64/Binary/StadiaMaps.o /Users/admin/builder/spi-builder-workspace/.derivedData/Build/Intermediates.noindex/StadiaMaps.build/Debug-watchos/StadiaMaps-t.build/Objects-normal/arm64_32/Binary/StadiaMaps.o -output /Users/admin/builder/spi-builder-workspace/.derivedData/Build/Products/Debug-watchos/StadiaMaps.o
ExtractAppIntentsMetadata (in target 'StadiaMaps' from project 'StadiaMaps')
    cd /Users/admin/builder/spi-builder-workspace/.dependencies/checkouts/stadiamaps-api-swift
    /Applications/Xcode-27.0.0-Release.Candidate.app/Contents/Developer/Toolchains/XcodeDefault.xctoolchain/usr/bin/appintentsmetadataprocessor --toolchain-dir /var/run/com.apple.security.cryptexd/mnt/com.apple.MobileAsset.MetalToolchain-v27.1.266.1.zvwa7O/Metal.xctoolchain --module-name StadiaMaps --sdk-root /Applications/Xcode-27.0.0-Release.Candidate.app/Contents/Developer/Platforms/WatchOS.platform/Developer/SDKs/WatchOS27.0.sdk --xcode-version 27A266a --platform-family watchOS --deployment-target 9.0 --bundle-identifier stadiamaps-api-swift.StadiaMaps --output /Users/admin/builder/spi-builder-workspace/.derivedData/Build/Products/Debug-watchos/StadiaMaps.appintents --target-triple arm64-apple-watchos9.0 --target-triple arm64_32-apple-watchos9.0 --binary-file /Users/admin/builder/spi-builder-workspace/.derivedData/Build/Products/Debug-watchos/StadiaMaps.o --dependency-file /Users/admin/builder/spi-builder-workspace/.derivedData/Build/Intermediates.noindex/StadiaMaps.build/Debug-watchos/StadiaMaps-t.build/Objects-normal/arm64/StadiaMaps_dependency_info.dat --dependency-file /Users/admin/builder/spi-builder-workspace/.derivedData/Build/Intermediates.noindex/StadiaMaps.build/Debug-watchos/StadiaMaps-t.build/Objects-normal/arm64_32/StadiaMaps_dependency_info.dat --stringsdata-file /Users/admin/builder/spi-builder-workspace/.derivedData/Build/Intermediates.noindex/StadiaMaps.build/Debug-watchos/StadiaMaps-t.build/Objects-normal/arm64/ExtractedAppShortcutsMetadata.stringsdata --stringsdata-file /Users/admin/builder/spi-builder-workspace/.derivedData/Build/Intermediates.noindex/StadiaMaps.build/Debug-watchos/StadiaMaps-t.build/Objects-normal/arm64_32/ExtractedAppShortcutsMetadata.stringsdata --source-file-list /Users/admin/builder/spi-builder-workspace/.derivedData/Build/Intermediates.noindex/StadiaMaps.build/Debug-watchos/StadiaMaps-t.build/Objects-normal/arm64/StadiaMaps.SwiftFileList --source-file-list /Users/admin/builder/spi-builder-workspace/.derivedData/Build/Intermediates.noindex/StadiaMaps.build/Debug-watchos/StadiaMaps-t.build/Objects-normal/arm64_32/StadiaMaps.SwiftFileList --metadata-file-list /Users/admin/builder/spi-builder-workspace/.derivedData/Build/Intermediates.noindex/StadiaMaps.build/Debug-watchos/StadiaMaps-t.build/StadiaMaps.DependencyMetadataFileList --static-metadata-file-list /Users/admin/builder/spi-builder-workspace/.derivedData/Build/Intermediates.noindex/StadiaMaps.build/Debug-watchos/StadiaMaps-t.build/StadiaMaps.DependencyStaticMetadataFileList --swift-const-vals-list /Users/admin/builder/spi-builder-workspace/.derivedData/Build/Intermediates.noindex/StadiaMaps.build/Debug-watchos/StadiaMaps-t.build/Objects-normal/arm64/StadiaMaps.SwiftConstValuesFileList --swift-const-vals-list /Users/admin/builder/spi-builder-workspace/.derivedData/Build/Intermediates.noindex/StadiaMaps.build/Debug-watchos/StadiaMaps-t.build/Objects-normal/arm64_32/StadiaMaps.SwiftConstValuesFileList --force --compile-time-extraction --deployment-aware-processing --no-app-shortcuts-localization
2026-09-22 12:36:20.933 appintentsmetadataprocessor[904:5587] Starting appintentsmetadataprocessor export
2026-09-22 12:36:21.004 appintentsmetadataprocessor[904:5587] Extracted no relevant App Intents symbols, skipping writing output
Ld /Users/admin/builder/spi-builder-workspace/.derivedData/Build/Intermediates.noindex/StadiaMapsAutocompleteSearch.build/Debug-watchos/StadiaMapsAutocompleteSearchAPI-t.build/Objects-normal/arm64/Binary/StadiaMapsAutocompleteSearchAPI.o normal arm64 (in target 'StadiaMapsAutocompleteSearchAPI' from project 'StadiaMapsAutocompleteSearch')
    cd /Users/admin/builder/spi-builder-workspace
    /Applications/Xcode-27.0.0-Release.Candidate.app/Contents/Developer/Toolchains/XcodeDefault.xctoolchain/usr/bin/clang -Xlinker -reproducible -target arm64-apple-watchos9.0 -r -isysroot /Applications/Xcode-27.0.0-Release.Candidate.app/Contents/Developer/Platforms/WatchOS.platform/Developer/SDKs/WatchOS27.0.sdk -O0 -Xlinker -no_warn_duplicate_libraries -F/Users/admin/builder/spi-builder-workspace/.derivedData/Build/Intermediates.noindex/EagerLinkingTBDs/Debug-watchos -F/Users/admin/builder/spi-builder-workspace/.derivedData/Build/Products/Debug-watchos/PackageFrameworks -F/Users/admin/builder/spi-builder-workspace/.derivedData/Build/Products/Debug-watchos -iframework /Applications/Xcode-27.0.0-Release.Candidate.app/Contents/Developer/Platforms/WatchOS.platform/Developer/Library/Frameworks -iframework /Applications/Xcode-27.0.0-Release.Candidate.app/Contents/Developer/Platforms/WatchOS.platform/Developer/SDKs/WatchOS27.0.sdk/Developer/Library/Frameworks -filelist /Users/admin/builder/spi-builder-workspace/.derivedData/Build/Intermediates.noindex/StadiaMapsAutocompleteSearch.build/Debug-watchos/StadiaMapsAutocompleteSearchAPI-t.build/Objects-normal/arm64/StadiaMapsAutocompleteSearchAPI.LinkFileList -nostdlib -Xlinker -object_path_lto -Xlinker /Users/admin/builder/spi-builder-workspace/.derivedData/Build/Intermediates.noindex/StadiaMapsAutocompleteSearch.build/Debug-watchos/StadiaMapsAutocompleteSearchAPI-t.build/Objects-normal/arm64/StadiaMapsAutocompleteSearchAPI_lto.o -Xlinker -no_deduplicate -Xlinker -debug_variant -Xlinker -dependency_info -Xlinker /Users/admin/builder/spi-builder-workspace/.derivedData/Build/Intermediates.noindex/StadiaMapsAutocompleteSearch.build/Debug-watchos/StadiaMapsAutocompleteSearchAPI-t.build/Objects-normal/arm64/StadiaMapsAutocompleteSearchAPI_dependency_info.dat -fobjc-link-runtime -L/Applications/Xcode-27.0.0-Release.Candidate.app/Contents/Developer/Toolchains/XcodeDefault.xctoolchain/usr/lib/swift/watchos -L/usr/lib/swift -Xlinker -add_ast_path -Xlinker /Users/admin/builder/spi-builder-workspace/.derivedData/Build/Intermediates.noindex/StadiaMapsAutocompleteSearch.build/Debug-watchos/StadiaMapsAutocompleteSearchAPI-t.build/Objects-normal/arm64/StadiaMapsAutocompleteSearchAPI.swiftmodule -o /Users/admin/builder/spi-builder-workspace/.derivedData/Build/Intermediates.noindex/StadiaMapsAutocompleteSearch.build/Debug-watchos/StadiaMapsAutocompleteSearchAPI-t.build/Objects-normal/arm64/Binary/StadiaMapsAutocompleteSearchAPI.o
Ld /Users/admin/builder/spi-builder-workspace/.derivedData/Build/Intermediates.noindex/StadiaMapsAutocompleteSearch.build/Debug-watchos/StadiaMapsAutocompleteSearchAPI-t.build/Objects-normal/arm64_32/Binary/StadiaMapsAutocompleteSearchAPI.o normal arm64_32 (in target 'StadiaMapsAutocompleteSearchAPI' from project 'StadiaMapsAutocompleteSearch')
    cd /Users/admin/builder/spi-builder-workspace
    /Applications/Xcode-27.0.0-Release.Candidate.app/Contents/Developer/Toolchains/XcodeDefault.xctoolchain/usr/bin/clang -Xlinker -reproducible -target arm64_32-apple-watchos9.0 -r -isysroot /Applications/Xcode-27.0.0-Release.Candidate.app/Contents/Developer/Platforms/WatchOS.platform/Developer/SDKs/WatchOS27.0.sdk -O0 -Xlinker -no_warn_duplicate_libraries -F/Users/admin/builder/spi-builder-workspace/.derivedData/Build/Intermediates.noindex/EagerLinkingTBDs/Debug-watchos -F/Users/admin/builder/spi-builder-workspace/.derivedData/Build/Products/Debug-watchos/PackageFrameworks -F/Users/admin/builder/spi-builder-workspace/.derivedData/Build/Products/Debug-watchos -iframework /Applications/Xcode-27.0.0-Release.Candidate.app/Contents/Developer/Platforms/WatchOS.platform/Developer/Library/Frameworks -iframework /Applications/Xcode-27.0.0-Release.Candidate.app/Contents/Developer/Platforms/WatchOS.platform/Developer/SDKs/WatchOS27.0.sdk/Developer/Library/Frameworks -filelist /Users/admin/builder/spi-builder-workspace/.derivedData/Build/Intermediates.noindex/StadiaMapsAutocompleteSearch.build/Debug-watchos/StadiaMapsAutocompleteSearchAPI-t.build/Objects-normal/arm64_32/StadiaMapsAutocompleteSearchAPI.LinkFileList -nostdlib -Xlinker -object_path_lto -Xlinker /Users/admin/builder/spi-builder-workspace/.derivedData/Build/Intermediates.noindex/StadiaMapsAutocompleteSearch.build/Debug-watchos/StadiaMapsAutocompleteSearchAPI-t.build/Objects-normal/arm64_32/StadiaMapsAutocompleteSearchAPI_lto.o -Xlinker -no_deduplicate -Xlinker -debug_variant -Xlinker -dependency_info -Xlinker /Users/admin/builder/spi-builder-workspace/.derivedData/Build/Intermediates.noindex/StadiaMapsAutocompleteSearch.build/Debug-watchos/StadiaMapsAutocompleteSearchAPI-t.build/Objects-normal/arm64_32/StadiaMapsAutocompleteSearchAPI_dependency_info.dat -fobjc-link-runtime -L/Applications/Xcode-27.0.0-Release.Candidate.app/Contents/Developer/Toolchains/XcodeDefault.xctoolchain/usr/lib/swift/watchos -L/usr/lib/swift -Xlinker -add_ast_path -Xlinker /Users/admin/builder/spi-builder-workspace/.derivedData/Build/Intermediates.noindex/StadiaMapsAutocompleteSearch.build/Debug-watchos/StadiaMapsAutocompleteSearchAPI-t.build/Objects-normal/arm64_32/StadiaMapsAutocompleteSearchAPI.swiftmodule -o /Users/admin/builder/spi-builder-workspace/.derivedData/Build/Intermediates.noindex/StadiaMapsAutocompleteSearch.build/Debug-watchos/StadiaMapsAutocompleteSearchAPI-t.build/Objects-normal/arm64_32/Binary/StadiaMapsAutocompleteSearchAPI.o
CreateUniversalBinary /Users/admin/builder/spi-builder-workspace/.derivedData/Build/Products/Debug-watchos/StadiaMapsAutocompleteSearchAPI.o normal arm64\ arm64_32 (in target 'StadiaMapsAutocompleteSearchAPI' from project 'StadiaMapsAutocompleteSearch')
    cd /Users/admin/builder/spi-builder-workspace
    /Applications/Xcode-27.0.0-Release.Candidate.app/Contents/Developer/Toolchains/XcodeDefault.xctoolchain/usr/bin/lipo -create /Users/admin/builder/spi-builder-workspace/.derivedData/Build/Intermediates.noindex/StadiaMapsAutocompleteSearch.build/Debug-watchos/StadiaMapsAutocompleteSearchAPI-t.build/Objects-normal/arm64/Binary/StadiaMapsAutocompleteSearchAPI.o /Users/admin/builder/spi-builder-workspace/.derivedData/Build/Intermediates.noindex/StadiaMapsAutocompleteSearch.build/Debug-watchos/StadiaMapsAutocompleteSearchAPI-t.build/Objects-normal/arm64_32/Binary/StadiaMapsAutocompleteSearchAPI.o -output /Users/admin/builder/spi-builder-workspace/.derivedData/Build/Products/Debug-watchos/StadiaMapsAutocompleteSearchAPI.o
ExtractAppIntentsMetadata (in target 'StadiaMapsAutocompleteSearchAPI' from project 'StadiaMapsAutocompleteSearch')
    cd /Users/admin/builder/spi-builder-workspace
    /Applications/Xcode-27.0.0-Release.Candidate.app/Contents/Developer/Toolchains/XcodeDefault.xctoolchain/usr/bin/appintentsmetadataprocessor --toolchain-dir /var/run/com.apple.security.cryptexd/mnt/com.apple.MobileAsset.MetalToolchain-v27.1.266.1.zvwa7O/Metal.xctoolchain --module-name StadiaMapsAutocompleteSearchAPI --sdk-root /Applications/Xcode-27.0.0-Release.Candidate.app/Contents/Developer/Platforms/WatchOS.platform/Developer/SDKs/WatchOS27.0.sdk --xcode-version 27A266a --platform-family watchOS --deployment-target 9.0 --bundle-identifier spi-builder-workspace.StadiaMapsAutocompleteSearchAPI --output /Users/admin/builder/spi-builder-workspace/.derivedData/Build/Products/Debug-watchos/StadiaMapsAutocompleteSearchAPI.appintents --target-triple arm64-apple-watchos9.0 --target-triple arm64_32-apple-watchos9.0 --binary-file /Users/admin/builder/spi-builder-workspace/.derivedData/Build/Products/Debug-watchos/StadiaMapsAutocompleteSearchAPI.o --dependency-file /Users/admin/builder/spi-builder-workspace/.derivedData/Build/Intermediates.noindex/StadiaMapsAutocompleteSearch.build/Debug-watchos/StadiaMapsAutocompleteSearchAPI-t.build/Objects-normal/arm64/StadiaMapsAutocompleteSearchAPI_dependency_info.dat --dependency-file /Users/admin/builder/spi-builder-workspace/.derivedData/Build/Intermediates.noindex/StadiaMapsAutocompleteSearch.build/Debug-watchos/StadiaMapsAutocompleteSearchAPI-t.build/Objects-normal/arm64_32/StadiaMapsAutocompleteSearchAPI_dependency_info.dat --stringsdata-file /Users/admin/builder/spi-builder-workspace/.derivedData/Build/Intermediates.noindex/StadiaMapsAutocompleteSearch.build/Debug-watchos/StadiaMapsAutocompleteSearchAPI-t.build/Objects-normal/arm64/ExtractedAppShortcutsMetadata.stringsdata --stringsdata-file /Users/admin/builder/spi-builder-workspace/.derivedData/Build/Intermediates.noindex/StadiaMapsAutocompleteSearch.build/Debug-watchos/StadiaMapsAutocompleteSearchAPI-t.build/Objects-normal/arm64_32/ExtractedAppShortcutsMetadata.stringsdata --source-file-list /Users/admin/builder/spi-builder-workspace/.derivedData/Build/Intermediates.noindex/StadiaMapsAutocompleteSearch.build/Debug-watchos/StadiaMapsAutocompleteSearchAPI-t.build/Objects-normal/arm64/StadiaMapsAutocompleteSearchAPI.SwiftFileList --source-file-list /Users/admin/builder/spi-builder-workspace/.derivedData/Build/Intermediates.noindex/StadiaMapsAutocompleteSearch.build/Debug-watchos/StadiaMapsAutocompleteSearchAPI-t.build/Objects-normal/arm64_32/StadiaMapsAutocompleteSearchAPI.SwiftFileList --metadata-file-list /Users/admin/builder/spi-builder-workspace/.derivedData/Build/Intermediates.noindex/StadiaMapsAutocompleteSearch.build/Debug-watchos/StadiaMapsAutocompleteSearchAPI-t.build/StadiaMapsAutocompleteSearchAPI.DependencyMetadataFileList --static-metadata-file-list /Users/admin/builder/spi-builder-workspace/.derivedData/Build/Intermediates.noindex/StadiaMapsAutocompleteSearch.build/Debug-watchos/StadiaMapsAutocompleteSearchAPI-t.build/StadiaMapsAutocompleteSearchAPI.DependencyStaticMetadataFileList --swift-const-vals-list /Users/admin/builder/spi-builder-workspace/.derivedData/Build/Intermediates.noindex/StadiaMapsAutocompleteSearch.build/Debug-watchos/StadiaMapsAutocompleteSearchAPI-t.build/Objects-normal/arm64/StadiaMapsAutocompleteSearchAPI.SwiftConstValuesFileList --swift-const-vals-list /Users/admin/builder/spi-builder-workspace/.derivedData/Build/Intermediates.noindex/StadiaMapsAutocompleteSearch.build/Debug-watchos/StadiaMapsAutocompleteSearchAPI-t.build/Objects-normal/arm64_32/StadiaMapsAutocompleteSearchAPI.SwiftConstValuesFileList --force --compile-time-extraction --deployment-aware-processing --no-app-shortcuts-localization
2026-09-22 12:36:21.056 appintentsmetadataprocessor[910:5617] Starting appintentsmetadataprocessor export
2026-09-22 12:36:21.118 appintentsmetadataprocessor[910:5617] Extracted no relevant App Intents symbols, skipping writing output
SwiftExplicitDependencyGeneratePcm arm64 /Users/admin/builder/spi-builder-workspace/.derivedData/SDKExplicitPrecompiledModules/CoreTransferable-9PPG3SLJ55T4LITIFYX2M0NOZ.pcm
SwiftExplicitDependencyGeneratePcm arm64 /Users/admin/builder/spi-builder-workspace/.derivedData/SDKExplicitPrecompiledModules/CoreMotion-6RD5K48QT1F4L9CATNFD2O7YB.pcm
SwiftExplicitDependencyGeneratePcm arm64 /Users/admin/builder/spi-builder-workspace/.derivedData/SDKExplicitPrecompiledModules/CoreGraphics-DWNZ73GEH98SBJXZ7DEXB420K.pcm
SwiftExplicitDependencyGeneratePcm arm64 /Users/admin/builder/spi-builder-workspace/.derivedData/SDKExplicitPrecompiledModules/_Builtin_tgmath-8NQ96OZ0YHXEC24JI95P01UF8.pcm
SwiftExplicitDependencyGeneratePcm arm64 /Users/admin/builder/spi-builder-workspace/.derivedData/SDKExplicitPrecompiledModules/_Builtin_intrinsics-75960HIPCIYA06IUW8FIIPQT.pcm
SwiftExplicitDependencyGeneratePcm arm64_32 /Users/admin/builder/spi-builder-workspace/.derivedData/SDKExplicitPrecompiledModules/CoreGraphics-9FDXYX6BKBUT6TJ2VF819E7T5.pcm
SwiftExplicitDependencyGeneratePcm arm64 /Users/admin/builder/spi-builder-workspace/.derivedData/SDKExplicitPrecompiledModules/UserNotifications-ARAH8MEQ0C2L0FBO39HITJMAO.pcm
SwiftExplicitDependencyGeneratePcm arm64_32 /Users/admin/builder/spi-builder-workspace/.derivedData/SDKExplicitPrecompiledModules/CoreMotion-1XGTVTE5PP32UHME8AC63TL6.pcm
SwiftExplicitDependencyGeneratePcm arm64_32 /Users/admin/builder/spi-builder-workspace/.derivedData/SDKExplicitPrecompiledModules/UserNotifications-6TBN8TEAKO014N1T2QD926XED.pcm
SwiftExplicitDependencyGeneratePcm arm64_32 /Users/admin/builder/spi-builder-workspace/.derivedData/SDKExplicitPrecompiledModules/DataDetection-U9BF7WHFVA6BZGFXXXP272PS.pcm
SwiftExplicitDependencyGeneratePcm arm64_32 /Users/admin/builder/spi-builder-workspace/.derivedData/SDKExplicitPrecompiledModules/Symbols-1H97WMG76HU94F5VGJR19PXFY.pcm
SwiftExplicitDependencyGeneratePcm arm64 /Users/admin/builder/spi-builder-workspace/.derivedData/SDKExplicitPrecompiledModules/OSLog-B7VGO357Y3GJG35TST7DKDSI3.pcm
SwiftExplicitDependencyGeneratePcm arm64 /Users/admin/builder/spi-builder-workspace/.derivedData/SDKExplicitPrecompiledModules/CoreData-9JFJC4UET8BAO5IPV2JU6W9V8.pcm
SwiftExplicitDependencyGeneratePcm arm64 /Users/admin/builder/spi-builder-workspace/.derivedData/SDKExplicitPrecompiledModules/DataDetection-7BNVI1SZW5ISQL5SX4WL2X7I5.pcm
SwiftExplicitDependencyGeneratePcm arm64 /Users/admin/builder/spi-builder-workspace/.derivedData/SDKExplicitPrecompiledModules/Symbols-3EFABTJ9L5PQDJ7RQCYQWEJMM.pcm
SwiftExplicitDependencyGeneratePcm arm64 /Users/admin/builder/spi-builder-workspace/.derivedData/SDKExplicitPrecompiledModules/DeveloperToolsSupport-E7CNISCB36UE8XQ9IOHK9XDX1.pcm
SwiftExplicitDependencyGeneratePcm arm64_32 /Users/admin/builder/spi-builder-workspace/.derivedData/SDKExplicitPrecompiledModules/CoreData-7AU1AFQWUH88EAPDKVMLJPKVD.pcm
SwiftExplicitDependencyGeneratePcm arm64 /Users/admin/builder/spi-builder-workspace/.derivedData/SDKExplicitPrecompiledModules/UIUtilities-IR7RNW23VAUKYI9MLCS9NL9A.pcm
SwiftExplicitDependencyGeneratePcm arm64 /Users/admin/builder/spi-builder-workspace/.derivedData/SDKExplicitPrecompiledModules/CoreText-970YJN6NIYGK1316L35Z0O8QT.pcm
SwiftExplicitDependencyGeneratePcm arm64_32 /Users/admin/builder/spi-builder-workspace/.derivedData/SDKExplicitPrecompiledModules/Accessibility-F385OMZ5GYBUY5O4QAJB4NRII.pcm
SwiftExplicitDependencyGeneratePcm arm64_32 /Users/admin/builder/spi-builder-workspace/.derivedData/SDKExplicitPrecompiledModules/CoreVideo-2P8HI0403J99LBDPKNFJ5D4DL.pcm
SwiftExplicitDependencyGeneratePcm arm64_32 /Users/admin/builder/spi-builder-workspace/.derivedData/SDKExplicitPrecompiledModules/CoreTransferable-5D4IR6X37682FPHJ5CBPTKQV6.pcm
SwiftExplicitDependencyGeneratePcm arm64_32 /Users/admin/builder/spi-builder-workspace/.derivedData/SDKExplicitPrecompiledModules/CoreText-C9X2REPZN2V5BSU4G80FCETDR.pcm
SwiftExplicitDependencyGeneratePcm arm64_32 /Users/admin/builder/spi-builder-workspace/.derivedData/SDKExplicitPrecompiledModules/_Builtin_tgmath-23PGCKURCQILXMK0MYZRYDCOU.pcm
SwiftExplicitDependencyGeneratePcm arm64 /Users/admin/builder/spi-builder-workspace/.derivedData/SDKExplicitPrecompiledModules/CoreVideo-8MRR5MNWUOAW2DBPGUQ8FKK4.pcm
SwiftExplicitDependencyGeneratePcm arm64_32 /Users/admin/builder/spi-builder-workspace/.derivedData/SDKExplicitPrecompiledModules/_Builtin_intrinsics-196IIAKDQVU42DLOZP9OQCV76.pcm
SwiftExplicitDependencyGeneratePcm arm64_32 /Users/admin/builder/spi-builder-workspace/.derivedData/SDKExplicitPrecompiledModules/CoreAudioTypes-9GVB1DHA32M46R4A9NWSI3I2K.pcm
SwiftExplicitDependencyGeneratePcm arm64_32 /Users/admin/builder/spi-builder-workspace/.derivedData/SDKExplicitPrecompiledModules/DeveloperToolsSupport-DZU5G1OCMNWU0AQRULIFHUJ1Z.pcm
SwiftExplicitDependencyGeneratePcm arm64_32 /Users/admin/builder/spi-builder-workspace/.derivedData/SDKExplicitPrecompiledModules/OSLog-D9AVFY0KWO7RVBIQ73CBIJVCN.pcm
SwiftExplicitDependencyGeneratePcm arm64 /Users/admin/builder/spi-builder-workspace/.derivedData/SDKExplicitPrecompiledModules/CoreAudioTypes-A9MF7N5LT63G21HNFVM6BT14B.pcm
SwiftExplicitDependencyGeneratePcm arm64 /Users/admin/builder/spi-builder-workspace/.derivedData/SDKExplicitPrecompiledModules/Accessibility-27QMG6ZQ1NKYTNBYFPM1XKNFC.pcm
SwiftExplicitDependencyGeneratePcm arm64_32 /Users/admin/builder/spi-builder-workspace/.derivedData/SDKExplicitPrecompiledModules/QuartzCore-6375NPYACK5NYVHPMC1QQ8MC2.pcm
SwiftExplicitDependencyGeneratePcm arm64 /Users/admin/builder/spi-builder-workspace/.derivedData/SDKExplicitPrecompiledModules/simd-EH08NODU6574T74ZKU61VP9BW.pcm
SwiftExplicitDependencyGeneratePcm arm64_32 /Users/admin/builder/spi-builder-workspace/.derivedData/SDKExplicitPrecompiledModules/UIUtilities-9YFVNIMRC5HRVOIARNWHP1E3H.pcm
SwiftExplicitDependencyGeneratePcm arm64 /Users/admin/builder/spi-builder-workspace/.derivedData/SDKExplicitPrecompiledModules/QuartzCore-94KFMWNOU7ZLUZNB4T5DLZC9D.pcm
SwiftExplicitDependencyGeneratePcm arm64_32 /Users/admin/builder/spi-builder-workspace/.derivedData/SDKExplicitPrecompiledModules/CoreAudio-5W6MX6OUPWBMUR8VD5LHT1PZF.pcm
SwiftExplicitDependencyGeneratePcm arm64 /Users/admin/builder/spi-builder-workspace/.derivedData/SDKExplicitPrecompiledModules/CoreAudio-1B79RJJTP71GE6UY9WLESAN3C.pcm
SwiftExplicitDependencyGeneratePcm arm64_32 /Users/admin/builder/spi-builder-workspace/.derivedData/SDKExplicitPrecompiledModules/CoreMedia-AO387T8CHWTTZODD1DGT0UAFA.pcm
SwiftExplicitDependencyGeneratePcm arm64_32 /Users/admin/builder/spi-builder-workspace/.derivedData/SDKExplicitPrecompiledModules/UIKit-6PPV7YPZ89CZPHYAP072QH8B6.pcm
SwiftExplicitDependencyGeneratePcm arm64_32 /Users/admin/builder/spi-builder-workspace/.derivedData/SDKExplicitPrecompiledModules/SwiftUICore-3Q7WLRD8MR9R3NGIPUBQCP6F6.pcm
SwiftExplicitDependencyGeneratePcm arm64 /Users/admin/builder/spi-builder-workspace/.derivedData/SDKExplicitPrecompiledModules/CoreMedia-1AJVCUZNAO74KIKMFVFUUHWDI.pcm
SwiftExplicitDependencyGeneratePcm arm64 /Users/admin/builder/spi-builder-workspace/.derivedData/SDKExplicitPrecompiledModules/UIKit-27R3P1YMV4C6JLDT661G3MRIA.pcm
SwiftExplicitDependencyGeneratePcm arm64 /Users/admin/builder/spi-builder-workspace/.derivedData/SDKExplicitPrecompiledModules/SwiftUICore-C1DST1IX2Z0PTH5SJJZ1IULRB.pcm
SwiftExplicitDependencyGeneratePcm arm64_32 /Users/admin/builder/spi-builder-workspace/.derivedData/SDKExplicitPrecompiledModules/simd-21UNWYOBUZI1LVSQ99S1XBLMO.pcm
SwiftExplicitDependencyGeneratePcm arm64 /Users/admin/builder/spi-builder-workspace/.derivedData/SDKExplicitPrecompiledModules/Spatial-44FJGYXFAT2AQAW9Z6T7YS02U.pcm
SwiftExplicitDependencyGeneratePcm arm64 /Users/admin/builder/spi-builder-workspace/.derivedData/SDKExplicitPrecompiledModules/SceneKit-5HZKIL7XETTTD8TOHYPN8JKRJ.pcm
SwiftExplicitDependencyGeneratePcm arm64_32 /Users/admin/builder/spi-builder-workspace/.derivedData/SDKExplicitPrecompiledModules/Spatial-CWVWNML3T0NXVHZDKVLD3X1YZ.pcm
SwiftExplicitDependencyGeneratePcm arm64_32 /Users/admin/builder/spi-builder-workspace/.derivedData/SDKExplicitPrecompiledModules/SceneKit-DKNLHKM5FJBQ79LSNMSSMBUBR.pcm
SwiftExplicitDependencyGeneratePcm arm64_32 /Users/admin/builder/spi-builder-workspace/.derivedData/SDKExplicitPrecompiledModules/MapKit-CWGB4YMP1VX1NYQN5FULFD5DR.pcm
SwiftExplicitDependencyGeneratePcm arm64_32 /Users/admin/builder/spi-builder-workspace/.derivedData/SDKExplicitPrecompiledModules/HomeKit-DUDZOMSN3UK8GNTNBNMPIWJRN.pcm
SwiftExplicitDependencyGeneratePcm arm64 /Users/admin/builder/spi-builder-workspace/.derivedData/SDKExplicitPrecompiledModules/HomeKit-DTS1N4AWILAL1URZ5IOXV5221.pcm
SwiftExplicitDependencyGeneratePcm arm64 /Users/admin/builder/spi-builder-workspace/.derivedData/SDKExplicitPrecompiledModules/MapKit-EJJWC7IL56MPLQMI93GJRE5OG.pcm
SwiftExplicitDependencyGeneratePcm arm64_32 /Users/admin/builder/spi-builder-workspace/.derivedData/SDKExplicitPrecompiledModules/WatchKit-FHF6WTKLC2APGK3LA2XJ6516.pcm
SwiftExplicitDependencyGeneratePcm arm64 /Users/admin/builder/spi-builder-workspace/.derivedData/SDKExplicitPrecompiledModules/WatchKit-3VT3K8YON6FJ6OWSUFJMFMP8J.pcm
SwiftExplicitDependencyGeneratePcm arm64_32 /Users/admin/builder/spi-builder-workspace/.derivedData/SDKExplicitPrecompiledModules/SwiftUI-9AYG9OCT5VOJK7V4MX1WYR86T.pcm
SwiftExplicitDependencyGeneratePcm arm64 /Users/admin/builder/spi-builder-workspace/.derivedData/SDKExplicitPrecompiledModules/SwiftUI-APXDH8ULYLM6FD17YRA73TULO.pcm
SwiftCompile normal arm64_32 Compiling\ Logger.swift /Users/admin/builder/spi-builder-workspace/Sources/StadiaMapsAutocompleteSearch/Logger.swift (in target 'StadiaMapsAutocompleteSearch' from project 'StadiaMapsAutocompleteSearch')
SwiftCompile normal arm64_32 /Users/admin/builder/spi-builder-workspace/Sources/StadiaMapsAutocompleteSearch/Logger.swift (in target 'StadiaMapsAutocompleteSearch' from project 'StadiaMapsAutocompleteSearch')
    cd /Users/admin/builder/spi-builder-workspace/.swiftpm/xcode
    builtin-SwiftPerFileCompile Logger.swift
SwiftCompile normal arm64_32 Compiling\ Extensions.swift /Users/admin/builder/spi-builder-workspace/Sources/StadiaMapsAutocompleteSearch/Extensions.swift (in target 'StadiaMapsAutocompleteSearch' from project 'StadiaMapsAutocompleteSearch')
SwiftCompile normal arm64_32 /Users/admin/builder/spi-builder-workspace/Sources/StadiaMapsAutocompleteSearch/Extensions.swift (in target 'StadiaMapsAutocompleteSearch' from project 'StadiaMapsAutocompleteSearch')
    cd /Users/admin/builder/spi-builder-workspace/.swiftpm/xcode
    builtin-SwiftPerFileCompile Extensions.swift
SwiftEmitModule normal arm64_32 Emitting\ module\ for\ StadiaMapsAutocompleteSearch (in target 'StadiaMapsAutocompleteSearch' from project 'StadiaMapsAutocompleteSearch')
SwiftCompile normal arm64_32 (in target 'StadiaMapsAutocompleteSearch' from project 'StadiaMapsAutocompleteSearch')
    cd /Users/admin/builder/spi-builder-workspace/.swiftpm/xcode

SwiftCompile normal arm64_32 Compiling\ SearchResult.swift /Users/admin/builder/spi-builder-workspace/Sources/StadiaMapsAutocompleteSearch/SearchResult.swift (in target 'StadiaMapsAutocompleteSearch' from project 'StadiaMapsAutocompleteSearch')
SwiftCompile normal arm64_32 /Users/admin/builder/spi-builder-workspace/Sources/StadiaMapsAutocompleteSearch/SearchResult.swift (in target 'StadiaMapsAutocompleteSearch' from project 'StadiaMapsAutocompleteSearch')
    cd /Users/admin/builder/spi-builder-workspace/.swiftpm/xcode
    builtin-SwiftPerFileCompile SearchResult.swift
SwiftCompile normal arm64_32 Compiling\ AutocompleteSearch.swift /Users/admin/builder/spi-builder-workspace/Sources/StadiaMapsAutocompleteSearch/AutocompleteSearch.swift (in target 'StadiaMapsAutocompleteSearch' from project 'StadiaMapsAutocompleteSearch')
/Users/admin/builder/spi-builder-workspace/Sources/StadiaMapsAutocompleteSearch/AutocompleteSearch.swift:54:30: error: 'roundedBorder' is unavailable in watchOS
 52 |             // TODO: Smarter safe area padding
 53 |             .padding(8)
 54 |             .textFieldStyle(.roundedBorder)
    |                              `- error: 'roundedBorder' is unavailable in watchOS
 55 |             .onChange(of: searchText) { query in
 56 |                 Task {
SwiftUI.TextFieldStyle.roundedBorder:2:43: note: 'roundedBorder' has been explicitly marked unavailable here
1 | protocol TextFieldStyle {
2 | @export(implementation) public static var roundedBorder: RoundedBorderTextFieldStyle { get }}
  |                                           `- note: 'roundedBorder' has been explicitly marked unavailable here
3 |
Failed frontend command:
/Applications/Xcode-27.0.0-Release.Candidate.app/Contents/Developer/Toolchains/XcodeDefault.xctoolchain/usr/bin/swift-frontend -frontend -c -primary-file /Users/admin/builder/spi-builder-workspace/Sources/StadiaMapsAutocompleteSearch/AutocompleteSearch.swift /Users/admin/builder/spi-builder-workspace/Sources/StadiaMapsAutocompleteSearch/Extensions.swift /Users/admin/builder/spi-builder-workspace/Sources/StadiaMapsAutocompleteSearch/Logger.swift /Users/admin/builder/spi-builder-workspace/Sources/StadiaMapsAutocompleteSearch/SearchResult.swift -emit-dependencies-path /Users/admin/builder/spi-builder-workspace/.derivedData/Build/Intermediates.noindex/StadiaMapsAutocompleteSearch.build/Debug-watchos/StadiaMapsAutocompleteSearch-t.build/Objects-normal/arm64_32/AutocompleteSearch.d -emit-const-values-path /Users/admin/builder/spi-builder-workspace/.derivedData/Build/Intermediates.noindex/StadiaMapsAutocompleteSearch.build/Debug-watchos/StadiaMapsAutocompleteSearch-t.build/Objects-normal/arm64_32/AutocompleteSearch.swiftconstvalues -emit-reference-dependencies-path /Users/admin/builder/spi-builder-workspace/.derivedData/Build/Intermediates.noindex/StadiaMapsAutocompleteSearch.build/Debug-watchos/StadiaMapsAutocompleteSearch-t.build/Objects-normal/arm64_32/AutocompleteSearch.swiftdeps -serialize-diagnostics-path /Users/admin/builder/spi-builder-workspace/.derivedData/Build/Intermediates.noindex/StadiaMapsAutocompleteSearch.build/Debug-watchos/StadiaMapsAutocompleteSearch-t.build/Objects-normal/arm64_32/AutocompleteSearch.dia -target arm64_32-apple-watchos9.0 -disable-cross-import-overlay-search -swift-module-cross-import MapKit /Applications/Xcode-27.0.0-Release.Candidate.app/Contents/Developer/Platforms/WatchOS.platform/Developer/SDKs/WatchOS.sdk/System/Library/Frameworks/MapKit.framework/Modules/MapKit.swiftcrossimport/SwiftUI.swiftoverlay -swift-module-cross-import MapKit /Applications/Xcode-27.0.0-Release.Candidate.app/Contents/Developer/Platforms/WatchOS.platform/Developer/SDKs/WatchOS27.0.sdk/System/Library/Frameworks/MapKit.framework/Modules/MapKit.swiftcrossimport/SwiftUI.swiftoverlay -load-resolved-plugin /Applications/Xcode-27.0.0-Release.Candidate.app/Contents/Developer/Platforms/WatchOS.platform/Developer/usr/lib/swift/host/plugins/libFoundationMacros.dylib\#/Applications/Xcode-27.0.0-Release.Candidate.app/Contents/Developer/Platforms/WatchOS.platform/Developer/usr/bin/swift-plugin-server\#FoundationMacros -load-resolved-plugin /Applications/Xcode-27.0.0-Release.Candidate.app/Contents/Developer/Platforms/WatchOS.platform/Developer/usr/lib/swift/host/plugins/libObservationMacros.dylib\#/Applications/Xcode-27.0.0-Release.Candidate.app/Contents/Developer/Platforms/WatchOS.platform/Developer/usr/bin/swift-plugin-server\#ObservationMacros -load-resolved-plugin /Applications/Xcode-27.0.0-Release.Candidate.app/Contents/Developer/Platforms/WatchOS.platform/Developer/usr/lib/swift/host/plugins/libPreviewsMacros.dylib\#/Applications/Xcode-27.0.0-Release.Candidate.app/Contents/Developer/Platforms/WatchOS.platform/Developer/usr/bin/swift-plugin-server\#PreviewsMacros -load-resolved-plugin /Applications/Xcode-27.0.0-Release.Candidate.app/Contents/Developer/Platforms/WatchOS.platform/Developer/usr/lib/swift/host/plugins/libSwiftMacros.dylib\#/Applications/Xcode-27.0.0-Release.Candidate.app/Contents/Developer/Platforms/WatchOS.platform/Developer/usr/bin/swift-plugin-server\#SwiftMacros -load-resolved-plugin /Applications/Xcode-27.0.0-Release.Candidate.app/Contents/Developer/Platforms/WatchOS.platform/Developer/usr/lib/swift/host/plugins/libSwiftUIMacros.dylib\#/Applications/Xcode-27.0.0-Release.Candidate.app/Contents/Developer/Platforms/WatchOS.platform/Developer/usr/bin/swift-plugin-server\#SwiftUIMacros -disable-implicit-swift-modules -Xcc -fno-implicit-modules -Xcc -fno-implicit-module-maps -explicit-swift-module-map-file /Users/admin/builder/spi-builder-workspace/.derivedData/Build/Intermediates.noindex/StadiaMapsAutocompleteSearch.build/Debug-watchos/StadiaMapsAutocompleteSearch-t.build/Objects-normal/arm64_32/StadiaMapsAutocompleteSearch-dependencies-1.json -enable-objc-interop -sdk /Applications/Xcode-27.0.0-Release.Candidate.app/Contents/Developer/Platforms/WatchOS.platform/Developer/SDKs/WatchOS27.0.sdk -I /Users/admin/builder/spi-builder-workspace/.derivedData/Build/Products/Debug-watchos -Isystem /Applications/Xcode-27.0.0-Release.Candidate.app/Contents/Developer/Platforms/WatchOS.platform/Developer/usr/lib -F /Users/admin/builder/spi-builder-workspace/.derivedData/Build/Products/Debug-watchos/PackageFrameworks -F /Users/admin/builder/spi-builder-workspace/.derivedData/Build/Products/Debug-watchos -F /Applications/Xcode-27.0.0-Release.Candidate.app/Contents/Developer/Platforms/WatchOS.platform/Developer/Library/Frameworks -F /Applications/Xcode-27.0.0-Release.Candidate.app/Contents/Developer/Platforms/WatchOS.platform/Developer/SDKs/WatchOS27.0.sdk/Developer/Library/Frameworks -module-cache-path /Users/admin/builder/spi-builder-workspace/.derivedData/Build/Intermediates.noindex/SwiftExplicitPrecompiledModules -no-color-diagnostics -Xcc -fno-color-diagnostics -enable-testing -g -debug-info-format\=dwarf -dwarf-version\=4 -profile-generate -profile-coverage-mapping -swift-version 5 -Onone -D SWIFT_PACKAGE -D DEBUG -D SWIFT_MODULE_RESOURCE_BUNDLE_UNAVAILABLE -D Xcode -serialize-debugging-options -enable-experimental-feature DebugDescriptionMacro -empty-abi-descriptor -validate-clang-modules-once -clang-build-session-file /Users/admin/builder/spi-builder-workspace/.derivedData/ModuleCache.noindex/Session.modulevalidation -Xcc -working-directory -Xcc /Users/admin/builder/spi-builder-workspace/.swiftpm/xcode -enable-anonymous-context-mangled-names -file-compilation-dir /Users/admin/builder/spi-builder-workspace/.swiftpm/xcode -Xcc -D_LIBCPP_HARDENING_MODE\=_LIBCPP_HARDENING_MODE_DEBUG -Xcc -ivfsstatcache -Xcc /Users/admin/builder/spi-builder-workspace/.derivedData/SDKStatCaches.noindex/watchos27.0-24R360-e829b21a6f8c9b70876ba0858053c04477534ef55a1706bf4c1112bbb242f0a2.sdkstatcache -Xcc -fmodules-prune-interval\=86400 -Xcc -fmodules-prune-after\=345600 -Xcc -I/Users/admin/builder/spi-builder-workspace/.derivedData/Build/Products/Debug-watchos/include -Xcc -I/Users/admin/builder/spi-builder-workspace/.derivedData/Build/Intermediates.noindex/StadiaMapsAutocompleteSearch.build/Debug-watchos/StadiaMapsAutocompleteSearch-t.build/DerivedSources-normal/arm64_32 -Xcc -I/Users/admin/builder/spi-builder-workspace/.derivedData/Build/Intermediates.noindex/StadiaMapsAutocompleteSearch.build/Debug-watchos/StadiaMapsAutocompleteSearch-t.build/DerivedSources/arm64_32 -Xcc -I/Users/admin/builder/spi-builder-workspace/.derivedData/Build/Intermediates.noindex/StadiaMapsAutocompleteSearch.build/Debug-watchos/StadiaMapsAutocompleteSearch-t.build/DerivedSources -Xcc -DSWIFT_PACKAGE -Xcc -DDEBUG\=1 -no-auto-bridging-header-chaining -module-name StadiaMapsAutocompleteSearch -package-name spi_builder_workspace -const-gather-protocols-file /Users/admin/builder/spi-builder-workspace/.derivedData/Build/Intermediates.noindex/StadiaMapsAutocompleteSearch.build/Debug-watchos/StadiaMapsAutocompleteSearch-t.build/Objects-normal/arm64_32/StadiaMapsAutocompleteSearch_const_extract_protocols.json -disable-clang-spi -clang-target arm64_32-apple-watchos27.0 -target-sdk-version 27.0 -target-sdk-name watchos27.0 -in-process-plugin-server-path /Applications/Xcode-27.0.0-Release.Candidate.app/Contents/Developer/Toolchains/XcodeDefault.xctoolchain/usr/lib/swift/host/libSwiftInProcPluginServer.dylib -parse-as-library -o /Users/admin/builder/spi-builder-workspace/.derivedData/Build/Intermediates.noindex/StadiaMapsAutocompleteSearch.build/Debug-watchos/StadiaMapsAutocompleteSearch-t.build/Objects-normal/arm64_32/AutocompleteSearch.o -debug-module-path /Users/admin/builder/spi-builder-workspace/.derivedData/Build/Intermediates.noindex/StadiaMapsAutocompleteSearch.build/Debug-watchos/StadiaMapsAutocompleteSearch-t.build/Objects-normal/arm64_32/StadiaMapsAutocompleteSearch.swiftmodule -index-unit-output-path /StadiaMapsAutocompleteSearch.build/Debug-watchos/StadiaMapsAutocompleteSearch-t.build/Objects-normal/arm64_32/AutocompleteSearch.o -index-store-path /Users/admin/builder/spi-builder-workspace/.derivedData/Index.noindex/DataStore -index-system-modules
SwiftCompile normal arm64_32 /Users/admin/builder/spi-builder-workspace/Sources/StadiaMapsAutocompleteSearch/AutocompleteSearch.swift (in target 'StadiaMapsAutocompleteSearch' from project 'StadiaMapsAutocompleteSearch')
    cd /Users/admin/builder/spi-builder-workspace/.swiftpm/xcode
    builtin-SwiftPerFileCompile AutocompleteSearch.swift
SwiftCompile normal arm64 Compiling\ SearchResult.swift /Users/admin/builder/spi-builder-workspace/Sources/StadiaMapsAutocompleteSearch/SearchResult.swift (in target 'StadiaMapsAutocompleteSearch' from project 'StadiaMapsAutocompleteSearch')
SwiftCompile normal arm64 /Users/admin/builder/spi-builder-workspace/Sources/StadiaMapsAutocompleteSearch/SearchResult.swift (in target 'StadiaMapsAutocompleteSearch' from project 'StadiaMapsAutocompleteSearch')
    cd /Users/admin/builder/spi-builder-workspace/.swiftpm/xcode
    builtin-SwiftPerFileCompile SearchResult.swift
SwiftEmitModule normal arm64 Emitting\ module\ for\ StadiaMapsAutocompleteSearch (in target 'StadiaMapsAutocompleteSearch' from project 'StadiaMapsAutocompleteSearch')
SwiftCompile normal arm64 (in target 'StadiaMapsAutocompleteSearch' from project 'StadiaMapsAutocompleteSearch')
    cd /Users/admin/builder/spi-builder-workspace/.swiftpm/xcode

SwiftCompile normal arm64 Compiling\ Extensions.swift /Users/admin/builder/spi-builder-workspace/Sources/StadiaMapsAutocompleteSearch/Extensions.swift (in target 'StadiaMapsAutocompleteSearch' from project 'StadiaMapsAutocompleteSearch')
SwiftCompile normal arm64 /Users/admin/builder/spi-builder-workspace/Sources/StadiaMapsAutocompleteSearch/Extensions.swift (in target 'StadiaMapsAutocompleteSearch' from project 'StadiaMapsAutocompleteSearch')
    cd /Users/admin/builder/spi-builder-workspace/.swiftpm/xcode
    builtin-SwiftPerFileCompile Extensions.swift
SwiftCompile normal arm64 Compiling\ AutocompleteSearch.swift /Users/admin/builder/spi-builder-workspace/Sources/StadiaMapsAutocompleteSearch/AutocompleteSearch.swift (in target 'StadiaMapsAutocompleteSearch' from project 'StadiaMapsAutocompleteSearch')
/Users/admin/builder/spi-builder-workspace/Sources/StadiaMapsAutocompleteSearch/AutocompleteSearch.swift:54:30: error: 'roundedBorder' is unavailable in watchOS
 52 |             // TODO: Smarter safe area padding
 53 |             .padding(8)
 54 |             .textFieldStyle(.roundedBorder)
    |                              `- error: 'roundedBorder' is unavailable in watchOS
 55 |             .onChange(of: searchText) { query in
 56 |                 Task {
SwiftUI.TextFieldStyle.roundedBorder:2:43: note: 'roundedBorder' has been explicitly marked unavailable here
1 | protocol TextFieldStyle {
2 | @export(implementation) public static var roundedBorder: RoundedBorderTextFieldStyle { get }}
  |                                           `- note: 'roundedBorder' has been explicitly marked unavailable here
3 |
Failed frontend command:
/Applications/Xcode-27.0.0-Release.Candidate.app/Contents/Developer/Toolchains/XcodeDefault.xctoolchain/usr/bin/swift-frontend -frontend -c -primary-file /Users/admin/builder/spi-builder-workspace/Sources/StadiaMapsAutocompleteSearch/AutocompleteSearch.swift /Users/admin/builder/spi-builder-workspace/Sources/StadiaMapsAutocompleteSearch/Extensions.swift /Users/admin/builder/spi-builder-workspace/Sources/StadiaMapsAutocompleteSearch/Logger.swift /Users/admin/builder/spi-builder-workspace/Sources/StadiaMapsAutocompleteSearch/SearchResult.swift -emit-dependencies-path /Users/admin/builder/spi-builder-workspace/.derivedData/Build/Intermediates.noindex/StadiaMapsAutocompleteSearch.build/Debug-watchos/StadiaMapsAutocompleteSearch-t.build/Objects-normal/arm64/AutocompleteSearch.d -emit-const-values-path /Users/admin/builder/spi-builder-workspace/.derivedData/Build/Intermediates.noindex/StadiaMapsAutocompleteSearch.build/Debug-watchos/StadiaMapsAutocompleteSearch-t.build/Objects-normal/arm64/AutocompleteSearch.swiftconstvalues -emit-reference-dependencies-path /Users/admin/builder/spi-builder-workspace/.derivedData/Build/Intermediates.noindex/StadiaMapsAutocompleteSearch.build/Debug-watchos/StadiaMapsAutocompleteSearch-t.build/Objects-normal/arm64/AutocompleteSearch.swiftdeps -serialize-diagnostics-path /Users/admin/builder/spi-builder-workspace/.derivedData/Build/Intermediates.noindex/StadiaMapsAutocompleteSearch.build/Debug-watchos/StadiaMapsAutocompleteSearch-t.build/Objects-normal/arm64/AutocompleteSearch.dia -target arm64-apple-watchos9.0 -disable-cross-import-overlay-search -swift-module-cross-import MapKit /Applications/Xcode-27.0.0-Release.Candidate.app/Contents/Developer/Platforms/WatchOS.platform/Developer/SDKs/WatchOS.sdk/System/Library/Frameworks/MapKit.framework/Modules/MapKit.swiftcrossimport/SwiftUI.swiftoverlay -swift-module-cross-import MapKit /Applications/Xcode-27.0.0-Release.Candidate.app/Contents/Developer/Platforms/WatchOS.platform/Developer/SDKs/WatchOS27.0.sdk/System/Library/Frameworks/MapKit.framework/Modules/MapKit.swiftcrossimport/SwiftUI.swiftoverlay -load-resolved-plugin /Applications/Xcode-27.0.0-Release.Candidate.app/Contents/Developer/Platforms/WatchOS.platform/Developer/usr/lib/swift/host/plugins/libFoundationMacros.dylib\#/Applications/Xcode-27.0.0-Release.Candidate.app/Contents/Developer/Platforms/WatchOS.platform/Developer/usr/bin/swift-plugin-server\#FoundationMacros -load-resolved-plugin /Applications/Xcode-27.0.0-Release.Candidate.app/Contents/Developer/Platforms/WatchOS.platform/Developer/usr/lib/swift/host/plugins/libObservationMacros.dylib\#/Applications/Xcode-27.0.0-Release.Candidate.app/Contents/Developer/Platforms/WatchOS.platform/Developer/usr/bin/swift-plugin-server\#ObservationMacros -load-resolved-plugin /Applications/Xcode-27.0.0-Release.Candidate.app/Contents/Developer/Platforms/WatchOS.platform/Developer/usr/lib/swift/host/plugins/libPreviewsMacros.dylib\#/Applications/Xcode-27.0.0-Release.Candidate.app/Contents/Developer/Platforms/WatchOS.platform/Developer/usr/bin/swift-plugin-server\#PreviewsMacros -load-resolved-plugin /Applications/Xcode-27.0.0-Release.Candidate.app/Contents/Developer/Platforms/WatchOS.platform/Developer/usr/lib/swift/host/plugins/libSwiftMacros.dylib\#/Applications/Xcode-27.0.0-Release.Candidate.app/Contents/Developer/Platforms/WatchOS.platform/Developer/usr/bin/swift-plugin-server\#SwiftMacros -load-resolved-plugin /Applications/Xcode-27.0.0-Release.Candidate.app/Contents/Developer/Platforms/WatchOS.platform/Developer/usr/lib/swift/host/plugins/libSwiftUIMacros.dylib\#/Applications/Xcode-27.0.0-Release.Candidate.app/Contents/Developer/Platforms/WatchOS.platform/Developer/usr/bin/swift-plugin-server\#SwiftUIMacros -disable-implicit-swift-modules -Xcc -fno-implicit-modules -Xcc -fno-implicit-module-maps -explicit-swift-module-map-file /Users/admin/builder/spi-builder-workspace/.derivedData/Build/Intermediates.noindex/StadiaMapsAutocompleteSearch.build/Debug-watchos/StadiaMapsAutocompleteSearch-t.build/Objects-normal/arm64/StadiaMapsAutocompleteSearch-dependencies-2.json -Xllvm -aarch64-use-tbi -enable-objc-interop -stack-check -sdk /Applications/Xcode-27.0.0-Release.Candidate.app/Contents/Developer/Platforms/WatchOS.platform/Developer/SDKs/WatchOS27.0.sdk -I /Users/admin/builder/spi-builder-workspace/.derivedData/Build/Products/Debug-watchos -Isystem /Applications/Xcode-27.0.0-Release.Candidate.app/Contents/Developer/Platforms/WatchOS.platform/Developer/usr/lib -F /Users/admin/builder/spi-builder-workspace/.derivedData/Build/Products/Debug-watchos/PackageFrameworks -F /Users/admin/builder/spi-builder-workspace/.derivedData/Build/Products/Debug-watchos -F /Applications/Xcode-27.0.0-Release.Candidate.app/Contents/Developer/Platforms/WatchOS.platform/Developer/Library/Frameworks -F /Applications/Xcode-27.0.0-Release.Candidate.app/Contents/Developer/Platforms/WatchOS.platform/Developer/SDKs/WatchOS27.0.sdk/Developer/Library/Frameworks -module-cache-path /Users/admin/builder/spi-builder-workspace/.derivedData/Build/Intermediates.noindex/SwiftExplicitPrecompiledModules -no-color-diagnostics -Xcc -fno-color-diagnostics -enable-testing -g -debug-info-format\=dwarf -dwarf-version\=4 -profile-generate -profile-coverage-mapping -swift-version 5 -Onone -D SWIFT_PACKAGE -D DEBUG -D SWIFT_MODULE_RESOURCE_BUNDLE_UNAVAILABLE -D Xcode -serialize-debugging-options -enable-experimental-feature DebugDescriptionMacro -empty-abi-descriptor -validate-clang-modules-once -clang-build-session-file /Users/admin/builder/spi-builder-workspace/.derivedData/ModuleCache.noindex/Session.modulevalidation -Xcc -working-directory -Xcc /Users/admin/builder/spi-builder-workspace/.swiftpm/xcode -enable-anonymous-context-mangled-names -file-compilation-dir /Users/admin/builder/spi-builder-workspace/.swiftpm/xcode -Xcc -D_LIBCPP_HARDENING_MODE\=_LIBCPP_HARDENING_MODE_DEBUG -Xcc -ivfsstatcache -Xcc /Users/admin/builder/spi-builder-workspace/.derivedData/SDKStatCaches.noindex/watchos27.0-24R360-e829b21a6f8c9b70876ba0858053c04477534ef55a1706bf4c1112bbb242f0a2.sdkstatcache -Xcc -fmodules-prune-interval\=86400 -Xcc -fmodules-prune-after\=345600 -Xcc -I/Users/admin/builder/spi-builder-workspace/.derivedData/Build/Products/Debug-watchos/include -Xcc -I/Users/admin/builder/spi-builder-workspace/.derivedData/Build/Intermediates.noindex/StadiaMapsAutocompleteSearch.build/Debug-watchos/StadiaMapsAutocompleteSearch-t.build/DerivedSources-normal/arm64 -Xcc -I/Users/admin/builder/spi-builder-workspace/.derivedData/Build/Intermediates.noindex/StadiaMapsAutocompleteSearch.build/Debug-watchos/StadiaMapsAutocompleteSearch-t.build/DerivedSources/arm64 -Xcc -I/Users/admin/builder/spi-builder-workspace/.derivedData/Build/Intermediates.noindex/StadiaMapsAutocompleteSearch.build/Debug-watchos/StadiaMapsAutocompleteSearch-t.build/DerivedSources -Xcc -DSWIFT_PACKAGE -Xcc -DDEBUG\=1 -no-auto-bridging-header-chaining -module-name StadiaMapsAutocompleteSearch -package-name spi_builder_workspace -const-gather-protocols-file /Users/admin/builder/spi-builder-workspace/.derivedData/Build/Intermediates.noindex/StadiaMapsAutocompleteSearch.build/Debug-watchos/StadiaMapsAutocompleteSearch-t.build/Objects-normal/arm64/StadiaMapsAutocompleteSearch_const_extract_protocols.json -disable-clang-spi -clang-target arm64-apple-watchos27.0 -target-sdk-version 27.0 -target-sdk-name watchos27.0 -in-process-plugin-server-path /Applications/Xcode-27.0.0-Release.Candidate.app/Contents/Developer/Toolchains/XcodeDefault.xctoolchain/usr/lib/swift/host/libSwiftInProcPluginServer.dylib -parse-as-library -o /Users/admin/builder/spi-builder-workspace/.derivedData/Build/Intermediates.noindex/StadiaMapsAutocompleteSearch.build/Debug-watchos/StadiaMapsAutocompleteSearch-t.build/Objects-normal/arm64/AutocompleteSearch.o -debug-module-path /Users/admin/builder/spi-builder-workspace/.derivedData/Build/Intermediates.noindex/StadiaMapsAutocompleteSearch.build/Debug-watchos/StadiaMapsAutocompleteSearch-t.build/Objects-normal/arm64/StadiaMapsAutocompleteSearch.swiftmodule -index-unit-output-path /StadiaMapsAutocompleteSearch.build/Debug-watchos/StadiaMapsAutocompleteSearch-t.build/Objects-normal/arm64/AutocompleteSearch.o -index-store-path /Users/admin/builder/spi-builder-workspace/.derivedData/Index.noindex/DataStore -index-system-modules
SwiftCompile normal arm64 /Users/admin/builder/spi-builder-workspace/Sources/StadiaMapsAutocompleteSearch/AutocompleteSearch.swift (in target 'StadiaMapsAutocompleteSearch' from project 'StadiaMapsAutocompleteSearch')
    cd /Users/admin/builder/spi-builder-workspace/.swiftpm/xcode
    builtin-SwiftPerFileCompile AutocompleteSearch.swift
SwiftCompile normal arm64 Compiling\ Logger.swift /Users/admin/builder/spi-builder-workspace/Sources/StadiaMapsAutocompleteSearch/Logger.swift (in target 'StadiaMapsAutocompleteSearch' from project 'StadiaMapsAutocompleteSearch')
SwiftCompile normal arm64 /Users/admin/builder/spi-builder-workspace/Sources/StadiaMapsAutocompleteSearch/Logger.swift (in target 'StadiaMapsAutocompleteSearch' from project 'StadiaMapsAutocompleteSearch')
    cd /Users/admin/builder/spi-builder-workspace/.swiftpm/xcode
    builtin-SwiftPerFileCompile Logger.swift
SwiftDriverJobDiscovery normal arm64_32 Compiling Logger.swift (in target 'StadiaMapsAutocompleteSearch' from project 'StadiaMapsAutocompleteSearch')
SwiftDriverJobDiscovery normal arm64 Compiling Logger.swift (in target 'StadiaMapsAutocompleteSearch' from project 'StadiaMapsAutocompleteSearch')
SwiftDriverJobDiscovery normal arm64_32 Emitting module for StadiaMapsAutocompleteSearch (in target 'StadiaMapsAutocompleteSearch' from project 'StadiaMapsAutocompleteSearch')
SwiftDriver\ Compilation\ Requirements StadiaMapsAutocompleteSearch normal arm64_32 com.apple.xcode.tools.swift.compiler (in target 'StadiaMapsAutocompleteSearch' from project 'StadiaMapsAutocompleteSearch')
    cd /Users/admin/builder/spi-builder-workspace/.swiftpm/xcode
    builtin-Swift-Compilation-Requirements -- /Applications/Xcode-27.0.0-Release.Candidate.app/Contents/Developer/Toolchains/XcodeDefault.xctoolchain/usr/bin/swiftc -parse-as-library -module-name StadiaMapsAutocompleteSearch -Onone @/Users/admin/builder/spi-builder-workspace/.derivedData/Build/Intermediates.noindex/StadiaMapsAutocompleteSearch.build/Debug-watchos/StadiaMapsAutocompleteSearch-t.build/Objects-normal/arm64_32/StadiaMapsAutocompleteSearch.SwiftFileList -DSWIFT_PACKAGE -DDEBUG -DSWIFT_MODULE_RESOURCE_BUNDLE_UNAVAILABLE -DXcode -plugin-path /Applications/Xcode-27.0.0-Release.Candidate.app/Contents/Developer/Toolchains/XcodeDefault.xctoolchain/usr/lib/swift/host/plugins/testing -enable-experimental-feature DebugDescriptionMacro -sdk /Applications/Xcode-27.0.0-Release.Candidate.app/Contents/Developer/Platforms/WatchOS.platform/Developer/SDKs/WatchOS27.0.sdk -target arm64_32-apple-watchos9.0 -g -module-cache-path /Users/admin/builder/spi-builder-workspace/.derivedData/ModuleCache.noindex -Xfrontend -serialize-debugging-options -profile-coverage-mapping -profile-generate -enable-testing -index-store-path /Users/admin/builder/spi-builder-workspace/.derivedData/Index.noindex/DataStore -Xcc -D_LIBCPP_HARDENING_MODE\=_LIBCPP_HARDENING_MODE_DEBUG -swift-version 5 -I /Users/admin/builder/spi-builder-workspace/.derivedData/Build/Products/Debug-watchos -Isystem /Applications/Xcode-27.0.0-Release.Candidate.app/Contents/Developer/Platforms/WatchOS.platform/Developer/usr/lib -F /Users/admin/builder/spi-builder-workspace/.derivedData/Build/Products/Debug-watchos/PackageFrameworks -F /Users/admin/builder/spi-builder-workspace/.derivedData/Build/Products/Debug-watchos -F /Applications/Xcode-27.0.0-Release.Candidate.app/Contents/Developer/Platforms/WatchOS.platform/Developer/Library/Frameworks -F /Applications/Xcode-27.0.0-Release.Candidate.app/Contents/Developer/Platforms/WatchOS.platform/Developer/SDKs/WatchOS27.0.sdk/Developer/Library/Frameworks -c -j10 -enable-batch-mode -incremental -Xcc -ivfsstatcache -Xcc /Users/admin/builder/spi-builder-workspace/.derivedData/SDKStatCaches.noindex/watchos27.0-24R360-e829b21a6f8c9b70876ba0858053c04477534ef55a1706bf4c1112bbb242f0a2.sdkstatcache -output-file-map /Users/admin/builder/spi-builder-workspace/.derivedData/Build/Intermediates.noindex/StadiaMapsAutocompleteSearch.build/Debug-watchos/StadiaMapsAutocompleteSearch-t.build/Objects-normal/arm64_32/StadiaMapsAutocompleteSearch-OutputFileMap.json -save-temps -no-color-diagnostics -explicit-module-build -module-cache-path /Users/admin/builder/spi-builder-workspace/.derivedData/Build/Intermediates.noindex/SwiftExplicitPrecompiledModules -clang-scanner-module-cache-path /Users/admin/builder/spi-builder-workspace/.derivedData/ModuleCache.noindex -sdk-module-cache-path /Users/admin/builder/spi-builder-workspace/.derivedData/SDKExplicitPrecompiledModules -emit-dependencies -emit-module -emit-module-path /Users/admin/builder/spi-builder-workspace/.derivedData/Build/Intermediates.noindex/StadiaMapsAutocompleteSearch.build/Debug-watchos/StadiaMapsAutocompleteSearch-t.build/Objects-normal/arm64_32/StadiaMapsAutocompleteSearch.swiftmodule -serialize-diagnostics -dependency-scan-serialize-diagnostics-path /Users/admin/builder/spi-builder-workspace/.derivedData/Build/Intermediates.noindex/StadiaMapsAutocompleteSearch.build/Debug-watchos/StadiaMapsAutocompleteSearch-t.build/Objects-normal/arm64_32/StadiaMapsAutocompleteSearch-dependency-scan.dia -validate-clang-modules-once -clang-build-session-file /Users/admin/builder/spi-builder-workspace/.derivedData/ModuleCache.noindex/Session.modulevalidation -Xcc -fmodules-prune-interval\=86400 -Xcc -fmodules-prune-after\=345600 -package-name spi_builder_workspace -emit-const-values -const-gather-protocols-list /Users/admin/builder/spi-builder-workspace/.derivedData/Build/Intermediates.noindex/StadiaMapsAutocompleteSearch.build/Debug-watchos/StadiaMapsAutocompleteSearch-t.build/Objects-normal/arm64_32/StadiaMapsAutocompleteSearch_const_extract_protocols.json -Xcc -I/Users/admin/builder/spi-builder-workspace/.derivedData/Build/Products/Debug-watchos/include -Xcc -I/Users/admin/builder/spi-builder-workspace/.derivedData/Build/Intermediates.noindex/StadiaMapsAutocompleteSearch.build/Debug-watchos/StadiaMapsAutocompleteSearch-t.build/DerivedSources-normal/arm64_32 -Xcc -I/Users/admin/builder/spi-builder-workspace/.derivedData/Build/Intermediates.noindex/StadiaMapsAutocompleteSearch.build/Debug-watchos/StadiaMapsAutocompleteSearch-t.build/DerivedSources/arm64_32 -Xcc -I/Users/admin/builder/spi-builder-workspace/.derivedData/Build/Intermediates.noindex/StadiaMapsAutocompleteSearch.build/Debug-watchos/StadiaMapsAutocompleteSearch-t.build/DerivedSources -Xcc -DSWIFT_PACKAGE -Xcc -DDEBUG\=1 -emit-objc-header -emit-objc-header-path /Users/admin/builder/spi-builder-workspace/.derivedData/Build/Intermediates.noindex/StadiaMapsAutocompleteSearch.build/Debug-watchos/StadiaMapsAutocompleteSearch-t.build/Objects-normal/arm64_32/StadiaMapsAutocompleteSearch-Swift.h -working-directory /Users/admin/builder/spi-builder-workspace/.swiftpm/xcode -experimental-emit-module-separately -disable-cmo
SwiftDriverJobDiscovery normal arm64 Emitting module for StadiaMapsAutocompleteSearch (in target 'StadiaMapsAutocompleteSearch' from project 'StadiaMapsAutocompleteSearch')
SwiftDriver\ Compilation\ Requirements StadiaMapsAutocompleteSearch normal arm64 com.apple.xcode.tools.swift.compiler (in target 'StadiaMapsAutocompleteSearch' from project 'StadiaMapsAutocompleteSearch')
    cd /Users/admin/builder/spi-builder-workspace/.swiftpm/xcode
    builtin-Swift-Compilation-Requirements -- /Applications/Xcode-27.0.0-Release.Candidate.app/Contents/Developer/Toolchains/XcodeDefault.xctoolchain/usr/bin/swiftc -parse-as-library -module-name StadiaMapsAutocompleteSearch -Onone @/Users/admin/builder/spi-builder-workspace/.derivedData/Build/Intermediates.noindex/StadiaMapsAutocompleteSearch.build/Debug-watchos/StadiaMapsAutocompleteSearch-t.build/Objects-normal/arm64/StadiaMapsAutocompleteSearch.SwiftFileList -DSWIFT_PACKAGE -DDEBUG -DSWIFT_MODULE_RESOURCE_BUNDLE_UNAVAILABLE -DXcode -plugin-path /Applications/Xcode-27.0.0-Release.Candidate.app/Contents/Developer/Toolchains/XcodeDefault.xctoolchain/usr/lib/swift/host/plugins/testing -enable-experimental-feature DebugDescriptionMacro -sdk /Applications/Xcode-27.0.0-Release.Candidate.app/Contents/Developer/Platforms/WatchOS.platform/Developer/SDKs/WatchOS27.0.sdk -target arm64-apple-watchos9.0 -g -module-cache-path /Users/admin/builder/spi-builder-workspace/.derivedData/ModuleCache.noindex -Xfrontend -serialize-debugging-options -profile-coverage-mapping -profile-generate -enable-testing -index-store-path /Users/admin/builder/spi-builder-workspace/.derivedData/Index.noindex/DataStore -Xcc -D_LIBCPP_HARDENING_MODE\=_LIBCPP_HARDENING_MODE_DEBUG -swift-version 5 -I /Users/admin/builder/spi-builder-workspace/.derivedData/Build/Products/Debug-watchos -Isystem /Applications/Xcode-27.0.0-Release.Candidate.app/Contents/Developer/Platforms/WatchOS.platform/Developer/usr/lib -F /Users/admin/builder/spi-builder-workspace/.derivedData/Build/Products/Debug-watchos/PackageFrameworks -F /Users/admin/builder/spi-builder-workspace/.derivedData/Build/Products/Debug-watchos -F /Applications/Xcode-27.0.0-Release.Candidate.app/Contents/Developer/Platforms/WatchOS.platform/Developer/Library/Frameworks -F /Applications/Xcode-27.0.0-Release.Candidate.app/Contents/Developer/Platforms/WatchOS.platform/Developer/SDKs/WatchOS27.0.sdk/Developer/Library/Frameworks -c -j10 -enable-batch-mode -incremental -Xcc -ivfsstatcache -Xcc /Users/admin/builder/spi-builder-workspace/.derivedData/SDKStatCaches.noindex/watchos27.0-24R360-e829b21a6f8c9b70876ba0858053c04477534ef55a1706bf4c1112bbb242f0a2.sdkstatcache -output-file-map /Users/admin/builder/spi-builder-workspace/.derivedData/Build/Intermediates.noindex/StadiaMapsAutocompleteSearch.build/Debug-watchos/StadiaMapsAutocompleteSearch-t.build/Objects-normal/arm64/StadiaMapsAutocompleteSearch-OutputFileMap.json -save-temps -no-color-diagnostics -explicit-module-build -module-cache-path /Users/admin/builder/spi-builder-workspace/.derivedData/Build/Intermediates.noindex/SwiftExplicitPrecompiledModules -clang-scanner-module-cache-path /Users/admin/builder/spi-builder-workspace/.derivedData/ModuleCache.noindex -sdk-module-cache-path /Users/admin/builder/spi-builder-workspace/.derivedData/SDKExplicitPrecompiledModules -emit-dependencies -emit-module -emit-module-path /Users/admin/builder/spi-builder-workspace/.derivedData/Build/Intermediates.noindex/StadiaMapsAutocompleteSearch.build/Debug-watchos/StadiaMapsAutocompleteSearch-t.build/Objects-normal/arm64/StadiaMapsAutocompleteSearch.swiftmodule -serialize-diagnostics -dependency-scan-serialize-diagnostics-path /Users/admin/builder/spi-builder-workspace/.derivedData/Build/Intermediates.noindex/StadiaMapsAutocompleteSearch.build/Debug-watchos/StadiaMapsAutocompleteSearch-t.build/Objects-normal/arm64/StadiaMapsAutocompleteSearch-dependency-scan.dia -validate-clang-modules-once -clang-build-session-file /Users/admin/builder/spi-builder-workspace/.derivedData/ModuleCache.noindex/Session.modulevalidation -Xcc -fmodules-prune-interval\=86400 -Xcc -fmodules-prune-after\=345600 -package-name spi_builder_workspace -emit-const-values -const-gather-protocols-list /Users/admin/builder/spi-builder-workspace/.derivedData/Build/Intermediates.noindex/StadiaMapsAutocompleteSearch.build/Debug-watchos/StadiaMapsAutocompleteSearch-t.build/Objects-normal/arm64/StadiaMapsAutocompleteSearch_const_extract_protocols.json -Xcc -I/Users/admin/builder/spi-builder-workspace/.derivedData/Build/Products/Debug-watchos/include -Xcc -I/Users/admin/builder/spi-builder-workspace/.derivedData/Build/Intermediates.noindex/StadiaMapsAutocompleteSearch.build/Debug-watchos/StadiaMapsAutocompleteSearch-t.build/DerivedSources-normal/arm64 -Xcc -I/Users/admin/builder/spi-builder-workspace/.derivedData/Build/Intermediates.noindex/StadiaMapsAutocompleteSearch.build/Debug-watchos/StadiaMapsAutocompleteSearch-t.build/DerivedSources/arm64 -Xcc -I/Users/admin/builder/spi-builder-workspace/.derivedData/Build/Intermediates.noindex/StadiaMapsAutocompleteSearch.build/Debug-watchos/StadiaMapsAutocompleteSearch-t.build/DerivedSources -Xcc -DSWIFT_PACKAGE -Xcc -DDEBUG\=1 -emit-objc-header -emit-objc-header-path /Users/admin/builder/spi-builder-workspace/.derivedData/Build/Intermediates.noindex/StadiaMapsAutocompleteSearch.build/Debug-watchos/StadiaMapsAutocompleteSearch-t.build/Objects-normal/arm64/StadiaMapsAutocompleteSearch-Swift.h -working-directory /Users/admin/builder/spi-builder-workspace/.swiftpm/xcode -experimental-emit-module-separately -disable-cmo
SwiftMergeGeneratedHeaders /Users/admin/builder/spi-builder-workspace/.derivedData/Build/Intermediates.noindex/GeneratedModuleMaps-watchos/StadiaMapsAutocompleteSearch-Swift.h /Users/admin/builder/spi-builder-workspace/.derivedData/Build/Intermediates.noindex/StadiaMapsAutocompleteSearch.build/Debug-watchos/StadiaMapsAutocompleteSearch-t.build/Objects-normal/arm64/StadiaMapsAutocompleteSearch-Swift.h /Users/admin/builder/spi-builder-workspace/.derivedData/Build/Intermediates.noindex/StadiaMapsAutocompleteSearch.build/Debug-watchos/StadiaMapsAutocompleteSearch-t.build/Objects-normal/arm64_32/StadiaMapsAutocompleteSearch-Swift.h (in target 'StadiaMapsAutocompleteSearch' from project 'StadiaMapsAutocompleteSearch')
    cd /Users/admin/builder/spi-builder-workspace
    builtin-swiftHeaderTool -arch arm64 /Users/admin/builder/spi-builder-workspace/.derivedData/Build/Intermediates.noindex/StadiaMapsAutocompleteSearch.build/Debug-watchos/StadiaMapsAutocompleteSearch-t.build/Objects-normal/arm64/StadiaMapsAutocompleteSearch-Swift.h -arch arm64_32 /Users/admin/builder/spi-builder-workspace/.derivedData/Build/Intermediates.noindex/StadiaMapsAutocompleteSearch.build/Debug-watchos/StadiaMapsAutocompleteSearch-t.build/Objects-normal/arm64_32/StadiaMapsAutocompleteSearch-Swift.h -o /Users/admin/builder/spi-builder-workspace/.derivedData/Build/Intermediates.noindex/GeneratedModuleMaps-watchos/StadiaMapsAutocompleteSearch-Swift.h
Copy /Users/admin/builder/spi-builder-workspace/.derivedData/Build/Products/Debug-watchos/StadiaMapsAutocompleteSearch.swiftmodule/arm64_32-apple-watchos.swiftdoc /Users/admin/builder/spi-builder-workspace/.derivedData/Build/Intermediates.noindex/StadiaMapsAutocompleteSearch.build/Debug-watchos/StadiaMapsAutocompleteSearch-t.build/Objects-normal/arm64_32/StadiaMapsAutocompleteSearch.swiftdoc (in target 'StadiaMapsAutocompleteSearch' from project 'StadiaMapsAutocompleteSearch')
    cd /Users/admin/builder/spi-builder-workspace
    builtin-copy -exclude .DS_Store -exclude CVS -exclude .svn -exclude .git -exclude .hg -resolve-src-symlinks -rename /Users/admin/builder/spi-builder-workspace/.derivedData/Build/Intermediates.noindex/StadiaMapsAutocompleteSearch.build/Debug-watchos/StadiaMapsAutocompleteSearch-t.build/Objects-normal/arm64_32/StadiaMapsAutocompleteSearch.swiftdoc /Users/admin/builder/spi-builder-workspace/.derivedData/Build/Products/Debug-watchos/StadiaMapsAutocompleteSearch.swiftmodule/arm64_32-apple-watchos.swiftdoc
Copy /Users/admin/builder/spi-builder-workspace/.derivedData/Build/Products/Debug-watchos/StadiaMapsAutocompleteSearch.swiftmodule/arm64_32-apple-watchos.abi.json /Users/admin/builder/spi-builder-workspace/.derivedData/Build/Intermediates.noindex/StadiaMapsAutocompleteSearch.build/Debug-watchos/StadiaMapsAutocompleteSearch-t.build/Objects-normal/arm64_32/StadiaMapsAutocompleteSearch.abi.json (in target 'StadiaMapsAutocompleteSearch' from project 'StadiaMapsAutocompleteSearch')
    cd /Users/admin/builder/spi-builder-workspace
    builtin-copy -exclude .DS_Store -exclude CVS -exclude .svn -exclude .git -exclude .hg -resolve-src-symlinks -rename /Users/admin/builder/spi-builder-workspace/.derivedData/Build/Intermediates.noindex/StadiaMapsAutocompleteSearch.build/Debug-watchos/StadiaMapsAutocompleteSearch-t.build/Objects-normal/arm64_32/StadiaMapsAutocompleteSearch.abi.json /Users/admin/builder/spi-builder-workspace/.derivedData/Build/Products/Debug-watchos/StadiaMapsAutocompleteSearch.swiftmodule/arm64_32-apple-watchos.abi.json
Copy /Users/admin/builder/spi-builder-workspace/.derivedData/Build/Products/Debug-watchos/StadiaMapsAutocompleteSearch.swiftmodule/arm64_32-apple-watchos.swiftmodule /Users/admin/builder/spi-builder-workspace/.derivedData/Build/Intermediates.noindex/StadiaMapsAutocompleteSearch.build/Debug-watchos/StadiaMapsAutocompleteSearch-t.build/Objects-normal/arm64_32/StadiaMapsAutocompleteSearch.swiftmodule (in target 'StadiaMapsAutocompleteSearch' from project 'StadiaMapsAutocompleteSearch')
    cd /Users/admin/builder/spi-builder-workspace
    builtin-copy -exclude .DS_Store -exclude CVS -exclude .svn -exclude .git -exclude .hg -resolve-src-symlinks -rename /Users/admin/builder/spi-builder-workspace/.derivedData/Build/Intermediates.noindex/StadiaMapsAutocompleteSearch.build/Debug-watchos/StadiaMapsAutocompleteSearch-t.build/Objects-normal/arm64_32/StadiaMapsAutocompleteSearch.swiftmodule /Users/admin/builder/spi-builder-workspace/.derivedData/Build/Products/Debug-watchos/StadiaMapsAutocompleteSearch.swiftmodule/arm64_32-apple-watchos.swiftmodule
Copy /Users/admin/builder/spi-builder-workspace/.derivedData/Build/Products/Debug-watchos/StadiaMapsAutocompleteSearch.swiftmodule/arm64-apple-watchos.swiftmodule /Users/admin/builder/spi-builder-workspace/.derivedData/Build/Intermediates.noindex/StadiaMapsAutocompleteSearch.build/Debug-watchos/StadiaMapsAutocompleteSearch-t.build/Objects-normal/arm64/StadiaMapsAutocompleteSearch.swiftmodule (in target 'StadiaMapsAutocompleteSearch' from project 'StadiaMapsAutocompleteSearch')
    cd /Users/admin/builder/spi-builder-workspace
    builtin-copy -exclude .DS_Store -exclude CVS -exclude .svn -exclude .git -exclude .hg -resolve-src-symlinks -rename /Users/admin/builder/spi-builder-workspace/.derivedData/Build/Intermediates.noindex/StadiaMapsAutocompleteSearch.build/Debug-watchos/StadiaMapsAutocompleteSearch-t.build/Objects-normal/arm64/StadiaMapsAutocompleteSearch.swiftmodule /Users/admin/builder/spi-builder-workspace/.derivedData/Build/Products/Debug-watchos/StadiaMapsAutocompleteSearch.swiftmodule/arm64-apple-watchos.swiftmodule
Copy /Users/admin/builder/spi-builder-workspace/.derivedData/Build/Products/Debug-watchos/StadiaMapsAutocompleteSearch.swiftmodule/arm64-apple-watchos.swiftdoc /Users/admin/builder/spi-builder-workspace/.derivedData/Build/Intermediates.noindex/StadiaMapsAutocompleteSearch.build/Debug-watchos/StadiaMapsAutocompleteSearch-t.build/Objects-normal/arm64/StadiaMapsAutocompleteSearch.swiftdoc (in target 'StadiaMapsAutocompleteSearch' from project 'StadiaMapsAutocompleteSearch')
    cd /Users/admin/builder/spi-builder-workspace
    builtin-copy -exclude .DS_Store -exclude CVS -exclude .svn -exclude .git -exclude .hg -resolve-src-symlinks -rename /Users/admin/builder/spi-builder-workspace/.derivedData/Build/Intermediates.noindex/StadiaMapsAutocompleteSearch.build/Debug-watchos/StadiaMapsAutocompleteSearch-t.build/Objects-normal/arm64/StadiaMapsAutocompleteSearch.swiftdoc /Users/admin/builder/spi-builder-workspace/.derivedData/Build/Products/Debug-watchos/StadiaMapsAutocompleteSearch.swiftmodule/arm64-apple-watchos.swiftdoc
Copy /Users/admin/builder/spi-builder-workspace/.derivedData/Build/Products/Debug-watchos/StadiaMapsAutocompleteSearch.swiftmodule/arm64-apple-watchos.abi.json /Users/admin/builder/spi-builder-workspace/.derivedData/Build/Intermediates.noindex/StadiaMapsAutocompleteSearch.build/Debug-watchos/StadiaMapsAutocompleteSearch-t.build/Objects-normal/arm64/StadiaMapsAutocompleteSearch.abi.json (in target 'StadiaMapsAutocompleteSearch' from project 'StadiaMapsAutocompleteSearch')
    cd /Users/admin/builder/spi-builder-workspace
    builtin-copy -exclude .DS_Store -exclude CVS -exclude .svn -exclude .git -exclude .hg -resolve-src-symlinks -rename /Users/admin/builder/spi-builder-workspace/.derivedData/Build/Intermediates.noindex/StadiaMapsAutocompleteSearch.build/Debug-watchos/StadiaMapsAutocompleteSearch-t.build/Objects-normal/arm64/StadiaMapsAutocompleteSearch.abi.json /Users/admin/builder/spi-builder-workspace/.derivedData/Build/Products/Debug-watchos/StadiaMapsAutocompleteSearch.swiftmodule/arm64-apple-watchos.abi.json
Copy /Users/admin/builder/spi-builder-workspace/.derivedData/Build/Products/Debug-watchos/StadiaMapsAutocompleteSearch.swiftmodule/Project/arm64_32-apple-watchos.swiftsourceinfo /Users/admin/builder/spi-builder-workspace/.derivedData/Build/Intermediates.noindex/StadiaMapsAutocompleteSearch.build/Debug-watchos/StadiaMapsAutocompleteSearch-t.build/Objects-normal/arm64_32/StadiaMapsAutocompleteSearch.swiftsourceinfo (in target 'StadiaMapsAutocompleteSearch' from project 'StadiaMapsAutocompleteSearch')
    cd /Users/admin/builder/spi-builder-workspace
    builtin-copy -exclude .DS_Store -exclude CVS -exclude .svn -exclude .git -exclude .hg -resolve-src-symlinks -rename /Users/admin/builder/spi-builder-workspace/.derivedData/Build/Intermediates.noindex/StadiaMapsAutocompleteSearch.build/Debug-watchos/StadiaMapsAutocompleteSearch-t.build/Objects-normal/arm64_32/StadiaMapsAutocompleteSearch.swiftsourceinfo /Users/admin/builder/spi-builder-workspace/.derivedData/Build/Products/Debug-watchos/StadiaMapsAutocompleteSearch.swiftmodule/Project/arm64_32-apple-watchos.swiftsourceinfo
Copy /Users/admin/builder/spi-builder-workspace/.derivedData/Build/Products/Debug-watchos/StadiaMapsAutocompleteSearch.swiftmodule/Project/arm64-apple-watchos.swiftsourceinfo /Users/admin/builder/spi-builder-workspace/.derivedData/Build/Intermediates.noindex/StadiaMapsAutocompleteSearch.build/Debug-watchos/StadiaMapsAutocompleteSearch-t.build/Objects-normal/arm64/StadiaMapsAutocompleteSearch.swiftsourceinfo (in target 'StadiaMapsAutocompleteSearch' from project 'StadiaMapsAutocompleteSearch')
    cd /Users/admin/builder/spi-builder-workspace
    builtin-copy -exclude .DS_Store -exclude CVS -exclude .svn -exclude .git -exclude .hg -resolve-src-symlinks -rename /Users/admin/builder/spi-builder-workspace/.derivedData/Build/Intermediates.noindex/StadiaMapsAutocompleteSearch.build/Debug-watchos/StadiaMapsAutocompleteSearch-t.build/Objects-normal/arm64/StadiaMapsAutocompleteSearch.swiftsourceinfo /Users/admin/builder/spi-builder-workspace/.derivedData/Build/Products/Debug-watchos/StadiaMapsAutocompleteSearch.swiftmodule/Project/arm64-apple-watchos.swiftsourceinfo
PruneExplicitPrecompiledModules /Users/admin/builder/spi-builder-workspace/.derivedData/SDKExplicitPrecompiledModules
PruneExplicitPrecompiledModules /Users/admin/builder/spi-builder-workspace/.derivedData/Build/Intermediates.noindex/ExplicitPrecompiledModules
PruneExplicitPrecompiledModules /Users/admin/builder/spi-builder-workspace/.derivedData/Build/Intermediates.noindex/SwiftExplicitPrecompiledModules
2026-09-22 12:36:11.883 xcodebuild[735:4221] [MT] IDERunDestination: Supported platforms for the buildables in the current scheme is empty.
** BUILD FAILED **
The following build commands failed:
	SwiftCompile normal arm64_32 Compiling\ AutocompleteSearch.swift /Users/admin/builder/spi-builder-workspace/Sources/StadiaMapsAutocompleteSearch/AutocompleteSearch.swift (in target 'StadiaMapsAutocompleteSearch' from project 'StadiaMapsAutocompleteSearch')
	SwiftCompile normal arm64_32 /Users/admin/builder/spi-builder-workspace/Sources/StadiaMapsAutocompleteSearch/AutocompleteSearch.swift (in target 'StadiaMapsAutocompleteSearch' from project 'StadiaMapsAutocompleteSearch')
	SwiftCompile normal arm64 Compiling\ AutocompleteSearch.swift /Users/admin/builder/spi-builder-workspace/Sources/StadiaMapsAutocompleteSearch/AutocompleteSearch.swift (in target 'StadiaMapsAutocompleteSearch' from project 'StadiaMapsAutocompleteSearch')
	SwiftCompile normal arm64 /Users/admin/builder/spi-builder-workspace/Sources/StadiaMapsAutocompleteSearch/AutocompleteSearch.swift (in target 'StadiaMapsAutocompleteSearch' from project 'StadiaMapsAutocompleteSearch')
	Building workspace StadiaMapsAutocompleteSearch with scheme StadiaMapsAutocompleteSearch-Package
(5 failures)
Command line invocation:
    /Applications/Xcode-27.0.0-Release.Candidate.app/Contents/Developer/usr/bin/xcodebuild -IDEClonedSourcePackagesDirPathOverride=/Users/admin/builder/spi-builder-workspace/.dependencies -resolvePackageDependencies
Resolve Package Graph
Resolved source packages:
  AnyCodable: https://github.com/Flight-School/AnyCodable @ 0.6.7
  StadiaMapsAutocompleteSearch: /Users/admin/builder/spi-builder-workspace
  StadiaMaps: https://github.com/stadiamaps/stadiamaps-api-swift @ 7.0.2
resolved source packages: AnyCodable, StadiaMapsAutocompleteSearch, StadiaMaps
2026-09-22 12:36:25.515 xcodebuild[983:5812] [MT] IDERunDestination: Supported platforms for the buildables in the current scheme is empty.
{
  "dependencies" : [
    {
      "identity" : "stadiamaps-api-swift",
      "requirement" : {
        "range" : [
          {
            "lower_bound" : "7.0.1",
            "upper_bound" : "8.0.0"
          }
        ]
      },
      "type" : "sourceControl",
      "url" : "https://github.com/stadiamaps/stadiamaps-api-swift"
    }
  ],
  "manifest_display_name" : "StadiaMapsAutocompleteSearch",
  "name" : "StadiaMapsAutocompleteSearch",
  "path" : "/Users/admin/builder/spi-builder-workspace",
  "platforms" : [
    {
      "name" : "ios",
      "version" : "16.0"
    },
    {
      "name" : "macos",
      "version" : "14.0"
    }
  ],
  "products" : [
    {
      "name" : "StadiaMapsAutocompleteSearch",
      "targets" : [
        "StadiaMapsAutocompleteSearch"
      ],
      "type" : {
        "library" : [
          "automatic"
        ]
      }
    },
    {
      "name" : "StadiaMapsAutocompleteSearchAPI",
      "targets" : [
        "StadiaMapsAutocompleteSearchAPI"
      ],
      "type" : {
        "library" : [
          "automatic"
        ]
      }
    }
  ],
  "targets" : [
    {
      "c99name" : "StadiaMapsAutocompleteSearchTests",
      "module_type" : "SwiftTarget",
      "name" : "StadiaMapsAutocompleteSearchTests",
      "path" : "Tests/StadiaMapsAutocompleteSearchTests",
      "sources" : [
        "SwiftUIAutocompleteSearchTests.swift"
      ],
      "target_dependencies" : [
        "StadiaMapsAutocompleteSearch"
      ],
      "type" : "test"
    },
    {
      "c99name" : "StadiaMapsAutocompleteSearchAPI",
      "module_type" : "SwiftTarget",
      "name" : "StadiaMapsAutocompleteSearchAPI",
      "path" : "Sources/StadiaMapsAutocompleteSearchAPI",
      "product_dependencies" : [
        "StadiaMaps"
      ],
      "product_memberships" : [
        "StadiaMapsAutocompleteSearch",
        "StadiaMapsAutocompleteSearchAPI"
      ],
      "sources" : [
        "Extensions.swift",
        "GeocodingAPI+Search.swift"
      ],
      "type" : "library"
    },
    {
      "c99name" : "StadiaMapsAutocompleteSearch",
      "module_type" : "SwiftTarget",
      "name" : "StadiaMapsAutocompleteSearch",
      "path" : "Sources/StadiaMapsAutocompleteSearch",
      "product_memberships" : [
        "StadiaMapsAutocompleteSearch"
      ],
      "sources" : [
        "AutocompleteSearch.swift",
        "Extensions.swift",
        "Logger.swift",
        "SearchResult.swift"
      ],
      "target_dependencies" : [
        "StadiaMapsAutocompleteSearchAPI"
      ],
      "type" : "library"
    }
  ],
  "tools_version" : "5.10"
}
{
  "workspace" : {
    "name" : "StadiaMapsAutocompleteSearch",
    "schemes" : [
      "StadiaMaps",
      "StadiaMapsAutocompleteSearch",
      "StadiaMapsAutocompleteSearch-Package",
      "StadiaMapsAutocompleteSearchAPI"
    ]
  }
}
2026-09-22 12:36:26.851 xcodebuild[991:5890] [MT] IDERunDestination: Supported platforms for the buildables in the current scheme is empty.
Running build ...
env DEVELOPER_DIR=/Applications/Xcode-27.0.0-Release.Candidate.app xcrun xcodebuild -IDEClonedSourcePackagesDirPathOverride=$PWD/.dependencies -skipMacroValidation -skipPackagePluginValidation -derivedDataPath $PWD/.derivedData build -scheme StadiaMapsAutocompleteSearch-Package -destination generic/platform=watchOS
Command line invocation:
    /Applications/Xcode-27.0.0-Release.Candidate.app/Contents/Developer/usr/bin/xcodebuild -IDEClonedSourcePackagesDirPathOverride=/Users/admin/builder/spi-builder-workspace/.dependencies -skipMacroValidation -skipPackagePluginValidation -derivedDataPath /Users/admin/builder/spi-builder-workspace/.derivedData build -scheme StadiaMapsAutocompleteSearch-Package -destination generic/platform=watchOS
Resolve Package Graph
Resolved source packages:
  AnyCodable: https://github.com/Flight-School/AnyCodable @ 0.6.7
  StadiaMapsAutocompleteSearch: /Users/admin/builder/spi-builder-workspace
  StadiaMaps: https://github.com/stadiamaps/stadiamaps-api-swift @ 7.0.2
ComputePackagePrebuildTargetDependencyGraph
Prepare packages
CreateBuildRequest
SendProjectDescription
CreateBuildOperation
ComputeTargetDependencyGraph
note: Building targets in dependency order
note: Target dependency graph (8 targets)
    Target 'StadiaMapsAutocompleteSearchAPI-product' in project 'StadiaMapsAutocompleteSearch'
        ➜ Explicit dependency on target 'StadiaMapsAutocompleteSearchAPI' in project 'StadiaMapsAutocompleteSearch'
        ➜ Explicit dependency on target 'StadiaMaps-product' in project 'StadiaMaps'
    Target 'StadiaMapsAutocompleteSearch-product' in project 'StadiaMapsAutocompleteSearch'
        ➜ Explicit dependency on target 'StadiaMapsAutocompleteSearch' in project 'StadiaMapsAutocompleteSearch'
        ➜ Explicit dependency on target 'StadiaMapsAutocompleteSearchAPI' in project 'StadiaMapsAutocompleteSearch'
        ➜ Explicit dependency on target 'StadiaMaps-product' in project 'StadiaMaps'
    Target 'StadiaMapsAutocompleteSearch' in project 'StadiaMapsAutocompleteSearch'
        ➜ Explicit dependency on target 'StadiaMapsAutocompleteSearchAPI' in project 'StadiaMapsAutocompleteSearch'
        ➜ Explicit dependency on target 'StadiaMaps-product' in project 'StadiaMaps'
    Target 'StadiaMapsAutocompleteSearchAPI' in project 'StadiaMapsAutocompleteSearch'
        ➜ Explicit dependency on target 'StadiaMaps-product' in project 'StadiaMaps'
    Target 'StadiaMaps-product' in project 'StadiaMaps'
        ➜ Explicit dependency on target 'StadiaMaps' in project 'StadiaMaps'
        ➜ Explicit dependency on target 'AnyCodable-product' in project 'AnyCodable'
    Target 'StadiaMaps' in project 'StadiaMaps'
        ➜ Explicit dependency on target 'AnyCodable-product' in project 'AnyCodable'
    Target 'AnyCodable-product' in project 'AnyCodable'
        ➜ Explicit dependency on target 'AnyCodable' in project 'AnyCodable'
    Target 'AnyCodable' in project 'AnyCodable' (no dependencies)
GatherProvisioningInputs
CreateBuildDescription
ClangStatCache /Applications/Xcode-27.0.0-Release.Candidate.app/Contents/Developer/Toolchains/XcodeDefault.xctoolchain/usr/bin/clang-stat-cache /Applications/Xcode-27.0.0-Release.Candidate.app/Contents/Developer/Platforms/WatchOS.platform/Developer/SDKs/WatchOS27.0.sdk /Users/admin/builder/spi-builder-workspace/.derivedData/SDKStatCaches.noindex/watchos27.0-24R360-e829b21a6f8c9b70876ba0858053c04477534ef55a1706bf4c1112bbb242f0a2.sdkstatcache
    cd /Users/admin/builder/spi-builder-workspace/.swiftpm/xcode
    /Applications/Xcode-27.0.0-Release.Candidate.app/Contents/Developer/Toolchains/XcodeDefault.xctoolchain/usr/bin/clang-stat-cache /Applications/Xcode-27.0.0-Release.Candidate.app/Contents/Developer/Platforms/WatchOS.platform/Developer/SDKs/WatchOS27.0.sdk -o /Users/admin/builder/spi-builder-workspace/.derivedData/SDKStatCaches.noindex/watchos27.0-24R360-e829b21a6f8c9b70876ba0858053c04477534ef55a1706bf4c1112bbb242f0a2.sdkstatcache
SwiftDriver StadiaMapsAutocompleteSearch normal arm64_32 com.apple.xcode.tools.swift.compiler (in target 'StadiaMapsAutocompleteSearch' from project 'StadiaMapsAutocompleteSearch')
    cd /Users/admin/builder/spi-builder-workspace/.swiftpm/xcode
    builtin-SwiftDriver -- /Applications/Xcode-27.0.0-Release.Candidate.app/Contents/Developer/Toolchains/XcodeDefault.xctoolchain/usr/bin/swiftc -parse-as-library -module-name StadiaMapsAutocompleteSearch -Onone @/Users/admin/builder/spi-builder-workspace/.derivedData/Build/Intermediates.noindex/StadiaMapsAutocompleteSearch.build/Debug-watchos/StadiaMapsAutocompleteSearch-t.build/Objects-normal/arm64_32/StadiaMapsAutocompleteSearch.SwiftFileList -DSWIFT_PACKAGE -DDEBUG -DSWIFT_MODULE_RESOURCE_BUNDLE_UNAVAILABLE -DXcode -plugin-path /Applications/Xcode-27.0.0-Release.Candidate.app/Contents/Developer/Toolchains/XcodeDefault.xctoolchain/usr/lib/swift/host/plugins/testing -enable-experimental-feature DebugDescriptionMacro -sdk /Applications/Xcode-27.0.0-Release.Candidate.app/Contents/Developer/Platforms/WatchOS.platform/Developer/SDKs/WatchOS27.0.sdk -target arm64_32-apple-watchos9.0 -g -module-cache-path /Users/admin/builder/spi-builder-workspace/.derivedData/ModuleCache.noindex -Xfrontend -serialize-debugging-options -profile-coverage-mapping -profile-generate -enable-testing -index-store-path /Users/admin/builder/spi-builder-workspace/.derivedData/Index.noindex/DataStore -Xcc -D_LIBCPP_HARDENING_MODE\=_LIBCPP_HARDENING_MODE_DEBUG -swift-version 5 -I /Users/admin/builder/spi-builder-workspace/.derivedData/Build/Products/Debug-watchos -Isystem /Applications/Xcode-27.0.0-Release.Candidate.app/Contents/Developer/Platforms/WatchOS.platform/Developer/usr/lib -F /Users/admin/builder/spi-builder-workspace/.derivedData/Build/Products/Debug-watchos/PackageFrameworks -F /Users/admin/builder/spi-builder-workspace/.derivedData/Build/Products/Debug-watchos -F /Applications/Xcode-27.0.0-Release.Candidate.app/Contents/Developer/Platforms/WatchOS.platform/Developer/Library/Frameworks -F /Applications/Xcode-27.0.0-Release.Candidate.app/Contents/Developer/Platforms/WatchOS.platform/Developer/SDKs/WatchOS27.0.sdk/Developer/Library/Frameworks -c -j10 -enable-batch-mode -incremental -Xcc -ivfsstatcache -Xcc /Users/admin/builder/spi-builder-workspace/.derivedData/SDKStatCaches.noindex/watchos27.0-24R360-e829b21a6f8c9b70876ba0858053c04477534ef55a1706bf4c1112bbb242f0a2.sdkstatcache -output-file-map /Users/admin/builder/spi-builder-workspace/.derivedData/Build/Intermediates.noindex/StadiaMapsAutocompleteSearch.build/Debug-watchos/StadiaMapsAutocompleteSearch-t.build/Objects-normal/arm64_32/StadiaMapsAutocompleteSearch-OutputFileMap.json -save-temps -no-color-diagnostics -explicit-module-build -module-cache-path /Users/admin/builder/spi-builder-workspace/.derivedData/Build/Intermediates.noindex/SwiftExplicitPrecompiledModules -clang-scanner-module-cache-path /Users/admin/builder/spi-builder-workspace/.derivedData/ModuleCache.noindex -sdk-module-cache-path /Users/admin/builder/spi-builder-workspace/.derivedData/SDKExplicitPrecompiledModules -emit-dependencies -emit-module -emit-module-path /Users/admin/builder/spi-builder-workspace/.derivedData/Build/Intermediates.noindex/StadiaMapsAutocompleteSearch.build/Debug-watchos/StadiaMapsAutocompleteSearch-t.build/Objects-normal/arm64_32/StadiaMapsAutocompleteSearch.swiftmodule -serialize-diagnostics -dependency-scan-serialize-diagnostics-path /Users/admin/builder/spi-builder-workspace/.derivedData/Build/Intermediates.noindex/StadiaMapsAutocompleteSearch.build/Debug-watchos/StadiaMapsAutocompleteSearch-t.build/Objects-normal/arm64_32/StadiaMapsAutocompleteSearch-dependency-scan.dia -validate-clang-modules-once -clang-build-session-file /Users/admin/builder/spi-builder-workspace/.derivedData/ModuleCache.noindex/Session.modulevalidation -Xcc -fmodules-prune-interval\=86400 -Xcc -fmodules-prune-after\=345600 -package-name spi_builder_workspace -emit-const-values -const-gather-protocols-list /Users/admin/builder/spi-builder-workspace/.derivedData/Build/Intermediates.noindex/StadiaMapsAutocompleteSearch.build/Debug-watchos/StadiaMapsAutocompleteSearch-t.build/Objects-normal/arm64_32/StadiaMapsAutocompleteSearch_const_extract_protocols.json -Xcc -I/Users/admin/builder/spi-builder-workspace/.derivedData/Build/Products/Debug-watchos/include -Xcc -I/Users/admin/builder/spi-builder-workspace/.derivedData/Build/Intermediates.noindex/StadiaMapsAutocompleteSearch.build/Debug-watchos/StadiaMapsAutocompleteSearch-t.build/DerivedSources-normal/arm64_32 -Xcc -I/Users/admin/builder/spi-builder-workspace/.derivedData/Build/Intermediates.noindex/StadiaMapsAutocompleteSearch.build/Debug-watchos/StadiaMapsAutocompleteSearch-t.build/DerivedSources/arm64_32 -Xcc -I/Users/admin/builder/spi-builder-workspace/.derivedData/Build/Intermediates.noindex/StadiaMapsAutocompleteSearch.build/Debug-watchos/StadiaMapsAutocompleteSearch-t.build/DerivedSources -Xcc -DSWIFT_PACKAGE -Xcc -DDEBUG\=1 -emit-objc-header -emit-objc-header-path /Users/admin/builder/spi-builder-workspace/.derivedData/Build/Intermediates.noindex/StadiaMapsAutocompleteSearch.build/Debug-watchos/StadiaMapsAutocompleteSearch-t.build/Objects-normal/arm64_32/StadiaMapsAutocompleteSearch-Swift.h -working-directory /Users/admin/builder/spi-builder-workspace/.swiftpm/xcode -experimental-emit-module-separately -disable-cmo
SwiftDriver StadiaMapsAutocompleteSearch normal arm64 com.apple.xcode.tools.swift.compiler (in target 'StadiaMapsAutocompleteSearch' from project 'StadiaMapsAutocompleteSearch')
    cd /Users/admin/builder/spi-builder-workspace/.swiftpm/xcode
    builtin-SwiftDriver -- /Applications/Xcode-27.0.0-Release.Candidate.app/Contents/Developer/Toolchains/XcodeDefault.xctoolchain/usr/bin/swiftc -parse-as-library -module-name StadiaMapsAutocompleteSearch -Onone @/Users/admin/builder/spi-builder-workspace/.derivedData/Build/Intermediates.noindex/StadiaMapsAutocompleteSearch.build/Debug-watchos/StadiaMapsAutocompleteSearch-t.build/Objects-normal/arm64/StadiaMapsAutocompleteSearch.SwiftFileList -DSWIFT_PACKAGE -DDEBUG -DSWIFT_MODULE_RESOURCE_BUNDLE_UNAVAILABLE -DXcode -plugin-path /Applications/Xcode-27.0.0-Release.Candidate.app/Contents/Developer/Toolchains/XcodeDefault.xctoolchain/usr/lib/swift/host/plugins/testing -enable-experimental-feature DebugDescriptionMacro -sdk /Applications/Xcode-27.0.0-Release.Candidate.app/Contents/Developer/Platforms/WatchOS.platform/Developer/SDKs/WatchOS27.0.sdk -target arm64-apple-watchos9.0 -g -module-cache-path /Users/admin/builder/spi-builder-workspace/.derivedData/ModuleCache.noindex -Xfrontend -serialize-debugging-options -profile-coverage-mapping -profile-generate -enable-testing -index-store-path /Users/admin/builder/spi-builder-workspace/.derivedData/Index.noindex/DataStore -Xcc -D_LIBCPP_HARDENING_MODE\=_LIBCPP_HARDENING_MODE_DEBUG -swift-version 5 -I /Users/admin/builder/spi-builder-workspace/.derivedData/Build/Products/Debug-watchos -Isystem /Applications/Xcode-27.0.0-Release.Candidate.app/Contents/Developer/Platforms/WatchOS.platform/Developer/usr/lib -F /Users/admin/builder/spi-builder-workspace/.derivedData/Build/Products/Debug-watchos/PackageFrameworks -F /Users/admin/builder/spi-builder-workspace/.derivedData/Build/Products/Debug-watchos -F /Applications/Xcode-27.0.0-Release.Candidate.app/Contents/Developer/Platforms/WatchOS.platform/Developer/Library/Frameworks -F /Applications/Xcode-27.0.0-Release.Candidate.app/Contents/Developer/Platforms/WatchOS.platform/Developer/SDKs/WatchOS27.0.sdk/Developer/Library/Frameworks -c -j10 -enable-batch-mode -incremental -Xcc -ivfsstatcache -Xcc /Users/admin/builder/spi-builder-workspace/.derivedData/SDKStatCaches.noindex/watchos27.0-24R360-e829b21a6f8c9b70876ba0858053c04477534ef55a1706bf4c1112bbb242f0a2.sdkstatcache -output-file-map /Users/admin/builder/spi-builder-workspace/.derivedData/Build/Intermediates.noindex/StadiaMapsAutocompleteSearch.build/Debug-watchos/StadiaMapsAutocompleteSearch-t.build/Objects-normal/arm64/StadiaMapsAutocompleteSearch-OutputFileMap.json -save-temps -no-color-diagnostics -explicit-module-build -module-cache-path /Users/admin/builder/spi-builder-workspace/.derivedData/Build/Intermediates.noindex/SwiftExplicitPrecompiledModules -clang-scanner-module-cache-path /Users/admin/builder/spi-builder-workspace/.derivedData/ModuleCache.noindex -sdk-module-cache-path /Users/admin/builder/spi-builder-workspace/.derivedData/SDKExplicitPrecompiledModules -emit-dependencies -emit-module -emit-module-path /Users/admin/builder/spi-builder-workspace/.derivedData/Build/Intermediates.noindex/StadiaMapsAutocompleteSearch.build/Debug-watchos/StadiaMapsAutocompleteSearch-t.build/Objects-normal/arm64/StadiaMapsAutocompleteSearch.swiftmodule -serialize-diagnostics -dependency-scan-serialize-diagnostics-path /Users/admin/builder/spi-builder-workspace/.derivedData/Build/Intermediates.noindex/StadiaMapsAutocompleteSearch.build/Debug-watchos/StadiaMapsAutocompleteSearch-t.build/Objects-normal/arm64/StadiaMapsAutocompleteSearch-dependency-scan.dia -validate-clang-modules-once -clang-build-session-file /Users/admin/builder/spi-builder-workspace/.derivedData/ModuleCache.noindex/Session.modulevalidation -Xcc -fmodules-prune-interval\=86400 -Xcc -fmodules-prune-after\=345600 -package-name spi_builder_workspace -emit-const-values -const-gather-protocols-list /Users/admin/builder/spi-builder-workspace/.derivedData/Build/Intermediates.noindex/StadiaMapsAutocompleteSearch.build/Debug-watchos/StadiaMapsAutocompleteSearch-t.build/Objects-normal/arm64/StadiaMapsAutocompleteSearch_const_extract_protocols.json -Xcc -I/Users/admin/builder/spi-builder-workspace/.derivedData/Build/Products/Debug-watchos/include -Xcc -I/Users/admin/builder/spi-builder-workspace/.derivedData/Build/Intermediates.noindex/StadiaMapsAutocompleteSearch.build/Debug-watchos/StadiaMapsAutocompleteSearch-t.build/DerivedSources-normal/arm64 -Xcc -I/Users/admin/builder/spi-builder-workspace/.derivedData/Build/Intermediates.noindex/StadiaMapsAutocompleteSearch.build/Debug-watchos/StadiaMapsAutocompleteSearch-t.build/DerivedSources/arm64 -Xcc -I/Users/admin/builder/spi-builder-workspace/.derivedData/Build/Intermediates.noindex/StadiaMapsAutocompleteSearch.build/Debug-watchos/StadiaMapsAutocompleteSearch-t.build/DerivedSources -Xcc -DSWIFT_PACKAGE -Xcc -DDEBUG\=1 -emit-objc-header -emit-objc-header-path /Users/admin/builder/spi-builder-workspace/.derivedData/Build/Intermediates.noindex/StadiaMapsAutocompleteSearch.build/Debug-watchos/StadiaMapsAutocompleteSearch-t.build/Objects-normal/arm64/StadiaMapsAutocompleteSearch-Swift.h -working-directory /Users/admin/builder/spi-builder-workspace/.swiftpm/xcode -experimental-emit-module-separately -disable-cmo
SwiftEmitModule normal arm64_32 Emitting\ module\ for\ StadiaMapsAutocompleteSearch (in target 'StadiaMapsAutocompleteSearch' from project 'StadiaMapsAutocompleteSearch')
SwiftCompile normal arm64_32 (in target 'StadiaMapsAutocompleteSearch' from project 'StadiaMapsAutocompleteSearch')
    cd /Users/admin/builder/spi-builder-workspace/.swiftpm/xcode

SwiftCompile normal arm64 Compiling\ AutocompleteSearch.swift /Users/admin/builder/spi-builder-workspace/Sources/StadiaMapsAutocompleteSearch/AutocompleteSearch.swift (in target 'StadiaMapsAutocompleteSearch' from project 'StadiaMapsAutocompleteSearch')
SwiftCompile normal arm64 /Users/admin/builder/spi-builder-workspace/Sources/StadiaMapsAutocompleteSearch/AutocompleteSearch.swift (in target 'StadiaMapsAutocompleteSearch' from project 'StadiaMapsAutocompleteSearch')
    cd /Users/admin/builder/spi-builder-workspace/.swiftpm/xcode
    builtin-SwiftPerFileCompile AutocompleteSearch.swift
/Users/admin/builder/spi-builder-workspace/Sources/StadiaMapsAutocompleteSearch/AutocompleteSearch.swift:54:30: error: 'roundedBorder' is unavailable in watchOS
 52 |             // TODO: Smarter safe area padding
 53 |             .padding(8)
 54 |             .textFieldStyle(.roundedBorder)
    |                              `- error: 'roundedBorder' is unavailable in watchOS
 55 |             .onChange(of: searchText) { query in
 56 |                 Task {
SwiftUI.TextFieldStyle.roundedBorder:2:43: note: 'roundedBorder' has been explicitly marked unavailable here
1 | protocol TextFieldStyle {
2 | @export(implementation) public static var roundedBorder: RoundedBorderTextFieldStyle { get }}
  |                                           `- note: 'roundedBorder' has been explicitly marked unavailable here
3 |
Failed frontend command:
/Applications/Xcode-27.0.0-Release.Candidate.app/Contents/Developer/Toolchains/XcodeDefault.xctoolchain/usr/bin/swift-frontend -frontend -c -primary-file /Users/admin/builder/spi-builder-workspace/Sources/StadiaMapsAutocompleteSearch/AutocompleteSearch.swift /Users/admin/builder/spi-builder-workspace/Sources/StadiaMapsAutocompleteSearch/Extensions.swift /Users/admin/builder/spi-builder-workspace/Sources/StadiaMapsAutocompleteSearch/Logger.swift /Users/admin/builder/spi-builder-workspace/Sources/StadiaMapsAutocompleteSearch/SearchResult.swift -emit-dependencies-path /Users/admin/builder/spi-builder-workspace/.derivedData/Build/Intermediates.noindex/StadiaMapsAutocompleteSearch.build/Debug-watchos/StadiaMapsAutocompleteSearch-t.build/Objects-normal/arm64/AutocompleteSearch.d -emit-const-values-path /Users/admin/builder/spi-builder-workspace/.derivedData/Build/Intermediates.noindex/StadiaMapsAutocompleteSearch.build/Debug-watchos/StadiaMapsAutocompleteSearch-t.build/Objects-normal/arm64/AutocompleteSearch.swiftconstvalues -emit-reference-dependencies-path /Users/admin/builder/spi-builder-workspace/.derivedData/Build/Intermediates.noindex/StadiaMapsAutocompleteSearch.build/Debug-watchos/StadiaMapsAutocompleteSearch-t.build/Objects-normal/arm64/AutocompleteSearch.swiftdeps -serialize-diagnostics-path /Users/admin/builder/spi-builder-workspace/.derivedData/Build/Intermediates.noindex/StadiaMapsAutocompleteSearch.build/Debug-watchos/StadiaMapsAutocompleteSearch-t.build/Objects-normal/arm64/AutocompleteSearch.dia -target arm64-apple-watchos9.0 -disable-cross-import-overlay-search -swift-module-cross-import MapKit /Applications/Xcode-27.0.0-Release.Candidate.app/Contents/Developer/Platforms/WatchOS.platform/Developer/SDKs/WatchOS.sdk/System/Library/Frameworks/MapKit.framework/Modules/MapKit.swiftcrossimport/SwiftUI.swiftoverlay -swift-module-cross-import MapKit /Applications/Xcode-27.0.0-Release.Candidate.app/Contents/Developer/Platforms/WatchOS.platform/Developer/SDKs/WatchOS27.0.sdk/System/Library/Frameworks/MapKit.framework/Modules/MapKit.swiftcrossimport/SwiftUI.swiftoverlay -load-resolved-plugin /Applications/Xcode-27.0.0-Release.Candidate.app/Contents/Developer/Platforms/WatchOS.platform/Developer/usr/lib/swift/host/plugins/libFoundationMacros.dylib\#/Applications/Xcode-27.0.0-Release.Candidate.app/Contents/Developer/Platforms/WatchOS.platform/Developer/usr/bin/swift-plugin-server\#FoundationMacros -load-resolved-plugin /Applications/Xcode-27.0.0-Release.Candidate.app/Contents/Developer/Platforms/WatchOS.platform/Developer/usr/lib/swift/host/plugins/libObservationMacros.dylib\#/Applications/Xcode-27.0.0-Release.Candidate.app/Contents/Developer/Platforms/WatchOS.platform/Developer/usr/bin/swift-plugin-server\#ObservationMacros -load-resolved-plugin /Applications/Xcode-27.0.0-Release.Candidate.app/Contents/Developer/Platforms/WatchOS.platform/Developer/usr/lib/swift/host/plugins/libPreviewsMacros.dylib\#/Applications/Xcode-27.0.0-Release.Candidate.app/Contents/Developer/Platforms/WatchOS.platform/Developer/usr/bin/swift-plugin-server\#PreviewsMacros -load-resolved-plugin /Applications/Xcode-27.0.0-Release.Candidate.app/Contents/Developer/Platforms/WatchOS.platform/Developer/usr/lib/swift/host/plugins/libSwiftMacros.dylib\#/Applications/Xcode-27.0.0-Release.Candidate.app/Contents/Developer/Platforms/WatchOS.platform/Developer/usr/bin/swift-plugin-server\#SwiftMacros -load-resolved-plugin /Applications/Xcode-27.0.0-Release.Candidate.app/Contents/Developer/Platforms/WatchOS.platform/Developer/usr/lib/swift/host/plugins/libSwiftUIMacros.dylib\#/Applications/Xcode-27.0.0-Release.Candidate.app/Contents/Developer/Platforms/WatchOS.platform/Developer/usr/bin/swift-plugin-server\#SwiftUIMacros -disable-implicit-swift-modules -Xcc -fno-implicit-modules -Xcc -fno-implicit-module-maps -explicit-swift-module-map-file /Users/admin/builder/spi-builder-workspace/.derivedData/Build/Intermediates.noindex/StadiaMapsAutocompleteSearch.build/Debug-watchos/StadiaMapsAutocompleteSearch-t.build/Objects-normal/arm64/StadiaMapsAutocompleteSearch-dependencies-2.json -Xllvm -aarch64-use-tbi -enable-objc-interop -stack-check -sdk /Applications/Xcode-27.0.0-Release.Candidate.app/Contents/Developer/Platforms/WatchOS.platform/Developer/SDKs/WatchOS27.0.sdk -I /Users/admin/builder/spi-builder-workspace/.derivedData/Build/Products/Debug-watchos -Isystem /Applications/Xcode-27.0.0-Release.Candidate.app/Contents/Developer/Platforms/WatchOS.platform/Developer/usr/lib -F /Users/admin/builder/spi-builder-workspace/.derivedData/Build/Products/Debug-watchos/PackageFrameworks -F /Users/admin/builder/spi-builder-workspace/.derivedData/Build/Products/Debug-watchos -F /Applications/Xcode-27.0.0-Release.Candidate.app/Contents/Developer/Platforms/WatchOS.platform/Developer/Library/Frameworks -F /Applications/Xcode-27.0.0-Release.Candidate.app/Contents/Developer/Platforms/WatchOS.platform/Developer/SDKs/WatchOS27.0.sdk/Developer/Library/Frameworks -module-cache-path /Users/admin/builder/spi-builder-workspace/.derivedData/Build/Intermediates.noindex/SwiftExplicitPrecompiledModules -no-color-diagnostics -Xcc -fno-color-diagnostics -enable-testing -g -debug-info-format\=dwarf -dwarf-version\=4 -profile-generate -profile-coverage-mapping -swift-version 5 -Onone -D SWIFT_PACKAGE -D DEBUG -D SWIFT_MODULE_RESOURCE_BUNDLE_UNAVAILABLE -D Xcode -serialize-debugging-options -enable-experimental-feature DebugDescriptionMacro -empty-abi-descriptor -validate-clang-modules-once -clang-build-session-file /Users/admin/builder/spi-builder-workspace/.derivedData/ModuleCache.noindex/Session.modulevalidation -Xcc -working-directory -Xcc /Users/admin/builder/spi-builder-workspace/.swiftpm/xcode -enable-anonymous-context-mangled-names -file-compilation-dir /Users/admin/builder/spi-builder-workspace/.swiftpm/xcode -Xcc -D_LIBCPP_HARDENING_MODE\=_LIBCPP_HARDENING_MODE_DEBUG -Xcc -ivfsstatcache -Xcc /Users/admin/builder/spi-builder-workspace/.derivedData/SDKStatCaches.noindex/watchos27.0-24R360-e829b21a6f8c9b70876ba0858053c04477534ef55a1706bf4c1112bbb242f0a2.sdkstatcache -Xcc -fmodules-prune-interval\=86400 -Xcc -fmodules-prune-after\=345600 -Xcc -I/Users/admin/builder/spi-builder-workspace/.derivedData/Build/Products/Debug-watchos/include -Xcc -I/Users/admin/builder/spi-builder-workspace/.derivedData/Build/Intermediates.noindex/StadiaMapsAutocompleteSearch.build/Debug-watchos/StadiaMapsAutocompleteSearch-t.build/DerivedSources-normal/arm64 -Xcc -I/Users/admin/builder/spi-builder-workspace/.derivedData/Build/Intermediates.noindex/StadiaMapsAutocompleteSearch.build/Debug-watchos/StadiaMapsAutocompleteSearch-t.build/DerivedSources/arm64 -Xcc -I/Users/admin/builder/spi-builder-workspace/.derivedData/Build/Intermediates.noindex/StadiaMapsAutocompleteSearch.build/Debug-watchos/StadiaMapsAutocompleteSearch-t.build/DerivedSources -Xcc -DSWIFT_PACKAGE -Xcc -DDEBUG\=1 -no-auto-bridging-header-chaining -module-name StadiaMapsAutocompleteSearch -package-name spi_builder_workspace -const-gather-protocols-file /Users/admin/builder/spi-builder-workspace/.derivedData/Build/Intermediates.noindex/StadiaMapsAutocompleteSearch.build/Debug-watchos/StadiaMapsAutocompleteSearch-t.build/Objects-normal/arm64/StadiaMapsAutocompleteSearch_const_extract_protocols.json -disable-clang-spi -clang-target arm64-apple-watchos27.0 -target-sdk-version 27.0 -target-sdk-name watchos27.0 -in-process-plugin-server-path /Applications/Xcode-27.0.0-Release.Candidate.app/Contents/Developer/Toolchains/XcodeDefault.xctoolchain/usr/lib/swift/host/libSwiftInProcPluginServer.dylib -parse-as-library -o /Users/admin/builder/spi-builder-workspace/.derivedData/Build/Intermediates.noindex/StadiaMapsAutocompleteSearch.build/Debug-watchos/StadiaMapsAutocompleteSearch-t.build/Objects-normal/arm64/AutocompleteSearch.o -debug-module-path /Users/admin/builder/spi-builder-workspace/.derivedData/Build/Intermediates.noindex/StadiaMapsAutocompleteSearch.build/Debug-watchos/StadiaMapsAutocompleteSearch-t.build/Objects-normal/arm64/StadiaMapsAutocompleteSearch.swiftmodule -index-unit-output-path /StadiaMapsAutocompleteSearch.build/Debug-watchos/StadiaMapsAutocompleteSearch-t.build/Objects-normal/arm64/AutocompleteSearch.o -index-store-path /Users/admin/builder/spi-builder-workspace/.derivedData/Index.noindex/DataStore -index-system-modules
SwiftCompile normal arm64_32 Compiling\ AutocompleteSearch.swift /Users/admin/builder/spi-builder-workspace/Sources/StadiaMapsAutocompleteSearch/AutocompleteSearch.swift (in target 'StadiaMapsAutocompleteSearch' from project 'StadiaMapsAutocompleteSearch')
SwiftCompile normal arm64_32 /Users/admin/builder/spi-builder-workspace/Sources/StadiaMapsAutocompleteSearch/AutocompleteSearch.swift (in target 'StadiaMapsAutocompleteSearch' from project 'StadiaMapsAutocompleteSearch')
    cd /Users/admin/builder/spi-builder-workspace/.swiftpm/xcode
    builtin-SwiftPerFileCompile AutocompleteSearch.swift
/Users/admin/builder/spi-builder-workspace/Sources/StadiaMapsAutocompleteSearch/AutocompleteSearch.swift:54:30: error: 'roundedBorder' is unavailable in watchOS
 52 |             // TODO: Smarter safe area padding
 53 |             .padding(8)
 54 |             .textFieldStyle(.roundedBorder)
    |                              `- error: 'roundedBorder' is unavailable in watchOS
 55 |             .onChange(of: searchText) { query in
 56 |                 Task {
SwiftUI.TextFieldStyle.roundedBorder:2:43: note: 'roundedBorder' has been explicitly marked unavailable here
1 | protocol TextFieldStyle {
2 | @export(implementation) public static var roundedBorder: RoundedBorderTextFieldStyle { get }}
  |                                           `- note: 'roundedBorder' has been explicitly marked unavailable here
3 |
Failed frontend command:
/Applications/Xcode-27.0.0-Release.Candidate.app/Contents/Developer/Toolchains/XcodeDefault.xctoolchain/usr/bin/swift-frontend -frontend -c -primary-file /Users/admin/builder/spi-builder-workspace/Sources/StadiaMapsAutocompleteSearch/AutocompleteSearch.swift /Users/admin/builder/spi-builder-workspace/Sources/StadiaMapsAutocompleteSearch/Extensions.swift /Users/admin/builder/spi-builder-workspace/Sources/StadiaMapsAutocompleteSearch/Logger.swift /Users/admin/builder/spi-builder-workspace/Sources/StadiaMapsAutocompleteSearch/SearchResult.swift -emit-dependencies-path /Users/admin/builder/spi-builder-workspace/.derivedData/Build/Intermediates.noindex/StadiaMapsAutocompleteSearch.build/Debug-watchos/StadiaMapsAutocompleteSearch-t.build/Objects-normal/arm64_32/AutocompleteSearch.d -emit-const-values-path /Users/admin/builder/spi-builder-workspace/.derivedData/Build/Intermediates.noindex/StadiaMapsAutocompleteSearch.build/Debug-watchos/StadiaMapsAutocompleteSearch-t.build/Objects-normal/arm64_32/AutocompleteSearch.swiftconstvalues -emit-reference-dependencies-path /Users/admin/builder/spi-builder-workspace/.derivedData/Build/Intermediates.noindex/StadiaMapsAutocompleteSearch.build/Debug-watchos/StadiaMapsAutocompleteSearch-t.build/Objects-normal/arm64_32/AutocompleteSearch.swiftdeps -serialize-diagnostics-path /Users/admin/builder/spi-builder-workspace/.derivedData/Build/Intermediates.noindex/StadiaMapsAutocompleteSearch.build/Debug-watchos/StadiaMapsAutocompleteSearch-t.build/Objects-normal/arm64_32/AutocompleteSearch.dia -target arm64_32-apple-watchos9.0 -disable-cross-import-overlay-search -swift-module-cross-import MapKit /Applications/Xcode-27.0.0-Release.Candidate.app/Contents/Developer/Platforms/WatchOS.platform/Developer/SDKs/WatchOS.sdk/System/Library/Frameworks/MapKit.framework/Modules/MapKit.swiftcrossimport/SwiftUI.swiftoverlay -swift-module-cross-import MapKit /Applications/Xcode-27.0.0-Release.Candidate.app/Contents/Developer/Platforms/WatchOS.platform/Developer/SDKs/WatchOS27.0.sdk/System/Library/Frameworks/MapKit.framework/Modules/MapKit.swiftcrossimport/SwiftUI.swiftoverlay -load-resolved-plugin /Applications/Xcode-27.0.0-Release.Candidate.app/Contents/Developer/Platforms/WatchOS.platform/Developer/usr/lib/swift/host/plugins/libFoundationMacros.dylib\#/Applications/Xcode-27.0.0-Release.Candidate.app/Contents/Developer/Platforms/WatchOS.platform/Developer/usr/bin/swift-plugin-server\#FoundationMacros -load-resolved-plugin /Applications/Xcode-27.0.0-Release.Candidate.app/Contents/Developer/Platforms/WatchOS.platform/Developer/usr/lib/swift/host/plugins/libObservationMacros.dylib\#/Applications/Xcode-27.0.0-Release.Candidate.app/Contents/Developer/Platforms/WatchOS.platform/Developer/usr/bin/swift-plugin-server\#ObservationMacros -load-resolved-plugin /Applications/Xcode-27.0.0-Release.Candidate.app/Contents/Developer/Platforms/WatchOS.platform/Developer/usr/lib/swift/host/plugins/libPreviewsMacros.dylib\#/Applications/Xcode-27.0.0-Release.Candidate.app/Contents/Developer/Platforms/WatchOS.platform/Developer/usr/bin/swift-plugin-server\#PreviewsMacros -load-resolved-plugin /Applications/Xcode-27.0.0-Release.Candidate.app/Contents/Developer/Platforms/WatchOS.platform/Developer/usr/lib/swift/host/plugins/libSwiftMacros.dylib\#/Applications/Xcode-27.0.0-Release.Candidate.app/Contents/Developer/Platforms/WatchOS.platform/Developer/usr/bin/swift-plugin-server\#SwiftMacros -load-resolved-plugin /Applications/Xcode-27.0.0-Release.Candidate.app/Contents/Developer/Platforms/WatchOS.platform/Developer/usr/lib/swift/host/plugins/libSwiftUIMacros.dylib\#/Applications/Xcode-27.0.0-Release.Candidate.app/Contents/Developer/Platforms/WatchOS.platform/Developer/usr/bin/swift-plugin-server\#SwiftUIMacros -disable-implicit-swift-modules -Xcc -fno-implicit-modules -Xcc -fno-implicit-module-maps -explicit-swift-module-map-file /Users/admin/builder/spi-builder-workspace/.derivedData/Build/Intermediates.noindex/StadiaMapsAutocompleteSearch.build/Debug-watchos/StadiaMapsAutocompleteSearch-t.build/Objects-normal/arm64_32/StadiaMapsAutocompleteSearch-dependencies-1.json -enable-objc-interop -sdk /Applications/Xcode-27.0.0-Release.Candidate.app/Contents/Developer/Platforms/WatchOS.platform/Developer/SDKs/WatchOS27.0.sdk -I /Users/admin/builder/spi-builder-workspace/.derivedData/Build/Products/Debug-watchos -Isystem /Applications/Xcode-27.0.0-Release.Candidate.app/Contents/Developer/Platforms/WatchOS.platform/Developer/usr/lib -F /Users/admin/builder/spi-builder-workspace/.derivedData/Build/Products/Debug-watchos/PackageFrameworks -F /Users/admin/builder/spi-builder-workspace/.derivedData/Build/Products/Debug-watchos -F /Applications/Xcode-27.0.0-Release.Candidate.app/Contents/Developer/Platforms/WatchOS.platform/Developer/Library/Frameworks -F /Applications/Xcode-27.0.0-Release.Candidate.app/Contents/Developer/Platforms/WatchOS.platform/Developer/SDKs/WatchOS27.0.sdk/Developer/Library/Frameworks -module-cache-path /Users/admin/builder/spi-builder-workspace/.derivedData/Build/Intermediates.noindex/SwiftExplicitPrecompiledModules -no-color-diagnostics -Xcc -fno-color-diagnostics -enable-testing -g -debug-info-format\=dwarf -dwarf-version\=4 -profile-generate -profile-coverage-mapping -swift-version 5 -Onone -D SWIFT_PACKAGE -D DEBUG -D SWIFT_MODULE_RESOURCE_BUNDLE_UNAVAILABLE -D Xcode -serialize-debugging-options -enable-experimental-feature DebugDescriptionMacro -empty-abi-descriptor -validate-clang-modules-once -clang-build-session-file /Users/admin/builder/spi-builder-workspace/.derivedData/ModuleCache.noindex/Session.modulevalidation -Xcc -working-directory -Xcc /Users/admin/builder/spi-builder-workspace/.swiftpm/xcode -enable-anonymous-context-mangled-names -file-compilation-dir /Users/admin/builder/spi-builder-workspace/.swiftpm/xcode -Xcc -D_LIBCPP_HARDENING_MODE\=_LIBCPP_HARDENING_MODE_DEBUG -Xcc -ivfsstatcache -Xcc /Users/admin/builder/spi-builder-workspace/.derivedData/SDKStatCaches.noindex/watchos27.0-24R360-e829b21a6f8c9b70876ba0858053c04477534ef55a1706bf4c1112bbb242f0a2.sdkstatcache -Xcc -fmodules-prune-interval\=86400 -Xcc -fmodules-prune-after\=345600 -Xcc -I/Users/admin/builder/spi-builder-workspace/.derivedData/Build/Products/Debug-watchos/include -Xcc -I/Users/admin/builder/spi-builder-workspace/.derivedData/Build/Intermediates.noindex/StadiaMapsAutocompleteSearch.build/Debug-watchos/StadiaMapsAutocompleteSearch-t.build/DerivedSources-normal/arm64_32 -Xcc -I/Users/admin/builder/spi-builder-workspace/.derivedData/Build/Intermediates.noindex/StadiaMapsAutocompleteSearch.build/Debug-watchos/StadiaMapsAutocompleteSearch-t.build/DerivedSources/arm64_32 -Xcc -I/Users/admin/builder/spi-builder-workspace/.derivedData/Build/Intermediates.noindex/StadiaMapsAutocompleteSearch.build/Debug-watchos/StadiaMapsAutocompleteSearch-t.build/DerivedSources -Xcc -DSWIFT_PACKAGE -Xcc -DDEBUG\=1 -no-auto-bridging-header-chaining -module-name StadiaMapsAutocompleteSearch -package-name spi_builder_workspace -const-gather-protocols-file /Users/admin/builder/spi-builder-workspace/.derivedData/Build/Intermediates.noindex/StadiaMapsAutocompleteSearch.build/Debug-watchos/StadiaMapsAutocompleteSearch-t.build/Objects-normal/arm64_32/StadiaMapsAutocompleteSearch_const_extract_protocols.json -disable-clang-spi -clang-target arm64_32-apple-watchos27.0 -target-sdk-version 27.0 -target-sdk-name watchos27.0 -in-process-plugin-server-path /Applications/Xcode-27.0.0-Release.Candidate.app/Contents/Developer/Toolchains/XcodeDefault.xctoolchain/usr/lib/swift/host/libSwiftInProcPluginServer.dylib -parse-as-library -o /Users/admin/builder/spi-builder-workspace/.derivedData/Build/Intermediates.noindex/StadiaMapsAutocompleteSearch.build/Debug-watchos/StadiaMapsAutocompleteSearch-t.build/Objects-normal/arm64_32/AutocompleteSearch.o -debug-module-path /Users/admin/builder/spi-builder-workspace/.derivedData/Build/Intermediates.noindex/StadiaMapsAutocompleteSearch.build/Debug-watchos/StadiaMapsAutocompleteSearch-t.build/Objects-normal/arm64_32/StadiaMapsAutocompleteSearch.swiftmodule -index-unit-output-path /StadiaMapsAutocompleteSearch.build/Debug-watchos/StadiaMapsAutocompleteSearch-t.build/Objects-normal/arm64_32/AutocompleteSearch.o -index-store-path /Users/admin/builder/spi-builder-workspace/.derivedData/Index.noindex/DataStore -index-system-modules
SwiftCompile normal arm64 Compiling\ Extensions.swift /Users/admin/builder/spi-builder-workspace/Sources/StadiaMapsAutocompleteSearch/Extensions.swift (in target 'StadiaMapsAutocompleteSearch' from project 'StadiaMapsAutocompleteSearch')
SwiftCompile normal arm64 /Users/admin/builder/spi-builder-workspace/Sources/StadiaMapsAutocompleteSearch/Extensions.swift (in target 'StadiaMapsAutocompleteSearch' from project 'StadiaMapsAutocompleteSearch')
    cd /Users/admin/builder/spi-builder-workspace/.swiftpm/xcode
    builtin-SwiftPerFileCompile Extensions.swift
SwiftCompile normal arm64_32 Compiling\ Extensions.swift /Users/admin/builder/spi-builder-workspace/Sources/StadiaMapsAutocompleteSearch/Extensions.swift (in target 'StadiaMapsAutocompleteSearch' from project 'StadiaMapsAutocompleteSearch')
SwiftCompile normal arm64_32 /Users/admin/builder/spi-builder-workspace/Sources/StadiaMapsAutocompleteSearch/Extensions.swift (in target 'StadiaMapsAutocompleteSearch' from project 'StadiaMapsAutocompleteSearch')
    cd /Users/admin/builder/spi-builder-workspace/.swiftpm/xcode
    builtin-SwiftPerFileCompile Extensions.swift
SwiftCompile normal arm64_32 Compiling\ SearchResult.swift /Users/admin/builder/spi-builder-workspace/Sources/StadiaMapsAutocompleteSearch/SearchResult.swift (in target 'StadiaMapsAutocompleteSearch' from project 'StadiaMapsAutocompleteSearch')
SwiftCompile normal arm64_32 /Users/admin/builder/spi-builder-workspace/Sources/StadiaMapsAutocompleteSearch/SearchResult.swift (in target 'StadiaMapsAutocompleteSearch' from project 'StadiaMapsAutocompleteSearch')
    cd /Users/admin/builder/spi-builder-workspace/.swiftpm/xcode
    builtin-SwiftPerFileCompile SearchResult.swift
SwiftEmitModule normal arm64 Emitting\ module\ for\ StadiaMapsAutocompleteSearch (in target 'StadiaMapsAutocompleteSearch' from project 'StadiaMapsAutocompleteSearch')
SwiftCompile normal arm64 (in target 'StadiaMapsAutocompleteSearch' from project 'StadiaMapsAutocompleteSearch')
    cd /Users/admin/builder/spi-builder-workspace/.swiftpm/xcode

SwiftCompile normal arm64 Compiling\ SearchResult.swift /Users/admin/builder/spi-builder-workspace/Sources/StadiaMapsAutocompleteSearch/SearchResult.swift (in target 'StadiaMapsAutocompleteSearch' from project 'StadiaMapsAutocompleteSearch')
SwiftCompile normal arm64 /Users/admin/builder/spi-builder-workspace/Sources/StadiaMapsAutocompleteSearch/SearchResult.swift (in target 'StadiaMapsAutocompleteSearch' from project 'StadiaMapsAutocompleteSearch')
    cd /Users/admin/builder/spi-builder-workspace/.swiftpm/xcode
    builtin-SwiftPerFileCompile SearchResult.swift
SwiftDriverJobDiscovery normal arm64 Compiling Extensions.swift (in target 'StadiaMapsAutocompleteSearch' from project 'StadiaMapsAutocompleteSearch')
SwiftDriverJobDiscovery normal arm64_32 Compiling Extensions.swift (in target 'StadiaMapsAutocompleteSearch' from project 'StadiaMapsAutocompleteSearch')
PruneExplicitPrecompiledModules /Users/admin/builder/spi-builder-workspace/.derivedData/Build/Intermediates.noindex/SwiftExplicitPrecompiledModules
PruneExplicitPrecompiledModules /Users/admin/builder/spi-builder-workspace/.derivedData/SDKExplicitPrecompiledModules
PruneExplicitPrecompiledModules /Users/admin/builder/spi-builder-workspace/.derivedData/Build/Intermediates.noindex/ExplicitPrecompiledModules
2026-09-22 12:36:27.915 xcodebuild[992:5914] [MT] IDERunDestination: Supported platforms for the buildables in the current scheme is empty.
** BUILD FAILED **
The following build commands failed:
	SwiftCompile normal arm64 /Users/admin/builder/spi-builder-workspace/Sources/StadiaMapsAutocompleteSearch/AutocompleteSearch.swift (in target 'StadiaMapsAutocompleteSearch' from project 'StadiaMapsAutocompleteSearch')
	SwiftCompile normal arm64 Compiling\ AutocompleteSearch.swift /Users/admin/builder/spi-builder-workspace/Sources/StadiaMapsAutocompleteSearch/AutocompleteSearch.swift (in target 'StadiaMapsAutocompleteSearch' from project 'StadiaMapsAutocompleteSearch')
	SwiftCompile normal arm64_32 /Users/admin/builder/spi-builder-workspace/Sources/StadiaMapsAutocompleteSearch/AutocompleteSearch.swift (in target 'StadiaMapsAutocompleteSearch' from project 'StadiaMapsAutocompleteSearch')
	SwiftCompile normal arm64_32 Compiling\ AutocompleteSearch.swift /Users/admin/builder/spi-builder-workspace/Sources/StadiaMapsAutocompleteSearch/AutocompleteSearch.swift (in target 'StadiaMapsAutocompleteSearch' from project 'StadiaMapsAutocompleteSearch')
	Building workspace StadiaMapsAutocompleteSearch with scheme StadiaMapsAutocompleteSearch-Package
(5 failures)
BUILD FAILURE 6.4 watchOS