The Swift Package Index logo.Swift Package Index

Build Information

Failed to build SwiftL10n, reference v1.3.0 (e71244), with Swift 6.2 for Linux on 12 Jul 2026 08:22:47 UTC.

Build Command

bash -c docker run --pull=always --rm -v "checkouts-53886769-0":/host -w "$PWD" -e JAVA_HOME="/root/.sdkman/candidates/java/current" -e SPI_BUILD="1" -e SPI_PROCESSING="1" registry.gitlab.com/saguaro1/spi-images:basic-6.2-latest swift build --triple x86_64-unknown-linux-gnu 2>&1

Build Log

========================================
RunAll
========================================
Builder version: 0e64495ecc1688c3b3e031a5ef1348b5c05091ae
Interrupt handler set up.
========================================
Checkout
========================================
Clone URL: https://github.com/GRimAce11/SwiftL10n.git
Reference: v1.3.0
Initialized empty Git repository in /host/spi-builder-workspace/.git/
hint: Using 'master' as the name for the initial branch. This default branch name
hint: is subject to change. To configure the initial branch name to use in all
hint: of your new repositories, which will suppress this warning, call:
hint:
hint: 	git config --global init.defaultBranch <name>
hint:
hint: Names commonly chosen instead of 'master' are 'main', 'trunk' and
hint: 'development'. The just-created branch can be renamed via this command:
hint:
hint: 	git branch -m <name>
From https://github.com/GRimAce11/SwiftL10n
 * tag               v1.3.0     -> FETCH_HEAD
HEAD is now at e71244c fix: use XcodeBuildToolPlugin protocol and bump tools-version to 6.1
Cloned https://github.com/GRimAce11/SwiftL10n.git
Revision (git rev-parse @):
e71244c8e654ee72a6aeebe56e5a5129f713aec4
SUCCESS checkout https://github.com/GRimAce11/SwiftL10n.git at v1.3.0
========================================
Build
========================================
Selected platform:         linux
Swift version:             6.2
Building package at path:  $PWD
https://github.com/GRimAce11/SwiftL10n.git
Running build ...
bash -c docker run --pull=always --rm -v "checkouts-53886769-0":/host -w "$PWD" -e JAVA_HOME="/root/.sdkman/candidates/java/current" -e SPI_BUILD="1" -e SPI_PROCESSING="1" registry.gitlab.com/saguaro1/spi-images:basic-6.2-latest swift build --triple x86_64-unknown-linux-gnu 2>&1
basic-6.2-latest: Pulling from saguaro1/spi-images
Digest: sha256:146297aca0eb7f3e338453cbf4c0aa72424647d7d0d3f35fda2f7ef7698dd3aa
Status: Image is up to date for registry.gitlab.com/saguaro1/spi-images:basic-6.2-latest
Fetching https://github.com/swiftlang/swift-syntax.git
Fetching https://github.com/apple/swift-argument-parser.git
Fetching https://github.com/jpsim/Yams.git
[1/11847] Fetching yams
[2/29871] Fetching yams, swift-argument-parser
[25963/105788] Fetching yams, swift-argument-parser, swift-syntax
Fetched https://github.com/apple/swift-argument-parser.git from cache (2.55s)
Fetched https://github.com/jpsim/Yams.git from cache (2.57s)
Fetched https://github.com/swiftlang/swift-syntax.git from cache (2.57s)
Computing version for https://github.com/swiftlang/swift-syntax.git
Computed https://github.com/swiftlang/swift-syntax.git at 600.0.1 (3.56s)
Computing version for https://github.com/apple/swift-argument-parser.git
Computed https://github.com/apple/swift-argument-parser.git at 1.8.2 (0.16s)
Computing version for https://github.com/jpsim/Yams.git
Computed https://github.com/jpsim/Yams.git at 5.4.0 (0.17s)
Creating working copy for https://github.com/jpsim/Yams.git
Working copy of https://github.com/jpsim/Yams.git resolved at 5.4.0
Creating working copy for https://github.com/swiftlang/swift-syntax.git
Working copy of https://github.com/swiftlang/swift-syntax.git resolved at 600.0.1
Creating working copy for https://github.com/apple/swift-argument-parser.git
Working copy of https://github.com/apple/swift-argument-parser.git resolved at 1.8.2
Downloading package prebuilt https://download.swift.org/prebuilts/swift-syntax/600.0.1/swift-6.2.4-RELEASE-MacroSupport-ubuntu_jammy_x86_64.tar.gz
Downloaded https://download.swift.org/prebuilts/swift-syntax/600.0.1/swift-6.2.4-RELEASE-MacroSupport-ubuntu_jammy_x86_64.tar.gz (0.18s)
[1/1] Compiling plugin SwiftL10nPlugin
[2/2] Compiling plugin GenerateManual
[3/3] Compiling plugin GenerateDoccReference
Building for debugging...
[3/62] Write sources
[19/62] Compiling _SwiftSyntaxCShims dummy.c
[20/62] Compiling reader.c
[21/62] Compiling writer.c
[23/62] Compiling parser.c
[24/62] Compiling _SwiftSyntaxCShims dummy.c
[25/62] Write swift-version-24593BA9C3E375BF.txt
[26/62] Compiling reader.c
[27/62] Compiling api.c
[28/62] Compiling emitter.c
[29/64] Compiling parser.c
[30/66] Compiling scanner.c
[31/72] Compiling emitter.c
[33/72] Emitting module SwiftSyntax510
[33/74] Compiling scanner.c
[34/94] Compiling api.c
[34/94] Write sources
[40/114] Emitting module Yams
[41/116] Emitting module SwiftSyntax600
[42/116] Compiling SwiftSyntax600 Empty.swift
[43/117] Emitting module SwiftSyntax509
[44/117] Compiling SwiftSyntax509 Empty.swift
[47/120] Compiling Yams Mark.swift
[48/120] Compiling Yams Node.Alias.swift
[49/120] Compiling Yams Node.Mapping.swift
[50/122] Emitting module SwiftSyntax600
[51/122] Compiling SwiftSyntax600 Empty.swift
[52/123] Compiling SwiftSyntax510 Empty.swift
[55/126] Emitting module SwiftSyntax510
[58/127] Emitting module ArgumentParserToolInfo
[58/127] Wrapping AST for SwiftSyntax600 for debugging
[60/127] Wrapping AST for SwiftSyntax510 for debugging
[62/127] Compiling Yams Resolver.swift
[63/127] Compiling Yams String+Yams.swift
[63/127] Wrapping AST for SwiftSyntax509 for debugging
[64/127] Wrapping AST for SwiftSyntax510 for debugging
[66/127] Emitting module SwiftSyntax509
[67/127] Compiling SwiftSyntax509 Empty.swift
[68/223] Wrapping AST for SwiftSyntax509 for debugging
[70/256] Compiling ArgumentParserToolInfo ToolInfo.swift
[71/257] Wrapping AST for ArgumentParserToolInfo for debugging
[73/304] Compiling ArgumentParserToolInfo ToolInfo.swift
[74/304] Emitting module ArgumentParserToolInfo
[75/305] Wrapping AST for ArgumentParserToolInfo for debugging
[77/352] Compiling ArgumentParser ArgumentDecoder.swift
[78/352] Compiling ArgumentParser ArgumentDefinition.swift
[79/352] Compiling ArgumentParser ArgumentSet.swift
[80/352] Compiling ArgumentParser CommandParser.swift
[81/352] Compiling ArgumentParser InputKey.swift
[82/352] Compiling ArgumentParser InputOrigin.swift
[83/352] Compiling ArgumentParser BashCompletionsGenerator.swift
[84/352] Compiling ArgumentParser CompletionsGenerator.swift
[85/352] Compiling ArgumentParser FishCompletionsGenerator.swift
[86/352] Emitting module Yams
[87/352] Compiling ArgumentParser ExpressibleByArgument.swift
[88/352] Compiling ArgumentParser ParsableArguments.swift
[91/352] Compiling ArgumentParser ParsableCommand.swift
[94/352] Compiling ArgumentParser CommandConfiguration.swift
[95/352] Compiling ArgumentParser CommandGroup.swift
[96/352] Compiling ArgumentParser EnumerableFlag.swift
[97/352] Compiling ArgumentParser ArgumentHelp.swift
[98/352] Compiling ArgumentParser ParentCommand.swift
[99/352] Compiling ArgumentParser AsyncParsableCommand.swift
[100/352] Compiling ArgumentParser ZshCompletionsGenerator.swift
[101/352] Compiling ArgumentParser Argument.swift
[102/352] Compiling ArgumentParser ArgumentDiscussion.swift
[125/362] Wrapping AST for Yams for debugging
[155/370] Emitting module ArgumentParser
[156/376] Compiling ArgumentParser Mutex.swift
[157/376] Compiling ArgumentParser Platform.swift
[158/376] Compiling ArgumentParser SequenceExtensions.swift
[159/376] Compiling ArgumentParser StringExtensions.swift
[160/376] Compiling ArgumentParser SwiftExtensions.swift
[161/376] Compiling ArgumentParser Tree.swift
[162/382] Compiling ArgumentParser HelpCommand.swift
[163/382] Compiling ArgumentParser HelpGenerator.swift
[164/382] Compiling ArgumentParser MessageInfo.swift
[165/382] Compiling ArgumentParser UsageGenerator.swift
[166/382] Compiling ArgumentParser CollectionExtensions.swift
[167/382] Compiling ArgumentParser Foundation.swift
[168/382] Compiling ArgumentParser Name.swift
[169/382] Compiling ArgumentParser Parsed.swift
[170/382] Compiling ArgumentParser ParsedValues.swift
[171/382] Compiling ArgumentParser ParserError.swift
[172/382] Compiling ArgumentParser SplitArguments.swift
[173/382] Compiling ArgumentParser DumpHelpGenerator.swift
[186/382] Compiling ArgumentParser AsyncCompletionsValidator.swift
[187/382] Compiling ArgumentParser CodingKeyValidator.swift
[188/382] Compiling ArgumentParser NonsenseFlagsValidator.swift
[189/382] Compiling ArgumentParser ParsableArgumentsValidation.swift
[190/382] Compiling ArgumentParser PositionalArgumentsValidator.swift
[191/382] Compiling ArgumentParser UniqueNamesValidator.swift
[225/382] Compiling ArgumentParser ArgumentVisibility.swift
[226/382] Compiling ArgumentParser CompletionKind.swift
[227/382] Compiling ArgumentParser Errors.swift
[228/382] Compiling ArgumentParser Flag.swift
[229/382] Compiling ArgumentParser NameSpecification.swift
[230/382] Compiling ArgumentParser Option.swift
[231/382] Compiling ArgumentParser OptionGroup.swift
[232/382] Emitting module ArgumentParser
[240/383] Wrapping AST for ArgumentParser for debugging
[265/384] Emitting module SwiftSyntax
[274/384] Compiling SwiftSyntax RawSyntaxNodesAB.swift
[275/384] Compiling SwiftSyntax RawSyntaxNodesC.swift
[285/384] Compiling SwiftSyntax RawSyntaxNodesD.swift
[286/384] Compiling SwiftSyntax RawSyntaxNodesEF.swift
[287/384] Compiling SwiftSyntax RawSyntaxNodesGHI.swift
[288/384] Compiling SwiftSyntax RawSyntaxNodesJKLMN.swift
[289/384] Compiling SwiftSyntax RawSyntaxNodesOP.swift
[290/384] Compiling SwiftSyntax RawSyntaxNodesQRS.swift
[291/384] Compiling SwiftSyntax RawSyntaxNodesTUVWXYZ.swift
[292/384] Compiling SwiftSyntax RawSyntaxValidation.swift
[293/384] Compiling SwiftSyntax SyntaxNodesAB.swift
[357/384] Compiling SwiftSyntax SyntaxNodesC.swift
[358/384] Compiling SwiftSyntax SyntaxNodesD.swift
[359/384] Compiling SwiftSyntax SyntaxNodesEF.swift
[360/384] Compiling SwiftSyntax SyntaxNodesGHI.swift
[361/384] Compiling SwiftSyntax SyntaxNodesJKLMN.swift
[362/384] Compiling SwiftSyntax SyntaxNodesOP.swift
[363/384] Compiling SwiftSyntax SyntaxNodesQRS.swift
[364/384] Compiling SwiftSyntax SyntaxNodesTUVWXYZ.swift
[365/390] Wrapping AST for SwiftSyntax for debugging
[377/468] Emitting module SwiftParser
[378/473] Compiling SwiftParser Names.swift
[379/473] Compiling SwiftParser Nominals.swift
[380/473] Compiling SwiftParser Parameters.swift
[381/473] Compiling SwiftParser ParseSourceFile.swift
[382/473] Compiling SwiftParser Parser.swift
[383/473] Compiling SwiftParser RegexLiteralLexer.swift
[384/473] Compiling SwiftParser UnicodeScalarExtensions.swift
[385/473] Compiling SwiftParser Lookahead.swift
[386/473] Compiling SwiftParser LoopProgressCondition.swift
[387/473] Compiling SwiftParser Patterns.swift
[388/473] Compiling SwiftParser Modifiers.swift
[394/478] Emitting module SwiftParser
[395/478] Compiling SwiftParser Recovery.swift
[396/478] Compiling SwiftParser Specifiers.swift
[397/478] Compiling SwiftParser Statements.swift
[398/478] Compiling SwiftParser StringLiteralRepresentedLiteralValue.swift
[399/478] Compiling SwiftParser StringLiterals.swift
[401/478] Compiling SwiftParser SwiftVersion.swift
[402/478] Compiling SwiftParser SyntaxUtils.swift
[403/478] Compiling SwiftParser TokenConsumer.swift
[404/478] Compiling SwiftParser TokenPrecedence.swift
[405/478] Compiling SwiftParser LexemeSequence.swift
[406/478] Compiling SwiftParser Lexer.swift
[407/478] Compiling SwiftParser TokenSpec.swift
[408/478] Compiling SwiftParser TokenSpecSet.swift
[409/478] Compiling SwiftParser TopLevel.swift
[410/478] Compiling SwiftParser TriviaParser.swift
[411/478] Compiling SwiftParser Types.swift
[412/478] Compiling SwiftParser SwiftParserCompatibility.swift
[413/478] Compiling SwiftParser ExpressionInterpretedAsVersionTuple.swift
[414/478] Compiling SwiftParser Expressions.swift
[415/478] Compiling SwiftParser IncrementalParseTransition.swift
[416/478] Compiling SwiftParser IsValidIdentifier.swift
[417/478] Compiling SwiftParser Cursor.swift
[418/478] Compiling SwiftParser Lexeme.swift
[419/478] Compiling SwiftParser Attributes.swift
[420/478] Compiling SwiftParser Availability.swift
[421/478] Compiling SwiftParser CharacterInfo.swift
[422/478] Compiling SwiftParser CollectionNodes+Parsable.swift
[423/478] Compiling SwiftParser Declarations.swift
[424/478] Compiling SwiftParser Directives.swift
[459/478] Compiling SwiftParser ExperimentalFeatures.swift
[460/478] Compiling SwiftParser IsLexerClassified.swift
[461/478] Compiling SwiftParser LayoutNodes+Parsable.swift
[462/478] Compiling SwiftParser Parser+TokenSpecSet.swift
[463/478] Compiling SwiftParser TokenSpecStaticMembers.swift
[464/479] Wrapping AST for SwiftParser for debugging
[466/514] Compiling SwiftL10nCore EnclosingContext.swift
/host/spi-builder-workspace/Sources/SwiftL10nCore/Pipeline/IncrementalScanCache.swift:2:8: error: no such module 'CryptoKit'
  1 | import Foundation
  2 | import CryptoKit
    |        `- error: no such module 'CryptoKit'
  3 |
  4 | // MARK: - ScanCacheEntry
[467/514] Compiling SwiftL10nCore Namespace.swift
/host/spi-builder-workspace/Sources/SwiftL10nCore/Pipeline/IncrementalScanCache.swift:2:8: error: no such module 'CryptoKit'
  1 | import Foundation
  2 | import CryptoKit
    |        `- error: no such module 'CryptoKit'
  3 |
  4 | // MARK: - ScanCacheEntry
[468/514] Compiling SwiftL10nCore NamespaceInferrer.swift
/host/spi-builder-workspace/Sources/SwiftL10nCore/Pipeline/IncrementalScanCache.swift:2:8: error: no such module 'CryptoKit'
  1 | import Foundation
  2 | import CryptoKit
    |        `- error: no such module 'CryptoKit'
  3 |
  4 | // MARK: - ScanCacheEntry
[469/514] Compiling SwiftL10nCore GlobMatcher.swift
/host/spi-builder-workspace/Sources/SwiftL10nCore/Pipeline/IncrementalScanCache.swift:2:8: error: no such module 'CryptoKit'
  1 | import Foundation
  2 | import CryptoKit
    |        `- error: no such module 'CryptoKit'
  3 |
  4 | // MARK: - ScanCacheEntry
[470/514] Compiling SwiftL10nCore IncrementalScanCache.swift
/host/spi-builder-workspace/Sources/SwiftL10nCore/Pipeline/IncrementalScanCache.swift:2:8: error: no such module 'CryptoKit'
  1 | import Foundation
  2 | import CryptoKit
    |        `- error: no such module 'CryptoKit'
  3 |
  4 | // MARK: - ScanCacheEntry
[471/518] Compiling SwiftL10nCore AssetsGenerator.swift
/host/spi-builder-workspace/Sources/SwiftL10nCore/Pipeline/IncrementalScanCache.swift:2:8: error: no such module 'CryptoKit'
  1 | import Foundation
  2 | import CryptoKit
    |        `- error: no such module 'CryptoKit'
  3 |
  4 | // MARK: - ScanCacheEntry
[472/518] Compiling SwiftL10nCore CodeGenerator.swift
/host/spi-builder-workspace/Sources/SwiftL10nCore/Pipeline/IncrementalScanCache.swift:2:8: error: no such module 'CryptoKit'
  1 | import Foundation
  2 | import CryptoKit
    |        `- error: no such module 'CryptoKit'
  3 |
  4 | // MARK: - ScanCacheEntry
[473/518] Compiling SwiftL10nCore FileRegionMerger.swift
/host/spi-builder-workspace/Sources/SwiftL10nCore/Pipeline/IncrementalScanCache.swift:2:8: error: no such module 'CryptoKit'
  1 | import Foundation
  2 | import CryptoKit
    |        `- error: no such module 'CryptoKit'
  3 |
  4 | // MARK: - ScanCacheEntry
[474/518] Compiling SwiftL10nCore GeneratedFileParser.swift
/host/spi-builder-workspace/Sources/SwiftL10nCore/Pipeline/IncrementalScanCache.swift:2:8: error: no such module 'CryptoKit'
  1 | import Foundation
  2 | import CryptoKit
    |        `- error: no such module 'CryptoKit'
  3 |
  4 | // MARK: - ScanCacheEntry
[475/518] Compiling SwiftL10nCore CommonStringExtractor.swift
/host/spi-builder-workspace/Sources/SwiftL10nCore/Pipeline/IncrementalScanCache.swift:2:8: error: no such module 'CryptoKit'
  1 | import Foundation
  2 | import CryptoKit
    |        `- error: no such module 'CryptoKit'
  3 |
  4 | // MARK: - ScanCacheEntry
[476/518] Compiling SwiftL10nCore DiagnosticsEngine.swift
/host/spi-builder-workspace/Sources/SwiftL10nCore/Pipeline/IncrementalScanCache.swift:2:8: error: no such module 'CryptoKit'
  1 | import Foundation
  2 | import CryptoKit
    |        `- error: no such module 'CryptoKit'
  3 |
  4 | // MARK: - ScanCacheEntry
[477/518] Compiling SwiftL10nCore DetectedString.swift
/host/spi-builder-workspace/Sources/SwiftL10nCore/Pipeline/IncrementalScanCache.swift:2:8: error: no such module 'CryptoKit'
  1 | import Foundation
  2 | import CryptoKit
    |        `- error: no such module 'CryptoKit'
  3 |
  4 | // MARK: - ScanCacheEntry
[478/518] Compiling SwiftL10nCore DetectionContext.swift
/host/spi-builder-workspace/Sources/SwiftL10nCore/Pipeline/IncrementalScanCache.swift:2:8: error: no such module 'CryptoKit'
  1 | import Foundation
  2 | import CryptoKit
    |        `- error: no such module 'CryptoKit'
  3 |
  4 | // MARK: - ScanCacheEntry
[479/518] Compiling SwiftL10nCore DetectionContextCodable.swift
/host/spi-builder-workspace/Sources/SwiftL10nCore/Pipeline/IncrementalScanCache.swift:2:8: error: no such module 'CryptoKit'
  1 | import Foundation
  2 | import CryptoKit
    |        `- error: no such module 'CryptoKit'
  3 |
  4 | // MARK: - ScanCacheEntry
[480/518] Compiling SwiftL10nCore Diagnostic.swift
/host/spi-builder-workspace/Sources/SwiftL10nCore/Pipeline/IncrementalScanCache.swift:2:8: error: no such module 'CryptoKit'
  1 | import Foundation
  2 | import CryptoKit
    |        `- error: no such module 'CryptoKit'
  3 |
  4 | // MARK: - ScanCacheEntry
[481/518] Compiling SwiftL10nCore FileWriter.swift
/host/spi-builder-workspace/Sources/SwiftL10nCore/Pipeline/IncrementalScanCache.swift:2:8: error: no such module 'CryptoKit'
  1 | import Foundation
  2 | import CryptoKit
    |        `- error: no such module 'CryptoKit'
  3 |
  4 | // MARK: - ScanCacheEntry
[482/518] Compiling SwiftL10nCore SwiftL10nConfig.swift
/host/spi-builder-workspace/Sources/SwiftL10nCore/Pipeline/IncrementalScanCache.swift:2:8: error: no such module 'CryptoKit'
  1 | import Foundation
  2 | import CryptoKit
    |        `- error: no such module 'CryptoKit'
  3 |
  4 | // MARK: - ScanCacheEntry
[483/518] Compiling SwiftL10nCore ExistingLocalizationDetector.swift
/host/spi-builder-workspace/Sources/SwiftL10nCore/Pipeline/IncrementalScanCache.swift:2:8: error: no such module 'CryptoKit'
  1 | import Foundation
  2 | import CryptoKit
    |        `- error: no such module 'CryptoKit'
  3 |
  4 | // MARK: - ScanCacheEntry
[484/518] Compiling SwiftL10nCore InlineSuppression.swift
/host/spi-builder-workspace/Sources/SwiftL10nCore/Pipeline/IncrementalScanCache.swift:2:8: error: no such module 'CryptoKit'
  1 | import Foundation
  2 | import CryptoKit
    |        `- error: no such module 'CryptoKit'
  3 |
  4 | // MARK: - ScanCacheEntry
[485/518] Compiling SwiftL10nCore SuppressionIndex.swift
/host/spi-builder-workspace/Sources/SwiftL10nCore/Pipeline/IncrementalScanCache.swift:2:8: error: no such module 'CryptoKit'
  1 | import Foundation
  2 | import CryptoKit
    |        `- error: no such module 'CryptoKit'
  3 |
  4 | // MARK: - ScanCacheEntry
[486/518] Compiling SwiftL10nCore ScanPipeline.swift
/host/spi-builder-workspace/Sources/SwiftL10nCore/Pipeline/IncrementalScanCache.swift:2:8: error: no such module 'CryptoKit'
  1 | import Foundation
  2 | import CryptoKit
    |        `- error: no such module 'CryptoKit'
  3 |
  4 | // MARK: - ScanCacheEntry
[487/518] Compiling SwiftL10nCore ConfidenceScorer.swift
/host/spi-builder-workspace/Sources/SwiftL10nCore/Pipeline/IncrementalScanCache.swift:2:8: error: no such module 'CryptoKit'
  1 | import Foundation
  2 | import CryptoKit
    |        `- error: no such module 'CryptoKit'
  3 |
  4 | // MARK: - ScanCacheEntry
[488/518] Compiling SwiftL10nCore ContextExtractor.swift
/host/spi-builder-workspace/Sources/SwiftL10nCore/Pipeline/IncrementalScanCache.swift:2:8: error: no such module 'CryptoKit'
  1 | import Foundation
  2 | import CryptoKit
    |        `- error: no such module 'CryptoKit'
  3 |
  4 | // MARK: - ScanCacheEntry
[489/518] Compiling SwiftL10nCore DetectionRule.swift
/host/spi-builder-workspace/Sources/SwiftL10nCore/Pipeline/IncrementalScanCache.swift:2:8: error: no such module 'CryptoKit'
  1 | import Foundation
  2 | import CryptoKit
    |        `- error: no such module 'CryptoKit'
  3 |
  4 | // MARK: - ScanCacheEntry
[490/518] Compiling SwiftL10nCore FalsePositiveFilter.swift
/host/spi-builder-workspace/Sources/SwiftL10nCore/Pipeline/IncrementalScanCache.swift:2:8: error: no such module 'CryptoKit'
  1 | import Foundation
  2 | import CryptoKit
    |        `- error: no such module 'CryptoKit'
  3 |
  4 | // MARK: - ScanCacheEntry
[491/518] Compiling SwiftL10nCore BuiltInRules.swift
/host/spi-builder-workspace/Sources/SwiftL10nCore/Pipeline/IncrementalScanCache.swift:2:8: error: no such module 'CryptoKit'
  1 | import Foundation
  2 | import CryptoKit
    |        `- error: no such module 'CryptoKit'
  3 |
  4 | // MARK: - ScanCacheEntry
[492/518] Compiling SwiftL10nCore UIKitRules.swift
/host/spi-builder-workspace/Sources/SwiftL10nCore/Pipeline/IncrementalScanCache.swift:2:8: error: no such module 'CryptoKit'
  1 | import Foundation
  2 | import CryptoKit
    |        `- error: no such module 'CryptoKit'
  3 |
  4 | // MARK: - ScanCacheEntry
[493/518] Compiling SwiftL10nCore StringScanner.swift
/host/spi-builder-workspace/Sources/SwiftL10nCore/Pipeline/IncrementalScanCache.swift:2:8: error: no such module 'CryptoKit'
  1 | import Foundation
  2 | import CryptoKit
    |        `- error: no such module 'CryptoKit'
  3 |
  4 | // MARK: - ScanCacheEntry
[494/518] Compiling SwiftL10nCore StringCatalogParser.swift
/host/spi-builder-workspace/Sources/SwiftL10nCore/Pipeline/IncrementalScanCache.swift:2:8: error: no such module 'CryptoKit'
  1 | import Foundation
  2 | import CryptoKit
    |        `- error: no such module 'CryptoKit'
  3 |
  4 | // MARK: - ScanCacheEntry
[495/518] Compiling SwiftL10nCore AccessibilityAuditor.swift
/host/spi-builder-workspace/Sources/SwiftL10nCore/Pipeline/IncrementalScanCache.swift:2:8: error: no such module 'CryptoKit'
  1 | import Foundation
  2 | import CryptoKit
    |        `- error: no such module 'CryptoKit'
  3 |
  4 | // MARK: - ScanCacheEntry
[496/518] Compiling SwiftL10nCore DuplicateLocalizationAnalyzer.swift
/host/spi-builder-workspace/Sources/SwiftL10nCore/Pipeline/IncrementalScanCache.swift:2:8: error: no such module 'CryptoKit'
  1 | import Foundation
  2 | import CryptoKit
    |        `- error: no such module 'CryptoKit'
  3 |
  4 | // MARK: - ScanCacheEntry
[497/518] Compiling SwiftL10nCore AssetCatalog.swift
/host/spi-builder-workspace/Sources/SwiftL10nCore/Pipeline/IncrementalScanCache.swift:2:8: error: no such module 'CryptoKit'
  1 | import Foundation
  2 | import CryptoKit
    |        `- error: no such module 'CryptoKit'
  3 |
  4 | // MARK: - ScanCacheEntry
[498/518] Compiling SwiftL10nCore AssetCodeGenerator.swift
/host/spi-builder-workspace/Sources/SwiftL10nCore/Pipeline/IncrementalScanCache.swift:2:8: error: no such module 'CryptoKit'
  1 | import Foundation
  2 | import CryptoKit
    |        `- error: no such module 'CryptoKit'
  3 |
  4 | // MARK: - ScanCacheEntry
[499/518] Compiling SwiftL10nCore AssetScanner.swift
/host/spi-builder-workspace/Sources/SwiftL10nCore/Pipeline/IncrementalScanCache.swift:2:8: error: no such module 'CryptoKit'
  1 | import Foundation
  2 | import CryptoKit
    |        `- error: no such module 'CryptoKit'
  3 |
  4 | // MARK: - ScanCacheEntry
[500/518] Compiling SwiftL10nCore StringCatalogValidator.swift
/host/spi-builder-workspace/Sources/SwiftL10nCore/Pipeline/IncrementalScanCache.swift:2:8: error: no such module 'CryptoKit'
  1 | import Foundation
  2 | import CryptoKit
    |        `- error: no such module 'CryptoKit'
  3 |
  4 | // MARK: - ScanCacheEntry
[501/518] Compiling SwiftL10nCore StringsGenerator.swift
/host/spi-builder-workspace/Sources/SwiftL10nCore/Pipeline/IncrementalScanCache.swift:2:8: error: no such module 'CryptoKit'
  1 | import Foundation
  2 | import CryptoKit
    |        `- error: no such module 'CryptoKit'
  3 |
  4 | // MARK: - ScanCacheEntry
[502/518] Compiling SwiftL10nCore SwiftL10n.swift
/host/spi-builder-workspace/Sources/SwiftL10nCore/Pipeline/IncrementalScanCache.swift:2:8: error: no such module 'CryptoKit'
  1 | import Foundation
  2 | import CryptoKit
    |        `- error: no such module 'CryptoKit'
  3 |
  4 | // MARK: - ScanCacheEntry
[503/518] Compiling SwiftL10nCore Version.swift
/host/spi-builder-workspace/Sources/SwiftL10nCore/Pipeline/IncrementalScanCache.swift:2:8: error: no such module 'CryptoKit'
  1 | import Foundation
  2 | import CryptoKit
    |        `- error: no such module 'CryptoKit'
  3 |
  4 | // MARK: - ScanCacheEntry
error: emit-module command failed with exit code 1 (use -v to see invocation)
[504/518] Emitting module SwiftL10nCore
/host/spi-builder-workspace/Sources/SwiftL10nCore/Pipeline/IncrementalScanCache.swift:2:8: error: no such module 'CryptoKit'
  1 | import Foundation
  2 | import CryptoKit
    |        `- error: no such module 'CryptoKit'
  3 |
  4 | // MARK: - ScanCacheEntry
BUILD FAILURE 6.2 linux