The Swift Package Index logo.Swift Package Index

Build Information

Failed to build Kineo, reference master (6c00ac), with Swift 6.4 for tvOS using Xcode 27.0 on 27 Sep 2026 05:17:32 UTC.

Build Command

env DEVELOPER_DIR=/Applications/Xcode-27.0.0-Release.Candidate.app xcrun xcodebuild -IDEClonedSourcePackagesDirPathOverride=$PWD/.dependencies -skipMacroValidation -skipPackagePluginValidation -derivedDataPath $PWD/.derivedData build -scheme Kineo-Package -destination generic/platform=tvOS

Build Log

SwiftDriver ArgumentParserToolInfo normal arm64 com.apple.xcode.tools.swift.compiler (in target 'ArgumentParserToolInfo' from project 'swift-argument-parser')
    cd /Users/admin/builder/spi-builder-workspace/.swiftpm/xcode
    builtin-SwiftDriver -- /Applications/Xcode-27.0.0-Release.Candidate.app/Contents/Developer/Toolchains/XcodeDefault.xctoolchain/usr/bin/swiftc -parse-as-library -module-name ArgumentParserToolInfo -Onone @/Users/admin/builder/spi-builder-workspace/.derivedData/Build/Intermediates.noindex/swift-argument-parser.build/Debug-appletvos/ArgumentParserToolInfo-t.build/Objects-normal/arm64/ArgumentParserToolInfo.SwiftFileList -DSWIFT_PACKAGE -DDEBUG -DSWIFT_MODULE_RESOURCE_BUNDLE_UNAVAILABLE -DXcode -plugin-path /Applications/Xcode-27.0.0-Release.Candidate.app/Contents/Developer/Toolchains/XcodeDefault.xctoolchain/usr/lib/swift/host/plugins/testing -enable-experimental-feature DebugDescriptionMacro -sdk /Applications/Xcode-27.0.0-Release.Candidate.app/Contents/Developer/Platforms/AppleTVOS.platform/Developer/SDKs/AppleTVOS27.0.sdk -target arm64-apple-tvos15.0 -g -module-cache-path /Users/admin/builder/spi-builder-workspace/.derivedData/ModuleCache.noindex -Xfrontend -serialize-debugging-options -profile-coverage-mapping -profile-generate -enable-testing -suppress-warnings -index-store-path /Users/admin/builder/spi-builder-workspace/.derivedData/Index.noindex/DataStore -Xcc -D_LIBCPP_HARDENING_MODE\=_LIBCPP_HARDENING_MODE_DEBUG -swift-version 6 -I /Users/admin/builder/spi-builder-workspace/.derivedData/Build/Products/Debug-appletvos -Isystem /Applications/Xcode-27.0.0-Release.Candidate.app/Contents/Developer/Platforms/AppleTVOS.platform/Developer/usr/lib -F /Users/admin/builder/spi-builder-workspace/.derivedData/Build/Products/Debug-appletvos -F /Applications/Xcode-27.0.0-Release.Candidate.app/Contents/Developer/Platforms/AppleTVOS.platform/Developer/Library/Frameworks -F /Applications/Xcode-27.0.0-Release.Candidate.app/Contents/Developer/Platforms/AppleTVOS.platform/Developer/SDKs/AppleTVOS27.0.sdk/Developer/Library/Frameworks -c -j10 -enable-batch-mode -incremental -Xcc -ivfsstatcache -Xcc /Users/admin/builder/spi-builder-workspace/.derivedData/SDKStatCaches.noindex/appletvos27.0-24J360-e829b21a6f8c9b70876ba0858053c044b32bfd8d43560033f8d89884cdb90028.sdkstatcache -output-file-map /Users/admin/builder/spi-builder-workspace/.derivedData/Build/Intermediates.noindex/swift-argument-parser.build/Debug-appletvos/ArgumentParserToolInfo-t.build/Objects-normal/arm64/ArgumentParserToolInfo-OutputFileMap.json -save-temps -no-color-diagnostics -explicit-module-build -module-cache-path /Users/admin/builder/spi-builder-workspace/.derivedData/Build/Intermediates.noindex/SwiftExplicitPrecompiledModules -clang-scanner-module-cache-path /Users/admin/builder/spi-builder-workspace/.derivedData/ModuleCache.noindex -sdk-module-cache-path /Users/admin/builder/spi-builder-workspace/.derivedData/SDKExplicitPrecompiledModules -emit-dependencies -emit-module -emit-module-path /Users/admin/builder/spi-builder-workspace/.derivedData/Build/Intermediates.noindex/swift-argument-parser.build/Debug-appletvos/ArgumentParserToolInfo-t.build/Objects-normal/arm64/ArgumentParserToolInfo.swiftmodule -serialize-diagnostics -dependency-scan-serialize-diagnostics-path /Users/admin/builder/spi-builder-workspace/.derivedData/Build/Intermediates.noindex/swift-argument-parser.build/Debug-appletvos/ArgumentParserToolInfo-t.build/Objects-normal/arm64/ArgumentParserToolInfo-dependency-scan.dia -user-module-version 1.8.2 -validate-clang-modules-once -clang-build-session-file /Users/admin/builder/spi-builder-workspace/.derivedData/ModuleCache.noindex/Session.modulevalidation -Xcc -fmodules-prune-interval\=86400 -Xcc -fmodules-prune-after\=345600 -package-name swift_argument_parser -emit-const-values -const-gather-protocols-list /Users/admin/builder/spi-builder-workspace/.derivedData/Build/Intermediates.noindex/swift-argument-parser.build/Debug-appletvos/ArgumentParserToolInfo-t.build/Objects-normal/arm64/ArgumentParserToolInfo_const_extract_protocols.json -Xcc -I/Users/admin/builder/spi-builder-workspace/.derivedData/Build/Products/Debug-appletvos/include -Xcc -I/Users/admin/builder/spi-builder-workspace/.derivedData/Build/Intermediates.noindex/swift-argument-parser.build/Debug-appletvos/ArgumentParserToolInfo-t.build/DerivedSources-normal/arm64 -Xcc -I/Users/admin/builder/spi-builder-workspace/.derivedData/Build/Intermediates.noindex/swift-argument-parser.build/Debug-appletvos/ArgumentParserToolInfo-t.build/DerivedSources/arm64 -Xcc -I/Users/admin/builder/spi-builder-workspace/.derivedData/Build/Intermediates.noindex/swift-argument-parser.build/Debug-appletvos/ArgumentParserToolInfo-t.build/DerivedSources -Xcc -DSWIFT_PACKAGE -Xcc -DDEBUG\=1 -emit-objc-header -emit-objc-header-path /Users/admin/builder/spi-builder-workspace/.derivedData/Build/Intermediates.noindex/swift-argument-parser.build/Debug-appletvos/ArgumentParserToolInfo-t.build/Objects-normal/arm64/ArgumentParserToolInfo-Swift.h -working-directory /Users/admin/builder/spi-builder-workspace/.swiftpm/xcode -experimental-emit-module-separately -disable-cmo
Ld /Users/admin/builder/spi-builder-workspace/.derivedData/Build/Products/Debug-appletvos/URITemplate.o normal (in target 'URITemplate' from project 'URITemplate')
    cd /Users/admin/builder/spi-builder-workspace/.dependencies/checkouts/URITemplate.swift
    /Applications/Xcode-27.0.0-Release.Candidate.app/Contents/Developer/Toolchains/XcodeDefault.xctoolchain/usr/bin/clang -Xlinker -reproducible -target arm64-apple-tvos15.0 -r -isysroot /Applications/Xcode-27.0.0-Release.Candidate.app/Contents/Developer/Platforms/AppleTVOS.platform/Developer/SDKs/AppleTVOS27.0.sdk -O0 -w -Xlinker -no_warn_duplicate_libraries -F/Users/admin/builder/spi-builder-workspace/.derivedData/Build/Intermediates.noindex/EagerLinkingTBDs/Debug-appletvos -F/Users/admin/builder/spi-builder-workspace/.derivedData/Build/Products/Debug-appletvos -iframework /Applications/Xcode-27.0.0-Release.Candidate.app/Contents/Developer/Platforms/AppleTVOS.platform/Developer/Library/Frameworks -iframework /Applications/Xcode-27.0.0-Release.Candidate.app/Contents/Developer/Platforms/AppleTVOS.platform/Developer/SDKs/AppleTVOS27.0.sdk/Developer/Library/Frameworks -filelist /Users/admin/builder/spi-builder-workspace/.derivedData/Build/Intermediates.noindex/URITemplate.build/Debug-appletvos/URITemplate-t.build/Objects-normal/arm64/URITemplate.LinkFileList -nostdlib -Xlinker -object_path_lto -Xlinker /Users/admin/builder/spi-builder-workspace/.derivedData/Build/Intermediates.noindex/URITemplate.build/Debug-appletvos/URITemplate-t.build/Objects-normal/arm64/URITemplate_lto.o -Xlinker -no_deduplicate -Xlinker -debug_variant -Xlinker -dependency_info -Xlinker /Users/admin/builder/spi-builder-workspace/.derivedData/Build/Intermediates.noindex/URITemplate.build/Debug-appletvos/URITemplate-t.build/Objects-normal/arm64/URITemplate_dependency_info.dat -fobjc-link-runtime -L/Applications/Xcode-27.0.0-Release.Candidate.app/Contents/Developer/Toolchains/XcodeDefault.xctoolchain/usr/lib/swift/appletvos -L/usr/lib/swift -Xlinker -add_ast_path -Xlinker /Users/admin/builder/spi-builder-workspace/.derivedData/Build/Intermediates.noindex/URITemplate.build/Debug-appletvos/URITemplate-t.build/Objects-normal/arm64/URITemplate.swiftmodule -o /Users/admin/builder/spi-builder-workspace/.derivedData/Build/Products/Debug-appletvos/URITemplate.o
SwiftDriver ArgumentParser normal arm64 com.apple.xcode.tools.swift.compiler (in target 'ArgumentParser' from project 'swift-argument-parser')
    cd /Users/admin/builder/spi-builder-workspace/.swiftpm/xcode
    builtin-SwiftDriver -- /Applications/Xcode-27.0.0-Release.Candidate.app/Contents/Developer/Toolchains/XcodeDefault.xctoolchain/usr/bin/swiftc -parse-as-library -module-name ArgumentParser -Onone @/Users/admin/builder/spi-builder-workspace/.derivedData/Build/Intermediates.noindex/swift-argument-parser.build/Debug-appletvos/ArgumentParser-t.build/Objects-normal/arm64/ArgumentParser.SwiftFileList -DSWIFT_PACKAGE -DDEBUG -DSWIFT_MODULE_RESOURCE_BUNDLE_UNAVAILABLE -DXcode -plugin-path /Applications/Xcode-27.0.0-Release.Candidate.app/Contents/Developer/Toolchains/XcodeDefault.xctoolchain/usr/lib/swift/host/plugins/testing -enable-experimental-feature DebugDescriptionMacro -sdk /Applications/Xcode-27.0.0-Release.Candidate.app/Contents/Developer/Platforms/AppleTVOS.platform/Developer/SDKs/AppleTVOS27.0.sdk -target arm64-apple-tvos15.0 -g -module-cache-path /Users/admin/builder/spi-builder-workspace/.derivedData/ModuleCache.noindex -Xfrontend -serialize-debugging-options -profile-coverage-mapping -profile-generate -enable-testing -suppress-warnings -index-store-path /Users/admin/builder/spi-builder-workspace/.derivedData/Index.noindex/DataStore -Xcc -D_LIBCPP_HARDENING_MODE\=_LIBCPP_HARDENING_MODE_DEBUG -swift-version 6 -I /Users/admin/builder/spi-builder-workspace/.derivedData/Build/Products/Debug-appletvos -Isystem /Applications/Xcode-27.0.0-Release.Candidate.app/Contents/Developer/Platforms/AppleTVOS.platform/Developer/usr/lib -F /Users/admin/builder/spi-builder-workspace/.derivedData/Build/Products/Debug-appletvos/PackageFrameworks -F /Users/admin/builder/spi-builder-workspace/.derivedData/Build/Products/Debug-appletvos -F /Applications/Xcode-27.0.0-Release.Candidate.app/Contents/Developer/Platforms/AppleTVOS.platform/Developer/Library/Frameworks -F /Applications/Xcode-27.0.0-Release.Candidate.app/Contents/Developer/Platforms/AppleTVOS.platform/Developer/SDKs/AppleTVOS27.0.sdk/Developer/Library/Frameworks -c -j10 -enable-batch-mode -incremental -Xcc -ivfsstatcache -Xcc /Users/admin/builder/spi-builder-workspace/.derivedData/SDKStatCaches.noindex/appletvos27.0-24J360-e829b21a6f8c9b70876ba0858053c044b32bfd8d43560033f8d89884cdb90028.sdkstatcache -output-file-map /Users/admin/builder/spi-builder-workspace/.derivedData/Build/Intermediates.noindex/swift-argument-parser.build/Debug-appletvos/ArgumentParser-t.build/Objects-normal/arm64/ArgumentParser-OutputFileMap.json -save-temps -no-color-diagnostics -explicit-module-build -module-cache-path /Users/admin/builder/spi-builder-workspace/.derivedData/Build/Intermediates.noindex/SwiftExplicitPrecompiledModules -clang-scanner-module-cache-path /Users/admin/builder/spi-builder-workspace/.derivedData/ModuleCache.noindex -sdk-module-cache-path /Users/admin/builder/spi-builder-workspace/.derivedData/SDKExplicitPrecompiledModules -emit-dependencies -emit-module -emit-module-path /Users/admin/builder/spi-builder-workspace/.derivedData/Build/Intermediates.noindex/swift-argument-parser.build/Debug-appletvos/ArgumentParser-t.build/Objects-normal/arm64/ArgumentParser.swiftmodule -serialize-diagnostics -dependency-scan-serialize-diagnostics-path /Users/admin/builder/spi-builder-workspace/.derivedData/Build/Intermediates.noindex/swift-argument-parser.build/Debug-appletvos/ArgumentParser-t.build/Objects-normal/arm64/ArgumentParser-dependency-scan.dia -user-module-version 1.8.2 -validate-clang-modules-once -clang-build-session-file /Users/admin/builder/spi-builder-workspace/.derivedData/ModuleCache.noindex/Session.modulevalidation -Xcc -fmodules-prune-interval\=86400 -Xcc -fmodules-prune-after\=345600 -package-name swift_argument_parser -emit-const-values -const-gather-protocols-list /Users/admin/builder/spi-builder-workspace/.derivedData/Build/Intermediates.noindex/swift-argument-parser.build/Debug-appletvos/ArgumentParser-t.build/Objects-normal/arm64/ArgumentParser_const_extract_protocols.json -Xcc -I/Users/admin/builder/spi-builder-workspace/.derivedData/Build/Products/Debug-appletvos/include -Xcc -I/Users/admin/builder/spi-builder-workspace/.derivedData/Build/Intermediates.noindex/swift-argument-parser.build/Debug-appletvos/ArgumentParser-t.build/DerivedSources-normal/arm64 -Xcc -I/Users/admin/builder/spi-builder-workspace/.derivedData/Build/Intermediates.noindex/swift-argument-parser.build/Debug-appletvos/ArgumentParser-t.build/DerivedSources/arm64 -Xcc -I/Users/admin/builder/spi-builder-workspace/.derivedData/Build/Intermediates.noindex/swift-argument-parser.build/Debug-appletvos/ArgumentParser-t.build/DerivedSources -Xcc -DSWIFT_PACKAGE -Xcc -DDEBUG\=1 -emit-objc-header -emit-objc-header-path /Users/admin/builder/spi-builder-workspace/.derivedData/Build/Intermediates.noindex/swift-argument-parser.build/Debug-appletvos/ArgumentParser-t.build/Objects-normal/arm64/ArgumentParser-Swift.h -working-directory /Users/admin/builder/spi-builder-workspace/.swiftpm/xcode -experimental-emit-module-separately -disable-cmo
ExtractAppIntentsMetadata (in target 'URITemplate' from project 'URITemplate')
    cd /Users/admin/builder/spi-builder-workspace/.dependencies/checkouts/URITemplate.swift
    /Applications/Xcode-27.0.0-Release.Candidate.app/Contents/Developer/Toolchains/XcodeDefault.xctoolchain/usr/bin/appintentsmetadataprocessor --toolchain-dir /var/run/com.apple.security.cryptexd/mnt/com.apple.MobileAsset.MetalToolchain-v27.1.266.1.tjGKb9/Metal.xctoolchain --module-name URITemplate --sdk-root /Applications/Xcode-27.0.0-Release.Candidate.app/Contents/Developer/Platforms/AppleTVOS.platform/Developer/SDKs/AppleTVOS27.0.sdk --xcode-version 27A266a --platform-family tvOS --deployment-target 15.0 --bundle-identifier uritemplate.swift.URITemplate --output /Users/admin/builder/spi-builder-workspace/.derivedData/Build/Products/Debug-appletvos/URITemplate.appintents --target-triple arm64-apple-tvos15.0 --binary-file /Users/admin/builder/spi-builder-workspace/.derivedData/Build/Products/Debug-appletvos/URITemplate.o --dependency-file /Users/admin/builder/spi-builder-workspace/.derivedData/Build/Intermediates.noindex/URITemplate.build/Debug-appletvos/URITemplate-t.build/Objects-normal/arm64/URITemplate_dependency_info.dat --stringsdata-file /Users/admin/builder/spi-builder-workspace/.derivedData/Build/Intermediates.noindex/URITemplate.build/Debug-appletvos/URITemplate-t.build/Objects-normal/arm64/ExtractedAppShortcutsMetadata.stringsdata --source-file-list /Users/admin/builder/spi-builder-workspace/.derivedData/Build/Intermediates.noindex/URITemplate.build/Debug-appletvos/URITemplate-t.build/Objects-normal/arm64/URITemplate.SwiftFileList --metadata-file-list /Users/admin/builder/spi-builder-workspace/.derivedData/Build/Intermediates.noindex/URITemplate.build/Debug-appletvos/URITemplate-t.build/URITemplate.DependencyMetadataFileList --static-metadata-file-list /Users/admin/builder/spi-builder-workspace/.derivedData/Build/Intermediates.noindex/URITemplate.build/Debug-appletvos/URITemplate-t.build/URITemplate.DependencyStaticMetadataFileList --swift-const-vals-list /Users/admin/builder/spi-builder-workspace/.derivedData/Build/Intermediates.noindex/URITemplate.build/Debug-appletvos/URITemplate-t.build/Objects-normal/arm64/URITemplate.SwiftConstValuesFileList --force --compile-time-extraction --deployment-aware-processing --no-app-shortcuts-localization
2026-09-27 01:17:32.117 appintentsmetadataprocessor[1603:8554] Starting appintentsmetadataprocessor export
2026-09-27 01:17:32.272 appintentsmetadataprocessor[1603:8554] Extracted no relevant App Intents symbols, skipping writing output
PrecompileModule /Users/admin/builder/spi-builder-workspace/.derivedData/Build/Intermediates.noindex/ExplicitPrecompiledModules/_Builtin_limits-8XPB4PWHOCQ63POVMRE494BWH.scan
    cd /
    builtin-precompileModule /Users/admin/builder/spi-builder-workspace/.derivedData/Build/Intermediates.noindex/ExplicitPrecompiledModules/_Builtin_limits-8XPB4PWHOCQ63POVMRE494BWH.scan
SwiftEmitModule normal arm64 Emitting\ module\ for\ ArgumentParserToolInfo (in target 'ArgumentParserToolInfo' from project 'swift-argument-parser')
SwiftCompile normal arm64 (in target 'ArgumentParserToolInfo' from project 'swift-argument-parser')
    cd /Users/admin/builder/spi-builder-workspace/.swiftpm/xcode

CompileC /Users/admin/builder/spi-builder-workspace/.derivedData/Build/Intermediates.noindex/CLMDB.build/Debug-appletvos/LMDB-t.build/Objects-normal/arm64/midl.o /Users/admin/builder/spi-builder-workspace/.dependencies/checkouts/CLMDB/Sources/LMDB/midl.c normal arm64 c com.apple.compilers.llvm.clang.1_0.compiler (in target 'LMDB' from project 'CLMDB')
    cd /Users/admin/builder/spi-builder-workspace/.swiftpm/xcode

    Using response file: /Users/admin/builder/spi-builder-workspace/.derivedData/Build/Intermediates.noindex/CLMDB.build/Debug-appletvos/LMDB-t.build/Objects-normal/arm64/7187679823f38a2a940e0043cdf9d637-common-args.resp

    /Applications/Xcode-27.0.0-Release.Candidate.app/Contents/Developer/Toolchains/XcodeDefault.xctoolchain/usr/bin/clang -x c -ivfsstatcache /Users/admin/builder/spi-builder-workspace/.derivedData/SDKStatCaches.noindex/appletvos27.0-24J360-e829b21a6f8c9b70876ba0858053c044b32bfd8d43560033f8d89884cdb90028.sdkstatcache -target arm64-apple-tvos15.0 -fmessage-length\=0 -fdiagnostics-show-note-include-stack -fmacro-backtrace-limit\=0 -fno-color-diagnostics -fmodules-prune-interval\=86400 -fmodules-prune-after\=345600 -fbuild-session-file\=/Users/admin/builder/spi-builder-workspace/.derivedData/ModuleCache.noindex/Session.modulevalidation -fmodules-validate-once-per-build-session -Wnon-modular-include-in-framework-module -Werror\=non-modular-include-in-framework-module -Wno-trigraphs -Wno-missing-field-initializers -Wno-missing-prototypes -Wno-return-type -Wno-missing-braces -Wparentheses -Wswitch -Wno-unused-function -Wno-unused-label -Wno-unused-parameter -Wno-unused-variable -Wunused-value -Wno-empty-body -Wno-uninitialized -Wno-unknown-pragmas -w -Wno-shadow -Wno-four-char-constants -Wno-conversion -Wno-constant-conversion -Wno-int-conversion -Wno-bool-conversion -Wno-enum-conversion -Wno-float-conversion -Wno-non-literal-null-conversion -Wno-objc-literal-conversion -Wshorten-64-to-32 -Wpointer-sign -Wno-newline-eof -Wno-implicit-fallthrough -isysroot /Applications/Xcode-27.0.0-Release.Candidate.app/Contents/Developer/Platforms/AppleTVOS.platform/Developer/SDKs/AppleTVOS27.0.sdk -fstrict-aliasing -Wdeprecated-declarations -Wno-sign-conversion -Wno-infinite-recursion -Wno-comma -Wno-block-capture-autoreleasing -Wno-strict-prototypes -Wno-semicolon-before-method-body -index-store-path /Users/admin/builder/spi-builder-workspace/.derivedData/Index.noindex/DataStore @/Users/admin/builder/spi-builder-workspace/.derivedData/Build/Intermediates.noindex/CLMDB.build/Debug-appletvos/LMDB-t.build/Objects-normal/arm64/7187679823f38a2a940e0043cdf9d637-common-args.resp -MMD -MT dependencies -MF /Users/admin/builder/spi-builder-workspace/.derivedData/Build/Intermediates.noindex/CLMDB.build/Debug-appletvos/LMDB-t.build/Objects-normal/arm64/midl.d --serialize-diagnostics /Users/admin/builder/spi-builder-workspace/.derivedData/Build/Intermediates.noindex/CLMDB.build/Debug-appletvos/LMDB-t.build/Objects-normal/arm64/midl.dia -c /Users/admin/builder/spi-builder-workspace/.dependencies/checkouts/CLMDB/Sources/LMDB/midl.c -o /Users/admin/builder/spi-builder-workspace/.derivedData/Build/Intermediates.noindex/CLMDB.build/Debug-appletvos/LMDB-t.build/Objects-normal/arm64/midl.o -index-unit-output-path /CLMDB.build/Debug-appletvos/LMDB-t.build/Objects-normal/arm64/midl.o
SwiftCompile normal arm64 Compiling\ ToolInfo.swift /Users/admin/builder/spi-builder-workspace/.dependencies/checkouts/swift-argument-parser/Sources/ArgumentParserToolInfo/ToolInfo.swift (in target 'ArgumentParserToolInfo' from project 'swift-argument-parser')
SwiftCompile normal arm64 /Users/admin/builder/spi-builder-workspace/.dependencies/checkouts/swift-argument-parser/Sources/ArgumentParserToolInfo/ToolInfo.swift (in target 'ArgumentParserToolInfo' from project 'swift-argument-parser')
    cd /Users/admin/builder/spi-builder-workspace/.swiftpm/xcode
    builtin-SwiftPerFileCompile ToolInfo.swift
SwiftEmitModule normal arm64 Emitting\ module\ for\ RealModule (in target 'RealModule' from project 'swift-numerics')
SwiftCompile normal arm64 (in target 'RealModule' from project 'swift-numerics')
    cd /Users/admin/builder/spi-builder-workspace/.swiftpm/xcode

SwiftCompile normal arm64 Compiling\ AugmentedArithmetic.swift /Users/admin/builder/spi-builder-workspace/.dependencies/checkouts/swift-numerics/Sources/RealModule/AugmentedArithmetic.swift (in target 'RealModule' from project 'swift-numerics')
SwiftCompile normal arm64 /Users/admin/builder/spi-builder-workspace/.dependencies/checkouts/swift-numerics/Sources/RealModule/AugmentedArithmetic.swift (in target 'RealModule' from project 'swift-numerics')
    cd /Users/admin/builder/spi-builder-workspace/.swiftpm/xcode
    builtin-SwiftPerFileCompile AugmentedArithmetic.swift
SwiftEmitModule normal arm64 Emitting\ module\ for\ IDPPlanner (in target 'IDPPlanner' from project 'IDPPlanner')
SwiftCompile normal arm64 (in target 'IDPPlanner' from project 'IDPPlanner')
    cd /Users/admin/builder/spi-builder-workspace/.swiftpm/xcode

PrecompileModule /Users/admin/builder/spi-builder-workspace/.derivedData/Build/Intermediates.noindex/ExplicitPrecompiledModules/_Builtin_inttypes-210JUWZJO6RQ52KAB2THKAOFM.scan
    cd /
    builtin-precompileModule /Users/admin/builder/spi-builder-workspace/.derivedData/Build/Intermediates.noindex/ExplicitPrecompiledModules/_Builtin_inttypes-210JUWZJO6RQ52KAB2THKAOFM.scan
SwiftDriver\ Compilation SQLite normal arm64 com.apple.xcode.tools.swift.compiler (in target 'SQLite' from project 'SQLite.swift')
    cd /Users/admin/builder/spi-builder-workspace/.swiftpm/xcode
    builtin-Swift-Compilation -- /Applications/Xcode-27.0.0-Release.Candidate.app/Contents/Developer/Toolchains/XcodeDefault.xctoolchain/usr/bin/swiftc -parse-as-library -module-name SQLite -Onone @/Users/admin/builder/spi-builder-workspace/.derivedData/Build/Intermediates.noindex/SQLite.swift.build/Debug-appletvos/SQLite-t.build/Objects-normal/arm64/SQLite.SwiftFileList -DSWIFT_PACKAGE -DDEBUG -DSWIFT_MODULE_RESOURCE_BUNDLE_UNAVAILABLE -Xcc -fmodule-map-file\=/Users/admin/builder/spi-builder-workspace/.derivedData/Build/Intermediates.noindex/GeneratedModuleMaps-appletvos/SQLiteObjc.modulemap -DXcode -plugin-path /Applications/Xcode-27.0.0-Release.Candidate.app/Contents/Developer/Toolchains/XcodeDefault.xctoolchain/usr/lib/swift/host/plugins/testing -enable-experimental-feature DebugDescriptionMacro -sdk /Applications/Xcode-27.0.0-Release.Candidate.app/Contents/Developer/Platforms/AppleTVOS.platform/Developer/SDKs/AppleTVOS27.0.sdk -target arm64-apple-tvos15.0 -g -module-cache-path /Users/admin/builder/spi-builder-workspace/.derivedData/ModuleCache.noindex -Xfrontend -serialize-debugging-options -profile-coverage-mapping -profile-generate -enable-testing -suppress-warnings -index-store-path /Users/admin/builder/spi-builder-workspace/.derivedData/Index.noindex/DataStore -Xcc -D_LIBCPP_HARDENING_MODE\=_LIBCPP_HARDENING_MODE_DEBUG -swift-version 4 -I /Users/admin/builder/spi-builder-workspace/.derivedData/Build/Products/Debug-appletvos -Isystem /Applications/Xcode-27.0.0-Release.Candidate.app/Contents/Developer/Platforms/AppleTVOS.platform/Developer/usr/lib -F /Users/admin/builder/spi-builder-workspace/.derivedData/Build/Products/Debug-appletvos/PackageFrameworks -F /Users/admin/builder/spi-builder-workspace/.derivedData/Build/Products/Debug-appletvos -F /Applications/Xcode-27.0.0-Release.Candidate.app/Contents/Developer/Platforms/AppleTVOS.platform/Developer/Library/Frameworks -F /Applications/Xcode-27.0.0-Release.Candidate.app/Contents/Developer/Platforms/AppleTVOS.platform/Developer/SDKs/AppleTVOS27.0.sdk/Developer/Library/Frameworks -c -j10 -enable-batch-mode -incremental -Xcc -ivfsstatcache -Xcc /Users/admin/builder/spi-builder-workspace/.derivedData/SDKStatCaches.noindex/appletvos27.0-24J360-e829b21a6f8c9b70876ba0858053c044b32bfd8d43560033f8d89884cdb90028.sdkstatcache -output-file-map /Users/admin/builder/spi-builder-workspace/.derivedData/Build/Intermediates.noindex/SQLite.swift.build/Debug-appletvos/SQLite-t.build/Objects-normal/arm64/SQLite-OutputFileMap.json -save-temps -no-color-diagnostics -emit-dependencies -emit-module -emit-module-path /Users/admin/builder/spi-builder-workspace/.derivedData/Build/Intermediates.noindex/SQLite.swift.build/Debug-appletvos/SQLite-t.build/Objects-normal/arm64/SQLite.swiftmodule -serialize-diagnostics -validate-clang-modules-once -clang-build-session-file /Users/admin/builder/spi-builder-workspace/.derivedData/ModuleCache.noindex/Session.modulevalidation -Xcc -fmodules-prune-interval\=86400 -Xcc -fmodules-prune-after\=345600 -emit-const-values -const-gather-protocols-list /Users/admin/builder/spi-builder-workspace/.derivedData/Build/Intermediates.noindex/SQLite.swift.build/Debug-appletvos/SQLite-t.build/Objects-normal/arm64/SQLite_const_extract_protocols.json -Xcc -I/Users/admin/builder/spi-builder-workspace/.dependencies/checkouts/SQLite.swift/Sources/SQLiteObjc/include -Xcc -I/Users/admin/builder/spi-builder-workspace/.derivedData/Build/Products/Debug-appletvos/include -Xcc -I/Users/admin/builder/spi-builder-workspace/.derivedData/Build/Intermediates.noindex/SQLite.swift.build/Debug-appletvos/SQLite-t.build/DerivedSources-normal/arm64 -Xcc -I/Users/admin/builder/spi-builder-workspace/.derivedData/Build/Intermediates.noindex/SQLite.swift.build/Debug-appletvos/SQLite-t.build/DerivedSources/arm64 -Xcc -I/Users/admin/builder/spi-builder-workspace/.derivedData/Build/Intermediates.noindex/SQLite.swift.build/Debug-appletvos/SQLite-t.build/DerivedSources -Xcc -DSWIFT_PACKAGE -Xcc -DDEBUG\=1 -emit-objc-header -emit-objc-header-path /Users/admin/builder/spi-builder-workspace/.derivedData/Build/Intermediates.noindex/SQLite.swift.build/Debug-appletvos/SQLite-t.build/Objects-normal/arm64/SQLite-Swift.h -working-directory /Users/admin/builder/spi-builder-workspace/.swiftpm/xcode -experimental-emit-module-separately -disable-cmo
SwiftCompile normal arm64 Compiling\ Float+Real.swift /Users/admin/builder/spi-builder-workspace/.dependencies/checkouts/swift-numerics/Sources/RealModule/Float+Real.swift (in target 'RealModule' from project 'swift-numerics')
SwiftCompile normal arm64 /Users/admin/builder/spi-builder-workspace/.dependencies/checkouts/swift-numerics/Sources/RealModule/Float+Real.swift (in target 'RealModule' from project 'swift-numerics')
    cd /Users/admin/builder/spi-builder-workspace/.swiftpm/xcode
    builtin-SwiftPerFileCompile Float+Real.swift
Ld /Users/admin/builder/spi-builder-workspace/.derivedData/Build/Products/Debug-appletvos/SQLite.o normal (in target 'SQLite' from project 'SQLite.swift')
    cd /Users/admin/builder/spi-builder-workspace/.dependencies/checkouts/SQLite.swift
    /Applications/Xcode-27.0.0-Release.Candidate.app/Contents/Developer/Toolchains/XcodeDefault.xctoolchain/usr/bin/clang -Xlinker -reproducible -target arm64-apple-tvos15.0 -r -isysroot /Applications/Xcode-27.0.0-Release.Candidate.app/Contents/Developer/Platforms/AppleTVOS.platform/Developer/SDKs/AppleTVOS27.0.sdk -O0 -w -Xlinker -no_warn_duplicate_libraries -F/Users/admin/builder/spi-builder-workspace/.derivedData/Build/Intermediates.noindex/EagerLinkingTBDs/Debug-appletvos -F/Users/admin/builder/spi-builder-workspace/.derivedData/Build/Products/Debug-appletvos/PackageFrameworks -F/Users/admin/builder/spi-builder-workspace/.derivedData/Build/Products/Debug-appletvos -iframework /Applications/Xcode-27.0.0-Release.Candidate.app/Contents/Developer/Platforms/AppleTVOS.platform/Developer/Library/Frameworks -iframework /Applications/Xcode-27.0.0-Release.Candidate.app/Contents/Developer/Platforms/AppleTVOS.platform/Developer/SDKs/AppleTVOS27.0.sdk/Developer/Library/Frameworks -filelist /Users/admin/builder/spi-builder-workspace/.derivedData/Build/Intermediates.noindex/SQLite.swift.build/Debug-appletvos/SQLite-t.build/Objects-normal/arm64/SQLite.LinkFileList -nostdlib -Xlinker -object_path_lto -Xlinker /Users/admin/builder/spi-builder-workspace/.derivedData/Build/Intermediates.noindex/SQLite.swift.build/Debug-appletvos/SQLite-t.build/Objects-normal/arm64/SQLite_lto.o -Xlinker -no_deduplicate -Xlinker -debug_variant -Xlinker -dependency_info -Xlinker /Users/admin/builder/spi-builder-workspace/.derivedData/Build/Intermediates.noindex/SQLite.swift.build/Debug-appletvos/SQLite-t.build/Objects-normal/arm64/SQLite_dependency_info.dat -fobjc-link-runtime -L/Applications/Xcode-27.0.0-Release.Candidate.app/Contents/Developer/Toolchains/XcodeDefault.xctoolchain/usr/lib/swift/appletvos -L/usr/lib/swift -Xlinker -add_ast_path -Xlinker /Users/admin/builder/spi-builder-workspace/.derivedData/Build/Intermediates.noindex/SQLite.swift.build/Debug-appletvos/SQLite-t.build/Objects-normal/arm64/SQLite.swiftmodule -o /Users/admin/builder/spi-builder-workspace/.derivedData/Build/Products/Debug-appletvos/SQLite.o
PrecompileModule /Users/admin/builder/spi-builder-workspace/.derivedData/Build/Intermediates.noindex/ExplicitPrecompiledModules/Darwin-5T9V3RBKHWLTZRH07YF5UQNLG.scan
    cd /
    builtin-precompileModule /Users/admin/builder/spi-builder-workspace/.derivedData/Build/Intermediates.noindex/ExplicitPrecompiledModules/Darwin-5T9V3RBKHWLTZRH07YF5UQNLG.scan
SwiftEmitModule normal arm64 Emitting\ module\ for\ SPARQLSyntax (in target 'SPARQLSyntax' from project 'SPARQLSyntax')
/Users/admin/builder/spi-builder-workspace/.dependencies/checkouts/swift-sparql-syntax/Sources/SPARQLSyntax/RDF.swift:266:16: error: 'Regex' is only available in tvOS 16.0 or newer
165 | }
166 |
167 | public struct Term: CustomStringConvertible, CustomDebugStringConvertible, Hashable, Codable, Sendable {
    |               `- note: add '@available' attribute to enclosing struct
168 |     public var value: String
169 |     public var type: TermType
    :
263 |     }
264 |
265 |     nonisolated(unsafe) private static let _integerPattern: Regex = {
    |                                            `- note: add '@available' attribute to enclosing static property
266 |         return #/^[-+]?[0-9]+$/#.anchorsMatchLineEndings()
    |                |- error: 'Regex' is only available in tvOS 16.0 or newer
    |                `- note: add 'if #available' version check
267 |     }()
268 |
/Users/admin/builder/spi-builder-workspace/.dependencies/checkouts/swift-sparql-syntax/Sources/SPARQLSyntax/RDF.swift:266:34: error: 'anchorsMatchLineEndings' is only available in tvOS 16.0 or newer
165 | }
166 |
167 | public struct Term: CustomStringConvertible, CustomDebugStringConvertible, Hashable, Codable, Sendable {
    |               `- note: add '@available' attribute to enclosing struct
168 |     public var value: String
169 |     public var type: TermType
    :
263 |     }
264 |
265 |     nonisolated(unsafe) private static let _integerPattern: Regex = {
    |                                            `- note: add '@available' attribute to enclosing static property
266 |         return #/^[-+]?[0-9]+$/#.anchorsMatchLineEndings()
    |                                  |- error: 'anchorsMatchLineEndings' is only available in tvOS 16.0 or newer
    |                                  `- note: add 'if #available' version check
267 |     }()
268 |
/Users/admin/builder/spi-builder-workspace/.dependencies/checkouts/swift-sparql-syntax/Sources/SPARQLSyntax/RDF.swift:265:61: error: 'Regex' is only available in tvOS 16.0 or newer
165 | }
166 |
167 | public struct Term: CustomStringConvertible, CustomDebugStringConvertible, Hashable, Codable, Sendable {
    |               `- note: add '@available' attribute to enclosing struct
168 |     public var value: String
169 |     public var type: TermType
    :
263 |     }
264 |
265 |     nonisolated(unsafe) private static let _integerPattern: Regex = {
    |                                            |                `- error: 'Regex' is only available in tvOS 16.0 or newer
    |                                            `- note: add '@available' attribute to enclosing static property
266 |         return #/^[-+]?[0-9]+$/#.anchorsMatchLineEndings()
267 |     }()
/Users/admin/builder/spi-builder-workspace/.dependencies/checkouts/swift-sparql-syntax/Sources/SPARQLSyntax/RDF.swift:270:16: error: 'Regex' is only available in tvOS 16.0 or newer
165 | }
166 |
167 | public struct Term: CustomStringConvertible, CustomDebugStringConvertible, Hashable, Codable, Sendable {
    |               `- note: add '@available' attribute to enclosing struct
168 |     public var value: String
169 |     public var type: TermType
    :
267 |     }()
268 |
269 |     nonisolated(unsafe) private static let _decimalPattern: Regex = {
    |                                            `- note: add '@available' attribute to enclosing static property
270 |         return #/^[-+]?([0-9]+([.][0-9]*)?|[.]\d+)$/#.anchorsMatchLineEndings()
    |                |- error: 'Regex' is only available in tvOS 16.0 or newer
    |                `- note: add 'if #available' version check
271 |     }()
272 |
/Users/admin/builder/spi-builder-workspace/.dependencies/checkouts/swift-sparql-syntax/Sources/SPARQLSyntax/RDF.swift:270:55: error: 'anchorsMatchLineEndings' is only available in tvOS 16.0 or newer
165 | }
166 |
167 | public struct Term: CustomStringConvertible, CustomDebugStringConvertible, Hashable, Codable, Sendable {
    |               `- note: add '@available' attribute to enclosing struct
168 |     public var value: String
169 |     public var type: TermType
    :
267 |     }()
268 |
269 |     nonisolated(unsafe) private static let _decimalPattern: Regex = {
    |                                            `- note: add '@available' attribute to enclosing static property
270 |         return #/^[-+]?([0-9]+([.][0-9]*)?|[.]\d+)$/#.anchorsMatchLineEndings()
    |                                                       |- error: 'anchorsMatchLineEndings' is only available in tvOS 16.0 or newer
    |                                                       `- note: add 'if #available' version check
271 |     }()
272 |
/Users/admin/builder/spi-builder-workspace/.dependencies/checkouts/swift-sparql-syntax/Sources/SPARQLSyntax/RDF.swift:269:61: error: 'Regex' is only available in tvOS 16.0 or newer
165 | }
166 |
167 | public struct Term: CustomStringConvertible, CustomDebugStringConvertible, Hashable, Codable, Sendable {
    |               `- note: add '@available' attribute to enclosing struct
168 |     public var value: String
169 |     public var type: TermType
    :
267 |     }()
268 |
269 |     nonisolated(unsafe) private static let _decimalPattern: Regex = {
    |                                            |                `- error: 'Regex' is only available in tvOS 16.0 or newer
    |                                            `- note: add '@available' attribute to enclosing static property
270 |         return #/^[-+]?([0-9]+([.][0-9]*)?|[.]\d+)$/#.anchorsMatchLineEndings()
271 |     }()
/Users/admin/builder/spi-builder-workspace/.dependencies/checkouts/swift-sparql-syntax/Sources/SPARQLSyntax/RDF.swift:274:16: error: 'Regex' is only available in tvOS 16.0 or newer
165 | }
166 |
167 | public struct Term: CustomStringConvertible, CustomDebugStringConvertible, Hashable, Codable, Sendable {
    |               `- note: add '@available' attribute to enclosing struct
168 |     public var value: String
169 |     public var type: TermType
    :
271 |     }()
272 |
273 |     nonisolated(unsafe) private static let _doublePattern: Regex = {
    |                                            `- note: add '@available' attribute to enclosing static property
274 |         return #/^[-+]?(\d+([.]\d*)?|[.]\d+)([eE]([-+])?\d+)?$/#.anchorsMatchLineEndings()
    |                |- error: 'Regex' is only available in tvOS 16.0 or newer
    |                `- note: add 'if #available' version check
275 |     }()
276 |
/Users/admin/builder/spi-builder-workspace/.dependencies/checkouts/swift-sparql-syntax/Sources/SPARQLSyntax/RDF.swift:274:66: error: 'anchorsMatchLineEndings' is only available in tvOS 16.0 or newer
165 | }
166 |
167 | public struct Term: CustomStringConvertible, CustomDebugStringConvertible, Hashable, Codable, Sendable {
    |               `- note: add '@available' attribute to enclosing struct
168 |     public var value: String
169 |     public var type: TermType
    :
271 |     }()
272 |
273 |     nonisolated(unsafe) private static let _doublePattern: Regex = {
    |                                            `- note: add '@available' attribute to enclosing static property
274 |         return #/^[-+]?(\d+([.]\d*)?|[.]\d+)([eE]([-+])?\d+)?$/#.anchorsMatchLineEndings()
    |                                                                  |- error: 'anchorsMatchLineEndings' is only available in tvOS 16.0 or newer
    |                                                                  `- note: add 'if #available' version check
275 |     }()
276 |
/Users/admin/builder/spi-builder-workspace/.dependencies/checkouts/swift-sparql-syntax/Sources/SPARQLSyntax/RDF.swift:273:60: error: 'Regex' is only available in tvOS 16.0 or newer
165 | }
166 |
167 | public struct Term: CustomStringConvertible, CustomDebugStringConvertible, Hashable, Codable, Sendable {
    |               `- note: add '@available' attribute to enclosing struct
168 |     public var value: String
169 |     public var type: TermType
    :
271 |     }()
272 |
273 |     nonisolated(unsafe) private static let _doublePattern: Regex = {
    |                                            |               `- error: 'Regex' is only available in tvOS 16.0 or newer
    |                                            `- note: add '@available' attribute to enclosing static property
274 |         return #/^[-+]?(\d+([.]\d*)?|[.]\d+)([eE]([-+])?\d+)?$/#.anchorsMatchLineEndings()
275 |     }()
/Users/admin/builder/spi-builder-workspace/.dependencies/checkouts/swift-sparql-syntax/Sources/SPARQLSyntax/SPARQLLexer.swift:308:38: error: result builder 'AlternationBuilder' does not implement any 'buildBlock' or a combination of 'buildPartialBlock(first:)' and 'buildPartialBlock(accumulated:next:)' with sufficient availability for this call site [#ResultBuilderMethods]
 306 |         let r_f900_fdcf = try! Regex(r_f900_fdcf_s)
 307 |
 308 |         let PN_CHARS_BASE = ChoiceOf {
     |                                      `- error: result builder 'AlternationBuilder' does not implement any 'buildBlock' or a combination of 'buildPartialBlock(first:)' and 'buildPartialBlock(accumulated:next:)' with sufficient availability for this call site [#ResultBuilderMethods]
 309 |             #/[A-Z]/#
 310 |             #/[a-z]/#
/Users/admin/builder/spi-builder-workspace/.dependencies/checkouts/swift-sparql-syntax/Sources/SPARQLSyntax/SPARQLLexer.swift:308:29: error: referencing initializer 'init(_:_:)' on 'RegexComponent' requires the types 'ChoiceOf<Output>' and 'CharacterClass' be equivalent
 306 |         let r_f900_fdcf = try! Regex(r_f900_fdcf_s)
 307 |
 308 |         let PN_CHARS_BASE = ChoiceOf {
     |                             `- error: referencing initializer 'init(_:_:)' on 'RegexComponent' requires the types 'ChoiceOf<Output>' and 'CharacterClass' be equivalent
 309 |             #/[A-Z]/#
 310 |             #/[a-z]/#
RegexBuilder.RegexComponent:2:11: note: where 'Self' = 'ChoiceOf<Output>'
1 | @available(macOS 13.0, iOS 16.0, watchOS 9.0, tvOS 16.0, *)
2 | extension RegexComponent where Self == CharacterClass {
  |           `- note: where 'Self' = 'ChoiceOf<Output>'
3 |     public init(_ first: CharacterClass, _ rest: CharacterClass...)
4 | }
/Users/admin/builder/spi-builder-workspace/.dependencies/checkouts/swift-sparql-syntax/Sources/SPARQLSyntax/SPARQLLexer.swift:308:38: error: trailing closure passed to parameter of type 'CharacterClass' that does not accept a closure
 306 |         let r_f900_fdcf = try! Regex(r_f900_fdcf_s)
 307 |
 308 |         let PN_CHARS_BASE = ChoiceOf {
     |                                      `- error: trailing closure passed to parameter of type 'CharacterClass' that does not accept a closure
 309 |             #/[A-Z]/#
 310 |             #/[a-z]/#
RegexBuilder.RegexComponent.init:2:8: note: 'init(_:_:)' declared here
1 | protocol RegexComponent {
2 | public init(_ first: CharacterClass, _ rest: CharacterClass...)}
  |        `- note: 'init(_:_:)' declared here
3 |
/Users/admin/builder/spi-builder-workspace/.dependencies/checkouts/swift-sparql-syntax/Sources/SPARQLSyntax/SPARQLLexer.swift:308:29: error: generic parameter 'Output' could not be inferred
 306 |         let r_f900_fdcf = try! Regex(r_f900_fdcf_s)
 307 |
 308 |         let PN_CHARS_BASE = ChoiceOf {
     |                             |- error: generic parameter 'Output' could not be inferred
     |                             `- note: explicitly specify the generic arguments to fix this issue
 309 |             #/[A-Z]/#
 310 |             #/[a-z]/#
/Users/admin/builder/spi-builder-workspace/.dependencies/checkouts/swift-sparql-syntax/Sources/SPARQLSyntax/SPARQLLexer.swift:364:26: error: result builder 'AlternationBuilder' does not implement any 'buildBlock' or a combination of 'buildPartialBlock(first:)' and 'buildPartialBlock(accumulated:next:)' with sufficient availability for this call site [#ResultBuilderMethods]
 362 |         let r = Regex {
 363 |             Capture {
 364 |                 ChoiceOf {
     |                          `- error: result builder 'AlternationBuilder' does not implement any 'buildBlock' or a combination of 'buildPartialBlock(first:)' and 'buildPartialBlock(accumulated:next:)' with sufficient availability for this call site [#ResultBuilderMethods]
 365 |                     windowKeywords2
 366 |                     #/ABS|ADD|ALL|ASC|ASK|AS|AVG|BASE|BIND|BNODE|BOUND|BY|CEIL|CLEAR|COALESCE|CONCAT|CONSTRUCT|CONTAINS|COPY|COUNT|CREATE|DATATYPE|DAY|DEFAULT|DELETE|DELETE WHERE|DESCRIBE|DESC|DISTINCT|DISTINCT|DROP|ENCODE_FOR_URI|EXISTS|FILTER|FLOOR|FROM|GRAPH|GROUP_CONCAT|GROUP|HAVING|HOURS|IF|INSERT|INSERT|DATA|INTO|IN|IRI|ISBLANK|ISIRI|ISLITERAL|ISNUMERIC|ISURI|LANGMATCHES|LANG|LCASE|LIMIT|LOAD|MAX|MD5|MINUS|MINUTES|MIN|MONTH|MOVE|NAMED|NOT|NOW|OFFSET|OPTIONAL|ORDER|PREFIX|RAND|REDUCED|REGEX|REPLACE|ROUND|SAMETERM|SAMPLE|SECONDS|SELECT|SEPARATOR|SERVICE|SHA1|SHA256|SHA384|SHA512|SILENT|STRAFTER|STRBEFORE|STRDT|STRENDS|STRLANG|STRLEN|STRSTARTS|STRUUID|STR|SUBSTR|SUM|TIMEZONE|TO|TZ|UCASE|UNDEF|UNION|URI|USING|UUID|VALUES|WHERE|WITH|YEAR/#
/Users/admin/builder/spi-builder-workspace/.dependencies/checkouts/swift-sparql-syntax/Sources/SPARQLSyntax/SPARQLLexer.swift:364:26: error: result builder 'AlternationBuilder' does not implement any 'buildBlock' or a combination of 'buildPartialBlock(first:)' and 'buildPartialBlock(accumulated:next:)' with sufficient availability for this call site [#ResultBuilderMethods]
 362 |         let r = Regex {
 363 |             Capture {
 364 |                 ChoiceOf {
     |                          `- error: result builder 'AlternationBuilder' does not implement any 'buildBlock' or a combination of 'buildPartialBlock(first:)' and 'buildPartialBlock(accumulated:next:)' with sufficient availability for this call site [#ResultBuilderMethods]
 365 |                     windowKeywords2
 366 |                     #/ABS|ADD|ALL|ASC|ASK|AS|AVG|BASE|BIND|BNODE|BOUND|BY|CEIL|CLEAR|COALESCE|CONCAT|CONSTRUCT|CONTAINS|COPY|COUNT|CREATE|DATATYPE|DAY|DEFAULT|DELETE|DELETE WHERE|DESCRIBE|DESC|DISTINCT|DISTINCT|DROP|ENCODE_FOR_URI|EXISTS|FILTER|FLOOR|FROM|GRAPH|GROUP_CONCAT|GROUP|HAVING|HOURS|IF|INSERT|INSERT|DATA|INTO|IN|IRI|ISBLANK|ISIRI|ISLITERAL|ISNUMERIC|ISURI|LANGMATCHES|LANG|LCASE|LIMIT|LOAD|MAX|MD5|MINUS|MINUTES|MIN|MONTH|MOVE|NAMED|NOT|NOW|OFFSET|OPTIONAL|ORDER|PREFIX|RAND|REDUCED|REGEX|REPLACE|ROUND|SAMETERM|SAMPLE|SECONDS|SELECT|SEPARATOR|SERVICE|SHA1|SHA256|SHA384|SHA512|SILENT|STRAFTER|STRBEFORE|STRDT|STRENDS|STRLANG|STRLEN|STRSTARTS|STRUUID|STR|SUBSTR|SUM|TIMEZONE|TO|TZ|UCASE|UNDEF|UNION|URI|USING|UUID|VALUES|WHERE|WITH|YEAR/#
/Users/admin/builder/spi-builder-workspace/.dependencies/checkouts/swift-sparql-syntax/Sources/SPARQLSyntax/SPARQLLexer.swift:364:26: error: result builder 'AlternationBuilder' does not implement any 'buildBlock' or a combination of 'buildPartialBlock(first:)' and 'buildPartialBlock(accumulated:next:)' with sufficient availability for this call site [#ResultBuilderMethods]
 362 |         let r = Regex {
 363 |             Capture {
 364 |                 ChoiceOf {
     |                          `- error: result builder 'AlternationBuilder' does not implement any 'buildBlock' or a combination of 'buildPartialBlock(first:)' and 'buildPartialBlock(accumulated:next:)' with sufficient availability for this call site [#ResultBuilderMethods]
 365 |                     windowKeywords2
 366 |                     #/ABS|ADD|ALL|ASC|ASK|AS|AVG|BASE|BIND|BNODE|BOUND|BY|CEIL|CLEAR|COALESCE|CONCAT|CONSTRUCT|CONTAINS|COPY|COUNT|CREATE|DATATYPE|DAY|DEFAULT|DELETE|DELETE WHERE|DESCRIBE|DESC|DISTINCT|DISTINCT|DROP|ENCODE_FOR_URI|EXISTS|FILTER|FLOOR|FROM|GRAPH|GROUP_CONCAT|GROUP|HAVING|HOURS|IF|INSERT|INSERT|DATA|INTO|IN|IRI|ISBLANK|ISIRI|ISLITERAL|ISNUMERIC|ISURI|LANGMATCHES|LANG|LCASE|LIMIT|LOAD|MAX|MD5|MINUS|MINUTES|MIN|MONTH|MOVE|NAMED|NOT|NOW|OFFSET|OPTIONAL|ORDER|PREFIX|RAND|REDUCED|REGEX|REPLACE|ROUND|SAMETERM|SAMPLE|SECONDS|SELECT|SEPARATOR|SERVICE|SHA1|SHA256|SHA384|SHA512|SILENT|STRAFTER|STRBEFORE|STRDT|STRENDS|STRLANG|STRLEN|STRSTARTS|STRUUID|STR|SUBSTR|SUM|TIMEZONE|TO|TZ|UCASE|UNDEF|UNION|URI|USING|UUID|VALUES|WHERE|WITH|YEAR/#
/Users/admin/builder/spi-builder-workspace/.dependencies/checkouts/swift-sparql-syntax/Sources/SPARQLSyntax/SPARQLLexer.swift:364:26: error: result builder 'AlternationBuilder' does not implement any 'buildBlock' or a combination of 'buildPartialBlock(first:)' and 'buildPartialBlock(accumulated:next:)' with sufficient availability for this call site [#ResultBuilderMethods]
 362 |         let r = Regex {
 363 |             Capture {
 364 |                 ChoiceOf {
     |                          `- error: result builder 'AlternationBuilder' does not implement any 'buildBlock' or a combination of 'buildPartialBlock(first:)' and 'buildPartialBlock(accumulated:next:)' with sufficient availability for this call site [#ResultBuilderMethods]
 365 |                     windowKeywords2
 366 |                     #/ABS|ADD|ALL|ASC|ASK|AS|AVG|BASE|BIND|BNODE|BOUND|BY|CEIL|CLEAR|COALESCE|CONCAT|CONSTRUCT|CONTAINS|COPY|COUNT|CREATE|DATATYPE|DAY|DEFAULT|DELETE|DELETE WHERE|DESCRIBE|DESC|DISTINCT|DISTINCT|DROP|ENCODE_FOR_URI|EXISTS|FILTER|FLOOR|FROM|GRAPH|GROUP_CONCAT|GROUP|HAVING|HOURS|IF|INSERT|INSERT|DATA|INTO|IN|IRI|ISBLANK|ISIRI|ISLITERAL|ISNUMERIC|ISURI|LANGMATCHES|LANG|LCASE|LIMIT|LOAD|MAX|MD5|MINUS|MINUTES|MIN|MONTH|MOVE|NAMED|NOT|NOW|OFFSET|OPTIONAL|ORDER|PREFIX|RAND|REDUCED|REGEX|REPLACE|ROUND|SAMETERM|SAMPLE|SECONDS|SELECT|SEPARATOR|SERVICE|SHA1|SHA256|SHA384|SHA512|SILENT|STRAFTER|STRBEFORE|STRDT|STRENDS|STRLANG|STRLEN|STRSTARTS|STRUUID|STR|SUBSTR|SUM|TIMEZONE|TO|TZ|UCASE|UNDEF|UNION|URI|USING|UUID|VALUES|WHERE|WITH|YEAR/#
/Users/admin/builder/spi-builder-workspace/.dependencies/checkouts/swift-sparql-syntax/Sources/SPARQLSyntax/SPARQLLexer.swift:364:26: error: result builder 'AlternationBuilder' does not implement any 'buildBlock' or a combination of 'buildPartialBlock(first:)' and 'buildPartialBlock(accumulated:next:)' with sufficient availability for this call site [#ResultBuilderMethods]
 362 |         let r = Regex {
 363 |             Capture {
 364 |                 ChoiceOf {
     |                          `- error: result builder 'AlternationBuilder' does not implement any 'buildBlock' or a combination of 'buildPartialBlock(first:)' and 'buildPartialBlock(accumulated:next:)' with sufficient availability for this call site [#ResultBuilderMethods]
 365 |                     windowKeywords2
 366 |                     #/ABS|ADD|ALL|ASC|ASK|AS|AVG|BASE|BIND|BNODE|BOUND|BY|CEIL|CLEAR|COALESCE|CONCAT|CONSTRUCT|CONTAINS|COPY|COUNT|CREATE|DATATYPE|DAY|DEFAULT|DELETE|DELETE WHERE|DESCRIBE|DESC|DISTINCT|DISTINCT|DROP|ENCODE_FOR_URI|EXISTS|FILTER|FLOOR|FROM|GRAPH|GROUP_CONCAT|GROUP|HAVING|HOURS|IF|INSERT|INSERT|DATA|INTO|IN|IRI|ISBLANK|ISIRI|ISLITERAL|ISNUMERIC|ISURI|LANGMATCHES|LANG|LCASE|LIMIT|LOAD|MAX|MD5|MINUS|MINUTES|MIN|MONTH|MOVE|NAMED|NOT|NOW|OFFSET|OPTIONAL|ORDER|PREFIX|RAND|REDUCED|REGEX|REPLACE|ROUND|SAMETERM|SAMPLE|SECONDS|SELECT|SEPARATOR|SERVICE|SHA1|SHA256|SHA384|SHA512|SILENT|STRAFTER|STRBEFORE|STRDT|STRENDS|STRLANG|STRLEN|STRSTARTS|STRUUID|STR|SUBSTR|SUM|TIMEZONE|TO|TZ|UCASE|UNDEF|UNION|URI|USING|UUID|VALUES|WHERE|WITH|YEAR/#
/Users/admin/builder/spi-builder-workspace/.dependencies/checkouts/swift-sparql-syntax/Sources/SPARQLSyntax/SPARQLLexer.swift:364:26: error: result builder 'AlternationBuilder' does not implement any 'buildBlock' or a combination of 'buildPartialBlock(first:)' and 'buildPartialBlock(accumulated:next:)' with sufficient availability for this call site [#ResultBuilderMethods]
 362 |         let r = Regex {
 363 |             Capture {
 364 |                 ChoiceOf {
     |                          `- error: result builder 'AlternationBuilder' does not implement any 'buildBlock' or a combination of 'buildPartialBlock(first:)' and 'buildPartialBlock(accumulated:next:)' with sufficient availability for this call site [#ResultBuilderMethods]
 365 |                     windowKeywords2
 366 |                     #/ABS|ADD|ALL|ASC|ASK|AS|AVG|BASE|BIND|BNODE|BOUND|BY|CEIL|CLEAR|COALESCE|CONCAT|CONSTRUCT|CONTAINS|COPY|COUNT|CREATE|DATATYPE|DAY|DEFAULT|DELETE|DELETE WHERE|DESCRIBE|DESC|DISTINCT|DISTINCT|DROP|ENCODE_FOR_URI|EXISTS|FILTER|FLOOR|FROM|GRAPH|GROUP_CONCAT|GROUP|HAVING|HOURS|IF|INSERT|INSERT|DATA|INTO|IN|IRI|ISBLANK|ISIRI|ISLITERAL|ISNUMERIC|ISURI|LANGMATCHES|LANG|LCASE|LIMIT|LOAD|MAX|MD5|MINUS|MINUTES|MIN|MONTH|MOVE|NAMED|NOT|NOW|OFFSET|OPTIONAL|ORDER|PREFIX|RAND|REDUCED|REGEX|REPLACE|ROUND|SAMETERM|SAMPLE|SECONDS|SELECT|SEPARATOR|SERVICE|SHA1|SHA256|SHA384|SHA512|SILENT|STRAFTER|STRBEFORE|STRDT|STRENDS|STRLANG|STRLEN|STRSTARTS|STRUUID|STR|SUBSTR|SUM|TIMEZONE|TO|TZ|UCASE|UNDEF|UNION|URI|USING|UUID|VALUES|WHERE|WITH|YEAR/#
/Users/admin/builder/spi-builder-workspace/.dependencies/checkouts/swift-sparql-syntax/Sources/SPARQLSyntax/SPARQLLexer.swift:364:26: error: result builder 'AlternationBuilder' does not implement any 'buildBlock' or a combination of 'buildPartialBlock(first:)' and 'buildPartialBlock(accumulated:next:)' with sufficient availability for this call site [#ResultBuilderMethods]
 362 |         let r = Regex {
 363 |             Capture {
 364 |                 ChoiceOf {
     |                          `- error: result builder 'AlternationBuilder' does not implement any 'buildBlock' or a combination of 'buildPartialBlock(first:)' and 'buildPartialBlock(accumulated:next:)' with sufficient availability for this call site [#ResultBuilderMethods]
 365 |                     windowKeywords2
 366 |                     #/ABS|ADD|ALL|ASC|ASK|AS|AVG|BASE|BIND|BNODE|BOUND|BY|CEIL|CLEAR|COALESCE|CONCAT|CONSTRUCT|CONTAINS|COPY|COUNT|CREATE|DATATYPE|DAY|DEFAULT|DELETE|DELETE WHERE|DESCRIBE|DESC|DISTINCT|DISTINCT|DROP|ENCODE_FOR_URI|EXISTS|FILTER|FLOOR|FROM|GRAPH|GROUP_CONCAT|GROUP|HAVING|HOURS|IF|INSERT|INSERT|DATA|INTO|IN|IRI|ISBLANK|ISIRI|ISLITERAL|ISNUMERIC|ISURI|LANGMATCHES|LANG|LCASE|LIMIT|LOAD|MAX|MD5|MINUS|MINUTES|MIN|MONTH|MOVE|NAMED|NOT|NOW|OFFSET|OPTIONAL|ORDER|PREFIX|RAND|REDUCED|REGEX|REPLACE|ROUND|SAMETERM|SAMPLE|SECONDS|SELECT|SEPARATOR|SERVICE|SHA1|SHA256|SHA384|SHA512|SILENT|STRAFTER|STRBEFORE|STRDT|STRENDS|STRLANG|STRLEN|STRSTARTS|STRUUID|STR|SUBSTR|SUM|TIMEZONE|TO|TZ|UCASE|UNDEF|UNION|URI|USING|UUID|VALUES|WHERE|WITH|YEAR/#
/Users/admin/builder/spi-builder-workspace/.dependencies/checkouts/swift-sparql-syntax/Sources/SPARQLSyntax/SPARQLLexer.swift:364:26: error: result builder 'AlternationBuilder' does not implement any 'buildBlock' or a combination of 'buildPartialBlock(first:)' and 'buildPartialBlock(accumulated:next:)' with sufficient availability for this call site [#ResultBuilderMethods]
 362 |         let r = Regex {
 363 |             Capture {
 364 |                 ChoiceOf {
     |                          `- error: result builder 'AlternationBuilder' does not implement any 'buildBlock' or a combination of 'buildPartialBlock(first:)' and 'buildPartialBlock(accumulated:next:)' with sufficient availability for this call site [#ResultBuilderMethods]
 365 |                     windowKeywords2
 366 |                     #/ABS|ADD|ALL|ASC|ASK|AS|AVG|BASE|BIND|BNODE|BOUND|BY|CEIL|CLEAR|COALESCE|CONCAT|CONSTRUCT|CONTAINS|COPY|COUNT|CREATE|DATATYPE|DAY|DEFAULT|DELETE|DELETE WHERE|DESCRIBE|DESC|DISTINCT|DISTINCT|DROP|ENCODE_FOR_URI|EXISTS|FILTER|FLOOR|FROM|GRAPH|GROUP_CONCAT|GROUP|HAVING|HOURS|IF|INSERT|INSERT|DATA|INTO|IN|IRI|ISBLANK|ISIRI|ISLITERAL|ISNUMERIC|ISURI|LANGMATCHES|LANG|LCASE|LIMIT|LOAD|MAX|MD5|MINUS|MINUTES|MIN|MONTH|MOVE|NAMED|NOT|NOW|OFFSET|OPTIONAL|ORDER|PREFIX|RAND|REDUCED|REGEX|REPLACE|ROUND|SAMETERM|SAMPLE|SECONDS|SELECT|SEPARATOR|SERVICE|SHA1|SHA256|SHA384|SHA512|SILENT|STRAFTER|STRBEFORE|STRDT|STRENDS|STRLANG|STRLEN|STRSTARTS|STRUUID|STR|SUBSTR|SUM|TIMEZONE|TO|TZ|UCASE|UNDEF|UNION|URI|USING|UUID|VALUES|WHERE|WITH|YEAR/#
/Users/admin/builder/spi-builder-workspace/.dependencies/checkouts/swift-sparql-syntax/Sources/SPARQLSyntax/SPARQLLexer.swift:364:26: error: result builder 'AlternationBuilder' does not implement any 'buildBlock' or a combination of 'buildPartialBlock(first:)' and 'buildPartialBlock(accumulated:next:)' with sufficient availability for this call site [#ResultBuilderMethods]
 362 |         let r = Regex {
 363 |             Capture {
 364 |                 ChoiceOf {
     |                          `- error: result builder 'AlternationBuilder' does not implement any 'buildBlock' or a combination of 'buildPartialBlock(first:)' and 'buildPartialBlock(accumulated:next:)' with sufficient availability for this call site [#ResultBuilderMethods]
 365 |                     windowKeywords2
 366 |                     #/ABS|ADD|ALL|ASC|ASK|AS|AVG|BASE|BIND|BNODE|BOUND|BY|CEIL|CLEAR|COALESCE|CONCAT|CONSTRUCT|CONTAINS|COPY|COUNT|CREATE|DATATYPE|DAY|DEFAULT|DELETE|DELETE WHERE|DESCRIBE|DESC|DISTINCT|DISTINCT|DROP|ENCODE_FOR_URI|EXISTS|FILTER|FLOOR|FROM|GRAPH|GROUP_CONCAT|GROUP|HAVING|HOURS|IF|INSERT|INSERT|DATA|INTO|IN|IRI|ISBLANK|ISIRI|ISLITERAL|ISNUMERIC|ISURI|LANGMATCHES|LANG|LCASE|LIMIT|LOAD|MAX|MD5|MINUS|MINUTES|MIN|MONTH|MOVE|NAMED|NOT|NOW|OFFSET|OPTIONAL|ORDER|PREFIX|RAND|REDUCED|REGEX|REPLACE|ROUND|SAMETERM|SAMPLE|SECONDS|SELECT|SEPARATOR|SERVICE|SHA1|SHA256|SHA384|SHA512|SILENT|STRAFTER|STRBEFORE|STRDT|STRENDS|STRLANG|STRLEN|STRSTARTS|STRUUID|STR|SUBSTR|SUM|TIMEZONE|TO|TZ|UCASE|UNDEF|UNION|URI|USING|UUID|VALUES|WHERE|WITH|YEAR/#
/Users/admin/builder/spi-builder-workspace/.dependencies/checkouts/swift-sparql-syntax/Sources/SPARQLSyntax/SPARQLLexer.swift:364:26: error: result builder 'AlternationBuilder' does not implement any 'buildBlock' or a combination of 'buildPartialBlock(first:)' and 'buildPartialBlock(accumulated:next:)' with sufficient availability for this call site [#ResultBuilderMethods]
 362 |         let r = Regex {
 363 |             Capture {
 364 |                 ChoiceOf {
     |                          `- error: result builder 'AlternationBuilder' does not implement any 'buildBlock' or a combination of 'buildPartialBlock(first:)' and 'buildPartialBlock(accumulated:next:)' with sufficient availability for this call site [#ResultBuilderMethods]
 365 |                     windowKeywords2
 366 |                     #/ABS|ADD|ALL|ASC|ASK|AS|AVG|BASE|BIND|BNODE|BOUND|BY|CEIL|CLEAR|COALESCE|CONCAT|CONSTRUCT|CONTAINS|COPY|COUNT|CREATE|DATATYPE|DAY|DEFAULT|DELETE|DELETE WHERE|DESCRIBE|DESC|DISTINCT|DISTINCT|DROP|ENCODE_FOR_URI|EXISTS|FILTER|FLOOR|FROM|GRAPH|GROUP_CONCAT|GROUP|HAVING|HOURS|IF|INSERT|INSERT|DATA|INTO|IN|IRI|ISBLANK|ISIRI|ISLITERAL|ISNUMERIC|ISURI|LANGMATCHES|LANG|LCASE|LIMIT|LOAD|MAX|MD5|MINUS|MINUTES|MIN|MONTH|MOVE|NAMED|NOT|NOW|OFFSET|OPTIONAL|ORDER|PREFIX|RAND|REDUCED|REGEX|REPLACE|ROUND|SAMETERM|SAMPLE|SECONDS|SELECT|SEPARATOR|SERVICE|SHA1|SHA256|SHA384|SHA512|SILENT|STRAFTER|STRBEFORE|STRDT|STRENDS|STRLANG|STRLEN|STRSTARTS|STRUUID|STR|SUBSTR|SUM|TIMEZONE|TO|TZ|UCASE|UNDEF|UNION|URI|USING|UUID|VALUES|WHERE|WITH|YEAR/#
/Users/admin/builder/spi-builder-workspace/.dependencies/checkouts/swift-sparql-syntax/Sources/SPARQLSyntax/SPARQLLexer.swift:364:26: error: result builder 'AlternationBuilder' does not implement any 'buildBlock' or a combination of 'buildPartialBlock(first:)' and 'buildPartialBlock(accumulated:next:)' with sufficient availability for this call site [#ResultBuilderMethods]
 362 |         let r = Regex {
 363 |             Capture {
 364 |                 ChoiceOf {
     |                          `- error: result builder 'AlternationBuilder' does not implement any 'buildBlock' or a combination of 'buildPartialBlock(first:)' and 'buildPartialBlock(accumulated:next:)' with sufficient availability for this call site [#ResultBuilderMethods]
 365 |                     windowKeywords2
 366 |                     #/ABS|ADD|ALL|ASC|ASK|AS|AVG|BASE|BIND|BNODE|BOUND|BY|CEIL|CLEAR|COALESCE|CONCAT|CONSTRUCT|CONTAINS|COPY|COUNT|CREATE|DATATYPE|DAY|DEFAULT|DELETE|DELETE WHERE|DESCRIBE|DESC|DISTINCT|DISTINCT|DROP|ENCODE_FOR_URI|EXISTS|FILTER|FLOOR|FROM|GRAPH|GROUP_CONCAT|GROUP|HAVING|HOURS|IF|INSERT|INSERT|DATA|INTO|IN|IRI|ISBLANK|ISIRI|ISLITERAL|ISNUMERIC|ISURI|LANGMATCHES|LANG|LCASE|LIMIT|LOAD|MAX|MD5|MINUS|MINUTES|MIN|MONTH|MOVE|NAMED|NOT|NOW|OFFSET|OPTIONAL|ORDER|PREFIX|RAND|REDUCED|REGEX|REPLACE|ROUND|SAMETERM|SAMPLE|SECONDS|SELECT|SEPARATOR|SERVICE|SHA1|SHA256|SHA384|SHA512|SILENT|STRAFTER|STRBEFORE|STRDT|STRENDS|STRLANG|STRLEN|STRSTARTS|STRUUID|STR|SUBSTR|SUM|TIMEZONE|TO|TZ|UCASE|UNDEF|UNION|URI|USING|UUID|VALUES|WHERE|WITH|YEAR/#
/Users/admin/builder/spi-builder-workspace/.dependencies/checkouts/swift-sparql-syntax/Sources/SPARQLSyntax/SPARQLLexer.swift:364:26: error: result builder 'AlternationBuilder' does not implement any 'buildBlock' or a combination of 'buildPartialBlock(first:)' and 'buildPartialBlock(accumulated:next:)' with sufficient availability for this call site [#ResultBuilderMethods]
 362 |         let r = Regex {
 363 |             Capture {
 364 |                 ChoiceOf {
     |                          `- error: result builder 'AlternationBuilder' does not implement any 'buildBlock' or a combination of 'buildPartialBlock(first:)' and 'buildPartialBlock(accumulated:next:)' with sufficient availability for this call site [#ResultBuilderMethods]
 365 |                     windowKeywords2
 366 |                     #/ABS|ADD|ALL|ASC|ASK|AS|AVG|BASE|BIND|BNODE|BOUND|BY|CEIL|CLEAR|COALESCE|CONCAT|CONSTRUCT|CONTAINS|COPY|COUNT|CREATE|DATATYPE|DAY|DEFAULT|DELETE|DELETE WHERE|DESCRIBE|DESC|DISTINCT|DISTINCT|DROP|ENCODE_FOR_URI|EXISTS|FILTER|FLOOR|FROM|GRAPH|GROUP_CONCAT|GROUP|HAVING|HOURS|IF|INSERT|INSERT|DATA|INTO|IN|IRI|ISBLANK|ISIRI|ISLITERAL|ISNUMERIC|ISURI|LANGMATCHES|LANG|LCASE|LIMIT|LOAD|MAX|MD5|MINUS|MINUTES|MIN|MONTH|MOVE|NAMED|NOT|NOW|OFFSET|OPTIONAL|ORDER|PREFIX|RAND|REDUCED|REGEX|REPLACE|ROUND|SAMETERM|SAMPLE|SECONDS|SELECT|SEPARATOR|SERVICE|SHA1|SHA256|SHA384|SHA512|SILENT|STRAFTER|STRBEFORE|STRDT|STRENDS|STRLANG|STRLEN|STRSTARTS|STRUUID|STR|SUBSTR|SUM|TIMEZONE|TO|TZ|UCASE|UNDEF|UNION|URI|USING|UUID|VALUES|WHERE|WITH|YEAR/#
/Users/admin/builder/spi-builder-workspace/.dependencies/checkouts/swift-sparql-syntax/Sources/SPARQLSyntax/SPARQLLexer.swift:364:26: error: result builder 'AlternationBuilder' does not implement any 'buildBlock' or a combination of 'buildPartialBlock(first:)' and 'buildPartialBlock(accumulated:next:)' with sufficient availability for this call site [#ResultBuilderMethods]
 362 |         let r = Regex {
 363 |             Capture {
 364 |                 ChoiceOf {
     |                          `- error: result builder 'AlternationBuilder' does not implement any 'buildBlock' or a combination of 'buildPartialBlock(first:)' and 'buildPartialBlock(accumulated:next:)' with sufficient availability for this call site [#ResultBuilderMethods]
 365 |                     windowKeywords2
 366 |                     #/ABS|ADD|ALL|ASC|ASK|AS|AVG|BASE|BIND|BNODE|BOUND|BY|CEIL|CLEAR|COALESCE|CONCAT|CONSTRUCT|CONTAINS|COPY|COUNT|CREATE|DATATYPE|DAY|DEFAULT|DELETE|DELETE WHERE|DESCRIBE|DESC|DISTINCT|DISTINCT|DROP|ENCODE_FOR_URI|EXISTS|FILTER|FLOOR|FROM|GRAPH|GROUP_CONCAT|GROUP|HAVING|HOURS|IF|INSERT|INSERT|DATA|INTO|IN|IRI|ISBLANK|ISIRI|ISLITERAL|ISNUMERIC|ISURI|LANGMATCHES|LANG|LCASE|LIMIT|LOAD|MAX|MD5|MINUS|MINUTES|MIN|MONTH|MOVE|NAMED|NOT|NOW|OFFSET|OPTIONAL|ORDER|PREFIX|RAND|REDUCED|REGEX|REPLACE|ROUND|SAMETERM|SAMPLE|SECONDS|SELECT|SEPARATOR|SERVICE|SHA1|SHA256|SHA384|SHA512|SILENT|STRAFTER|STRBEFORE|STRDT|STRENDS|STRLANG|STRLEN|STRSTARTS|STRUUID|STR|SUBSTR|SUM|TIMEZONE|TO|TZ|UCASE|UNDEF|UNION|URI|USING|UUID|VALUES|WHERE|WITH|YEAR/#
/Users/admin/builder/spi-builder-workspace/.dependencies/checkouts/swift-sparql-syntax/Sources/SPARQLSyntax/SPARQLLexer.swift:364:26: error: result builder 'AlternationBuilder' does not implement any 'buildBlock' or a combination of 'buildPartialBlock(first:)' and 'buildPartialBlock(accumulated:next:)' with sufficient availability for this call site [#ResultBuilderMethods]
 362 |         let r = Regex {
 363 |             Capture {
 364 |                 ChoiceOf {
     |                          `- error: result builder 'AlternationBuilder' does not implement any 'buildBlock' or a combination of 'buildPartialBlock(first:)' and 'buildPartialBlock(accumulated:next:)' with sufficient availability for this call site [#ResultBuilderMethods]
 365 |                     windowKeywords2
 366 |                     #/ABS|ADD|ALL|ASC|ASK|AS|AVG|BASE|BIND|BNODE|BOUND|BY|CEIL|CLEAR|COALESCE|CONCAT|CONSTRUCT|CONTAINS|COPY|COUNT|CREATE|DATATYPE|DAY|DEFAULT|DELETE|DELETE WHERE|DESCRIBE|DESC|DISTINCT|DISTINCT|DROP|ENCODE_FOR_URI|EXISTS|FILTER|FLOOR|FROM|GRAPH|GROUP_CONCAT|GROUP|HAVING|HOURS|IF|INSERT|INSERT|DATA|INTO|IN|IRI|ISBLANK|ISIRI|ISLITERAL|ISNUMERIC|ISURI|LANGMATCHES|LANG|LCASE|LIMIT|LOAD|MAX|MD5|MINUS|MINUTES|MIN|MONTH|MOVE|NAMED|NOT|NOW|OFFSET|OPTIONAL|ORDER|PREFIX|RAND|REDUCED|REGEX|REPLACE|ROUND|SAMETERM|SAMPLE|SECONDS|SELECT|SEPARATOR|SERVICE|SHA1|SHA256|SHA384|SHA512|SILENT|STRAFTER|STRBEFORE|STRDT|STRENDS|STRLANG|STRLEN|STRSTARTS|STRUUID|STR|SUBSTR|SUM|TIMEZONE|TO|TZ|UCASE|UNDEF|UNION|URI|USING|UUID|VALUES|WHERE|WITH|YEAR/#
/Users/admin/builder/spi-builder-workspace/.dependencies/checkouts/swift-sparql-syntax/Sources/SPARQLSyntax/SPARQLLexer.swift:364:26: error: result builder 'AlternationBuilder' does not implement any 'buildBlock' or a combination of 'buildPartialBlock(first:)' and 'buildPartialBlock(accumulated:next:)' with sufficient availability for this call site [#ResultBuilderMethods]
 362 |         let r = Regex {
 363 |             Capture {
 364 |                 ChoiceOf {
     |                          `- error: result builder 'AlternationBuilder' does not implement any 'buildBlock' or a combination of 'buildPartialBlock(first:)' and 'buildPartialBlock(accumulated:next:)' with sufficient availability for this call site [#ResultBuilderMethods]
 365 |                     windowKeywords2
 366 |                     #/ABS|ADD|ALL|ASC|ASK|AS|AVG|BASE|BIND|BNODE|BOUND|BY|CEIL|CLEAR|COALESCE|CONCAT|CONSTRUCT|CONTAINS|COPY|COUNT|CREATE|DATATYPE|DAY|DEFAULT|DELETE|DELETE WHERE|DESCRIBE|DESC|DISTINCT|DISTINCT|DROP|ENCODE_FOR_URI|EXISTS|FILTER|FLOOR|FROM|GRAPH|GROUP_CONCAT|GROUP|HAVING|HOURS|IF|INSERT|INSERT|DATA|INTO|IN|IRI|ISBLANK|ISIRI|ISLITERAL|ISNUMERIC|ISURI|LANGMATCHES|LANG|LCASE|LIMIT|LOAD|MAX|MD5|MINUS|MINUTES|MIN|MONTH|MOVE|NAMED|NOT|NOW|OFFSET|OPTIONAL|ORDER|PREFIX|RAND|REDUCED|REGEX|REPLACE|ROUND|SAMETERM|SAMPLE|SECONDS|SELECT|SEPARATOR|SERVICE|SHA1|SHA256|SHA384|SHA512|SILENT|STRAFTER|STRBEFORE|STRDT|STRENDS|STRLANG|STRLEN|STRSTARTS|STRUUID|STR|SUBSTR|SUM|TIMEZONE|TO|TZ|UCASE|UNDEF|UNION|URI|USING|UUID|VALUES|WHERE|WITH|YEAR/#
/Users/admin/builder/spi-builder-workspace/.dependencies/checkouts/swift-sparql-syntax/Sources/SPARQLSyntax/SPARQLLexer.swift:364:26: error: result builder 'AlternationBuilder' does not implement any 'buildBlock' or a combination of 'buildPartialBlock(first:)' and 'buildPartialBlock(accumulated:next:)' with sufficient availability for this call site [#ResultBuilderMethods]
 362 |         let r = Regex {
 363 |             Capture {
 364 |                 ChoiceOf {
     |                          `- error: result builder 'AlternationBuilder' does not implement any 'buildBlock' or a combination of 'buildPartialBlock(first:)' and 'buildPartialBlock(accumulated:next:)' with sufficient availability for this call site [#ResultBuilderMethods]
 365 |                     windowKeywords2
 366 |                     #/ABS|ADD|ALL|ASC|ASK|AS|AVG|BASE|BIND|BNODE|BOUND|BY|CEIL|CLEAR|COALESCE|CONCAT|CONSTRUCT|CONTAINS|COPY|COUNT|CREATE|DATATYPE|DAY|DEFAULT|DELETE|DELETE WHERE|DESCRIBE|DESC|DISTINCT|DISTINCT|DROP|ENCODE_FOR_URI|EXISTS|FILTER|FLOOR|FROM|GRAPH|GROUP_CONCAT|GROUP|HAVING|HOURS|IF|INSERT|INSERT|DATA|INTO|IN|IRI|ISBLANK|ISIRI|ISLITERAL|ISNUMERIC|ISURI|LANGMATCHES|LANG|LCASE|LIMIT|LOAD|MAX|MD5|MINUS|MINUTES|MIN|MONTH|MOVE|NAMED|NOT|NOW|OFFSET|OPTIONAL|ORDER|PREFIX|RAND|REDUCED|REGEX|REPLACE|ROUND|SAMETERM|SAMPLE|SECONDS|SELECT|SEPARATOR|SERVICE|SHA1|SHA256|SHA384|SHA512|SILENT|STRAFTER|STRBEFORE|STRDT|STRENDS|STRLANG|STRLEN|STRSTARTS|STRUUID|STR|SUBSTR|SUM|TIMEZONE|TO|TZ|UCASE|UNDEF|UNION|URI|USING|UUID|VALUES|WHERE|WITH|YEAR/#
/Users/admin/builder/spi-builder-workspace/.dependencies/checkouts/swift-sparql-syntax/Sources/SPARQLSyntax/SPARQLLexer.swift:364:26: error: result builder 'AlternationBuilder' does not implement any 'buildBlock' or a combination of 'buildPartialBlock(first:)' and 'buildPartialBlock(accumulated:next:)' with sufficient availability for this call site [#ResultBuilderMethods]
 362 |         let r = Regex {
 363 |             Capture {
 364 |                 ChoiceOf {
     |                          `- error: result builder 'AlternationBuilder' does not implement any 'buildBlock' or a combination of 'buildPartialBlock(first:)' and 'buildPartialBlock(accumulated:next:)' with sufficient availability for this call site [#ResultBuilderMethods]
 365 |                     windowKeywords2
 366 |                     #/ABS|ADD|ALL|ASC|ASK|AS|AVG|BASE|BIND|BNODE|BOUND|BY|CEIL|CLEAR|COALESCE|CONCAT|CONSTRUCT|CONTAINS|COPY|COUNT|CREATE|DATATYPE|DAY|DEFAULT|DELETE|DELETE WHERE|DESCRIBE|DESC|DISTINCT|DISTINCT|DROP|ENCODE_FOR_URI|EXISTS|FILTER|FLOOR|FROM|GRAPH|GROUP_CONCAT|GROUP|HAVING|HOURS|IF|INSERT|INSERT|DATA|INTO|IN|IRI|ISBLANK|ISIRI|ISLITERAL|ISNUMERIC|ISURI|LANGMATCHES|LANG|LCASE|LIMIT|LOAD|MAX|MD5|MINUS|MINUTES|MIN|MONTH|MOVE|NAMED|NOT|NOW|OFFSET|OPTIONAL|ORDER|PREFIX|RAND|REDUCED|REGEX|REPLACE|ROUND|SAMETERM|SAMPLE|SECONDS|SELECT|SEPARATOR|SERVICE|SHA1|SHA256|SHA384|SHA512|SILENT|STRAFTER|STRBEFORE|STRDT|STRENDS|STRLANG|STRLEN|STRSTARTS|STRUUID|STR|SUBSTR|SUM|TIMEZONE|TO|TZ|UCASE|UNDEF|UNION|URI|USING|UUID|VALUES|WHERE|WITH|YEAR/#
/Users/admin/builder/spi-builder-workspace/.dependencies/checkouts/swift-sparql-syntax/Sources/SPARQLSyntax/SPARQLLexer.swift:364:26: error: result builder 'AlternationBuilder' does not implement any 'buildBlock' or a combination of 'buildPartialBlock(first:)' and 'buildPartialBlock(accumulated:next:)' with sufficient availability for this call site [#ResultBuilderMethods]
 362 |         let r = Regex {
 363 |             Capture {
 364 |                 ChoiceOf {
     |                          `- error: result builder 'AlternationBuilder' does not implement any 'buildBlock' or a combination of 'buildPartialBlock(first:)' and 'buildPartialBlock(accumulated:next:)' with sufficient availability for this call site [#ResultBuilderMethods]
 365 |                     windowKeywords2
 366 |                     #/ABS|ADD|ALL|ASC|ASK|AS|AVG|BASE|BIND|BNODE|BOUND|BY|CEIL|CLEAR|COALESCE|CONCAT|CONSTRUCT|CONTAINS|COPY|COUNT|CREATE|DATATYPE|DAY|DEFAULT|DELETE|DELETE WHERE|DESCRIBE|DESC|DISTINCT|DISTINCT|DROP|ENCODE_FOR_URI|EXISTS|FILTER|FLOOR|FROM|GRAPH|GROUP_CONCAT|GROUP|HAVING|HOURS|IF|INSERT|INSERT|DATA|INTO|IN|IRI|ISBLANK|ISIRI|ISLITERAL|ISNUMERIC|ISURI|LANGMATCHES|LANG|LCASE|LIMIT|LOAD|MAX|MD5|MINUS|MINUTES|MIN|MONTH|MOVE|NAMED|NOT|NOW|OFFSET|OPTIONAL|ORDER|PREFIX|RAND|REDUCED|REGEX|REPLACE|ROUND|SAMETERM|SAMPLE|SECONDS|SELECT|SEPARATOR|SERVICE|SHA1|SHA256|SHA384|SHA512|SILENT|STRAFTER|STRBEFORE|STRDT|STRENDS|STRLANG|STRLEN|STRSTARTS|STRUUID|STR|SUBSTR|SUM|TIMEZONE|TO|TZ|UCASE|UNDEF|UNION|URI|USING|UUID|VALUES|WHERE|WITH|YEAR/#
/Users/admin/builder/spi-builder-workspace/.dependencies/checkouts/swift-sparql-syntax/Sources/SPARQLSyntax/SPARQLLexer.swift:364:26: error: result builder 'AlternationBuilder' does not implement any 'buildBlock' or a combination of 'buildPartialBlock(first:)' and 'buildPartialBlock(accumulated:next:)' with sufficient availability for this call site [#ResultBuilderMethods]
 362 |         let r = Regex {
 363 |             Capture {
 364 |                 ChoiceOf {
     |                          `- error: result builder 'AlternationBuilder' does not implement any 'buildBlock' or a combination of 'buildPartialBlock(first:)' and 'buildPartialBlock(accumulated:next:)' with sufficient availability for this call site [#ResultBuilderMethods]
 365 |                     windowKeywords2
 366 |                     #/ABS|ADD|ALL|ASC|ASK|AS|AVG|BASE|BIND|BNODE|BOUND|BY|CEIL|CLEAR|COALESCE|CONCAT|CONSTRUCT|CONTAINS|COPY|COUNT|CREATE|DATATYPE|DAY|DEFAULT|DELETE|DELETE WHERE|DESCRIBE|DESC|DISTINCT|DISTINCT|DROP|ENCODE_FOR_URI|EXISTS|FILTER|FLOOR|FROM|GRAPH|GROUP_CONCAT|GROUP|HAVING|HOURS|IF|INSERT|INSERT|DATA|INTO|IN|IRI|ISBLANK|ISIRI|ISLITERAL|ISNUMERIC|ISURI|LANGMATCHES|LANG|LCASE|LIMIT|LOAD|MAX|MD5|MINUS|MINUTES|MIN|MONTH|MOVE|NAMED|NOT|NOW|OFFSET|OPTIONAL|ORDER|PREFIX|RAND|REDUCED|REGEX|REPLACE|ROUND|SAMETERM|SAMPLE|SECONDS|SELECT|SEPARATOR|SERVICE|SHA1|SHA256|SHA384|SHA512|SILENT|STRAFTER|STRBEFORE|STRDT|STRENDS|STRLANG|STRLEN|STRSTARTS|STRUUID|STR|SUBSTR|SUM|TIMEZONE|TO|TZ|UCASE|UNDEF|UNION|URI|USING|UUID|VALUES|WHERE|WITH|YEAR/#
/Users/admin/builder/spi-builder-workspace/.dependencies/checkouts/swift-sparql-syntax/Sources/SPARQLSyntax/SPARQLLexer.swift:364:26: error: result builder 'AlternationBuilder' does not implement any 'buildBlock' or a combination of 'buildPartialBlock(first:)' and 'buildPartialBlock(accumulated:next:)' with sufficient availability for this call site [#ResultBuilderMethods]
 362 |         let r = Regex {
 363 |             Capture {
 364 |                 ChoiceOf {
     |                          `- error: result builder 'AlternationBuilder' does not implement any 'buildBlock' or a combination of 'buildPartialBlock(first:)' and 'buildPartialBlock(accumulated:next:)' with sufficient availability for this call site [#ResultBuilderMethods]
 365 |                     windowKeywords2
 366 |                     #/ABS|ADD|ALL|ASC|ASK|AS|AVG|BASE|BIND|BNODE|BOUND|BY|CEIL|CLEAR|COALESCE|CONCAT|CONSTRUCT|CONTAINS|COPY|COUNT|CREATE|DATATYPE|DAY|DEFAULT|DELETE|DELETE WHERE|DESCRIBE|DESC|DISTINCT|DISTINCT|DROP|ENCODE_FOR_URI|EXISTS|FILTER|FLOOR|FROM|GRAPH|GROUP_CONCAT|GROUP|HAVING|HOURS|IF|INSERT|INSERT|DATA|INTO|IN|IRI|ISBLANK|ISIRI|ISLITERAL|ISNUMERIC|ISURI|LANGMATCHES|LANG|LCASE|LIMIT|LOAD|MAX|MD5|MINUS|MINUTES|MIN|MONTH|MOVE|NAMED|NOT|NOW|OFFSET|OPTIONAL|ORDER|PREFIX|RAND|REDUCED|REGEX|REPLACE|ROUND|SAMETERM|SAMPLE|SECONDS|SELECT|SEPARATOR|SERVICE|SHA1|SHA256|SHA384|SHA512|SILENT|STRAFTER|STRBEFORE|STRDT|STRENDS|STRLANG|STRLEN|STRSTARTS|STRUUID|STR|SUBSTR|SUM|TIMEZONE|TO|TZ|UCASE|UNDEF|UNION|URI|USING|UUID|VALUES|WHERE|WITH|YEAR/#
/Users/admin/builder/spi-builder-workspace/.dependencies/checkouts/swift-sparql-syntax/Sources/SPARQLSyntax/SPARQLLexer.swift:364:26: error: result builder 'AlternationBuilder' does not implement any 'buildBlock' or a combination of 'buildPartialBlock(first:)' and 'buildPartialBlock(accumulated:next:)' with sufficient availability for this call site [#ResultBuilderMethods]
 362 |         let r = Regex {
 363 |             Capture {
 364 |                 ChoiceOf {
     |                          `- error: result builder 'AlternationBuilder' does not implement any 'buildBlock' or a combination of 'buildPartialBlock(first:)' and 'buildPartialBlock(accumulated:next:)' with sufficient availability for this call site [#ResultBuilderMethods]
 365 |                     windowKeywords2
 366 |                     #/ABS|ADD|ALL|ASC|ASK|AS|AVG|BASE|BIND|BNODE|BOUND|BY|CEIL|CLEAR|COALESCE|CONCAT|CONSTRUCT|CONTAINS|COPY|COUNT|CREATE|DATATYPE|DAY|DEFAULT|DELETE|DELETE WHERE|DESCRIBE|DESC|DISTINCT|DISTINCT|DROP|ENCODE_FOR_URI|EXISTS|FILTER|FLOOR|FROM|GRAPH|GROUP_CONCAT|GROUP|HAVING|HOURS|IF|INSERT|INSERT|DATA|INTO|IN|IRI|ISBLANK|ISIRI|ISLITERAL|ISNUMERIC|ISURI|LANGMATCHES|LANG|LCASE|LIMIT|LOAD|MAX|MD5|MINUS|MINUTES|MIN|MONTH|MOVE|NAMED|NOT|NOW|OFFSET|OPTIONAL|ORDER|PREFIX|RAND|REDUCED|REGEX|REPLACE|ROUND|SAMETERM|SAMPLE|SECONDS|SELECT|SEPARATOR|SERVICE|SHA1|SHA256|SHA384|SHA512|SILENT|STRAFTER|STRBEFORE|STRDT|STRENDS|STRLANG|STRLEN|STRSTARTS|STRUUID|STR|SUBSTR|SUM|TIMEZONE|TO|TZ|UCASE|UNDEF|UNION|URI|USING|UUID|VALUES|WHERE|WITH|YEAR/#
/Users/admin/builder/spi-builder-workspace/.dependencies/checkouts/swift-sparql-syntax/Sources/SPARQLSyntax/SPARQLLexer.swift:364:26: error: result builder 'AlternationBuilder' does not implement any 'buildBlock' or a combination of 'buildPartialBlock(first:)' and 'buildPartialBlock(accumulated:next:)' with sufficient availability for this call site [#ResultBuilderMethods]
 362 |         let r = Regex {
 363 |             Capture {
 364 |                 ChoiceOf {
     |                          `- error: result builder 'AlternationBuilder' does not implement any 'buildBlock' or a combination of 'buildPartialBlock(first:)' and 'buildPartialBlock(accumulated:next:)' with sufficient availability for this call site [#ResultBuilderMethods]
 365 |                     windowKeywords2
 366 |                     #/ABS|ADD|ALL|ASC|ASK|AS|AVG|BASE|BIND|BNODE|BOUND|BY|CEIL|CLEAR|COALESCE|CONCAT|CONSTRUCT|CONTAINS|COPY|COUNT|CREATE|DATATYPE|DAY|DEFAULT|DELETE|DELETE WHERE|DESCRIBE|DESC|DISTINCT|DISTINCT|DROP|ENCODE_FOR_URI|EXISTS|FILTER|FLOOR|FROM|GRAPH|GROUP_CONCAT|GROUP|HAVING|HOURS|IF|INSERT|INSERT|DATA|INTO|IN|IRI|ISBLANK|ISIRI|ISLITERAL|ISNUMERIC|ISURI|LANGMATCHES|LANG|LCASE|LIMIT|LOAD|MAX|MD5|MINUS|MINUTES|MIN|MONTH|MOVE|NAMED|NOT|NOW|OFFSET|OPTIONAL|ORDER|PREFIX|RAND|REDUCED|REGEX|REPLACE|ROUND|SAMETERM|SAMPLE|SECONDS|SELECT|SEPARATOR|SERVICE|SHA1|SHA256|SHA384|SHA512|SILENT|STRAFTER|STRBEFORE|STRDT|STRENDS|STRLANG|STRLEN|STRSTARTS|STRUUID|STR|SUBSTR|SUM|TIMEZONE|TO|TZ|UCASE|UNDEF|UNION|URI|USING|UUID|VALUES|WHERE|WITH|YEAR/#
/Users/admin/builder/spi-builder-workspace/.dependencies/checkouts/swift-sparql-syntax/Sources/SPARQLSyntax/SPARQLLexer.swift:364:26: error: result builder 'AlternationBuilder' does not implement any 'buildBlock' or a combination of 'buildPartialBlock(first:)' and 'buildPartialBlock(accumulated:next:)' with sufficient availability for this call site [#ResultBuilderMethods]
 362 |         let r = Regex {
 363 |             Capture {
 364 |                 ChoiceOf {
     |                          `- error: result builder 'AlternationBuilder' does not implement any 'buildBlock' or a combination of 'buildPartialBlock(first:)' and 'buildPartialBlock(accumulated:next:)' with sufficient availability for this call site [#ResultBuilderMethods]
 365 |                     windowKeywords2
 366 |                     #/ABS|ADD|ALL|ASC|ASK|AS|AVG|BASE|BIND|BNODE|BOUND|BY|CEIL|CLEAR|COALESCE|CONCAT|CONSTRUCT|CONTAINS|COPY|COUNT|CREATE|DATATYPE|DAY|DEFAULT|DELETE|DELETE WHERE|DESCRIBE|DESC|DISTINCT|DISTINCT|DROP|ENCODE_FOR_URI|EXISTS|FILTER|FLOOR|FROM|GRAPH|GROUP_CONCAT|GROUP|HAVING|HOURS|IF|INSERT|INSERT|DATA|INTO|IN|IRI|ISBLANK|ISIRI|ISLITERAL|ISNUMERIC|ISURI|LANGMATCHES|LANG|LCASE|LIMIT|LOAD|MAX|MD5|MINUS|MINUTES|MIN|MONTH|MOVE|NAMED|NOT|NOW|OFFSET|OPTIONAL|ORDER|PREFIX|RAND|REDUCED|REGEX|REPLACE|ROUND|SAMETERM|SAMPLE|SECONDS|SELECT|SEPARATOR|SERVICE|SHA1|SHA256|SHA384|SHA512|SILENT|STRAFTER|STRBEFORE|STRDT|STRENDS|STRLANG|STRLEN|STRSTARTS|STRUUID|STR|SUBSTR|SUM|TIMEZONE|TO|TZ|UCASE|UNDEF|UNION|URI|USING|UUID|VALUES|WHERE|WITH|YEAR/#
/Users/admin/builder/spi-builder-workspace/.dependencies/checkouts/swift-sparql-syntax/Sources/SPARQLSyntax/SPARQLLexer.swift:364:26: error: result builder 'AlternationBuilder' does not implement any 'buildBlock' or a combination of 'buildPartialBlock(first:)' and 'buildPartialBlock(accumulated:next:)' with sufficient availability for this call site [#ResultBuilderMethods]
 362 |         let r = Regex {
 363 |             Capture {
 364 |                 ChoiceOf {
     |                          `- error: result builder 'AlternationBuilder' does not implement any 'buildBlock' or a combination of 'buildPartialBlock(first:)' and 'buildPartialBlock(accumulated:next:)' with sufficient availability for this call site [#ResultBuilderMethods]
 365 |                     windowKeywords2
 366 |                     #/ABS|ADD|ALL|ASC|ASK|AS|AVG|BASE|BIND|BNODE|BOUND|BY|CEIL|CLEAR|COALESCE|CONCAT|CONSTRUCT|CONTAINS|COPY|COUNT|CREATE|DATATYPE|DAY|DEFAULT|DELETE|DELETE WHERE|DESCRIBE|DESC|DISTINCT|DISTINCT|DROP|ENCODE_FOR_URI|EXISTS|FILTER|FLOOR|FROM|GRAPH|GROUP_CONCAT|GROUP|HAVING|HOURS|IF|INSERT|INSERT|DATA|INTO|IN|IRI|ISBLANK|ISIRI|ISLITERAL|ISNUMERIC|ISURI|LANGMATCHES|LANG|LCASE|LIMIT|LOAD|MAX|MD5|MINUS|MINUTES|MIN|MONTH|MOVE|NAMED|NOT|NOW|OFFSET|OPTIONAL|ORDER|PREFIX|RAND|REDUCED|REGEX|REPLACE|ROUND|SAMETERM|SAMPLE|SECONDS|SELECT|SEPARATOR|SERVICE|SHA1|SHA256|SHA384|SHA512|SILENT|STRAFTER|STRBEFORE|STRDT|STRENDS|STRLANG|STRLEN|STRSTARTS|STRUUID|STR|SUBSTR|SUM|TIMEZONE|TO|TZ|UCASE|UNDEF|UNION|URI|USING|UUID|VALUES|WHERE|WITH|YEAR/#
/Users/admin/builder/spi-builder-workspace/.dependencies/checkouts/swift-sparql-syntax/Sources/SPARQLSyntax/SPARQLLexer.swift:364:26: error: result builder 'AlternationBuilder' does not implement any 'buildBlock' or a combination of 'buildPartialBlock(first:)' and 'buildPartialBlock(accumulated:next:)' with sufficient availability for this call site [#ResultBuilderMethods]
 362 |         let r = Regex {
 363 |             Capture {
 364 |                 ChoiceOf {
     |                          `- error: result builder 'AlternationBuilder' does not implement any 'buildBlock' or a combination of 'buildPartialBlock(first:)' and 'buildPartialBlock(accumulated:next:)' with sufficient availability for this call site [#ResultBuilderMethods]
 365 |                     windowKeywords2
 366 |                     #/ABS|ADD|ALL|ASC|ASK|AS|AVG|BASE|BIND|BNODE|BOUND|BY|CEIL|CLEAR|COALESCE|CONCAT|CONSTRUCT|CONTAINS|COPY|COUNT|CREATE|DATATYPE|DAY|DEFAULT|DELETE|DELETE WHERE|DESCRIBE|DESC|DISTINCT|DISTINCT|DROP|ENCODE_FOR_URI|EXISTS|FILTER|FLOOR|FROM|GRAPH|GROUP_CONCAT|GROUP|HAVING|HOURS|IF|INSERT|INSERT|DATA|INTO|IN|IRI|ISBLANK|ISIRI|ISLITERAL|ISNUMERIC|ISURI|LANGMATCHES|LANG|LCASE|LIMIT|LOAD|MAX|MD5|MINUS|MINUTES|MIN|MONTH|MOVE|NAMED|NOT|NOW|OFFSET|OPTIONAL|ORDER|PREFIX|RAND|REDUCED|REGEX|REPLACE|ROUND|SAMETERM|SAMPLE|SECONDS|SELECT|SEPARATOR|SERVICE|SHA1|SHA256|SHA384|SHA512|SILENT|STRAFTER|STRBEFORE|STRDT|STRENDS|STRLANG|STRLEN|STRSTARTS|STRUUID|STR|SUBSTR|SUM|TIMEZONE|TO|TZ|UCASE|UNDEF|UNION|URI|USING|UUID|VALUES|WHERE|WITH|YEAR/#
/Users/admin/builder/spi-builder-workspace/.dependencies/checkouts/swift-sparql-syntax/Sources/SPARQLSyntax/SPARQLLexer.swift:364:26: error: result builder 'AlternationBuilder' does not implement any 'buildBlock' or a combination of 'buildPartialBlock(first:)' and 'buildPartialBlock(accumulated:next:)' with sufficient availability for this call site [#ResultBuilderMethods]
 362 |         let r = Regex {
 363 |             Capture {
 364 |                 ChoiceOf {
     |                          `- error: result builder 'AlternationBuilder' does not implement any 'buildBlock' or a combination of 'buildPartialBlock(first:)' and 'buildPartialBlock(accumulated:next:)' with sufficient availability for this call site [#ResultBuilderMethods]
 365 |                     windowKeywords2
 366 |                     #/ABS|ADD|ALL|ASC|ASK|AS|AVG|BASE|BIND|BNODE|BOUND|BY|CEIL|CLEAR|COALESCE|CONCAT|CONSTRUCT|CONTAINS|COPY|COUNT|CREATE|DATATYPE|DAY|DEFAULT|DELETE|DELETE WHERE|DESCRIBE|DESC|DISTINCT|DISTINCT|DROP|ENCODE_FOR_URI|EXISTS|FILTER|FLOOR|FROM|GRAPH|GROUP_CONCAT|GROUP|HAVING|HOURS|IF|INSERT|INSERT|DATA|INTO|IN|IRI|ISBLANK|ISIRI|ISLITERAL|ISNUMERIC|ISURI|LANGMATCHES|LANG|LCASE|LIMIT|LOAD|MAX|MD5|MINUS|MINUTES|MIN|MONTH|MOVE|NAMED|NOT|NOW|OFFSET|OPTIONAL|ORDER|PREFIX|RAND|REDUCED|REGEX|REPLACE|ROUND|SAMETERM|SAMPLE|SECONDS|SELECT|SEPARATOR|SERVICE|SHA1|SHA256|SHA384|SHA512|SILENT|STRAFTER|STRBEFORE|STRDT|STRENDS|STRLANG|STRLEN|STRSTARTS|STRUUID|STR|SUBSTR|SUM|TIMEZONE|TO|TZ|UCASE|UNDEF|UNION|URI|USING|UUID|VALUES|WHERE|WITH|YEAR/#
/Users/admin/builder/spi-builder-workspace/.dependencies/checkouts/swift-sparql-syntax/Sources/SPARQLSyntax/SPARQLLexer.swift:364:26: error: result builder 'AlternationBuilder' does not implement any 'buildBlock' or a combination of 'buildPartialBlock(first:)' and 'buildPartialBlock(accumulated:next:)' with sufficient availability for this call site [#ResultBuilderMethods]
 362 |         let r = Regex {
 363 |             Capture {
 364 |                 ChoiceOf {
     |                          `- error: result builder 'AlternationBuilder' does not implement any 'buildBlock' or a combination of 'buildPartialBlock(first:)' and 'buildPartialBlock(accumulated:next:)' with sufficient availability for this call site [#ResultBuilderMethods]
 365 |                     windowKeywords2
 366 |                     #/ABS|ADD|ALL|ASC|ASK|AS|AVG|BASE|BIND|BNODE|BOUND|BY|CEIL|CLEAR|COALESCE|CONCAT|CONSTRUCT|CONTAINS|COPY|COUNT|CREATE|DATATYPE|DAY|DEFAULT|DELETE|DELETE WHERE|DESCRIBE|DESC|DISTINCT|DISTINCT|DROP|ENCODE_FOR_URI|EXISTS|FILTER|FLOOR|FROM|GRAPH|GROUP_CONCAT|GROUP|HAVING|HOURS|IF|INSERT|INSERT|DATA|INTO|IN|IRI|ISBLANK|ISIRI|ISLITERAL|ISNUMERIC|ISURI|LANGMATCHES|LANG|LCASE|LIMIT|LOAD|MAX|MD5|MINUS|MINUTES|MIN|MONTH|MOVE|NAMED|NOT|NOW|OFFSET|OPTIONAL|ORDER|PREFIX|RAND|REDUCED|REGEX|REPLACE|ROUND|SAMETERM|SAMPLE|SECONDS|SELECT|SEPARATOR|SERVICE|SHA1|SHA256|SHA384|SHA512|SILENT|STRAFTER|STRBEFORE|STRDT|STRENDS|STRLANG|STRLEN|STRSTARTS|STRUUID|STR|SUBSTR|SUM|TIMEZONE|TO|TZ|UCASE|UNDEF|UNION|URI|USING|UUID|VALUES|WHERE|WITH|YEAR/#
/Users/admin/builder/spi-builder-workspace/.dependencies/checkouts/swift-sparql-syntax/Sources/SPARQLSyntax/SPARQLLexer.swift:364:26: error: result builder 'AlternationBuilder' does not implement any 'buildBlock' or a combination of 'buildPartialBlock(first:)' and 'buildPartialBlock(accumulated:next:)' with sufficient availability for this call site [#ResultBuilderMethods]
 362 |         let r = Regex {
 363 |             Capture {
 364 |                 ChoiceOf {
     |                          `- error: result builder 'AlternationBuilder' does not implement any 'buildBlock' or a combination of 'buildPartialBlock(first:)' and 'buildPartialBlock(accumulated:next:)' with sufficient availability for this call site [#ResultBuilderMethods]
 365 |                     windowKeywords2
 366 |                     #/ABS|ADD|ALL|ASC|ASK|AS|AVG|BASE|BIND|BNODE|BOUND|BY|CEIL|CLEAR|COALESCE|CONCAT|CONSTRUCT|CONTAINS|COPY|COUNT|CREATE|DATATYPE|DAY|DEFAULT|DELETE|DELETE WHERE|DESCRIBE|DESC|DISTINCT|DISTINCT|DROP|ENCODE_FOR_URI|EXISTS|FILTER|FLOOR|FROM|GRAPH|GROUP_CONCAT|GROUP|HAVING|HOURS|IF|INSERT|INSERT|DATA|INTO|IN|IRI|ISBLANK|ISIRI|ISLITERAL|ISNUMERIC|ISURI|LANGMATCHES|LANG|LCASE|LIMIT|LOAD|MAX|MD5|MINUS|MINUTES|MIN|MONTH|MOVE|NAMED|NOT|NOW|OFFSET|OPTIONAL|ORDER|PREFIX|RAND|REDUCED|REGEX|REPLACE|ROUND|SAMETERM|SAMPLE|SECONDS|SELECT|SEPARATOR|SERVICE|SHA1|SHA256|SHA384|SHA512|SILENT|STRAFTER|STRBEFORE|STRDT|STRENDS|STRLANG|STRLEN|STRSTARTS|STRUUID|STR|SUBSTR|SUM|TIMEZONE|TO|TZ|UCASE|UNDEF|UNION|URI|USING|UUID|VALUES|WHERE|WITH|YEAR/#
/Users/admin/builder/spi-builder-workspace/.dependencies/checkouts/swift-sparql-syntax/Sources/SPARQLSyntax/SPARQLLexer.swift:364:26: error: result builder 'AlternationBuilder' does not implement any 'buildBlock' or a combination of 'buildPartialBlock(first:)' and 'buildPartialBlock(accumulated:next:)' with sufficient availability for this call site [#ResultBuilderMethods]
 362 |         let r = Regex {
 363 |             Capture {
 364 |                 ChoiceOf {
     |                          `- error: result builder 'AlternationBuilder' does not implement any 'buildBlock' or a combination of 'buildPartialBlock(first:)' and 'buildPartialBlock(accumulated:next:)' with sufficient availability for this call site [#ResultBuilderMethods]
 365 |                     windowKeywords2
 366 |                     #/ABS|ADD|ALL|ASC|ASK|AS|AVG|BASE|BIND|BNODE|BOUND|BY|CEIL|CLEAR|COALESCE|CONCAT|CONSTRUCT|CONTAINS|COPY|COUNT|CREATE|DATATYPE|DAY|DEFAULT|DELETE|DELETE WHERE|DESCRIBE|DESC|DISTINCT|DISTINCT|DROP|ENCODE_FOR_URI|EXISTS|FILTER|FLOOR|FROM|GRAPH|GROUP_CONCAT|GROUP|HAVING|HOURS|IF|INSERT|INSERT|DATA|INTO|IN|IRI|ISBLANK|ISIRI|ISLITERAL|ISNUMERIC|ISURI|LANGMATCHES|LANG|LCASE|LIMIT|LOAD|MAX|MD5|MINUS|MINUTES|MIN|MONTH|MOVE|NAMED|NOT|NOW|OFFSET|OPTIONAL|ORDER|PREFIX|RAND|REDUCED|REGEX|REPLACE|ROUND|SAMETERM|SAMPLE|SECONDS|SELECT|SEPARATOR|SERVICE|SHA1|SHA256|SHA384|SHA512|SILENT|STRAFTER|STRBEFORE|STRDT|STRENDS|STRLANG|STRLEN|STRSTARTS|STRUUID|STR|SUBSTR|SUM|TIMEZONE|TO|TZ|UCASE|UNDEF|UNION|URI|USING|UUID|VALUES|WHERE|WITH|YEAR/#
/Users/admin/builder/spi-builder-workspace/.dependencies/checkouts/swift-sparql-syntax/Sources/SPARQLSyntax/SPARQLLexer.swift:364:26: error: result builder 'AlternationBuilder' does not implement any 'buildBlock' or a combination of 'buildPartialBlock(first:)' and 'buildPartialBlock(accumulated:next:)' with sufficient availability for this call site [#ResultBuilderMethods]
 362 |         let r = Regex {
 363 |             Capture {
 364 |                 ChoiceOf {
     |                          `- error: result builder 'AlternationBuilder' does not implement any 'buildBlock' or a combination of 'buildPartialBlock(first:)' and 'buildPartialBlock(accumulated:next:)' with sufficient availability for this call site [#ResultBuilderMethods]
 365 |                     windowKeywords2
 366 |                     #/ABS|ADD|ALL|ASC|ASK|AS|AVG|BASE|BIND|BNODE|BOUND|BY|CEIL|CLEAR|COALESCE|CONCAT|CONSTRUCT|CONTAINS|COPY|COUNT|CREATE|DATATYPE|DAY|DEFAULT|DELETE|DELETE WHERE|DESCRIBE|DESC|DISTINCT|DISTINCT|DROP|ENCODE_FOR_URI|EXISTS|FILTER|FLOOR|FROM|GRAPH|GROUP_CONCAT|GROUP|HAVING|HOURS|IF|INSERT|INSERT|DATA|INTO|IN|IRI|ISBLANK|ISIRI|ISLITERAL|ISNUMERIC|ISURI|LANGMATCHES|LANG|LCASE|LIMIT|LOAD|MAX|MD5|MINUS|MINUTES|MIN|MONTH|MOVE|NAMED|NOT|NOW|OFFSET|OPTIONAL|ORDER|PREFIX|RAND|REDUCED|REGEX|REPLACE|ROUND|SAMETERM|SAMPLE|SECONDS|SELECT|SEPARATOR|SERVICE|SHA1|SHA256|SHA384|SHA512|SILENT|STRAFTER|STRBEFORE|STRDT|STRENDS|STRLANG|STRLEN|STRSTARTS|STRUUID|STR|SUBSTR|SUM|TIMEZONE|TO|TZ|UCASE|UNDEF|UNION|URI|USING|UUID|VALUES|WHERE|WITH|YEAR/#
/Users/admin/builder/spi-builder-workspace/.dependencies/checkouts/swift-sparql-syntax/Sources/SPARQLSyntax/SPARQLLexer.swift:364:26: error: result builder 'AlternationBuilder' does not implement any 'buildBlock' or a combination of 'buildPartialBlock(first:)' and 'buildPartialBlock(accumulated:next:)' with sufficient availability for this call site [#ResultBuilderMethods]
 362 |         let r = Regex {
 363 |             Capture {
 364 |                 ChoiceOf {
     |                          `- error: result builder 'AlternationBuilder' does not implement any 'buildBlock' or a combination of 'buildPartialBlock(first:)' and 'buildPartialBlock(accumulated:next:)' with sufficient availability for this call site [#ResultBuilderMethods]
 365 |                     windowKeywords2
 366 |                     #/ABS|ADD|ALL|ASC|ASK|AS|AVG|BASE|BIND|BNODE|BOUND|BY|CEIL|CLEAR|COALESCE|CONCAT|CONSTRUCT|CONTAINS|COPY|COUNT|CREATE|DATATYPE|DAY|DEFAULT|DELETE|DELETE WHERE|DESCRIBE|DESC|DISTINCT|DISTINCT|DROP|ENCODE_FOR_URI|EXISTS|FILTER|FLOOR|FROM|GRAPH|GROUP_CONCAT|GROUP|HAVING|HOURS|IF|INSERT|INSERT|DATA|INTO|IN|IRI|ISBLANK|ISIRI|ISLITERAL|ISNUMERIC|ISURI|LANGMATCHES|LANG|LCASE|LIMIT|LOAD|MAX|MD5|MINUS|MINUTES|MIN|MONTH|MOVE|NAMED|NOT|NOW|OFFSET|OPTIONAL|ORDER|PREFIX|RAND|REDUCED|REGEX|REPLACE|ROUND|SAMETERM|SAMPLE|SECONDS|SELECT|SEPARATOR|SERVICE|SHA1|SHA256|SHA384|SHA512|SILENT|STRAFTER|STRBEFORE|STRDT|STRENDS|STRLANG|STRLEN|STRSTARTS|STRUUID|STR|SUBSTR|SUM|TIMEZONE|TO|TZ|UCASE|UNDEF|UNION|URI|USING|UUID|VALUES|WHERE|WITH|YEAR/#
/Users/admin/builder/spi-builder-workspace/.dependencies/checkouts/swift-sparql-syntax/Sources/SPARQLSyntax/SPARQLLexer.swift:364:26: error: result builder 'AlternationBuilder' does not implement any 'buildBlock' or a combination of 'buildPartialBlock(first:)' and 'buildPartialBlock(accumulated:next:)' with sufficient availability for this call site [#ResultBuilderMethods]
 362 |         let r = Regex {
 363 |             Capture {
 364 |                 ChoiceOf {
     |                          `- error: result builder 'AlternationBuilder' does not implement any 'buildBlock' or a combination of 'buildPartialBlock(first:)' and 'buildPartialBlock(accumulated:next:)' with sufficient availability for this call site [#ResultBuilderMethods]
 365 |                     windowKeywords2
 366 |                     #/ABS|ADD|ALL|ASC|ASK|AS|AVG|BASE|BIND|BNODE|BOUND|BY|CEIL|CLEAR|COALESCE|CONCAT|CONSTRUCT|CONTAINS|COPY|COUNT|CREATE|DATATYPE|DAY|DEFAULT|DELETE|DELETE WHERE|DESCRIBE|DESC|DISTINCT|DISTINCT|DROP|ENCODE_FOR_URI|EXISTS|FILTER|FLOOR|FROM|GRAPH|GROUP_CONCAT|GROUP|HAVING|HOURS|IF|INSERT|INSERT|DATA|INTO|IN|IRI|ISBLANK|ISIRI|ISLITERAL|ISNUMERIC|ISURI|LANGMATCHES|LANG|LCASE|LIMIT|LOAD|MAX|MD5|MINUS|MINUTES|MIN|MONTH|MOVE|NAMED|NOT|NOW|OFFSET|OPTIONAL|ORDER|PREFIX|RAND|REDUCED|REGEX|REPLACE|ROUND|SAMETERM|SAMPLE|SECONDS|SELECT|SEPARATOR|SERVICE|SHA1|SHA256|SHA384|SHA512|SILENT|STRAFTER|STRBEFORE|STRDT|STRENDS|STRLANG|STRLEN|STRSTARTS|STRUUID|STR|SUBSTR|SUM|TIMEZONE|TO|TZ|UCASE|UNDEF|UNION|URI|USING|UUID|VALUES|WHERE|WITH|YEAR/#
/Users/admin/builder/spi-builder-workspace/.dependencies/checkouts/swift-sparql-syntax/Sources/SPARQLSyntax/SPARQLLexer.swift:364:26: error: result builder 'AlternationBuilder' does not implement any 'buildBlock' or a combination of 'buildPartialBlock(first:)' and 'buildPartialBlock(accumulated:next:)' with sufficient availability for this call site [#ResultBuilderMethods]
 362 |         let r = Regex {
 363 |             Capture {
 364 |                 ChoiceOf {
     |                          `- error: result builder 'AlternationBuilder' does not implement any 'buildBlock' or a combination of 'buildPartialBlock(first:)' and 'buildPartialBlock(accumulated:next:)' with sufficient availability for this call site [#ResultBuilderMethods]
 365 |                     windowKeywords2
 366 |                     #/ABS|ADD|ALL|ASC|ASK|AS|AVG|BASE|BIND|BNODE|BOUND|BY|CEIL|CLEAR|COALESCE|CONCAT|CONSTRUCT|CONTAINS|COPY|COUNT|CREATE|DATATYPE|DAY|DEFAULT|DELETE|DELETE WHERE|DESCRIBE|DESC|DISTINCT|DISTINCT|DROP|ENCODE_FOR_URI|EXISTS|FILTER|FLOOR|FROM|GRAPH|GROUP_CONCAT|GROUP|HAVING|HOURS|IF|INSERT|INSERT|DATA|INTO|IN|IRI|ISBLANK|ISIRI|ISLITERAL|ISNUMERIC|ISURI|LANGMATCHES|LANG|LCASE|LIMIT|LOAD|MAX|MD5|MINUS|MINUTES|MIN|MONTH|MOVE|NAMED|NOT|NOW|OFFSET|OPTIONAL|ORDER|PREFIX|RAND|REDUCED|REGEX|REPLACE|ROUND|SAMETERM|SAMPLE|SECONDS|SELECT|SEPARATOR|SERVICE|SHA1|SHA256|SHA384|SHA512|SILENT|STRAFTER|STRBEFORE|STRDT|STRENDS|STRLANG|STRLEN|STRSTARTS|STRUUID|STR|SUBSTR|SUM|TIMEZONE|TO|TZ|UCASE|UNDEF|UNION|URI|USING|UUID|VALUES|WHERE|WITH|YEAR/#
/Users/admin/builder/spi-builder-workspace/.dependencies/checkouts/swift-sparql-syntax/Sources/SPARQLSyntax/SPARQLLexer.swift:362:23: error: trailing closure passed to parameter of type 'String' that does not accept a closure
 360 |     nonisolated(unsafe) private static let _keywordRegex: Regex = { () -> Regex in
 361 |         let windowKeywords2 = #/OVER|PARTITION|RANGE|ROWS|BETWEEN|UNBOUNDED|PRECEDING|CURRENT|ROW|FOLLOWING|AND|RANK|DENSE_RANK|ROW_NUMBER|NTILE/#
 362 |         let r = Regex {
     |                       `- error: trailing closure passed to parameter of type 'String' that does not accept a closure
 363 |             Capture {
 364 |                 ChoiceOf {
_StringProcessing.Regex.init:2:8: note: 'init(_:)' declared here
1 | generic struct Regex {
2 | public init(_ pattern: String) throws}
  |        `- note: 'init(_:)' declared here
3 |
/Users/admin/builder/spi-builder-workspace/.dependencies/checkouts/swift-sparql-syntax/Sources/SPARQLSyntax/SPARQLLexer.swift:391:54: error: 'Regex' is only available in tvOS 16.0 or newer
 269 |
 270 | // swiftlint:disable:next type_body_length
 271 | public struct SPARQLLexer: IteratorProtocol, Sendable {
     |               `- note: add '@available' attribute to enclosing struct
 272 |     var includeComments: Bool
 273 |     var string: String
     :
 389 |     }()
 390 |
 391 |     nonisolated(unsafe) private static let _aRegex = #/a\b/#
     |                                            |         `- error: 'Regex' is only available in tvOS 16.0 or newer
     |                                            `- note: add '@available' attribute to enclosing static property
 392 |
 393 |     nonisolated(unsafe) private static let _booleanRegex = #/(true|false)/#.anchorsMatchLineEndings().ignoresCase()
/Users/admin/builder/spi-builder-workspace/.dependencies/checkouts/swift-sparql-syntax/Sources/SPARQLSyntax/SPARQLLexer.swift:393:60: error: 'Regex' is only available in tvOS 16.0 or newer
 269 |
 270 | // swiftlint:disable:next type_body_length
 271 | public struct SPARQLLexer: IteratorProtocol, Sendable {
     |               `- note: add '@available' attribute to enclosing struct
 272 |     var includeComments: Bool
 273 |     var string: String
     :
 391 |     nonisolated(unsafe) private static let _aRegex = #/a\b/#
 392 |
 393 |     nonisolated(unsafe) private static let _booleanRegex = #/(true|false)/#.anchorsMatchLineEndings().ignoresCase()
     |                                            |               `- error: 'Regex' is only available in tvOS 16.0 or newer
     |                                            `- note: add '@available' attribute to enclosing static property
 394 |
 395 |     nonisolated(unsafe) private static let prefixedNameRegex = {
/Users/admin/builder/spi-builder-workspace/.dependencies/checkouts/swift-sparql-syntax/Sources/SPARQLSyntax/SPARQLLexer.swift:393:77: error: 'anchorsMatchLineEndings' is only available in tvOS 16.0 or newer
 269 |
 270 | // swiftlint:disable:next type_body_length
 271 | public struct SPARQLLexer: IteratorProtocol, Sendable {
     |               `- note: add '@available' attribute to enclosing struct
 272 |     var includeComments: Bool
 273 |     var string: String
     :
 391 |     nonisolated(unsafe) private static let _aRegex = #/a\b/#
 392 |
 393 |     nonisolated(unsafe) private static let _booleanRegex = #/(true|false)/#.anchorsMatchLineEndings().ignoresCase()
     |                                            |                                `- error: 'anchorsMatchLineEndings' is only available in tvOS 16.0 or newer
     |                                            `- note: add '@available' attribute to enclosing static property
 394 |
 395 |     nonisolated(unsafe) private static let prefixedNameRegex = {
/Users/admin/builder/spi-builder-workspace/.dependencies/checkouts/swift-sparql-syntax/Sources/SPARQLSyntax/SPARQLLexer.swift:393:103: error: 'ignoresCase' is only available in tvOS 16.0 or newer
 269 |
 270 | // swiftlint:disable:next type_body_length
 271 | public struct SPARQLLexer: IteratorProtocol, Sendable {
     |               `- note: add '@available' attribute to enclosing struct
 272 |     var includeComments: Bool
 273 |     var string: String
     :
 391 |     nonisolated(unsafe) private static let _aRegex = #/a\b/#
 392 |
 393 |     nonisolated(unsafe) private static let _booleanRegex = #/(true|false)/#.anchorsMatchLineEndings().ignoresCase()
     |                                            |                                                          `- error: 'ignoresCase' is only available in tvOS 16.0 or newer
     |                                            `- note: add '@available' attribute to enclosing static property
 394 |
 395 |     nonisolated(unsafe) private static let prefixedNameRegex = {
/Users/admin/builder/spi-builder-workspace/.dependencies/checkouts/swift-sparql-syntax/Sources/SPARQLSyntax/SPARQLLexer.swift:403:38: error: result builder 'AlternationBuilder' does not implement any 'buildBlock' or a combination of 'buildPartialBlock(first:)' and 'buildPartialBlock(accumulated:next:)' with sufficient availability for this call site [#ResultBuilderMethods]
 401 |         let r_f900_fdcf = try! Regex(r_f900_fdcf_s)
 402 |
 403 |         let PN_CHARS_BASE = ChoiceOf {
     |                                      `- error: result builder 'AlternationBuilder' does not implement any 'buildBlock' or a combination of 'buildPartialBlock(first:)' and 'buildPartialBlock(accumulated:next:)' with sufficient availability for this call site [#ResultBuilderMethods]
 404 |             #/[A-Z]/#
 405 |             #/[a-z]/#
/Users/admin/builder/spi-builder-workspace/.dependencies/checkouts/swift-sparql-syntax/Sources/SPARQLSyntax/SPARQLLexer.swift:403:29: error: generic parameter 'Output' could not be inferred
 401 |         let r_f900_fdcf = try! Regex(r_f900_fdcf_s)
 402 |
 403 |         let PN_CHARS_BASE = ChoiceOf {
     |                             |- error: generic parameter 'Output' could not be inferred
     |                             `- note: explicitly specify the generic arguments to fix this issue
 404 |             #/[A-Z]/#
 405 |             #/[a-z]/#
/Users/admin/builder/spi-builder-workspace/.dependencies/checkouts/swift-sparql-syntax/Sources/SPARQLSyntax/SPARQLLexer.swift:403:29: error: referencing initializer 'init(_:_:)' on 'RegexComponent' requires the types 'ChoiceOf<Output>' and 'CharacterClass' be equivalent
 401 |         let r_f900_fdcf = try! Regex(r_f900_fdcf_s)
 402 |
 403 |         let PN_CHARS_BASE = ChoiceOf {
     |                             `- error: referencing initializer 'init(_:_:)' on 'RegexComponent' requires the types 'ChoiceOf<Output>' and 'CharacterClass' be equivalent
 404 |             #/[A-Z]/#
 405 |             #/[a-z]/#
RegexBuilder.RegexComponent:2:11: note: where 'Self' = 'ChoiceOf<Output>'
1 | @available(macOS 13.0, iOS 16.0, watchOS 9.0, tvOS 16.0, *)
2 | extension RegexComponent where Self == CharacterClass {
  |           `- note: where 'Self' = 'ChoiceOf<Output>'
3 |     public init(_ first: CharacterClass, _ rest: CharacterClass...)
4 | }
/Users/admin/builder/spi-builder-workspace/.dependencies/checkouts/swift-sparql-syntax/Sources/SPARQLSyntax/SPARQLLexer.swift:403:38: error: trailing closure passed to parameter of type 'CharacterClass' that does not accept a closure
 401 |         let r_f900_fdcf = try! Regex(r_f900_fdcf_s)
 402 |
 403 |         let PN_CHARS_BASE = ChoiceOf {
     |                                      `- error: trailing closure passed to parameter of type 'CharacterClass' that does not accept a closure
 404 |             #/[A-Z]/#
 405 |             #/[a-z]/#
RegexBuilder.RegexComponent.init:2:8: note: 'init(_:_:)' declared here
1 | protocol RegexComponent {
2 | public init(_ first: CharacterClass, _ rest: CharacterClass...)}
  |        `- note: 'init(_:_:)' declared here
3 |
/Users/admin/builder/spi-builder-workspace/.dependencies/checkouts/swift-sparql-syntax/Sources/SPARQLSyntax/SPARQLLexer.swift:533:56: error: 'Regex' is only available in tvOS 16.0 or newer
 269 |
 270 | // swiftlint:disable:next type_body_length
 271 | public struct SPARQLLexer: IteratorProtocol, Sendable {
     |               `- note: add '@available' attribute to enclosing struct
 272 |     var includeComments: Bool
 273 |     var string: String
     :
 531 |     }()
 532 |
 533 |     nonisolated(unsafe) private static let _iriRegex = #/<([^<>"{}|^`\x{00}-\x{20}]*)>/#
     |                                            |           `- error: 'Regex' is only available in tvOS 16.0 or newer
     |                                            `- note: add '@available' attribute to enclosing static property
 534 |
 535 |     nonisolated(unsafe) private static let _doubleRegex = #/(([0-9]+[.][0-9]*[eE][+-]?[0-9]+)|([.][0-9]+[eE][+-]?[0-9]+)|([0-9]+[eE][+-]?[0-9]+))/#
/Users/admin/builder/spi-builder-workspace/.dependencies/checkouts/swift-sparql-syntax/Sources/SPARQLSyntax/SPARQLLexer.swift:535:59: error: 'Regex' is only available in tvOS 16.0 or newer
 269 |
 270 | // swiftlint:disable:next type_body_length
 271 | public struct SPARQLLexer: IteratorProtocol, Sendable {
     |               `- note: add '@available' attribute to enclosing struct
 272 |     var includeComments: Bool
 273 |     var string: String
     :
 533 |     nonisolated(unsafe) private static let _iriRegex = #/<([^<>"{}|^`\x{00}-\x{20}]*)>/#
 534 |
 535 |     nonisolated(unsafe) private static let _doubleRegex = #/(([0-9]+[.][0-9]*[eE][+-]?[0-9]+)|([.][0-9]+[eE][+-]?[0-9]+)|([0-9]+[eE][+-]?[0-9]+))/#
     |                                            |              `- error: 'Regex' is only available in tvOS 16.0 or newer
     |                                            `- note: add '@available' attribute to enclosing static property
 536 |
 537 |     nonisolated(unsafe) private static let _decimalRegex = #/[0-9]*[.][0-9]+/#
/Users/admin/builder/spi-builder-workspace/.dependencies/checkouts/swift-sparql-syntax/Sources/SPARQLSyntax/SPARQLLexer.swift:537:60: error: 'Regex' is only available in tvOS 16.0 or newer
 269 |
 270 | // swiftlint:disable:next type_body_length
 271 | public struct SPARQLLexer: IteratorProtocol, Sendable {
     |               `- note: add '@available' attribute to enclosing struct
 272 |     var includeComments: Bool
 273 |     var string: String
     :
 535 |     nonisolated(unsafe) private static let _doubleRegex = #/(([0-9]+[.][0-9]*[eE][+-]?[0-9]+)|([.][0-9]+[eE][+-]?[0-9]+)|([0-9]+[eE][+-]?[0-9]+))/#
 536 |
 537 |     nonisolated(unsafe) private static let _decimalRegex = #/[0-9]*[.][0-9]+/#
     |                                            |               `- error: 'Regex' is only available in tvOS 16.0 or newer
     |                                            `- note: add '@available' attribute to enclosing static property
 538 |
 539 |     nonisolated(unsafe) private static let _integerRegex = #/[0-9]+/#
SwiftCompile normal arm64 (in target 'SPARQLSyntax' from project 'SPARQLSyntax')
    cd /Users/admin/builder/spi-builder-workspace/.swiftpm/xcode

/Users/admin/builder/spi-builder-workspace/.dependencies/checkouts/swift-sparql-syntax/Sources/SPARQLSyntax/SPARQLLexer.swift:539:60: error: 'Regex' is only available in tvOS 16.0 or newer
 269 |
 270 | // swiftlint:disable:next type_body_length
 271 | public struct SPARQLLexer: IteratorProtocol, Sendable {
     |               `- note: add '@available' attribute to enclosing struct
 272 |     var includeComments: Bool
 273 |     var string: String
     :
 537 |     nonisolated(unsafe) private static let _decimalRegex = #/[0-9]*[.][0-9]+/#
 538 |
 539 |     nonisolated(unsafe) private static let _integerRegex = #/[0-9]+/#
     |                                            |               `- error: 'Regex' is only available in tvOS 16.0 or newer
     |                                            `- note: add '@available' attribute to enclosing static property
 540 |
 541 |     nonisolated(unsafe) private static let _anonRegex = #/\[[ \u{0a}\u{0d}\u{09}]*\]/#
/Users/admin/builder/spi-builder-workspace/.dependencies/checkouts/swift-sparql-syntax/Sources/SPARQLSyntax/SPARQLLexer.swift:541:57: error: 'Regex' is only available in tvOS 16.0 or newer
 269 |
 270 | // swiftlint:disable:next type_body_length
 271 | public struct SPARQLLexer: IteratorProtocol, Sendable {
     |               `- note: add '@available' attribute to enclosing struct
 272 |     var includeComments: Bool
 273 |     var string: String
     :
 539 |     nonisolated(unsafe) private static let _integerRegex = #/[0-9]+/#
 540 |
 541 |     nonisolated(unsafe) private static let _anonRegex = #/\[[ \u{0a}\u{0d}\u{09}]*\]/#
     |                                            |            `- error: 'Regex' is only available in tvOS 16.0 or newer
     |                                            `- note: add '@available' attribute to enclosing static property
 542 |
 543 |     nonisolated(unsafe) private static let _prefixOrBaseRegex = #/(prefix|base)\b/#
/Users/admin/builder/spi-builder-workspace/.dependencies/checkouts/swift-sparql-syntax/Sources/SPARQLSyntax/SPARQLLexer.swift:543:65: error: 'Regex' is only available in tvOS 16.0 or newer
 269 |
 270 | // swiftlint:disable:next type_body_length
 271 | public struct SPARQLLexer: IteratorProtocol, Sendable {
     |               `- note: add '@available' attribute to enclosing struct
 272 |     var includeComments: Bool
 273 |     var string: String
     :
 541 |     nonisolated(unsafe) private static let _anonRegex = #/\[[ \u{0a}\u{0d}\u{09}]*\]/#
 542 |
 543 |     nonisolated(unsafe) private static let _prefixOrBaseRegex = #/(prefix|base)\b/#
     |                                            |                    `- error: 'Regex' is only available in tvOS 16.0 or newer
     |                                            `- note: add '@available' attribute to enclosing static property
 544 |
 545 |     nonisolated(unsafe) private static let _langRegex = #/[a-zA-Z]+(-[a-zA-Z0-9]+)*\b/#
SwiftCompile normal arm64 Compiling\ Aggregation.swift,\ Algebra.swift /Users/admin/builder/spi-builder-workspace/.dependencies/checkouts/swift-sparql-syntax/Sources/SPARQLSyntax/Aggregation.swift /Users/admin/builder/spi-builder-workspace/.dependencies/checkouts/swift-sparql-syntax/Sources/SPARQLSyntax/Algebra.swift (in target 'SPARQLSyntax' from project 'SPARQLSyntax')
SwiftCompile normal arm64 /Users/admin/builder/spi-builder-workspace/.dependencies/checkouts/swift-sparql-syntax/Sources/SPARQLSyntax/Aggregation.swift (in target 'SPARQLSyntax' from project 'SPARQLSyntax')
    cd /Users/admin/builder/spi-builder-workspace/.swiftpm/xcode
    builtin-SwiftPerFileCompile Aggregation.swift
SwiftCompile normal arm64 /Users/admin/builder/spi-builder-workspace/.dependencies/checkouts/swift-sparql-syntax/Sources/SPARQLSyntax/Algebra.swift (in target 'SPARQLSyntax' from project 'SPARQLSyntax')
    cd /Users/admin/builder/spi-builder-workspace/.swiftpm/xcode
    builtin-SwiftPerFileCompile Algebra.swift
SwiftDriverJobDiscovery normal arm64 Compiling AugmentedArithmetic.swift (in target 'RealModule' from project 'swift-numerics')
SwiftCompile normal arm64 Compiling\ SPARQLParser.swift /Users/admin/builder/spi-builder-workspace/.dependencies/checkouts/swift-sparql-syntax/Sources/SPARQLSyntax/SPARQLParser.swift (in target 'SPARQLSyntax' from project 'SPARQLSyntax')
SwiftCompile normal arm64 /Users/admin/builder/spi-builder-workspace/.dependencies/checkouts/swift-sparql-syntax/Sources/SPARQLSyntax/SPARQLParser.swift (in target 'SPARQLSyntax' from project 'SPARQLSyntax')
    cd /Users/admin/builder/spi-builder-workspace/.swiftpm/xcode
    builtin-SwiftPerFileCompile SPARQLParser.swift
SwiftCompile normal arm64 Compiling\ RDF.swift,\ RDFPatterns.swift /Users/admin/builder/spi-builder-workspace/.dependencies/checkouts/swift-sparql-syntax/Sources/SPARQLSyntax/RDF.swift /Users/admin/builder/spi-builder-workspace/.dependencies/checkouts/swift-sparql-syntax/Sources/SPARQLSyntax/RDFPatterns.swift (in target 'SPARQLSyntax' from project 'SPARQLSyntax')
/Users/admin/builder/spi-builder-workspace/.dependencies/checkouts/swift-sparql-syntax/Sources/SPARQLSyntax/RDF.swift:266:16: error: 'Regex' is only available in tvOS 16.0 or newer
165 | }
166 |
167 | public struct Term: CustomStringConvertible, CustomDebugStringConvertible, Hashable, Codable, Sendable {
    |               `- note: add '@available' attribute to enclosing struct
168 |     public var value: String
169 |     public var type: TermType
    :
263 |     }
264 |
265 |     nonisolated(unsafe) private static let _integerPattern: Regex = {
    |                                            `- note: add '@available' attribute to enclosing static property
266 |         return #/^[-+]?[0-9]+$/#.anchorsMatchLineEndings()
    |                |- error: 'Regex' is only available in tvOS 16.0 or newer
    |                `- note: add 'if #available' version check
267 |     }()
268 |
/Users/admin/builder/spi-builder-workspace/.dependencies/checkouts/swift-sparql-syntax/Sources/SPARQLSyntax/RDF.swift:266:34: error: 'anchorsMatchLineEndings' is only available in tvOS 16.0 or newer
165 | }
166 |
167 | public struct Term: CustomStringConvertible, CustomDebugStringConvertible, Hashable, Codable, Sendable {
    |               `- note: add '@available' attribute to enclosing struct
168 |     public var value: String
169 |     public var type: TermType
    :
263 |     }
264 |
265 |     nonisolated(unsafe) private static let _integerPattern: Regex = {
    |                                            `- note: add '@available' attribute to enclosing static property
266 |         return #/^[-+]?[0-9]+$/#.anchorsMatchLineEndings()
    |                                  |- error: 'anchorsMatchLineEndings' is only available in tvOS 16.0 or newer
    |                                  `- note: add 'if #available' version check
267 |     }()
268 |
/Users/admin/builder/spi-builder-workspace/.dependencies/checkouts/swift-sparql-syntax/Sources/SPARQLSyntax/RDF.swift:265:61: error: 'Regex' is only available in tvOS 16.0 or newer
165 | }
166 |
167 | public struct Term: CustomStringConvertible, CustomDebugStringConvertible, Hashable, Codable, Sendable {
    |               `- note: add '@available' attribute to enclosing struct
168 |     public var value: String
169 |     public var type: TermType
    :
263 |     }
264 |
265 |     nonisolated(unsafe) private static let _integerPattern: Regex = {
    |                                            |                `- error: 'Regex' is only available in tvOS 16.0 or newer
    |                                            `- note: add '@available' attribute to enclosing static property
266 |         return #/^[-+]?[0-9]+$/#.anchorsMatchLineEndings()
267 |     }()
/Users/admin/builder/spi-builder-workspace/.dependencies/checkouts/swift-sparql-syntax/Sources/SPARQLSyntax/RDF.swift:270:16: error: 'Regex' is only available in tvOS 16.0 or newer
165 | }
166 |
167 | public struct Term: CustomStringConvertible, CustomDebugStringConvertible, Hashable, Codable, Sendable {
    |               `- note: add '@available' attribute to enclosing struct
168 |     public var value: String
169 |     public var type: TermType
    :
267 |     }()
268 |
269 |     nonisolated(unsafe) private static let _decimalPattern: Regex = {
    |                                            `- note: add '@available' attribute to enclosing static property
270 |         return #/^[-+]?([0-9]+([.][0-9]*)?|[.]\d+)$/#.anchorsMatchLineEndings()
    |                |- error: 'Regex' is only available in tvOS 16.0 or newer
    |                `- note: add 'if #available' version check
271 |     }()
272 |
/Users/admin/builder/spi-builder-workspace/.dependencies/checkouts/swift-sparql-syntax/Sources/SPARQLSyntax/RDF.swift:270:55: error: 'anchorsMatchLineEndings' is only available in tvOS 16.0 or newer
165 | }
166 |
167 | public struct Term: CustomStringConvertible, CustomDebugStringConvertible, Hashable, Codable, Sendable {
    |               `- note: add '@available' attribute to enclosing struct
168 |     public var value: String
169 |     public var type: TermType
    :
267 |     }()
268 |
269 |     nonisolated(unsafe) private static let _decimalPattern: Regex = {
    |                                            `- note: add '@available' attribute to enclosing static property
270 |         return #/^[-+]?([0-9]+([.][0-9]*)?|[.]\d+)$/#.anchorsMatchLineEndings()
    |                                                       |- error: 'anchorsMatchLineEndings' is only available in tvOS 16.0 or newer
    |                                                       `- note: add 'if #available' version check
271 |     }()
272 |
/Users/admin/builder/spi-builder-workspace/.dependencies/checkouts/swift-sparql-syntax/Sources/SPARQLSyntax/RDF.swift:269:61: error: 'Regex' is only available in tvOS 16.0 or newer
165 | }
166 |
167 | public struct Term: CustomStringConvertible, CustomDebugStringConvertible, Hashable, Codable, Sendable {
    |               `- note: add '@available' attribute to enclosing struct
168 |     public var value: String
169 |     public var type: TermType
    :
267 |     }()
268 |
269 |     nonisolated(unsafe) private static let _decimalPattern: Regex = {
    |                                            |                `- error: 'Regex' is only available in tvOS 16.0 or newer
    |                                            `- note: add '@available' attribute to enclosing static property
270 |         return #/^[-+]?([0-9]+([.][0-9]*)?|[.]\d+)$/#.anchorsMatchLineEndings()
271 |     }()
/Users/admin/builder/spi-builder-workspace/.dependencies/checkouts/swift-sparql-syntax/Sources/SPARQLSyntax/RDF.swift:274:16: error: 'Regex' is only available in tvOS 16.0 or newer
165 | }
166 |
167 | public struct Term: CustomStringConvertible, CustomDebugStringConvertible, Hashable, Codable, Sendable {
    |               `- note: add '@available' attribute to enclosing struct
168 |     public var value: String
169 |     public var type: TermType
    :
271 |     }()
272 |
273 |     nonisolated(unsafe) private static let _doublePattern: Regex = {
    |                                            `- note: add '@available' attribute to enclosing static property
274 |         return #/^[-+]?(\d+([.]\d*)?|[.]\d+)([eE]([-+])?\d+)?$/#.anchorsMatchLineEndings()
    |                |- error: 'Regex' is only available in tvOS 16.0 or newer
    |                `- note: add 'if #available' version check
275 |     }()
276 |
/Users/admin/builder/spi-builder-workspace/.dependencies/checkouts/swift-sparql-syntax/Sources/SPARQLSyntax/RDF.swift:274:66: error: 'anchorsMatchLineEndings' is only available in tvOS 16.0 or newer
165 | }
166 |
167 | public struct Term: CustomStringConvertible, CustomDebugStringConvertible, Hashable, Codable, Sendable {
    |               `- note: add '@available' attribute to enclosing struct
168 |     public var value: String
169 |     public var type: TermType
    :
271 |     }()
272 |
273 |     nonisolated(unsafe) private static let _doublePattern: Regex = {
    |                                            `- note: add '@available' attribute to enclosing static property
274 |         return #/^[-+]?(\d+([.]\d*)?|[.]\d+)([eE]([-+])?\d+)?$/#.anchorsMatchLineEndings()
    |                                                                  |- error: 'anchorsMatchLineEndings' is only available in tvOS 16.0 or newer
    |                                                                  `- note: add 'if #available' version check
275 |     }()
276 |
/Users/admin/builder/spi-builder-workspace/.dependencies/checkouts/swift-sparql-syntax/Sources/SPARQLSyntax/RDF.swift:273:60: error: 'Regex' is only available in tvOS 16.0 or newer
165 | }
166 |
167 | public struct Term: CustomStringConvertible, CustomDebugStringConvertible, Hashable, Codable, Sendable {
    |               `- note: add '@available' attribute to enclosing struct
168 |     public var value: String
169 |     public var type: TermType
    :
271 |     }()
272 |
273 |     nonisolated(unsafe) private static let _doublePattern: Regex = {
    |                                            |               `- error: 'Regex' is only available in tvOS 16.0 or newer
    |                                            `- note: add '@available' attribute to enclosing static property
274 |         return #/^[-+]?(\d+([.]\d*)?|[.]\d+)([eE]([-+])?\d+)?$/#.anchorsMatchLineEndings()
275 |     }()
/Users/admin/builder/spi-builder-workspace/.dependencies/checkouts/swift-sparql-syntax/Sources/SPARQLSyntax/RDF.swift:288:45: error: 'prefixMatch(in:)' is only available in tvOS 16.0 or newer
165 | }
166 |
167 | public struct Term: CustomStringConvertible, CustomDebugStringConvertible, Hashable, Codable, Sendable {
    |               `- note: add '@available' attribute to enclosing struct
168 |     public var value: String
169 |     public var type: TermType
    :
279 |     }()
280 |
281 |     public static func isValidLexicalForm(_ value: String, for type: TermDataType) -> Bool {
    |                        `- note: add '@available' attribute to enclosing static method
282 |         switch type {
283 |         case .string:
    :
286 |             return _boolSet.contains(value)
287 |         case .integer:
288 |             if let _ = try? _integerPattern.prefixMatch(in: value) {
    |                                             |- error: 'prefixMatch(in:)' is only available in tvOS 16.0 or newer
    |                                             `- note: add 'if #available' version check
289 |                 return true
290 |             } else {
/Users/admin/builder/spi-builder-workspace/.dependencies/checkouts/swift-sparql-syntax/Sources/SPARQLSyntax/RDF.swift:294:45: error: 'prefixMatch(in:)' is only available in tvOS 16.0 or newer
165 | }
166 |
167 | public struct Term: CustomStringConvertible, CustomDebugStringConvertible, Hashable, Codable, Sendable {
    |               `- note: add '@available' attribute to enclosing struct
168 |     public var value: String
169 |     public var type: TermType
    :
279 |     }()
280 |
281 |     public static func isValidLexicalForm(_ value: String, for type: TermDataType) -> Bool {
    |                        `- note: add '@available' attribute to enclosing static method
282 |         switch type {
283 |         case .string:
    :
292 |             }
293 |         case .decimal:
294 |             if let _ = try? _decimalPattern.prefixMatch(in: value) {
    |                                             |- error: 'prefixMatch(in:)' is only available in tvOS 16.0 or newer
    |                                             `- note: add 'if #available' version check
295 |                 return true
296 |             } else {
/Users/admin/builder/spi-builder-workspace/.dependencies/checkouts/swift-sparql-syntax/Sources/SPARQLSyntax/RDF.swift:300:44: error: 'prefixMatch(in:)' is only available in tvOS 16.0 or newer
165 | }
166 |
167 | public struct Term: CustomStringConvertible, CustomDebugStringConvertible, Hashable, Codable, Sendable {
    |               `- note: add '@available' attribute to enclosing struct
168 |     public var value: String
169 |     public var type: TermType
    :
279 |     }()
280 |
281 |     public static func isValidLexicalForm(_ value: String, for type: TermDataType) -> Bool {
    |                        `- note: add '@available' attribute to enclosing static method
282 |         switch type {
283 |         case .string:
    :
298 |             }
299 |         case .float, .double:
300 |             if let _ = try? _doublePattern.prefixMatch(in: value) {
    |                                            |- error: 'prefixMatch(in:)' is only available in tvOS 16.0 or newer
    |                                            `- note: add 'if #available' version check
301 |                 return true
302 |             } else {
Failed frontend command:
/Applications/Xcode-27.0.0-Release.Candidate.app/Contents/Developer/Toolchains/XcodeDefault.xctoolchain/usr/bin/swift-frontend -frontend -c /Users/admin/builder/spi-builder-workspace/.dependencies/checkouts/swift-sparql-syntax/Sources/SPARQLSyntax/Aggregation.swift /Users/admin/builder/spi-builder-workspace/.dependencies/checkouts/swift-sparql-syntax/Sources/SPARQLSyntax/Algebra.swift /Users/admin/builder/spi-builder-workspace/.dependencies/checkouts/swift-sparql-syntax/Sources/SPARQLSyntax/Expression.swift /Users/admin/builder/spi-builder-workspace/.dependencies/checkouts/swift-sparql-syntax/Sources/SPARQLSyntax/IRI.swift /Users/admin/builder/spi-builder-workspace/.dependencies/checkouts/swift-sparql-syntax/Sources/SPARQLSyntax/PropertyPath.swift /Users/admin/builder/spi-builder-workspace/.dependencies/checkouts/swift-sparql-syntax/Sources/SPARQLSyntax/Query.swift -primary-file /Users/admin/builder/spi-builder-workspace/.dependencies/checkouts/swift-sparql-syntax/Sources/SPARQLSyntax/RDF.swift -primary-file /Users/admin/builder/spi-builder-workspace/.dependencies/checkouts/swift-sparql-syntax/Sources/SPARQLSyntax/RDFPatterns.swift /Users/admin/builder/spi-builder-workspace/.dependencies/checkouts/swift-sparql-syntax/Sources/SPARQLSyntax/RDFSerialization.swift /Users/admin/builder/spi-builder-workspace/.dependencies/checkouts/swift-sparql-syntax/Sources/SPARQLSyntax/SPARQLLexer.swift /Users/admin/builder/spi-builder-workspace/.dependencies/checkouts/swift-sparql-syntax/Sources/SPARQLSyntax/SPARQLParser.swift /Users/admin/builder/spi-builder-workspace/.dependencies/checkouts/swift-sparql-syntax/Sources/SPARQLSyntax/SPARQLSerializer.swift /Users/admin/builder/spi-builder-workspace/.dependencies/checkouts/swift-sparql-syntax/Sources/SPARQLSyntax/SPARQLSyntax.swift /Users/admin/builder/spi-builder-workspace/.dependencies/checkouts/swift-sparql-syntax/Sources/SPARQLSyntax/Window.swift /Users/admin/builder/spi-builder-workspace/.dependencies/checkouts/swift-sparql-syntax/Sources/SPARQLSyntax/XSD.swift -emit-dependencies-path /Users/admin/builder/spi-builder-workspace/.derivedData/Build/Intermediates.noindex/SPARQLSyntax.build/Debug-appletvos/SPARQLSyntax-t.build/Objects-normal/arm64/RDF.d -emit-const-values-path /Users/admin/builder/spi-builder-workspace/.derivedData/Build/Intermediates.noindex/SPARQLSyntax.build/Debug-appletvos/SPARQLSyntax-t.build/Objects-normal/arm64/RDF.swiftconstvalues -emit-reference-dependencies-path /Users/admin/builder/spi-builder-workspace/.derivedData/Build/Intermediates.noindex/SPARQLSyntax.build/Debug-appletvos/SPARQLSyntax-t.build/Objects-normal/arm64/RDF.swiftdeps -serialize-diagnostics-path /Users/admin/builder/spi-builder-workspace/.derivedData/Build/Intermediates.noindex/SPARQLSyntax.build/Debug-appletvos/SPARQLSyntax-t.build/Objects-normal/arm64/RDF.dia -emit-dependencies-path /Users/admin/builder/spi-builder-workspace/.derivedData/Build/Intermediates.noindex/SPARQLSyntax.build/Debug-appletvos/SPARQLSyntax-t.build/Objects-normal/arm64/RDFPatterns.d -emit-const-values-path /Users/admin/builder/spi-builder-workspace/.derivedData/Build/Intermediates.noindex/SPARQLSyntax.build/Debug-appletvos/SPARQLSyntax-t.build/Objects-normal/arm64/RDFPatterns.swiftconstvalues -emit-reference-dependencies-path /Users/admin/builder/spi-builder-workspace/.derivedData/Build/Intermediates.noindex/SPARQLSyntax.build/Debug-appletvos/SPARQLSyntax-t.build/Objects-normal/arm64/RDFPatterns.swiftdeps -serialize-diagnostics-path /Users/admin/builder/spi-builder-workspace/.derivedData/Build/Intermediates.noindex/SPARQLSyntax.build/Debug-appletvos/SPARQLSyntax-t.build/Objects-normal/arm64/RDFPatterns.dia -target arm64-apple-tvos15.0 -disable-cross-import-overlay-search -load-resolved-plugin /Applications/Xcode-27.0.0-Release.Candidate.app/Contents/Developer/Platforms/AppleTVOS.platform/Developer/usr/lib/swift/host/plugins/libFoundationMacros.dylib\#/Applications/Xcode-27.0.0-Release.Candidate.app/Contents/Developer/Platforms/AppleTVOS.platform/Developer/usr/bin/swift-plugin-server\#FoundationMacros -load-resolved-plugin /Applications/Xcode-27.0.0-Release.Candidate.app/Contents/Developer/Platforms/AppleTVOS.platform/Developer/usr/lib/swift/host/plugins/libObservationMacros.dylib\#/Applications/Xcode-27.0.0-Release.Candidate.app/Contents/Developer/Platforms/AppleTVOS.platform/Developer/usr/bin/swift-plugin-server\#ObservationMacros -load-resolved-plugin /Applications/Xcode-27.0.0-Release.Candidate.app/Contents/Developer/Platforms/AppleTVOS.platform/Developer/usr/lib/swift/host/plugins/libSwiftMacros.dylib\#/Applications/Xcode-27.0.0-Release.Candidate.app/Contents/Developer/Platforms/AppleTVOS.platform/Developer/usr/bin/swift-plugin-server\#SwiftMacros -disable-implicit-swift-modules -Xcc -fno-implicit-modules -Xcc -fno-implicit-module-maps -explicit-swift-module-map-file /Users/admin/builder/spi-builder-workspace/.derivedData/Build/Intermediates.noindex/SPARQLSyntax.build/Debug-appletvos/SPARQLSyntax-t.build/Objects-normal/arm64/SPARQLSyntax-dependencies-1.json -Xllvm -aarch64-use-tbi -enable-objc-interop -stack-check -sdk /Applications/Xcode-27.0.0-Release.Candidate.app/Contents/Developer/Platforms/AppleTVOS.platform/Developer/SDKs/AppleTVOS27.0.sdk -I /Users/admin/builder/spi-builder-workspace/.derivedData/Build/Products/Debug-appletvos -Isystem /Applications/Xcode-27.0.0-Release.Candidate.app/Contents/Developer/Platforms/AppleTVOS.platform/Developer/usr/lib -F /Users/admin/builder/spi-builder-workspace/.derivedData/Build/Products/Debug-appletvos/PackageFrameworks -F /Users/admin/builder/spi-builder-workspace/.derivedData/Build/Products/Debug-appletvos -F /Applications/Xcode-27.0.0-Release.Candidate.app/Contents/Developer/Platforms/AppleTVOS.platform/Developer/Library/Frameworks -F /Applications/Xcode-27.0.0-Release.Candidate.app/Contents/Developer/Platforms/AppleTVOS.platform/Developer/SDKs/AppleTVOS27.0.sdk/Developer/Library/Frameworks -module-cache-path /Users/admin/builder/spi-builder-workspace/.derivedData/Build/Intermediates.noindex/SwiftExplicitPrecompiledModules -no-color-diagnostics -Xcc -fno-color-diagnostics -enable-testing -g -debug-info-format\=dwarf -dwarf-version\=4 -suppress-warnings -profile-generate -profile-coverage-mapping -swift-version 6 -Onone -D SWIFT_PACKAGE -D DEBUG -D SWIFT_MODULE_RESOURCE_BUNDLE_UNAVAILABLE -D Xcode -serialize-debugging-options -enable-experimental-feature DebugDescriptionMacro -empty-abi-descriptor -user-module-version 0.2.12 -validate-clang-modules-once -clang-build-session-file /Users/admin/builder/spi-builder-workspace/.derivedData/ModuleCache.noindex/Session.modulevalidation -Xcc -working-directory -Xcc /Users/admin/builder/spi-builder-workspace/.swiftpm/xcode -enable-anonymous-context-mangled-names -file-compilation-dir /Users/admin/builder/spi-builder-workspace/.swiftpm/xcode -Xcc -fmodule-map-file\=/Users/admin/builder/spi-builder-workspace/.derivedData/Build/Intermediates.noindex/GeneratedModuleMaps-appletvos/serd.modulemap -Xcc -D_LIBCPP_HARDENING_MODE\=_LIBCPP_HARDENING_MODE_DEBUG -Xcc -ivfsstatcache -Xcc /Users/admin/builder/spi-builder-workspace/.derivedData/SDKStatCaches.noindex/appletvos27.0-24J360-e829b21a6f8c9b70876ba0858053c044b32bfd8d43560033f8d89884cdb90028.sdkstatcache -Xcc -fmodules-prune-interval\=86400 -Xcc -fmodules-prune-after\=345600 -Xcc -I/Users/admin/builder/spi-builder-workspace/.dependencies/checkouts/swift-serd/Sources/serd/include -Xcc -I/Users/admin/builder/spi-builder-workspace/.derivedData/Build/Products/Debug-appletvos/include -Xcc -I/Users/admin/builder/spi-builder-workspace/.derivedData/Build/Intermediates.noindex/SPARQLSyntax.build/Debug-appletvos/SPARQLSyntax-t.build/DerivedSources-normal/arm64 -Xcc -I/Users/admin/builder/spi-builder-workspace/.derivedData/Build/Intermediates.noindex/SPARQLSyntax.build/Debug-appletvos/SPARQLSyntax-t.build/DerivedSources/arm64 -Xcc -I/Users/admin/builder/spi-builder-workspace/.derivedData/Build/Intermediates.noindex/SPARQLSyntax.build/Debug-appletvos/SPARQLSyntax-t.build/DerivedSources -Xcc -DSWIFT_PACKAGE -Xcc -DDEBUG\=1 -no-auto-bridging-header-chaining -module-name SPARQLSyntax -package-name swift_sparql_syntax -const-gather-protocols-file /Users/admin/builder/spi-builder-workspace/.derivedData/Build/Intermediates.noindex/SPARQLSyntax.build/Debug-appletvos/SPARQLSyntax-t.build/Objects-normal/arm64/SPARQLSyntax_const_extract_protocols.json -disable-clang-spi -clang-target arm64-apple-tvos27.0 -target-sdk-version 27.0 -target-sdk-name appletvos27.0 -in-process-plugin-server-path /Applications/Xcode-27.0.0-Release.Candidate.app/Contents/Developer/Toolchains/XcodeDefault.xctoolchain/usr/lib/swift/host/libSwiftInProcPluginServer.dylib -parse-as-library -o /Users/admin/builder/spi-builder-workspace/.derivedData/Build/Intermediates.noindex/SPARQLSyntax.build/Debug-appletvos/SPARQLSyntax-t.build/Objects-normal/arm64/RDF.o -o /Users/admin/builder/spi-builder-workspace/.derivedData/Build/Intermediates.noindex/SPARQLSyntax.build/Debug-appletvos/SPARQLSyntax-t.build/Objects-normal/arm64/RDFPatterns.o -debug-module-path /Users/admin/builder/spi-builder-workspace/.derivedData/Build/Intermediates.noindex/SPARQLSyntax.build/Debug-appletvos/SPARQLSyntax-t.build/Objects-normal/arm64/SPARQLSyntax.swiftmodule -index-unit-output-path /SPARQLSyntax.build/Debug-appletvos/SPARQLSyntax-t.build/Objects-normal/arm64/RDF.o -index-unit-output-path /SPARQLSyntax.build/Debug-appletvos/SPARQLSyntax-t.build/Objects-normal/arm64/RDFPatterns.o -index-store-path /Users/admin/builder/spi-builder-workspace/.derivedData/Index.noindex/DataStore -index-system-modules
SwiftCompile normal arm64 /Users/admin/builder/spi-builder-workspace/.dependencies/checkouts/swift-sparql-syntax/Sources/SPARQLSyntax/RDF.swift (in target 'SPARQLSyntax' from project 'SPARQLSyntax')
    cd /Users/admin/builder/spi-builder-workspace/.swiftpm/xcode
    builtin-SwiftPerFileCompile RDF.swift
SwiftCompile normal arm64 /Users/admin/builder/spi-builder-workspace/.dependencies/checkouts/swift-sparql-syntax/Sources/SPARQLSyntax/RDFPatterns.swift (in target 'SPARQLSyntax' from project 'SPARQLSyntax')
    cd /Users/admin/builder/spi-builder-workspace/.swiftpm/xcode
    builtin-SwiftPerFileCompile RDFPatterns.swift
SwiftCompile normal arm64 Compiling\ SPARQLSerializer.swift /Users/admin/builder/spi-builder-workspace/.dependencies/checkouts/swift-sparql-syntax/Sources/SPARQLSyntax/SPARQLSerializer.swift (in target 'SPARQLSyntax' from project 'SPARQLSyntax')
SwiftCompile normal arm64 /Users/admin/builder/spi-builder-workspace/.dependencies/checkouts/swift-sparql-syntax/Sources/SPARQLSyntax/SPARQLSerializer.swift (in target 'SPARQLSyntax' from project 'SPARQLSyntax')
    cd /Users/admin/builder/spi-builder-workspace/.swiftpm/xcode
    builtin-SwiftPerFileCompile SPARQLSerializer.swift
SwiftEmitModule normal arm64 Emitting\ module\ for\ CryptoSwift (in target 'CryptoSwift' from project 'CryptoSwift')
SwiftCompile normal arm64 (in target 'CryptoSwift' from project 'CryptoSwift')
    cd /Users/admin/builder/spi-builder-workspace/.swiftpm/xcode

SwiftDriverJobDiscovery normal arm64 Compiling Float+Real.swift (in target 'RealModule' from project 'swift-numerics')
SwiftCompile normal arm64 Compiling\ SPARQLSyntax.swift /Users/admin/builder/spi-builder-workspace/.dependencies/checkouts/swift-sparql-syntax/Sources/SPARQLSyntax/SPARQLSyntax.swift (in target 'SPARQLSyntax' from project 'SPARQLSyntax')
SwiftCompile normal arm64 /Users/admin/builder/spi-builder-workspace/.dependencies/checkouts/swift-sparql-syntax/Sources/SPARQLSyntax/SPARQLSyntax.swift (in target 'SPARQLSyntax' from project 'SPARQLSyntax')
    cd /Users/admin/builder/spi-builder-workspace/.swiftpm/xcode
    builtin-SwiftPerFileCompile SPARQLSyntax.swift
SwiftCompile normal arm64 Compiling\ RDFSerialization.swift,\ SPARQLLexer.swift /Users/admin/builder/spi-builder-workspace/.dependencies/checkouts/swift-sparql-syntax/Sources/SPARQLSyntax/RDFSerialization.swift /Users/admin/builder/spi-builder-workspace/.dependencies/checkouts/swift-sparql-syntax/Sources/SPARQLSyntax/SPARQLLexer.swift (in target 'SPARQLSyntax' from project 'SPARQLSyntax')
/Users/admin/builder/spi-builder-workspace/.dependencies/checkouts/swift-sparql-syntax/Sources/SPARQLSyntax/SPARQLLexer.swift:308:38: error: result builder 'AlternationBuilder' does not implement any 'buildBlock' or a combination of 'buildPartialBlock(first:)' and 'buildPartialBlock(accumulated:next:)' with sufficient availability for this call site [#ResultBuilderMethods]
 306 |         let r_f900_fdcf = try! Regex(r_f900_fdcf_s)
 307 |
 308 |         let PN_CHARS_BASE = ChoiceOf {
     |                                      `- error: result builder 'AlternationBuilder' does not implement any 'buildBlock' or a combination of 'buildPartialBlock(first:)' and 'buildPartialBlock(accumulated:next:)' with sufficient availability for this call site [#ResultBuilderMethods]
 309 |             #/[A-Z]/#
 310 |             #/[a-z]/#
/Users/admin/builder/spi-builder-workspace/.dependencies/checkouts/swift-sparql-syntax/Sources/SPARQLSyntax/SPARQLLexer.swift:308:29: error: referencing initializer 'init(_:_:)' on 'RegexComponent' requires the types 'ChoiceOf<Output>' and 'CharacterClass' be equivalent
 306 |         let r_f900_fdcf = try! Regex(r_f900_fdcf_s)
 307 |
 308 |         let PN_CHARS_BASE = ChoiceOf {
     |                             `- error: referencing initializer 'init(_:_:)' on 'RegexComponent' requires the types 'ChoiceOf<Output>' and 'CharacterClass' be equivalent
 309 |             #/[A-Z]/#
 310 |             #/[a-z]/#
RegexBuilder.RegexComponent:2:11: note: where 'Self' = 'ChoiceOf<Output>'
1 | @available(macOS 13.0, iOS 16.0, watchOS 9.0, tvOS 16.0, *)
2 | extension RegexComponent where Self == CharacterClass {
  |           `- note: where 'Self' = 'ChoiceOf<Output>'
3 |     public init(_ first: CharacterClass, _ rest: CharacterClass...)
4 | }
/Users/admin/builder/spi-builder-workspace/.dependencies/checkouts/swift-sparql-syntax/Sources/SPARQLSyntax/SPARQLLexer.swift:308:38: error: trailing closure passed to parameter of type 'CharacterClass' that does not accept a closure
 306 |         let r_f900_fdcf = try! Regex(r_f900_fdcf_s)
 307 |
 308 |         let PN_CHARS_BASE = ChoiceOf {
     |                                      `- error: trailing closure passed to parameter of type 'CharacterClass' that does not accept a closure
 309 |             #/[A-Z]/#
 310 |             #/[a-z]/#
RegexBuilder.RegexComponent.init:2:8: note: 'init(_:_:)' declared here
1 | protocol RegexComponent {
2 | public init(_ first: CharacterClass, _ rest: CharacterClass...)}
  |        `- note: 'init(_:_:)' declared here
3 |
/Users/admin/builder/spi-builder-workspace/.dependencies/checkouts/swift-sparql-syntax/Sources/SPARQLSyntax/SPARQLLexer.swift:308:29: error: generic parameter 'Output' could not be inferred
 306 |         let r_f900_fdcf = try! Regex(r_f900_fdcf_s)
 307 |
 308 |         let PN_CHARS_BASE = ChoiceOf {
     |                             |- error: generic parameter 'Output' could not be inferred
     |                             `- note: explicitly specify the generic arguments to fix this issue
 309 |             #/[A-Z]/#
 310 |             #/[a-z]/#
/Users/admin/builder/spi-builder-workspace/.dependencies/checkouts/swift-sparql-syntax/Sources/SPARQLSyntax/SPARQLLexer.swift:364:26: error: result builder 'AlternationBuilder' does not implement any 'buildBlock' or a combination of 'buildPartialBlock(first:)' and 'buildPartialBlock(accumulated:next:)' with sufficient availability for this call site [#ResultBuilderMethods]
 362 |         let r = Regex {
 363 |             Capture {
 364 |                 ChoiceOf {
     |                          `- error: result builder 'AlternationBuilder' does not implement any 'buildBlock' or a combination of 'buildPartialBlock(first:)' and 'buildPartialBlock(accumulated:next:)' with sufficient availability for this call site [#ResultBuilderMethods]
 365 |                     windowKeywords2
 366 |                     #/ABS|ADD|ALL|ASC|ASK|AS|AVG|BASE|BIND|BNODE|BOUND|BY|CEIL|CLEAR|COALESCE|CONCAT|CONSTRUCT|CONTAINS|COPY|COUNT|CREATE|DATATYPE|DAY|DEFAULT|DELETE|DELETE WHERE|DESCRIBE|DESC|DISTINCT|DISTINCT|DROP|ENCODE_FOR_URI|EXISTS|FILTER|FLOOR|FROM|GRAPH|GROUP_CONCAT|GROUP|HAVING|HOURS|IF|INSERT|INSERT|DATA|INTO|IN|IRI|ISBLANK|ISIRI|ISLITERAL|ISNUMERIC|ISURI|LANGMATCHES|LANG|LCASE|LIMIT|LOAD|MAX|MD5|MINUS|MINUTES|MIN|MONTH|MOVE|NAMED|NOT|NOW|OFFSET|OPTIONAL|ORDER|PREFIX|RAND|REDUCED|REGEX|REPLACE|ROUND|SAMETERM|SAMPLE|SECONDS|SELECT|SEPARATOR|SERVICE|SHA1|SHA256|SHA384|SHA512|SILENT|STRAFTER|STRBEFORE|STRDT|STRENDS|STRLANG|STRLEN|STRSTARTS|STRUUID|STR|SUBSTR|SUM|TIMEZONE|TO|TZ|UCASE|UNDEF|UNION|URI|USING|UUID|VALUES|WHERE|WITH|YEAR/#
/Users/admin/builder/spi-builder-workspace/.dependencies/checkouts/swift-sparql-syntax/Sources/SPARQLSyntax/SPARQLLexer.swift:364:26: error: result builder 'AlternationBuilder' does not implement any 'buildBlock' or a combination of 'buildPartialBlock(first:)' and 'buildPartialBlock(accumulated:next:)' with sufficient availability for this call site [#ResultBuilderMethods]
 362 |         let r = Regex {
 363 |             Capture {
 364 |                 ChoiceOf {
     |                          `- error: result builder 'AlternationBuilder' does not implement any 'buildBlock' or a combination of 'buildPartialBlock(first:)' and 'buildPartialBlock(accumulated:next:)' with sufficient availability for this call site [#ResultBuilderMethods]
 365 |                     windowKeywords2
 366 |                     #/ABS|ADD|ALL|ASC|ASK|AS|AVG|BASE|BIND|BNODE|BOUND|BY|CEIL|CLEAR|COALESCE|CONCAT|CONSTRUCT|CONTAINS|COPY|COUNT|CREATE|DATATYPE|DAY|DEFAULT|DELETE|DELETE WHERE|DESCRIBE|DESC|DISTINCT|DISTINCT|DROP|ENCODE_FOR_URI|EXISTS|FILTER|FLOOR|FROM|GRAPH|GROUP_CONCAT|GROUP|HAVING|HOURS|IF|INSERT|INSERT|DATA|INTO|IN|IRI|ISBLANK|ISIRI|ISLITERAL|ISNUMERIC|ISURI|LANGMATCHES|LANG|LCASE|LIMIT|LOAD|MAX|MD5|MINUS|MINUTES|MIN|MONTH|MOVE|NAMED|NOT|NOW|OFFSET|OPTIONAL|ORDER|PREFIX|RAND|REDUCED|REGEX|REPLACE|ROUND|SAMETERM|SAMPLE|SECONDS|SELECT|SEPARATOR|SERVICE|SHA1|SHA256|SHA384|SHA512|SILENT|STRAFTER|STRBEFORE|STRDT|STRENDS|STRLANG|STRLEN|STRSTARTS|STRUUID|STR|SUBSTR|SUM|TIMEZONE|TO|TZ|UCASE|UNDEF|UNION|URI|USING|UUID|VALUES|WHERE|WITH|YEAR/#
/Users/admin/builder/spi-builder-workspace/.dependencies/checkouts/swift-sparql-syntax/Sources/SPARQLSyntax/SPARQLLexer.swift:364:26: error: result builder 'AlternationBuilder' does not implement any 'buildBlock' or a combination of 'buildPartialBlock(first:)' and 'buildPartialBlock(accumulated:next:)' with sufficient availability for this call site [#ResultBuilderMethods]
 362 |         let r = Regex {
 363 |             Capture {
 364 |                 ChoiceOf {
     |                          `- error: result builder 'AlternationBuilder' does not implement any 'buildBlock' or a combination of 'buildPartialBlock(first:)' and 'buildPartialBlock(accumulated:next:)' with sufficient availability for this call site [#ResultBuilderMethods]
 365 |                     windowKeywords2
 366 |                     #/ABS|ADD|ALL|ASC|ASK|AS|AVG|BASE|BIND|BNODE|BOUND|BY|CEIL|CLEAR|COALESCE|CONCAT|CONSTRUCT|CONTAINS|COPY|COUNT|CREATE|DATATYPE|DAY|DEFAULT|DELETE|DELETE WHERE|DESCRIBE|DESC|DISTINCT|DISTINCT|DROP|ENCODE_FOR_URI|EXISTS|FILTER|FLOOR|FROM|GRAPH|GROUP_CONCAT|GROUP|HAVING|HOURS|IF|INSERT|INSERT|DATA|INTO|IN|IRI|ISBLANK|ISIRI|ISLITERAL|ISNUMERIC|ISURI|LANGMATCHES|LANG|LCASE|LIMIT|LOAD|MAX|MD5|MINUS|MINUTES|MIN|MONTH|MOVE|NAMED|NOT|NOW|OFFSET|OPTIONAL|ORDER|PREFIX|RAND|REDUCED|REGEX|REPLACE|ROUND|SAMETERM|SAMPLE|SECONDS|SELECT|SEPARATOR|SERVICE|SHA1|SHA256|SHA384|SHA512|SILENT|STRAFTER|STRBEFORE|STRDT|STRENDS|STRLANG|STRLEN|STRSTARTS|STRUUID|STR|SUBSTR|SUM|TIMEZONE|TO|TZ|UCASE|UNDEF|UNION|URI|USING|UUID|VALUES|WHERE|WITH|YEAR/#
/Users/admin/builder/spi-builder-workspace/.dependencies/checkouts/swift-sparql-syntax/Sources/SPARQLSyntax/SPARQLLexer.swift:364:26: error: result builder 'AlternationBuilder' does not implement any 'buildBlock' or a combination of 'buildPartialBlock(first:)' and 'buildPartialBlock(accumulated:next:)' with sufficient availability for this call site [#ResultBuilderMethods]
 362 |         let r = Regex {
 363 |             Capture {
 364 |                 ChoiceOf {
     |                          `- error: result builder 'AlternationBuilder' does not implement any 'buildBlock' or a combination of 'buildPartialBlock(first:)' and 'buildPartialBlock(accumulated:next:)' with sufficient availability for this call site [#ResultBuilderMethods]
 365 |                     windowKeywords2
 366 |                     #/ABS|ADD|ALL|ASC|ASK|AS|AVG|BASE|BIND|BNODE|BOUND|BY|CEIL|CLEAR|COALESCE|CONCAT|CONSTRUCT|CONTAINS|COPY|COUNT|CREATE|DATATYPE|DAY|DEFAULT|DELETE|DELETE WHERE|DESCRIBE|DESC|DISTINCT|DISTINCT|DROP|ENCODE_FOR_URI|EXISTS|FILTER|FLOOR|FROM|GRAPH|GROUP_CONCAT|GROUP|HAVING|HOURS|IF|INSERT|INSERT|DATA|INTO|IN|IRI|ISBLANK|ISIRI|ISLITERAL|ISNUMERIC|ISURI|LANGMATCHES|LANG|LCASE|LIMIT|LOAD|MAX|MD5|MINUS|MINUTES|MIN|MONTH|MOVE|NAMED|NOT|NOW|OFFSET|OPTIONAL|ORDER|PREFIX|RAND|REDUCED|REGEX|REPLACE|ROUND|SAMETERM|SAMPLE|SECONDS|SELECT|SEPARATOR|SERVICE|SHA1|SHA256|SHA384|SHA512|SILENT|STRAFTER|STRBEFORE|STRDT|STRENDS|STRLANG|STRLEN|STRSTARTS|STRUUID|STR|SUBSTR|SUM|TIMEZONE|TO|TZ|UCASE|UNDEF|UNION|URI|USING|UUID|VALUES|WHERE|WITH|YEAR/#
/Users/admin/builder/spi-builder-workspace/.dependencies/checkouts/swift-sparql-syntax/Sources/SPARQLSyntax/SPARQLLexer.swift:364:26: error: result builder 'AlternationBuilder' does not implement any 'buildBlock' or a combination of 'buildPartialBlock(first:)' and 'buildPartialBlock(accumulated:next:)' with sufficient availability for this call site [#ResultBuilderMethods]
 362 |         let r = Regex {
 363 |             Capture {
 364 |                 ChoiceOf {
     |                          `- error: result builder 'AlternationBuilder' does not implement any 'buildBlock' or a combination of 'buildPartialBlock(first:)' and 'buildPartialBlock(accumulated:next:)' with sufficient availability for this call site [#ResultBuilderMethods]
 365 |                     windowKeywords2
 366 |                     #/ABS|ADD|ALL|ASC|ASK|AS|AVG|BASE|BIND|BNODE|BOUND|BY|CEIL|CLEAR|COALESCE|CONCAT|CONSTRUCT|CONTAINS|COPY|COUNT|CREATE|DATATYPE|DAY|DEFAULT|DELETE|DELETE WHERE|DESCRIBE|DESC|DISTINCT|DISTINCT|DROP|ENCODE_FOR_URI|EXISTS|FILTER|FLOOR|FROM|GRAPH|GROUP_CONCAT|GROUP|HAVING|HOURS|IF|INSERT|INSERT|DATA|INTO|IN|IRI|ISBLANK|ISIRI|ISLITERAL|ISNUMERIC|ISURI|LANGMATCHES|LANG|LCASE|LIMIT|LOAD|MAX|MD5|MINUS|MINUTES|MIN|MONTH|MOVE|NAMED|NOT|NOW|OFFSET|OPTIONAL|ORDER|PREFIX|RAND|REDUCED|REGEX|REPLACE|ROUND|SAMETERM|SAMPLE|SECONDS|SELECT|SEPARATOR|SERVICE|SHA1|SHA256|SHA384|SHA512|SILENT|STRAFTER|STRBEFORE|STRDT|STRENDS|STRLANG|STRLEN|STRSTARTS|STRUUID|STR|SUBSTR|SUM|TIMEZONE|TO|TZ|UCASE|UNDEF|UNION|URI|USING|UUID|VALUES|WHERE|WITH|YEAR/#
/Users/admin/builder/spi-builder-workspace/.dependencies/checkouts/swift-sparql-syntax/Sources/SPARQLSyntax/SPARQLLexer.swift:364:26: error: result builder 'AlternationBuilder' does not implement any 'buildBlock' or a combination of 'buildPartialBlock(first:)' and 'buildPartialBlock(accumulated:next:)' with sufficient availability for this call site [#ResultBuilderMethods]
 362 |         let r = Regex {
 363 |             Capture {
 364 |                 ChoiceOf {
     |                          `- error: result builder 'AlternationBuilder' does not implement any 'buildBlock' or a combination of 'buildPartialBlock(first:)' and 'buildPartialBlock(accumulated:next:)' with sufficient availability for this call site [#ResultBuilderMethods]
 365 |                     windowKeywords2
 366 |                     #/ABS|ADD|ALL|ASC|ASK|AS|AVG|BASE|BIND|BNODE|BOUND|BY|CEIL|CLEAR|COALESCE|CONCAT|CONSTRUCT|CONTAINS|COPY|COUNT|CREATE|DATATYPE|DAY|DEFAULT|DELETE|DELETE WHERE|DESCRIBE|DESC|DISTINCT|DISTINCT|DROP|ENCODE_FOR_URI|EXISTS|FILTER|FLOOR|FROM|GRAPH|GROUP_CONCAT|GROUP|HAVING|HOURS|IF|INSERT|INSERT|DATA|INTO|IN|IRI|ISBLANK|ISIRI|ISLITERAL|ISNUMERIC|ISURI|LANGMATCHES|LANG|LCASE|LIMIT|LOAD|MAX|MD5|MINUS|MINUTES|MIN|MONTH|MOVE|NAMED|NOT|NOW|OFFSET|OPTIONAL|ORDER|PREFIX|RAND|REDUCED|REGEX|REPLACE|ROUND|SAMETERM|SAMPLE|SECONDS|SELECT|SEPARATOR|SERVICE|SHA1|SHA256|SHA384|SHA512|SILENT|STRAFTER|STRBEFORE|STRDT|STRENDS|STRLANG|STRLEN|STRSTARTS|STRUUID|STR|SUBSTR|SUM|TIMEZONE|TO|TZ|UCASE|UNDEF|UNION|URI|USING|UUID|VALUES|WHERE|WITH|YEAR/#
/Users/admin/builder/spi-builder-workspace/.dependencies/checkouts/swift-sparql-syntax/Sources/SPARQLSyntax/SPARQLLexer.swift:364:26: error: result builder 'AlternationBuilder' does not implement any 'buildBlock' or a combination of 'buildPartialBlock(first:)' and 'buildPartialBlock(accumulated:next:)' with sufficient availability for this call site [#ResultBuilderMethods]
 362 |         let r = Regex {
 363 |             Capture {
 364 |                 ChoiceOf {
     |                          `- error: result builder 'AlternationBuilder' does not implement any 'buildBlock' or a combination of 'buildPartialBlock(first:)' and 'buildPartialBlock(accumulated:next:)' with sufficient availability for this call site [#ResultBuilderMethods]
 365 |                     windowKeywords2
 366 |                     #/ABS|ADD|ALL|ASC|ASK|AS|AVG|BASE|BIND|BNODE|BOUND|BY|CEIL|CLEAR|COALESCE|CONCAT|CONSTRUCT|CONTAINS|COPY|COUNT|CREATE|DATATYPE|DAY|DEFAULT|DELETE|DELETE WHERE|DESCRIBE|DESC|DISTINCT|DISTINCT|DROP|ENCODE_FOR_URI|EXISTS|FILTER|FLOOR|FROM|GRAPH|GROUP_CONCAT|GROUP|HAVING|HOURS|IF|INSERT|INSERT|DATA|INTO|IN|IRI|ISBLANK|ISIRI|ISLITERAL|ISNUMERIC|ISURI|LANGMATCHES|LANG|LCASE|LIMIT|LOAD|MAX|MD5|MINUS|MINUTES|MIN|MONTH|MOVE|NAMED|NOT|NOW|OFFSET|OPTIONAL|ORDER|PREFIX|RAND|REDUCED|REGEX|REPLACE|ROUND|SAMETERM|SAMPLE|SECONDS|SELECT|SEPARATOR|SERVICE|SHA1|SHA256|SHA384|SHA512|SILENT|STRAFTER|STRBEFORE|STRDT|STRENDS|STRLANG|STRLEN|STRSTARTS|STRUUID|STR|SUBSTR|SUM|TIMEZONE|TO|TZ|UCASE|UNDEF|UNION|URI|USING|UUID|VALUES|WHERE|WITH|YEAR/#
/Users/admin/builder/spi-builder-workspace/.dependencies/checkouts/swift-sparql-syntax/Sources/SPARQLSyntax/SPARQLLexer.swift:364:26: error: result builder 'AlternationBuilder' does not implement any 'buildBlock' or a combination of 'buildPartialBlock(first:)' and 'buildPartialBlock(accumulated:next:)' with sufficient availability for this call site [#ResultBuilderMethods]
 362 |         let r = Regex {
 363 |             Capture {
 364 |                 ChoiceOf {
     |                          `- error: result builder 'AlternationBuilder' does not implement any 'buildBlock' or a combination of 'buildPartialBlock(first:)' and 'buildPartialBlock(accumulated:next:)' with sufficient availability for this call site [#ResultBuilderMethods]
 365 |                     windowKeywords2
 366 |                     #/ABS|ADD|ALL|ASC|ASK|AS|AVG|BASE|BIND|BNODE|BOUND|BY|CEIL|CLEAR|COALESCE|CONCAT|CONSTRUCT|CONTAINS|COPY|COUNT|CREATE|DATATYPE|DAY|DEFAULT|DELETE|DELETE WHERE|DESCRIBE|DESC|DISTINCT|DISTINCT|DROP|ENCODE_FOR_URI|EXISTS|FILTER|FLOOR|FROM|GRAPH|GROUP_CONCAT|GROUP|HAVING|HOURS|IF|INSERT|INSERT|DATA|INTO|IN|IRI|ISBLANK|ISIRI|ISLITERAL|ISNUMERIC|ISURI|LANGMATCHES|LANG|LCASE|LIMIT|LOAD|MAX|MD5|MINUS|MINUTES|MIN|MONTH|MOVE|NAMED|NOT|NOW|OFFSET|OPTIONAL|ORDER|PREFIX|RAND|REDUCED|REGEX|REPLACE|ROUND|SAMETERM|SAMPLE|SECONDS|SELECT|SEPARATOR|SERVICE|SHA1|SHA256|SHA384|SHA512|SILENT|STRAFTER|STRBEFORE|STRDT|STRENDS|STRLANG|STRLEN|STRSTARTS|STRUUID|STR|SUBSTR|SUM|TIMEZONE|TO|TZ|UCASE|UNDEF|UNION|URI|USING|UUID|VALUES|WHERE|WITH|YEAR/#
/Users/admin/builder/spi-builder-workspace/.dependencies/checkouts/swift-sparql-syntax/Sources/SPARQLSyntax/SPARQLLexer.swift:364:26: error: result builder 'AlternationBuilder' does not implement any 'buildBlock' or a combination of 'buildPartialBlock(first:)' and 'buildPartialBlock(accumulated:next:)' with sufficient availability for this call site [#ResultBuilderMethods]
 362 |         let r = Regex {
 363 |             Capture {
 364 |                 ChoiceOf {
     |                          `- error: result builder 'AlternationBuilder' does not implement any 'buildBlock' or a combination of 'buildPartialBlock(first:)' and 'buildPartialBlock(accumulated:next:)' with sufficient availability for this call site [#ResultBuilderMethods]
 365 |                     windowKeywords2
 366 |                     #/ABS|ADD|ALL|ASC|ASK|AS|AVG|BASE|BIND|BNODE|BOUND|BY|CEIL|CLEAR|COALESCE|CONCAT|CONSTRUCT|CONTAINS|COPY|COUNT|CREATE|DATATYPE|DAY|DEFAULT|DELETE|DELETE WHERE|DESCRIBE|DESC|DISTINCT|DISTINCT|DROP|ENCODE_FOR_URI|EXISTS|FILTER|FLOOR|FROM|GRAPH|GROUP_CONCAT|GROUP|HAVING|HOURS|IF|INSERT|INSERT|DATA|INTO|IN|IRI|ISBLANK|ISIRI|ISLITERAL|ISNUMERIC|ISURI|LANGMATCHES|LANG|LCASE|LIMIT|LOAD|MAX|MD5|MINUS|MINUTES|MIN|MONTH|MOVE|NAMED|NOT|NOW|OFFSET|OPTIONAL|ORDER|PREFIX|RAND|REDUCED|REGEX|REPLACE|ROUND|SAMETERM|SAMPLE|SECONDS|SELECT|SEPARATOR|SERVICE|SHA1|SHA256|SHA384|SHA512|SILENT|STRAFTER|STRBEFORE|STRDT|STRENDS|STRLANG|STRLEN|STRSTARTS|STRUUID|STR|SUBSTR|SUM|TIMEZONE|TO|TZ|UCASE|UNDEF|UNION|URI|USING|UUID|VALUES|WHERE|WITH|YEAR/#
/Users/admin/builder/spi-builder-workspace/.dependencies/checkouts/swift-sparql-syntax/Sources/SPARQLSyntax/SPARQLLexer.swift:364:26: error: result builder 'AlternationBuilder' does not implement any 'buildBlock' or a combination of 'buildPartialBlock(first:)' and 'buildPartialBlock(accumulated:next:)' with sufficient availability for this call site [#ResultBuilderMethods]
 362 |         let r = Regex {
 363 |             Capture {
 364 |                 ChoiceOf {
     |                          `- error: result builder 'AlternationBuilder' does not implement any 'buildBlock' or a combination of 'buildPartialBlock(first:)' and 'buildPartialBlock(accumulated:next:)' with sufficient availability for this call site [#ResultBuilderMethods]
 365 |                     windowKeywords2
 366 |                     #/ABS|ADD|ALL|ASC|ASK|AS|AVG|BASE|BIND|BNODE|BOUND|BY|CEIL|CLEAR|COALESCE|CONCAT|CONSTRUCT|CONTAINS|COPY|COUNT|CREATE|DATATYPE|DAY|DEFAULT|DELETE|DELETE WHERE|DESCRIBE|DESC|DISTINCT|DISTINCT|DROP|ENCODE_FOR_URI|EXISTS|FILTER|FLOOR|FROM|GRAPH|GROUP_CONCAT|GROUP|HAVING|HOURS|IF|INSERT|INSERT|DATA|INTO|IN|IRI|ISBLANK|ISIRI|ISLITERAL|ISNUMERIC|ISURI|LANGMATCHES|LANG|LCASE|LIMIT|LOAD|MAX|MD5|MINUS|MINUTES|MIN|MONTH|MOVE|NAMED|NOT|NOW|OFFSET|OPTIONAL|ORDER|PREFIX|RAND|REDUCED|REGEX|REPLACE|ROUND|SAMETERM|SAMPLE|SECONDS|SELECT|SEPARATOR|SERVICE|SHA1|SHA256|SHA384|SHA512|SILENT|STRAFTER|STRBEFORE|STRDT|STRENDS|STRLANG|STRLEN|STRSTARTS|STRUUID|STR|SUBSTR|SUM|TIMEZONE|TO|TZ|UCASE|UNDEF|UNION|URI|USING|UUID|VALUES|WHERE|WITH|YEAR/#
/Users/admin/builder/spi-builder-workspace/.dependencies/checkouts/swift-sparql-syntax/Sources/SPARQLSyntax/SPARQLLexer.swift:364:26: error: result builder 'AlternationBuilder' does not implement any 'buildBlock' or a combination of 'buildPartialBlock(first:)' and 'buildPartialBlock(accumulated:next:)' with sufficient availability for this call site [#ResultBuilderMethods]
 362 |         let r = Regex {
 363 |             Capture {
 364 |                 ChoiceOf {
     |                          `- error: result builder 'AlternationBuilder' does not implement any 'buildBlock' or a combination of 'buildPartialBlock(first:)' and 'buildPartialBlock(accumulated:next:)' with sufficient availability for this call site [#ResultBuilderMethods]
 365 |                     windowKeywords2
 366 |                     #/ABS|ADD|ALL|ASC|ASK|AS|AVG|BASE|BIND|BNODE|BOUND|BY|CEIL|CLEAR|COALESCE|CONCAT|CONSTRUCT|CONTAINS|COPY|COUNT|CREATE|DATATYPE|DAY|DEFAULT|DELETE|DELETE WHERE|DESCRIBE|DESC|DISTINCT|DISTINCT|DROP|ENCODE_FOR_URI|EXISTS|FILTER|FLOOR|FROM|GRAPH|GROUP_CONCAT|GROUP|HAVING|HOURS|IF|INSERT|INSERT|DATA|INTO|IN|IRI|ISBLANK|ISIRI|ISLITERAL|ISNUMERIC|ISURI|LANGMATCHES|LANG|LCASE|LIMIT|LOAD|MAX|MD5|MINUS|MINUTES|MIN|MONTH|MOVE|NAMED|NOT|NOW|OFFSET|OPTIONAL|ORDER|PREFIX|RAND|REDUCED|REGEX|REPLACE|ROUND|SAMETERM|SAMPLE|SECONDS|SELECT|SEPARATOR|SERVICE|SHA1|SHA256|SHA384|SHA512|SILENT|STRAFTER|STRBEFORE|STRDT|STRENDS|STRLANG|STRLEN|STRSTARTS|STRUUID|STR|SUBSTR|SUM|TIMEZONE|TO|TZ|UCASE|UNDEF|UNION|URI|USING|UUID|VALUES|WHERE|WITH|YEAR/#
/Users/admin/builder/spi-builder-workspace/.dependencies/checkouts/swift-sparql-syntax/Sources/SPARQLSyntax/SPARQLLexer.swift:364:26: error: result builder 'AlternationBuilder' does not implement any 'buildBlock' or a combination of 'buildPartialBlock(first:)' and 'buildPartialBlock(accumulated:next:)' with sufficient availability for this call site [#ResultBuilderMethods]
 362 |         let r = Regex {
 363 |             Capture {
 364 |                 ChoiceOf {
     |                          `- error: result builder 'AlternationBuilder' does not implement any 'buildBlock' or a combination of 'buildPartialBlock(first:)' and 'buildPartialBlock(accumulated:next:)' with sufficient availability for this call site [#ResultBuilderMethods]
 365 |                     windowKeywords2
 366 |                     #/ABS|ADD|ALL|ASC|ASK|AS|AVG|BASE|BIND|BNODE|BOUND|BY|CEIL|CLEAR|COALESCE|CONCAT|CONSTRUCT|CONTAINS|COPY|COUNT|CREATE|DATATYPE|DAY|DEFAULT|DELETE|DELETE WHERE|DESCRIBE|DESC|DISTINCT|DISTINCT|DROP|ENCODE_FOR_URI|EXISTS|FILTER|FLOOR|FROM|GRAPH|GROUP_CONCAT|GROUP|HAVING|HOURS|IF|INSERT|INSERT|DATA|INTO|IN|IRI|ISBLANK|ISIRI|ISLITERAL|ISNUMERIC|ISURI|LANGMATCHES|LANG|LCASE|LIMIT|LOAD|MAX|MD5|MINUS|MINUTES|MIN|MONTH|MOVE|NAMED|NOT|NOW|OFFSET|OPTIONAL|ORDER|PREFIX|RAND|REDUCED|REGEX|REPLACE|ROUND|SAMETERM|SAMPLE|SECONDS|SELECT|SEPARATOR|SERVICE|SHA1|SHA256|SHA384|SHA512|SILENT|STRAFTER|STRBEFORE|STRDT|STRENDS|STRLANG|STRLEN|STRSTARTS|STRUUID|STR|SUBSTR|SUM|TIMEZONE|TO|TZ|UCASE|UNDEF|UNION|URI|USING|UUID|VALUES|WHERE|WITH|YEAR/#
/Users/admin/builder/spi-builder-workspace/.dependencies/checkouts/swift-sparql-syntax/Sources/SPARQLSyntax/SPARQLLexer.swift:364:26: error: result builder 'AlternationBuilder' does not implement any 'buildBlock' or a combination of 'buildPartialBlock(first:)' and 'buildPartialBlock(accumulated:next:)' with sufficient availability for this call site [#ResultBuilderMethods]
 362 |         let r = Regex {
 363 |             Capture {
 364 |                 ChoiceOf {
     |                          `- error: result builder 'AlternationBuilder' does not implement any 'buildBlock' or a combination of 'buildPartialBlock(first:)' and 'buildPartialBlock(accumulated:next:)' with sufficient availability for this call site [#ResultBuilderMethods]
 365 |                     windowKeywords2
 366 |                     #/ABS|ADD|ALL|ASC|ASK|AS|AVG|BASE|BIND|BNODE|BOUND|BY|CEIL|CLEAR|COALESCE|CONCAT|CONSTRUCT|CONTAINS|COPY|COUNT|CREATE|DATATYPE|DAY|DEFAULT|DELETE|DELETE WHERE|DESCRIBE|DESC|DISTINCT|DISTINCT|DROP|ENCODE_FOR_URI|EXISTS|FILTER|FLOOR|FROM|GRAPH|GROUP_CONCAT|GROUP|HAVING|HOURS|IF|INSERT|INSERT|DATA|INTO|IN|IRI|ISBLANK|ISIRI|ISLITERAL|ISNUMERIC|ISURI|LANGMATCHES|LANG|LCASE|LIMIT|LOAD|MAX|MD5|MINUS|MINUTES|MIN|MONTH|MOVE|NAMED|NOT|NOW|OFFSET|OPTIONAL|ORDER|PREFIX|RAND|REDUCED|REGEX|REPLACE|ROUND|SAMETERM|SAMPLE|SECONDS|SELECT|SEPARATOR|SERVICE|SHA1|SHA256|SHA384|SHA512|SILENT|STRAFTER|STRBEFORE|STRDT|STRENDS|STRLANG|STRLEN|STRSTARTS|STRUUID|STR|SUBSTR|SUM|TIMEZONE|TO|TZ|UCASE|UNDEF|UNION|URI|USING|UUID|VALUES|WHERE|WITH|YEAR/#
/Users/admin/builder/spi-builder-workspace/.dependencies/checkouts/swift-sparql-syntax/Sources/SPARQLSyntax/SPARQLLexer.swift:364:26: error: result builder 'AlternationBuilder' does not implement any 'buildBlock' or a combination of 'buildPartialBlock(first:)' and 'buildPartialBlock(accumulated:next:)' with sufficient availability for this call site [#ResultBuilderMethods]
 362 |         let r = Regex {
 363 |             Capture {
 364 |                 ChoiceOf {
     |                          `- error: result builder 'AlternationBuilder' does not implement any 'buildBlock' or a combination of 'buildPartialBlock(first:)' and 'buildPartialBlock(accumulated:next:)' with sufficient availability for this call site [#ResultBuilderMethods]
 365 |                     windowKeywords2
 366 |                     #/ABS|ADD|ALL|ASC|ASK|AS|AVG|BASE|BIND|BNODE|BOUND|BY|CEIL|CLEAR|COALESCE|CONCAT|CONSTRUCT|CONTAINS|COPY|COUNT|CREATE|DATATYPE|DAY|DEFAULT|DELETE|DELETE WHERE|DESCRIBE|DESC|DISTINCT|DISTINCT|DROP|ENCODE_FOR_URI|EXISTS|FILTER|FLOOR|FROM|GRAPH|GROUP_CONCAT|GROUP|HAVING|HOURS|IF|INSERT|INSERT|DATA|INTO|IN|IRI|ISBLANK|ISIRI|ISLITERAL|ISNUMERIC|ISURI|LANGMATCHES|LANG|LCASE|LIMIT|LOAD|MAX|MD5|MINUS|MINUTES|MIN|MONTH|MOVE|NAMED|NOT|NOW|OFFSET|OPTIONAL|ORDER|PREFIX|RAND|REDUCED|REGEX|REPLACE|ROUND|SAMETERM|SAMPLE|SECONDS|SELECT|SEPARATOR|SERVICE|SHA1|SHA256|SHA384|SHA512|SILENT|STRAFTER|STRBEFORE|STRDT|STRENDS|STRLANG|STRLEN|STRSTARTS|STRUUID|STR|SUBSTR|SUM|TIMEZONE|TO|TZ|UCASE|UNDEF|UNION|URI|USING|UUID|VALUES|WHERE|WITH|YEAR/#
/Users/admin/builder/spi-builder-workspace/.dependencies/checkouts/swift-sparql-syntax/Sources/SPARQLSyntax/SPARQLLexer.swift:364:26: error: result builder 'AlternationBuilder' does not implement any 'buildBlock' or a combination of 'buildPartialBlock(first:)' and 'buildPartialBlock(accumulated:next:)' with sufficient availability for this call site [#ResultBuilderMethods]
 362 |         let r = Regex {
 363 |             Capture {
 364 |                 ChoiceOf {
     |                          `- error: result builder 'AlternationBuilder' does not implement any 'buildBlock' or a combination of 'buildPartialBlock(first:)' and 'buildPartialBlock(accumulated:next:)' with sufficient availability for this call site [#ResultBuilderMethods]
 365 |                     windowKeywords2
 366 |                     #/ABS|ADD|ALL|ASC|ASK|AS|AVG|BASE|BIND|BNODE|BOUND|BY|CEIL|CLEAR|COALESCE|CONCAT|CONSTRUCT|CONTAINS|COPY|COUNT|CREATE|DATATYPE|DAY|DEFAULT|DELETE|DELETE WHERE|DESCRIBE|DESC|DISTINCT|DISTINCT|DROP|ENCODE_FOR_URI|EXISTS|FILTER|FLOOR|FROM|GRAPH|GROUP_CONCAT|GROUP|HAVING|HOURS|IF|INSERT|INSERT|DATA|INTO|IN|IRI|ISBLANK|ISIRI|ISLITERAL|ISNUMERIC|ISURI|LANGMATCHES|LANG|LCASE|LIMIT|LOAD|MAX|MD5|MINUS|MINUTES|MIN|MONTH|MOVE|NAMED|NOT|NOW|OFFSET|OPTIONAL|ORDER|PREFIX|RAND|REDUCED|REGEX|REPLACE|ROUND|SAMETERM|SAMPLE|SECONDS|SELECT|SEPARATOR|SERVICE|SHA1|SHA256|SHA384|SHA512|SILENT|STRAFTER|STRBEFORE|STRDT|STRENDS|STRLANG|STRLEN|STRSTARTS|STRUUID|STR|SUBSTR|SUM|TIMEZONE|TO|TZ|UCASE|UNDEF|UNION|URI|USING|UUID|VALUES|WHERE|WITH|YEAR/#
/Users/admin/builder/spi-builder-workspace/.dependencies/checkouts/swift-sparql-syntax/Sources/SPARQLSyntax/SPARQLLexer.swift:364:26: error: result builder 'AlternationBuilder' does not implement any 'buildBlock' or a combination of 'buildPartialBlock(first:)' and 'buildPartialBlock(accumulated:next:)' with sufficient availability for this call site [#ResultBuilderMethods]
 362 |         let r = Regex {
 363 |             Capture {
 364 |                 ChoiceOf {
     |                          `- error: result builder 'AlternationBuilder' does not implement any 'buildBlock' or a combination of 'buildPartialBlock(first:)' and 'buildPartialBlock(accumulated:next:)' with sufficient availability for this call site [#ResultBuilderMethods]
 365 |                     windowKeywords2
 366 |                     #/ABS|ADD|ALL|ASC|ASK|AS|AVG|BASE|BIND|BNODE|BOUND|BY|CEIL|CLEAR|COALESCE|CONCAT|CONSTRUCT|CONTAINS|COPY|COUNT|CREATE|DATATYPE|DAY|DEFAULT|DELETE|DELETE WHERE|DESCRIBE|DESC|DISTINCT|DISTINCT|DROP|ENCODE_FOR_URI|EXISTS|FILTER|FLOOR|FROM|GRAPH|GROUP_CONCAT|GROUP|HAVING|HOURS|IF|INSERT|INSERT|DATA|INTO|IN|IRI|ISBLANK|ISIRI|ISLITERAL|ISNUMERIC|ISURI|LANGMATCHES|LANG|LCASE|LIMIT|LOAD|MAX|MD5|MINUS|MINUTES|MIN|MONTH|MOVE|NAMED|NOT|NOW|OFFSET|OPTIONAL|ORDER|PREFIX|RAND|REDUCED|REGEX|REPLACE|ROUND|SAMETERM|SAMPLE|SECONDS|SELECT|SEPARATOR|SERVICE|SHA1|SHA256|SHA384|SHA512|SILENT|STRAFTER|STRBEFORE|STRDT|STRENDS|STRLANG|STRLEN|STRSTARTS|STRUUID|STR|SUBSTR|SUM|TIMEZONE|TO|TZ|UCASE|UNDEF|UNION|URI|USING|UUID|VALUES|WHERE|WITH|YEAR/#
/Users/admin/builder/spi-builder-workspace/.dependencies/checkouts/swift-sparql-syntax/Sources/SPARQLSyntax/SPARQLLexer.swift:364:26: error: result builder 'AlternationBuilder' does not implement any 'buildBlock' or a combination of 'buildPartialBlock(first:)' and 'buildPartialBlock(accumulated:next:)' with sufficient availability for this call site [#ResultBuilderMethods]
 362 |         let r = Regex {
 363 |             Capture {
 364 |                 ChoiceOf {
     |                          `- error: result builder 'AlternationBuilder' does not implement any 'buildBlock' or a combination of 'buildPartialBlock(first:)' and 'buildPartialBlock(accumulated:next:)' with sufficient availability for this call site [#ResultBuilderMethods]
 365 |                     windowKeywords2
 366 |                     #/ABS|ADD|ALL|ASC|ASK|AS|AVG|BASE|BIND|BNODE|BOUND|BY|CEIL|CLEAR|COALESCE|CONCAT|CONSTRUCT|CONTAINS|COPY|COUNT|CREATE|DATATYPE|DAY|DEFAULT|DELETE|DELETE WHERE|DESCRIBE|DESC|DISTINCT|DISTINCT|DROP|ENCODE_FOR_URI|EXISTS|FILTER|FLOOR|FROM|GRAPH|GROUP_CONCAT|GROUP|HAVING|HOURS|IF|INSERT|INSERT|DATA|INTO|IN|IRI|ISBLANK|ISIRI|ISLITERAL|ISNUMERIC|ISURI|LANGMATCHES|LANG|LCASE|LIMIT|LOAD|MAX|MD5|MINUS|MINUTES|MIN|MONTH|MOVE|NAMED|NOT|NOW|OFFSET|OPTIONAL|ORDER|PREFIX|RAND|REDUCED|REGEX|REPLACE|ROUND|SAMETERM|SAMPLE|SECONDS|SELECT|SEPARATOR|SERVICE|SHA1|SHA256|SHA384|SHA512|SILENT|STRAFTER|STRBEFORE|STRDT|STRENDS|STRLANG|STRLEN|STRSTARTS|STRUUID|STR|SUBSTR|SUM|TIMEZONE|TO|TZ|UCASE|UNDEF|UNION|URI|USING|UUID|VALUES|WHERE|WITH|YEAR/#
/Users/admin/builder/spi-builder-workspace/.dependencies/checkouts/swift-sparql-syntax/Sources/SPARQLSyntax/SPARQLLexer.swift:364:26: error: result builder 'AlternationBuilder' does not implement any 'buildBlock' or a combination of 'buildPartialBlock(first:)' and 'buildPartialBlock(accumulated:next:)' with sufficient availability for this call site [#ResultBuilderMethods]
 362 |         let r = Regex {
 363 |             Capture {
 364 |                 ChoiceOf {
     |                          `- error: result builder 'AlternationBuilder' does not implement any 'buildBlock' or a combination of 'buildPartialBlock(first:)' and 'buildPartialBlock(accumulated:next:)' with sufficient availability for this call site [#ResultBuilderMethods]
 365 |                     windowKeywords2
 366 |                     #/ABS|ADD|ALL|ASC|ASK|AS|AVG|BASE|BIND|BNODE|BOUND|BY|CEIL|CLEAR|COALESCE|CONCAT|CONSTRUCT|CONTAINS|COPY|COUNT|CREATE|DATATYPE|DAY|DEFAULT|DELETE|DELETE WHERE|DESCRIBE|DESC|DISTINCT|DISTINCT|DROP|ENCODE_FOR_URI|EXISTS|FILTER|FLOOR|FROM|GRAPH|GROUP_CONCAT|GROUP|HAVING|HOURS|IF|INSERT|INSERT|DATA|INTO|IN|IRI|ISBLANK|ISIRI|ISLITERAL|ISNUMERIC|ISURI|LANGMATCHES|LANG|LCASE|LIMIT|LOAD|MAX|MD5|MINUS|MINUTES|MIN|MONTH|MOVE|NAMED|NOT|NOW|OFFSET|OPTIONAL|ORDER|PREFIX|RAND|REDUCED|REGEX|REPLACE|ROUND|SAMETERM|SAMPLE|SECONDS|SELECT|SEPARATOR|SERVICE|SHA1|SHA256|SHA384|SHA512|SILENT|STRAFTER|STRBEFORE|STRDT|STRENDS|STRLANG|STRLEN|STRSTARTS|STRUUID|STR|SUBSTR|SUM|TIMEZONE|TO|TZ|UCASE|UNDEF|UNION|URI|USING|UUID|VALUES|WHERE|WITH|YEAR/#
/Users/admin/builder/spi-builder-workspace/.dependencies/checkouts/swift-sparql-syntax/Sources/SPARQLSyntax/SPARQLLexer.swift:364:26: error: result builder 'AlternationBuilder' does not implement any 'buildBlock' or a combination of 'buildPartialBlock(first:)' and 'buildPartialBlock(accumulated:next:)' with sufficient availability for this call site [#ResultBuilderMethods]
 362 |         let r = Regex {
 363 |             Capture {
 364 |                 ChoiceOf {
     |                          `- error: result builder 'AlternationBuilder' does not implement any 'buildBlock' or a combination of 'buildPartialBlock(first:)' and 'buildPartialBlock(accumulated:next:)' with sufficient availability for this call site [#ResultBuilderMethods]
 365 |                     windowKeywords2
 366 |                     #/ABS|ADD|ALL|ASC|ASK|AS|AVG|BASE|BIND|BNODE|BOUND|BY|CEIL|CLEAR|COALESCE|CONCAT|CONSTRUCT|CONTAINS|COPY|COUNT|CREATE|DATATYPE|DAY|DEFAULT|DELETE|DELETE WHERE|DESCRIBE|DESC|DISTINCT|DISTINCT|DROP|ENCODE_FOR_URI|EXISTS|FILTER|FLOOR|FROM|GRAPH|GROUP_CONCAT|GROUP|HAVING|HOURS|IF|INSERT|INSERT|DATA|INTO|IN|IRI|ISBLANK|ISIRI|ISLITERAL|ISNUMERIC|ISURI|LANGMATCHES|LANG|LCASE|LIMIT|LOAD|MAX|MD5|MINUS|MINUTES|MIN|MONTH|MOVE|NAMED|NOT|NOW|OFFSET|OPTIONAL|ORDER|PREFIX|RAND|REDUCED|REGEX|REPLACE|ROUND|SAMETERM|SAMPLE|SECONDS|SELECT|SEPARATOR|SERVICE|SHA1|SHA256|SHA384|SHA512|SILENT|STRAFTER|STRBEFORE|STRDT|STRENDS|STRLANG|STRLEN|STRSTARTS|STRUUID|STR|SUBSTR|SUM|TIMEZONE|TO|TZ|UCASE|UNDEF|UNION|URI|USING|UUID|VALUES|WHERE|WITH|YEAR/#
/Users/admin/builder/spi-builder-workspace/.dependencies/checkouts/swift-sparql-syntax/Sources/SPARQLSyntax/SPARQLLexer.swift:364:26: error: result builder 'AlternationBuilder' does not implement any 'buildBlock' or a combination of 'buildPartialBlock(first:)' and 'buildPartialBlock(accumulated:next:)' with sufficient availability for this call site [#ResultBuilderMethods]
 362 |         let r = Regex {
 363 |             Capture {
 364 |                 ChoiceOf {
     |                          `- error: result builder 'AlternationBuilder' does not implement any 'buildBlock' or a combination of 'buildPartialBlock(first:)' and 'buildPartialBlock(accumulated:next:)' with sufficient availability for this call site [#ResultBuilderMethods]
 365 |                     windowKeywords2
 366 |                     #/ABS|ADD|ALL|ASC|ASK|AS|AVG|BASE|BIND|BNODE|BOUND|BY|CEIL|CLEAR|COALESCE|CONCAT|CONSTRUCT|CONTAINS|COPY|COUNT|CREATE|DATATYPE|DAY|DEFAULT|DELETE|DELETE WHERE|DESCRIBE|DESC|DISTINCT|DISTINCT|DROP|ENCODE_FOR_URI|EXISTS|FILTER|FLOOR|FROM|GRAPH|GROUP_CONCAT|GROUP|HAVING|HOURS|IF|INSERT|INSERT|DATA|INTO|IN|IRI|ISBLANK|ISIRI|ISLITERAL|ISNUMERIC|ISURI|LANGMATCHES|LANG|LCASE|LIMIT|LOAD|MAX|MD5|MINUS|MINUTES|MIN|MONTH|MOVE|NAMED|NOT|NOW|OFFSET|OPTIONAL|ORDER|PREFIX|RAND|REDUCED|REGEX|REPLACE|ROUND|SAMETERM|SAMPLE|SECONDS|SELECT|SEPARATOR|SERVICE|SHA1|SHA256|SHA384|SHA512|SILENT|STRAFTER|STRBEFORE|STRDT|STRENDS|STRLANG|STRLEN|STRSTARTS|STRUUID|STR|SUBSTR|SUM|TIMEZONE|TO|TZ|UCASE|UNDEF|UNION|URI|USING|UUID|VALUES|WHERE|WITH|YEAR/#
/Users/admin/builder/spi-builder-workspace/.dependencies/checkouts/swift-sparql-syntax/Sources/SPARQLSyntax/SPARQLLexer.swift:364:26: error: result builder 'AlternationBuilder' does not implement any 'buildBlock' or a combination of 'buildPartialBlock(first:)' and 'buildPartialBlock(accumulated:next:)' with sufficient availability for this call site [#ResultBuilderMethods]
 362 |         let r = Regex {
 363 |             Capture {
 364 |                 ChoiceOf {
     |                          `- error: result builder 'AlternationBuilder' does not implement any 'buildBlock' or a combination of 'buildPartialBlock(first:)' and 'buildPartialBlock(accumulated:next:)' with sufficient availability for this call site [#ResultBuilderMethods]
 365 |                     windowKeywords2
 366 |                     #/ABS|ADD|ALL|ASC|ASK|AS|AVG|BASE|BIND|BNODE|BOUND|BY|CEIL|CLEAR|COALESCE|CONCAT|CONSTRUCT|CONTAINS|COPY|COUNT|CREATE|DATATYPE|DAY|DEFAULT|DELETE|DELETE WHERE|DESCRIBE|DESC|DISTINCT|DISTINCT|DROP|ENCODE_FOR_URI|EXISTS|FILTER|FLOOR|FROM|GRAPH|GROUP_CONCAT|GROUP|HAVING|HOURS|IF|INSERT|INSERT|DATA|INTO|IN|IRI|ISBLANK|ISIRI|ISLITERAL|ISNUMERIC|ISURI|LANGMATCHES|LANG|LCASE|LIMIT|LOAD|MAX|MD5|MINUS|MINUTES|MIN|MONTH|MOVE|NAMED|NOT|NOW|OFFSET|OPTIONAL|ORDER|PREFIX|RAND|REDUCED|REGEX|REPLACE|ROUND|SAMETERM|SAMPLE|SECONDS|SELECT|SEPARATOR|SERVICE|SHA1|SHA256|SHA384|SHA512|SILENT|STRAFTER|STRBEFORE|STRDT|STRENDS|STRLANG|STRLEN|STRSTARTS|STRUUID|STR|SUBSTR|SUM|TIMEZONE|TO|TZ|UCASE|UNDEF|UNION|URI|USING|UUID|VALUES|WHERE|WITH|YEAR/#
/Users/admin/builder/spi-builder-workspace/.dependencies/checkouts/swift-sparql-syntax/Sources/SPARQLSyntax/SPARQLLexer.swift:364:26: error: result builder 'AlternationBuilder' does not implement any 'buildBlock' or a combination of 'buildPartialBlock(first:)' and 'buildPartialBlock(accumulated:next:)' with sufficient availability for this call site [#ResultBuilderMethods]
 362 |         let r = Regex {
 363 |             Capture {
 364 |                 ChoiceOf {
     |                          `- error: result builder 'AlternationBuilder' does not implement any 'buildBlock' or a combination of 'buildPartialBlock(first:)' and 'buildPartialBlock(accumulated:next:)' with sufficient availability for this call site [#ResultBuilderMethods]
 365 |                     windowKeywords2
 366 |                     #/ABS|ADD|ALL|ASC|ASK|AS|AVG|BASE|BIND|BNODE|BOUND|BY|CEIL|CLEAR|COALESCE|CONCAT|CONSTRUCT|CONTAINS|COPY|COUNT|CREATE|DATATYPE|DAY|DEFAULT|DELETE|DELETE WHERE|DESCRIBE|DESC|DISTINCT|DISTINCT|DROP|ENCODE_FOR_URI|EXISTS|FILTER|FLOOR|FROM|GRAPH|GROUP_CONCAT|GROUP|HAVING|HOURS|IF|INSERT|INSERT|DATA|INTO|IN|IRI|ISBLANK|ISIRI|ISLITERAL|ISNUMERIC|ISURI|LANGMATCHES|LANG|LCASE|LIMIT|LOAD|MAX|MD5|MINUS|MINUTES|MIN|MONTH|MOVE|NAMED|NOT|NOW|OFFSET|OPTIONAL|ORDER|PREFIX|RAND|REDUCED|REGEX|REPLACE|ROUND|SAMETERM|SAMPLE|SECONDS|SELECT|SEPARATOR|SERVICE|SHA1|SHA256|SHA384|SHA512|SILENT|STRAFTER|STRBEFORE|STRDT|STRENDS|STRLANG|STRLEN|STRSTARTS|STRUUID|STR|SUBSTR|SUM|TIMEZONE|TO|TZ|UCASE|UNDEF|UNION|URI|USING|UUID|VALUES|WHERE|WITH|YEAR/#
/Users/admin/builder/spi-builder-workspace/.dependencies/checkouts/swift-sparql-syntax/Sources/SPARQLSyntax/SPARQLLexer.swift:364:26: error: result builder 'AlternationBuilder' does not implement any 'buildBlock' or a combination of 'buildPartialBlock(first:)' and 'buildPartialBlock(accumulated:next:)' with sufficient availability for this call site [#ResultBuilderMethods]
 362 |         let r = Regex {
 363 |             Capture {
 364 |                 ChoiceOf {
     |                          `- error: result builder 'AlternationBuilder' does not implement any 'buildBlock' or a combination of 'buildPartialBlock(first:)' and 'buildPartialBlock(accumulated:next:)' with sufficient availability for this call site [#ResultBuilderMethods]
 365 |                     windowKeywords2
 366 |                     #/ABS|ADD|ALL|ASC|ASK|AS|AVG|BASE|BIND|BNODE|BOUND|BY|CEIL|CLEAR|COALESCE|CONCAT|CONSTRUCT|CONTAINS|COPY|COUNT|CREATE|DATATYPE|DAY|DEFAULT|DELETE|DELETE WHERE|DESCRIBE|DESC|DISTINCT|DISTINCT|DROP|ENCODE_FOR_URI|EXISTS|FILTER|FLOOR|FROM|GRAPH|GROUP_CONCAT|GROUP|HAVING|HOURS|IF|INSERT|INSERT|DATA|INTO|IN|IRI|ISBLANK|ISIRI|ISLITERAL|ISNUMERIC|ISURI|LANGMATCHES|LANG|LCASE|LIMIT|LOAD|MAX|MD5|MINUS|MINUTES|MIN|MONTH|MOVE|NAMED|NOT|NOW|OFFSET|OPTIONAL|ORDER|PREFIX|RAND|REDUCED|REGEX|REPLACE|ROUND|SAMETERM|SAMPLE|SECONDS|SELECT|SEPARATOR|SERVICE|SHA1|SHA256|SHA384|SHA512|SILENT|STRAFTER|STRBEFORE|STRDT|STRENDS|STRLANG|STRLEN|STRSTARTS|STRUUID|STR|SUBSTR|SUM|TIMEZONE|TO|TZ|UCASE|UNDEF|UNION|URI|USING|UUID|VALUES|WHERE|WITH|YEAR/#
/Users/admin/builder/spi-builder-workspace/.dependencies/checkouts/swift-sparql-syntax/Sources/SPARQLSyntax/SPARQLLexer.swift:364:26: error: result builder 'AlternationBuilder' does not implement any 'buildBlock' or a combination of 'buildPartialBlock(first:)' and 'buildPartialBlock(accumulated:next:)' with sufficient availability for this call site [#ResultBuilderMethods]
 362 |         let r = Regex {
 363 |             Capture {
 364 |                 ChoiceOf {
     |                          `- error: result builder 'AlternationBuilder' does not implement any 'buildBlock' or a combination of 'buildPartialBlock(first:)' and 'buildPartialBlock(accumulated:next:)' with sufficient availability for this call site [#ResultBuilderMethods]
 365 |                     windowKeywords2
 366 |                     #/ABS|ADD|ALL|ASC|ASK|AS|AVG|BASE|BIND|BNODE|BOUND|BY|CEIL|CLEAR|COALESCE|CONCAT|CONSTRUCT|CONTAINS|COPY|COUNT|CREATE|DATATYPE|DAY|DEFAULT|DELETE|DELETE WHERE|DESCRIBE|DESC|DISTINCT|DISTINCT|DROP|ENCODE_FOR_URI|EXISTS|FILTER|FLOOR|FROM|GRAPH|GROUP_CONCAT|GROUP|HAVING|HOURS|IF|INSERT|INSERT|DATA|INTO|IN|IRI|ISBLANK|ISIRI|ISLITERAL|ISNUMERIC|ISURI|LANGMATCHES|LANG|LCASE|LIMIT|LOAD|MAX|MD5|MINUS|MINUTES|MIN|MONTH|MOVE|NAMED|NOT|NOW|OFFSET|OPTIONAL|ORDER|PREFIX|RAND|REDUCED|REGEX|REPLACE|ROUND|SAMETERM|SAMPLE|SECONDS|SELECT|SEPARATOR|SERVICE|SHA1|SHA256|SHA384|SHA512|SILENT|STRAFTER|STRBEFORE|STRDT|STRENDS|STRLANG|STRLEN|STRSTARTS|STRUUID|STR|SUBSTR|SUM|TIMEZONE|TO|TZ|UCASE|UNDEF|UNION|URI|USING|UUID|VALUES|WHERE|WITH|YEAR/#
/Users/admin/builder/spi-builder-workspace/.dependencies/checkouts/swift-sparql-syntax/Sources/SPARQLSyntax/SPARQLLexer.swift:364:26: error: result builder 'AlternationBuilder' does not implement any 'buildBlock' or a combination of 'buildPartialBlock(first:)' and 'buildPartialBlock(accumulated:next:)' with sufficient availability for this call site [#ResultBuilderMethods]
 362 |         let r = Regex {
 363 |             Capture {
 364 |                 ChoiceOf {
     |                          `- error: result builder 'AlternationBuilder' does not implement any 'buildBlock' or a combination of 'buildPartialBlock(first:)' and 'buildPartialBlock(accumulated:next:)' with sufficient availability for this call site [#ResultBuilderMethods]
 365 |                     windowKeywords2
 366 |                     #/ABS|ADD|ALL|ASC|ASK|AS|AVG|BASE|BIND|BNODE|BOUND|BY|CEIL|CLEAR|COALESCE|CONCAT|CONSTRUCT|CONTAINS|COPY|COUNT|CREATE|DATATYPE|DAY|DEFAULT|DELETE|DELETE WHERE|DESCRIBE|DESC|DISTINCT|DISTINCT|DROP|ENCODE_FOR_URI|EXISTS|FILTER|FLOOR|FROM|GRAPH|GROUP_CONCAT|GROUP|HAVING|HOURS|IF|INSERT|INSERT|DATA|INTO|IN|IRI|ISBLANK|ISIRI|ISLITERAL|ISNUMERIC|ISURI|LANGMATCHES|LANG|LCASE|LIMIT|LOAD|MAX|MD5|MINUS|MINUTES|MIN|MONTH|MOVE|NAMED|NOT|NOW|OFFSET|OPTIONAL|ORDER|PREFIX|RAND|REDUCED|REGEX|REPLACE|ROUND|SAMETERM|SAMPLE|SECONDS|SELECT|SEPARATOR|SERVICE|SHA1|SHA256|SHA384|SHA512|SILENT|STRAFTER|STRBEFORE|STRDT|STRENDS|STRLANG|STRLEN|STRSTARTS|STRUUID|STR|SUBSTR|SUM|TIMEZONE|TO|TZ|UCASE|UNDEF|UNION|URI|USING|UUID|VALUES|WHERE|WITH|YEAR/#
/Users/admin/builder/spi-builder-workspace/.dependencies/checkouts/swift-sparql-syntax/Sources/SPARQLSyntax/SPARQLLexer.swift:364:26: error: result builder 'AlternationBuilder' does not implement any 'buildBlock' or a combination of 'buildPartialBlock(first:)' and 'buildPartialBlock(accumulated:next:)' with sufficient availability for this call site [#ResultBuilderMethods]
 362 |         let r = Regex {
 363 |             Capture {
 364 |                 ChoiceOf {
     |                          `- error: result builder 'AlternationBuilder' does not implement any 'buildBlock' or a combination of 'buildPartialBlock(first:)' and 'buildPartialBlock(accumulated:next:)' with sufficient availability for this call site [#ResultBuilderMethods]
 365 |                     windowKeywords2
 366 |                     #/ABS|ADD|ALL|ASC|ASK|AS|AVG|BASE|BIND|BNODE|BOUND|BY|CEIL|CLEAR|COALESCE|CONCAT|CONSTRUCT|CONTAINS|COPY|COUNT|CREATE|DATATYPE|DAY|DEFAULT|DELETE|DELETE WHERE|DESCRIBE|DESC|DISTINCT|DISTINCT|DROP|ENCODE_FOR_URI|EXISTS|FILTER|FLOOR|FROM|GRAPH|GROUP_CONCAT|GROUP|HAVING|HOURS|IF|INSERT|INSERT|DATA|INTO|IN|IRI|ISBLANK|ISIRI|ISLITERAL|ISNUMERIC|ISURI|LANGMATCHES|LANG|LCASE|LIMIT|LOAD|MAX|MD5|MINUS|MINUTES|MIN|MONTH|MOVE|NAMED|NOT|NOW|OFFSET|OPTIONAL|ORDER|PREFIX|RAND|REDUCED|REGEX|REPLACE|ROUND|SAMETERM|SAMPLE|SECONDS|SELECT|SEPARATOR|SERVICE|SHA1|SHA256|SHA384|SHA512|SILENT|STRAFTER|STRBEFORE|STRDT|STRENDS|STRLANG|STRLEN|STRSTARTS|STRUUID|STR|SUBSTR|SUM|TIMEZONE|TO|TZ|UCASE|UNDEF|UNION|URI|USING|UUID|VALUES|WHERE|WITH|YEAR/#
/Users/admin/builder/spi-builder-workspace/.dependencies/checkouts/swift-sparql-syntax/Sources/SPARQLSyntax/SPARQLLexer.swift:364:26: error: result builder 'AlternationBuilder' does not implement any 'buildBlock' or a combination of 'buildPartialBlock(first:)' and 'buildPartialBlock(accumulated:next:)' with sufficient availability for this call site [#ResultBuilderMethods]
 362 |         let r = Regex {
 363 |             Capture {
 364 |                 ChoiceOf {
     |                          `- error: result builder 'AlternationBuilder' does not implement any 'buildBlock' or a combination of 'buildPartialBlock(first:)' and 'buildPartialBlock(accumulated:next:)' with sufficient availability for this call site [#ResultBuilderMethods]
 365 |                     windowKeywords2
 366 |                     #/ABS|ADD|ALL|ASC|ASK|AS|AVG|BASE|BIND|BNODE|BOUND|BY|CEIL|CLEAR|COALESCE|CONCAT|CONSTRUCT|CONTAINS|COPY|COUNT|CREATE|DATATYPE|DAY|DEFAULT|DELETE|DELETE WHERE|DESCRIBE|DESC|DISTINCT|DISTINCT|DROP|ENCODE_FOR_URI|EXISTS|FILTER|FLOOR|FROM|GRAPH|GROUP_CONCAT|GROUP|HAVING|HOURS|IF|INSERT|INSERT|DATA|INTO|IN|IRI|ISBLANK|ISIRI|ISLITERAL|ISNUMERIC|ISURI|LANGMATCHES|LANG|LCASE|LIMIT|LOAD|MAX|MD5|MINUS|MINUTES|MIN|MONTH|MOVE|NAMED|NOT|NOW|OFFSET|OPTIONAL|ORDER|PREFIX|RAND|REDUCED|REGEX|REPLACE|ROUND|SAMETERM|SAMPLE|SECONDS|SELECT|SEPARATOR|SERVICE|SHA1|SHA256|SHA384|SHA512|SILENT|STRAFTER|STRBEFORE|STRDT|STRENDS|STRLANG|STRLEN|STRSTARTS|STRUUID|STR|SUBSTR|SUM|TIMEZONE|TO|TZ|UCASE|UNDEF|UNION|URI|USING|UUID|VALUES|WHERE|WITH|YEAR/#
/Users/admin/builder/spi-builder-workspace/.dependencies/checkouts/swift-sparql-syntax/Sources/SPARQLSyntax/SPARQLLexer.swift:364:26: error: result builder 'AlternationBuilder' does not implement any 'buildBlock' or a combination of 'buildPartialBlock(first:)' and 'buildPartialBlock(accumulated:next:)' with sufficient availability for this call site [#ResultBuilderMethods]
 362 |         let r = Regex {
 363 |             Capture {
 364 |                 ChoiceOf {
     |                          `- error: result builder 'AlternationBuilder' does not implement any 'buildBlock' or a combination of 'buildPartialBlock(first:)' and 'buildPartialBlock(accumulated:next:)' with sufficient availability for this call site [#ResultBuilderMethods]
 365 |                     windowKeywords2
 366 |                     #/ABS|ADD|ALL|ASC|ASK|AS|AVG|BASE|BIND|BNODE|BOUND|BY|CEIL|CLEAR|COALESCE|CONCAT|CONSTRUCT|CONTAINS|COPY|COUNT|CREATE|DATATYPE|DAY|DEFAULT|DELETE|DELETE WHERE|DESCRIBE|DESC|DISTINCT|DISTINCT|DROP|ENCODE_FOR_URI|EXISTS|FILTER|FLOOR|FROM|GRAPH|GROUP_CONCAT|GROUP|HAVING|HOURS|IF|INSERT|INSERT|DATA|INTO|IN|IRI|ISBLANK|ISIRI|ISLITERAL|ISNUMERIC|ISURI|LANGMATCHES|LANG|LCASE|LIMIT|LOAD|MAX|MD5|MINUS|MINUTES|MIN|MONTH|MOVE|NAMED|NOT|NOW|OFFSET|OPTIONAL|ORDER|PREFIX|RAND|REDUCED|REGEX|REPLACE|ROUND|SAMETERM|SAMPLE|SECONDS|SELECT|SEPARATOR|SERVICE|SHA1|SHA256|SHA384|SHA512|SILENT|STRAFTER|STRBEFORE|STRDT|STRENDS|STRLANG|STRLEN|STRSTARTS|STRUUID|STR|SUBSTR|SUM|TIMEZONE|TO|TZ|UCASE|UNDEF|UNION|URI|USING|UUID|VALUES|WHERE|WITH|YEAR/#
/Users/admin/builder/spi-builder-workspace/.dependencies/checkouts/swift-sparql-syntax/Sources/SPARQLSyntax/SPARQLLexer.swift:364:26: error: result builder 'AlternationBuilder' does not implement any 'buildBlock' or a combination of 'buildPartialBlock(first:)' and 'buildPartialBlock(accumulated:next:)' with sufficient availability for this call site [#ResultBuilderMethods]
 362 |         let r = Regex {
 363 |             Capture {
 364 |                 ChoiceOf {
     |                          `- error: result builder 'AlternationBuilder' does not implement any 'buildBlock' or a combination of 'buildPartialBlock(first:)' and 'buildPartialBlock(accumulated:next:)' with sufficient availability for this call site [#ResultBuilderMethods]
 365 |                     windowKeywords2
 366 |                     #/ABS|ADD|ALL|ASC|ASK|AS|AVG|BASE|BIND|BNODE|BOUND|BY|CEIL|CLEAR|COALESCE|CONCAT|CONSTRUCT|CONTAINS|COPY|COUNT|CREATE|DATATYPE|DAY|DEFAULT|DELETE|DELETE WHERE|DESCRIBE|DESC|DISTINCT|DISTINCT|DROP|ENCODE_FOR_URI|EXISTS|FILTER|FLOOR|FROM|GRAPH|GROUP_CONCAT|GROUP|HAVING|HOURS|IF|INSERT|INSERT|DATA|INTO|IN|IRI|ISBLANK|ISIRI|ISLITERAL|ISNUMERIC|ISURI|LANGMATCHES|LANG|LCASE|LIMIT|LOAD|MAX|MD5|MINUS|MINUTES|MIN|MONTH|MOVE|NAMED|NOT|NOW|OFFSET|OPTIONAL|ORDER|PREFIX|RAND|REDUCED|REGEX|REPLACE|ROUND|SAMETERM|SAMPLE|SECONDS|SELECT|SEPARATOR|SERVICE|SHA1|SHA256|SHA384|SHA512|SILENT|STRAFTER|STRBEFORE|STRDT|STRENDS|STRLANG|STRLEN|STRSTARTS|STRUUID|STR|SUBSTR|SUM|TIMEZONE|TO|TZ|UCASE|UNDEF|UNION|URI|USING|UUID|VALUES|WHERE|WITH|YEAR/#
/Users/admin/builder/spi-builder-workspace/.dependencies/checkouts/swift-sparql-syntax/Sources/SPARQLSyntax/SPARQLLexer.swift:364:26: error: result builder 'AlternationBuilder' does not implement any 'buildBlock' or a combination of 'buildPartialBlock(first:)' and 'buildPartialBlock(accumulated:next:)' with sufficient availability for this call site [#ResultBuilderMethods]
 362 |         let r = Regex {
 363 |             Capture {
 364 |                 ChoiceOf {
     |                          `- error: result builder 'AlternationBuilder' does not implement any 'buildBlock' or a combination of 'buildPartialBlock(first:)' and 'buildPartialBlock(accumulated:next:)' with sufficient availability for this call site [#ResultBuilderMethods]
 365 |                     windowKeywords2
 366 |                     #/ABS|ADD|ALL|ASC|ASK|AS|AVG|BASE|BIND|BNODE|BOUND|BY|CEIL|CLEAR|COALESCE|CONCAT|CONSTRUCT|CONTAINS|COPY|COUNT|CREATE|DATATYPE|DAY|DEFAULT|DELETE|DELETE WHERE|DESCRIBE|DESC|DISTINCT|DISTINCT|DROP|ENCODE_FOR_URI|EXISTS|FILTER|FLOOR|FROM|GRAPH|GROUP_CONCAT|GROUP|HAVING|HOURS|IF|INSERT|INSERT|DATA|INTO|IN|IRI|ISBLANK|ISIRI|ISLITERAL|ISNUMERIC|ISURI|LANGMATCHES|LANG|LCASE|LIMIT|LOAD|MAX|MD5|MINUS|MINUTES|MIN|MONTH|MOVE|NAMED|NOT|NOW|OFFSET|OPTIONAL|ORDER|PREFIX|RAND|REDUCED|REGEX|REPLACE|ROUND|SAMETERM|SAMPLE|SECONDS|SELECT|SEPARATOR|SERVICE|SHA1|SHA256|SHA384|SHA512|SILENT|STRAFTER|STRBEFORE|STRDT|STRENDS|STRLANG|STRLEN|STRSTARTS|STRUUID|STR|SUBSTR|SUM|TIMEZONE|TO|TZ|UCASE|UNDEF|UNION|URI|USING|UUID|VALUES|WHERE|WITH|YEAR/#
/Users/admin/builder/spi-builder-workspace/.dependencies/checkouts/swift-sparql-syntax/Sources/SPARQLSyntax/SPARQLLexer.swift:364:26: error: result builder 'AlternationBuilder' does not implement any 'buildBlock' or a combination of 'buildPartialBlock(first:)' and 'buildPartialBlock(accumulated:next:)' with sufficient availability for this call site [#ResultBuilderMethods]
 362 |         let r = Regex {
 363 |             Capture {
 364 |                 ChoiceOf {
     |                          `- error: result builder 'AlternationBuilder' does not implement any 'buildBlock' or a combination of 'buildPartialBlock(first:)' and 'buildPartialBlock(accumulated:next:)' with sufficient availability for this call site [#ResultBuilderMethods]
 365 |                     windowKeywords2
 366 |                     #/ABS|ADD|ALL|ASC|ASK|AS|AVG|BASE|BIND|BNODE|BOUND|BY|CEIL|CLEAR|COALESCE|CONCAT|CONSTRUCT|CONTAINS|COPY|COUNT|CREATE|DATATYPE|DAY|DEFAULT|DELETE|DELETE WHERE|DESCRIBE|DESC|DISTINCT|DISTINCT|DROP|ENCODE_FOR_URI|EXISTS|FILTER|FLOOR|FROM|GRAPH|GROUP_CONCAT|GROUP|HAVING|HOURS|IF|INSERT|INSERT|DATA|INTO|IN|IRI|ISBLANK|ISIRI|ISLITERAL|ISNUMERIC|ISURI|LANGMATCHES|LANG|LCASE|LIMIT|LOAD|MAX|MD5|MINUS|MINUTES|MIN|MONTH|MOVE|NAMED|NOT|NOW|OFFSET|OPTIONAL|ORDER|PREFIX|RAND|REDUCED|REGEX|REPLACE|ROUND|SAMETERM|SAMPLE|SECONDS|SELECT|SEPARATOR|SERVICE|SHA1|SHA256|SHA384|SHA512|SILENT|STRAFTER|STRBEFORE|STRDT|STRENDS|STRLANG|STRLEN|STRSTARTS|STRUUID|STR|SUBSTR|SUM|TIMEZONE|TO|TZ|UCASE|UNDEF|UNION|URI|USING|UUID|VALUES|WHERE|WITH|YEAR/#
SwiftCompile normal arm64 /Users/admin/builder/spi-builder-workspace/.dependencies/checkouts/swift-sparql-syntax/Sources/SPARQLSyntax/RDFSerialization.swift (in target 'SPARQLSyntax' from project 'SPARQLSyntax')
    cd /Users/admin/builder/spi-builder-workspace/.swiftpm/xcode
    builtin-SwiftPerFileCompile RDFSerialization.swift
SwiftCompile normal arm64 /Users/admin/builder/spi-builder-workspace/.dependencies/checkouts/swift-sparql-syntax/Sources/SPARQLSyntax/SPARQLLexer.swift (in target 'SPARQLSyntax' from project 'SPARQLSyntax')
    cd /Users/admin/builder/spi-builder-workspace/.swiftpm/xcode
    builtin-SwiftPerFileCompile SPARQLLexer.swift
CompileC /Users/admin/builder/spi-builder-workspace/.derivedData/Build/Intermediates.noindex/CLMDB.build/Debug-appletvos/LMDB-t.build/Objects-normal/arm64/mdb.o /Users/admin/builder/spi-builder-workspace/.dependencies/checkouts/CLMDB/Sources/LMDB/mdb.c normal arm64 c com.apple.compilers.llvm.clang.1_0.compiler (in target 'LMDB' from project 'CLMDB')
    cd /Users/admin/builder/spi-builder-workspace/.swiftpm/xcode

    Using response file: /Users/admin/builder/spi-builder-workspace/.derivedData/Build/Intermediates.noindex/CLMDB.build/Debug-appletvos/LMDB-t.build/Objects-normal/arm64/7187679823f38a2a940e0043cdf9d637-common-args.resp

    /Applications/Xcode-27.0.0-Release.Candidate.app/Contents/Developer/Toolchains/XcodeDefault.xctoolchain/usr/bin/clang -x c -ivfsstatcache /Users/admin/builder/spi-builder-workspace/.derivedData/SDKStatCaches.noindex/appletvos27.0-24J360-e829b21a6f8c9b70876ba0858053c044b32bfd8d43560033f8d89884cdb90028.sdkstatcache -target arm64-apple-tvos15.0 -fmessage-length\=0 -fdiagnostics-show-note-include-stack -fmacro-backtrace-limit\=0 -fno-color-diagnostics -fmodules-prune-interval\=86400 -fmodules-prune-after\=345600 -fbuild-session-file\=/Users/admin/builder/spi-builder-workspace/.derivedData/ModuleCache.noindex/Session.modulevalidation -fmodules-validate-once-per-build-session -Wnon-modular-include-in-framework-module -Werror\=non-modular-include-in-framework-module -Wno-trigraphs -Wno-missing-field-initializers -Wno-missing-prototypes -Wno-return-type -Wno-missing-braces -Wparentheses -Wswitch -Wno-unused-function -Wno-unused-label -Wno-unused-parameter -Wno-unused-variable -Wunused-value -Wno-empty-body -Wno-uninitialized -Wno-unknown-pragmas -w -Wno-shadow -Wno-four-char-constants -Wno-conversion -Wno-constant-conversion -Wno-int-conversion -Wno-bool-conversion -Wno-enum-conversion -Wno-float-conversion -Wno-non-literal-null-conversion -Wno-objc-literal-conversion -Wshorten-64-to-32 -Wpointer-sign -Wno-newline-eof -Wno-implicit-fallthrough -isysroot /Applications/Xcode-27.0.0-Release.Candidate.app/Contents/Developer/Platforms/AppleTVOS.platform/Developer/SDKs/AppleTVOS27.0.sdk -fstrict-aliasing -Wdeprecated-declarations -Wno-sign-conversion -Wno-infinite-recursion -Wno-comma -Wno-block-capture-autoreleasing -Wno-strict-prototypes -Wno-semicolon-before-method-body -index-store-path /Users/admin/builder/spi-builder-workspace/.derivedData/Index.noindex/DataStore @/Users/admin/builder/spi-builder-workspace/.derivedData/Build/Intermediates.noindex/CLMDB.build/Debug-appletvos/LMDB-t.build/Objects-normal/arm64/7187679823f38a2a940e0043cdf9d637-common-args.resp -MMD -MT dependencies -MF /Users/admin/builder/spi-builder-workspace/.derivedData/Build/Intermediates.noindex/CLMDB.build/Debug-appletvos/LMDB-t.build/Objects-normal/arm64/mdb.d --serialize-diagnostics /Users/admin/builder/spi-builder-workspace/.derivedData/Build/Intermediates.noindex/CLMDB.build/Debug-appletvos/LMDB-t.build/Objects-normal/arm64/mdb.dia -c /Users/admin/builder/spi-builder-workspace/.dependencies/checkouts/CLMDB/Sources/LMDB/mdb.c -o /Users/admin/builder/spi-builder-workspace/.derivedData/Build/Intermediates.noindex/CLMDB.build/Debug-appletvos/LMDB-t.build/Objects-normal/arm64/mdb.o -index-unit-output-path /CLMDB.build/Debug-appletvos/LMDB-t.build/Objects-normal/arm64/mdb.o
Failed frontend command:
/Applications/Xcode-27.0.0-Release.Candidate.app/Contents/Developer/Toolchains/XcodeDefault.xctoolchain/usr/bin/clang -cc1 -Wundef-prefix\=TARGET_OS_ -fdiagnostics-show-note-include-stack -fmacro-backtrace-limit\=0 -w -ferror-limit 19 -serialize-diagnostic-file /Users/admin/builder/spi-builder-workspace/.derivedData/Build/Intermediates.noindex/CLMDB.build/Debug-appletvos/LMDB-t.build/Objects-normal/arm64/mdb.dia -Wdeprecated-objc-isa-usage -Werror\=deprecated-objc-isa-usage -Werror\=implicit-function-declaration -Wnon-modular-include-in-framework-module -Werror\=non-modular-include-in-framework-module -Wno-trigraphs -Wno-missing-field-initializers -Wno-missing-prototypes -Wno-return-type -Wno-missing-braces -Wparentheses -Wswitch -Wno-unused-function -Wno-unused-label -Wno-unused-parameter -Wno-unused-variable -Wunused-value -Wno-empty-body -Wno-uninitialized -Wno-unknown-pragmas -Wno-shadow -Wno-four-char-constants -Wno-conversion -Wno-constant-conversion -Wno-int-conversion -Wno-bool-conversion -Wno-enum-conversion -Wno-float-conversion -Wno-non-literal-null-conversion -Wno-objc-literal-conversion -Wshorten-64-to-32 -Wpointer-sign -Wno-newline-eof -Wno-implicit-fallthrough -Wdeprecated-declarations -Wno-sign-conversion -Wno-infinite-recursion -Wno-comma -Wno-block-capture-autoreleasing -Wno-strict-prototypes -Wno-semicolon-before-method-body -Wno-elaborated-enum-base -Wno-error\=allocator-wrappers -index-store-path /Users/admin/builder/spi-builder-workspace/.derivedData/Index.noindex/DataStore -index-unit-output-path /CLMDB.build/Debug-appletvos/LMDB-t.build/Objects-normal/arm64/mdb.o -fmodule-map-file\=/Applications/Xcode-27.0.0-Release.Candidate.app/Contents/Developer/Platforms/AppleTVOS.platform/Developer/SDKs/AppleTVOS.sdk/usr/include/DarwinFoundation1.modulemap -fmodule-map-file\=/Applications/Xcode-27.0.0-Release.Candidate.app/Contents/Developer/Toolchains/XcodeDefault.xctoolchain/usr/lib/clang/21/include/module.modulemap -fmodule-map-file\=/Applications/Xcode-27.0.0-Release.Candidate.app/Contents/Developer/Platforms/AppleTVOS.platform/Developer/SDKs/AppleTVOS.sdk/usr/include/DarwinFoundation2.modulemap -fmodule-map-file\=/Applications/Xcode-27.0.0-Release.Candidate.app/Contents/Developer/Platforms/AppleTVOS.platform/Developer/SDKs/AppleTVOS.sdk/usr/include/DarwinFoundation3.modulemap -fmodule-map-file\=/Applications/Xcode-27.0.0-Release.Candidate.app/Contents/Developer/Toolchains/XcodeDefault.xctoolchain/usr/lib/clang/21/include/module.modulemap -fmodule-map-file\=/Applications/Xcode-27.0.0-Release.Candidate.app/Contents/Developer/Toolchains/XcodeDefault.xctoolchain/usr/lib/clang/21/include/module.modulemap -fmodule-map-file\=/Applications/Xcode-27.0.0-Release.Candidate.app/Contents/Developer/Platforms/AppleTVOS.platform/Developer/SDKs/AppleTVOS.sdk/usr/include/Darwin.modulemap -o /Users/admin/builder/spi-builder-workspace/.derivedData/Build/Intermediates.noindex/CLMDB.build/Debug-appletvos/LMDB-t.build/Objects-normal/arm64/mdb.o -disable-free -emit-obj -x c /Users/admin/builder/spi-builder-workspace/.dependencies/checkouts/CLMDB/Sources/LMDB/mdb.c -target-abi darwinpcs -target-cpu apple-a7 -target-feature +v8a -target-feature +aes -target-feature +fp-armv8 -target-feature +neon -target-feature +perfmon -target-feature +sha2 -triple arm64-apple-tvos15.0.0 -target-linker-version 1166.2 -target-sdk-version\=27.0 -fmodules-validate-system-headers -fno-modulemap-allow-subdirectory-search -isysroot /Applications/Xcode-27.0.0-Release.Candidate.app/Contents/Developer/Platforms/AppleTVOS.platform/Developer/SDKs/AppleTVOS27.0.sdk -resource-dir /Applications/Xcode-27.0.0-Release.Candidate.app/Contents/Developer/Toolchains/XcodeDefault.xctoolchain/usr/lib/clang/21 -fmodule-format\=obj -fmodule-file\=Darwin\=/Users/admin/builder/spi-builder-workspace/.derivedData/Build/Intermediates.noindex/ExplicitPrecompiledModules/Darwin-5T9V3RBKHWLTZRH07YF5UQNLG.pcm -fmodule-file\=_Builtin_inttypes\=/Users/admin/builder/spi-builder-workspace/.derivedData/Build/Intermediates.noindex/ExplicitPrecompiledModules/_Builtin_inttypes-210JUWZJO6RQ52KAB2THKAOFM.pcm -fmodule-file\=_Builtin_limits\=/Users/admin/builder/spi-builder-workspace/.derivedData/Build/Intermediates.noindex/ExplicitPrecompiledModules/_Builtin_limits-8XPB4PWHOCQ63POVMRE494BWH.pcm -fmodule-file\=_Builtin_stddef\=/Users/admin/builder/spi-builder-workspace/.derivedData/Build/Intermediates.noindex/ExplicitPrecompiledModules/_Builtin_stddef-754GV68DDIN9SGWCQMYTDQHQT.pcm -fmodule-file\=_DarwinFoundation1\=/Users/admin/builder/spi-builder-workspace/.derivedData/Build/Intermediates.noindex/ExplicitPrecompiledModules/_DarwinFoundation1-1ARC7K8X6876WEUNAPCQB4QQW.pcm -fmodule-file\=_DarwinFoundation2\=/Users/admin/builder/spi-builder-workspace/.derivedData/Build/Intermediates.noindex/ExplicitPrecompiledModules/_DarwinFoundation2-8EYC9V7XBYMAMSQ1R5X8HA5BP.pcm -fmodule-file\=_DarwinFoundation3\=/Users/admin/builder/spi-builder-workspace/.derivedData/Build/Intermediates.noindex/ExplicitPrecompiledModules/_DarwinFoundation3-14C2I4IC9C5X5DDSNQTKI011A.pcm -I /Users/admin/builder/spi-builder-workspace/.derivedData/Build/Products/Debug-appletvos/include -I /Users/admin/builder/spi-builder-workspace/.dependencies/checkouts/CLMDB/Sources/LMDB/include -I /Users/admin/builder/spi-builder-workspace/.derivedData/Build/Intermediates.noindex/CLMDB.build/Debug-appletvos/LMDB-t.build/DerivedSources-normal/arm64 -I /Users/admin/builder/spi-builder-workspace/.derivedData/Build/Intermediates.noindex/CLMDB.build/Debug-appletvos/LMDB-t.build/DerivedSources/arm64 -I /Users/admin/builder/spi-builder-workspace/.derivedData/Build/Intermediates.noindex/CLMDB.build/Debug-appletvos/LMDB-t.build/DerivedSources -F /Users/admin/builder/spi-builder-workspace/.derivedData/Build/Products/Debug-appletvos -iframework /Applications/Xcode-27.0.0-Release.Candidate.app/Contents/Developer/Platforms/AppleTVOS.platform/Developer/Library/Frameworks -iframework /Applications/Xcode-27.0.0-Release.Candidate.app/Contents/Developer/Platforms/AppleTVOS.platform/Developer/SDKs/AppleTVOS27.0.sdk/Developer/Library/Frameworks -internal-isystem /Applications/Xcode-27.0.0-Release.Candidate.app/Contents/Developer/Platforms/AppleTVOS.platform/Developer/SDKs/AppleTVOS27.0.sdk/usr/local/include -internal-isystem /Applications/Xcode-27.0.0-Release.Candidate.app/Contents/Developer/Toolchains/XcodeDefault.xctoolchain/usr/lib/clang/21/include -internal-externc-isystem /Applications/Xcode-27.0.0-Release.Candidate.app/Contents/Developer/Platforms/AppleTVOS.platform/Developer/SDKs/AppleTVOS27.0.sdk/usr/include -internal-externc-isystem /Applications/Xcode-27.0.0-Release.Candidate.app/Contents/Developer/Toolchains/XcodeDefault.xctoolchain/usr/include -internal-iframework /Applications/Xcode-27.0.0-Release.Candidate.app/Contents/Developer/Platforms/AppleTVOS.platform/Developer/SDKs/AppleTVOS27.0.sdk/System/Library/Frameworks -internal-iframework /Applications/Xcode-27.0.0-Release.Candidate.app/Contents/Developer/Platforms/AppleTVOS.platform/Developer/SDKs/AppleTVOS27.0.sdk/System/Library/SubFrameworks -internal-iframework /Applications/Xcode-27.0.0-Release.Candidate.app/Contents/Developer/Platforms/AppleTVOS.platform/Developer/SDKs/AppleTVOS27.0.sdk/Library/Frameworks -ivfsstatcache /Users/admin/builder/spi-builder-workspace/.derivedData/SDKStatCaches.noindex/appletvos27.0-24J360-e829b21a6f8c9b70876ba0858053c044b32bfd8d43560033f8d89884cdb90028.sdkstatcache -std\=gnu17 -fskip-odr-check-in-gmf -fmodules -fmodule-name\=LMDB -fno-implicit-modules -fmax-type-align\=16 -fpascal-strings -fstack-check -fvisibility-inlines-hidden-static-local-var -mdarwin-stkchk-strong-link -fno-odr-hash-protocols -pic-level 2 -fencode-extended-block-signature -stack-protector 1 -fgnuc-version\=4.2.1 -fblocks -fno-convergent-functions -ffp-contract\=on -fclang-abi-compat\=4.0 -fno-experimental-relative-c++-abi-vtables -fno-file-reproducible -clang-vendor-feature\=+disableNonDependentMemberExprInCurrentInstantiation -clang-vendor-feature\=+enableAggressiveVLAFolding -clang-vendor-feature\=+revert09abecef7bbf -clang-vendor-feature\=+thisNoAlignAttr -clang-vendor-feature\=+thisNoNullAttr -clang-vendor-feature\=+disableAtImportPrivateFrameworkInImplementationError -O0 -fno-assume-unique-vtables -fdebug-compilation-dir\=/Users/admin/builder/spi-builder-workspace/.swiftpm/xcode -fcoverage-compilation-dir\=/Users/admin/builder/spi-builder-workspace/.swiftpm/xcode -fcoverage-mapping -fcommon -fdwarf2-cfi-asm -fobjc-msgsend-selector-stubs -fregister-global-dtors-with-atexit -fno-strict-return -dwarf-version\=4 -debugger-tuning\=lldb -disable-llvm-verifier -dwarf-ext-refs -funwind-tables\=1 -fprofile-instrument\=clang -enable-tlsdesc -clear-ast-before-backend -discard-value-names -main-file-name mdb.c -mframe-pointer\=non-leaf -debug-info-kind\=standalone -fno-loop-interchange -fdiagnostics-hotness-threshold\=0 -fdiagnostics-misexpect-tolerance\=0 -D DEBUG\=1 -D SWIFT_PACKAGE -D Xcode -fdefine-target-os-macros -MT dependencies -dependency-file /Users/admin/builder/spi-builder-workspace/.derivedData/Build/Intermediates.noindex/CLMDB.build/Debug-appletvos/LMDB-t.build/Objects-normal/arm64/mdb.d -skip-unused-modulemap-deps -module-file-deps\=direct -fdepfile-entry\=/Applications/Xcode-27.0.0-Release.Candidate.app/Contents/Developer/Platforms/AppleTVOS.platform/Developer/SDKs/AppleTVOS27.0.sdk/SDKSettings.json
SwiftDriverJobDiscovery normal arm64 Compiling SPARQLSyntax.swift (in target 'SPARQLSyntax' from project 'SPARQLSyntax')
SwiftCompile normal arm64 Compiling\ PropertyPath.swift,\ Query.swift /Users/admin/builder/spi-builder-workspace/.dependencies/checkouts/swift-sparql-syntax/Sources/SPARQLSyntax/PropertyPath.swift /Users/admin/builder/spi-builder-workspace/.dependencies/checkouts/swift-sparql-syntax/Sources/SPARQLSyntax/Query.swift (in target 'SPARQLSyntax' from project 'SPARQLSyntax')
SwiftCompile normal arm64 /Users/admin/builder/spi-builder-workspace/.dependencies/checkouts/swift-sparql-syntax/Sources/SPARQLSyntax/PropertyPath.swift (in target 'SPARQLSyntax' from project 'SPARQLSyntax')
    cd /Users/admin/builder/spi-builder-workspace/.swiftpm/xcode
    builtin-SwiftPerFileCompile PropertyPath.swift
SwiftCompile normal arm64 /Users/admin/builder/spi-builder-workspace/.dependencies/checkouts/swift-sparql-syntax/Sources/SPARQLSyntax/Query.swift (in target 'SPARQLSyntax' from project 'SPARQLSyntax')
    cd /Users/admin/builder/spi-builder-workspace/.swiftpm/xcode
    builtin-SwiftPerFileCompile Query.swift
SwiftExplicitDependencyGeneratePcm arm64 /Users/admin/builder/spi-builder-workspace/.derivedData/SDKExplicitPrecompiledModules/MachO-A5KLTMTLJD1DPHEYPZHUSRJ4O.pcm
SwiftDriverJobDiscovery normal arm64 Compiling ToolInfo.swift (in target 'ArgumentParserToolInfo' from project 'swift-argument-parser')
SwiftExplicitDependencyGeneratePcm arm64 /Users/admin/builder/spi-builder-workspace/.derivedData/SDKExplicitPrecompiledModules/_Builtin_stdatomic-71DQV8BR56LNANL900GGEC9KO.pcm
PruneExplicitPrecompiledModules /Users/admin/builder/spi-builder-workspace/.derivedData/SDKExplicitPrecompiledModules
PruneExplicitPrecompiledModules /Users/admin/builder/spi-builder-workspace/.derivedData/Build/Intermediates.noindex/ExplicitPrecompiledModules
PruneExplicitPrecompiledModules /Users/admin/builder/spi-builder-workspace/.derivedData/Build/Intermediates.noindex/SwiftExplicitPrecompiledModules
2026-09-27 01:17:30.503 xcodebuild[1590:8443] [MT] IDERunDestination: Supported platforms for the buildables in the current scheme is empty.
** BUILD FAILED **
The following build commands failed:
	SwiftCompile normal arm64 Compiling\ RDF.swift,\ RDFPatterns.swift /Users/admin/builder/spi-builder-workspace/.dependencies/checkouts/swift-sparql-syntax/Sources/SPARQLSyntax/RDF.swift /Users/admin/builder/spi-builder-workspace/.dependencies/checkouts/swift-sparql-syntax/Sources/SPARQLSyntax/RDFPatterns.swift (in target 'SPARQLSyntax' from project 'SPARQLSyntax')
	SwiftCompile normal arm64 /Users/admin/builder/spi-builder-workspace/.dependencies/checkouts/swift-sparql-syntax/Sources/SPARQLSyntax/RDF.swift (in target 'SPARQLSyntax' from project 'SPARQLSyntax')
	Building workspace Kineo with scheme Kineo-Package
(3 failures)
BUILD FAILURE 6.4 tvOS