The Swift Package Index logo.Swift Package Index

Build Information

Failed to build gis-tools-csv, reference v3.0.0-beta.1 (34e642), with Swift 6.4 for Wasm on 27 Sep 2026 11:31:15 UTC.

Build Command

bash -c docker run --pull=always --rm -v "checkouts-54344844-1":/host -w "$PWD" -e JAVA_HOME="/root/.sdkman/candidates/java/current" -e SPI_BUILD="1" -e SPI_PROCESSING="1" registry.gitlab.com/saguaro1/spi-images:wasm-6.4-latest swift build --swift-sdk swift-6.4.x-DEVELOPMENT-SNAPSHOT-2026-09-04-a_wasm 2>&1

Build Log

========================================
RunAll
========================================
Builder version: 5.1.0
Interrupt handler set up.
========================================
Checkout
========================================
Clone URL: https://github.com/Outdooractive/gis-tools-csv.git
Reference: v3.0.0-beta.1
Initialized empty Git repository in /host/spi-builder-workspace/.git/
hint: Using 'master' as the name for the initial branch. This default branch name
hint: is subject to change. To configure the initial branch name to use in all
hint: of your new repositories, which will suppress this warning, call:
hint:
hint: 	git config --global init.defaultBranch <name>
hint:
hint: Names commonly chosen instead of 'master' are 'main', 'trunk' and
hint: 'development'. The just-created branch can be renamed via this command:
hint:
hint: 	git branch -m <name>
From https://github.com/Outdooractive/gis-tools-csv
 * tag               v3.0.0-beta.1 -> FETCH_HEAD
HEAD is now at 34e6427 Update to gis-tools 3.0.0-beta.1 and convert tests to Swift Testing
Cloned https://github.com/Outdooractive/gis-tools-csv.git
Revision (git rev-parse @):
34e64273e82345c6be2e51c554b2e01b19b21235
SPI manifest file found: $PWD/.spi.yml
SUCCESS checkout https://github.com/Outdooractive/gis-tools-csv.git at v3.0.0-beta.1
========================================
Build
========================================
Selected platform:         wasm
Swift version:             6.4
Building package at path:  $PWD
https://github.com/Outdooractive/gis-tools-csv.git
Running build ...
bash -c docker run --pull=always --rm -v "checkouts-54344844-1":/host -w "$PWD" -e JAVA_HOME="/root/.sdkman/candidates/java/current" -e SPI_BUILD="1" -e SPI_PROCESSING="1" registry.gitlab.com/saguaro1/spi-images:wasm-6.4-latest swift build --swift-sdk swift-6.4.x-DEVELOPMENT-SNAPSHOT-2026-09-04-a_wasm 2>&1
wasm-6.4-latest: Pulling from saguaro1/spi-images
Digest: sha256:4328fdb43c680d205c1d6761b1e3267aa38277eefdda9ddfb17b6a0f1a77857a
Status: Image is up to date for registry.gitlab.com/saguaro1/spi-images:wasm-6.4-latest
Fetching https://github.com/Outdooractive/gis-tools
[1/7763] Fetching gis-tools
Fetched https://github.com/Outdooractive/gis-tools (0.70s)
Computing version for https://github.com/Outdooractive/gis-tools
Computed https://github.com/Outdooractive/gis-tools at 3.0.0-beta.1 (0.87s)
Creating working copy for https://github.com/Outdooractive/gis-tools
Working copy of https://github.com/Outdooractive/gis-tools resolved at 3.0.0-beta.1
Building for debugging...
[Pre-planning 1 / 125]
[Planning deferred tasks]
[28 / 43] GISTools
[37 / 53] GISTools
[38 / 53] GISTools
[43 / 53] GISTools
[48 / 62] GISToolsCSV
[52 / 62] GISToolsCSV
[57 / 62] GISToolsCSV-product
error: SwiftCompile normal wasm32 /host/spi-builder-workspace/Sources/GISToolsCSV/CSVCoder.swift failed with a nonzero exit code. Command line:     cd /host
    builtin-SwiftPerFileCompile CSVCoder.swift
/host/spi-builder-workspace/Sources/GISToolsCSV/CSVCoder.swift:412:25: error: cannot convert value of type 'Int' to expected argument type 'Feature.Identifier.IntId' (aka 'Int64')
410 |     private static func identifier(from text: String) -> Feature.Identifier {
411 |         if let int = Int64(text) {
412 |             return .int(Int(int))
    |                         `- error: cannot convert value of type 'Int' to expected argument type 'Feature.Identifier.IntId' (aka 'Int64')
413 |         }
414 |         if let uint = UInt64(text) {
/host/spi-builder-workspace/Sources/GISToolsCSV/CSVCoder.swift:415:26: error: cannot convert value of type 'UInt' to expected argument type 'Feature.Identifier.UIntId' (aka 'UInt64')
413 |         }
414 |         if let uint = UInt64(text) {
415 |             return .uint(UInt(uint))
    |                          `- error: cannot convert value of type 'UInt' to expected argument type 'Feature.Identifier.UIntId' (aka 'UInt64')
416 |         }
417 |         if let double = Double(text) {
Failed frontend command:
/usr/bin/swift-frontend -frontend -c -primary-file /host/spi-builder-workspace/Sources/GISToolsCSV/CSVCoder.swift /host/spi-builder-workspace/Sources/GISToolsCSV/CSVColumnMapping.swift /host/spi-builder-workspace/Sources/GISToolsCSV/CSVError.swift /host/spi-builder-workspace/Sources/GISToolsCSV/CSVReadOptions.swift /host/spi-builder-workspace/Sources/GISToolsCSV/CSVReader.swift /host/spi-builder-workspace/Sources/GISToolsCSV/CSVWriteOptions.swift /host/spi-builder-workspace/Sources/GISToolsCSV/FeatureCollection+CSV.swift -emit-dependencies-path /host/spi-builder-workspace/.build/out/Intermediates.noindex/gis-tools-csv.build/Debug-webassembly-wasm32/GISToolsCSV-t.build/Objects-normal/wasm32/CSVCoder.d -emit-const-values-path /host/spi-builder-workspace/.build/out/Intermediates.noindex/gis-tools-csv.build/Debug-webassembly-wasm32/GISToolsCSV-t.build/Objects-normal/wasm32/CSVCoder.swiftconstvalues -emit-reference-dependencies-path /host/spi-builder-workspace/.build/out/Intermediates.noindex/gis-tools-csv.build/Debug-webassembly-wasm32/GISToolsCSV-t.build/Objects-normal/wasm32/CSVCoder.swiftdeps -serialize-diagnostics-path /host/spi-builder-workspace/.build/out/Intermediates.noindex/gis-tools-csv.build/Debug-webassembly-wasm32/GISToolsCSV-t.build/Objects-normal/wasm32/CSVCoder.dia -target wasm32-unknown-wasip1 -disable-objc-interop -sdk /root/.swiftpm/swift-sdks/swift-6.4.x-DEVELOPMENT-SNAPSHOT-2026-09-04-a_wasm.artifactbundle/swift-6.4.x-DEVELOPMENT-SNAPSHOT-2026-09-04-a_wasm/wasm32-unknown-wasip1/WASI.sdk -sysroot /root/.swiftpm/swift-sdks/swift-6.4.x-DEVELOPMENT-SNAPSHOT-2026-09-04-a_wasm.artifactbundle/swift-6.4.x-DEVELOPMENT-SNAPSHOT-2026-09-04-a_wasm/wasm32-unknown-wasip1/WASI.sdk -I /host/spi-builder-workspace/.build/out/Products/Debug-webassembly-wasm32 -module-cache-path /host/spi-builder-workspace/.build/out/ModuleCache.noindex -color-diagnostics -Xcc -fcolor-diagnostics -enable-testing -g -debug-info-format\=dwarf -dwarf-version\=4 -swift-version 6 -Onone -D SWIFT_PACKAGE -D DEBUG -D SWIFT_MODULE_RESOURCE_BUNDLE_UNAVAILABLE -D Xcode -serialize-debugging-options -enable-experimental-feature DebugDescriptionMacro -empty-abi-descriptor -external-plugin-path /usr/lib/swift/host/plugins/testing\#/usr/bin/swift-plugin-server -validate-clang-modules-once -clang-build-session-file /host/spi-builder-workspace/.build/out/ModuleCache.noindex/Session.modulevalidation -Xcc -working-directory -Xcc /host -resource-dir /root/.swiftpm/swift-sdks/swift-6.4.x-DEVELOPMENT-SNAPSHOT-2026-09-04-a_wasm.artifactbundle/swift-6.4.x-DEVELOPMENT-SNAPSHOT-2026-09-04-a_wasm/wasm32-unknown-wasip1/swift.xctoolchain/usr/lib/swift_static -use-static-resource-dir -enable-anonymous-context-mangled-names -file-compilation-dir /host -Xcc -resource-dir -Xcc /root/.swiftpm/swift-sdks/swift-6.4.x-DEVELOPMENT-SNAPSHOT-2026-09-04-a_wasm.artifactbundle/swift-6.4.x-DEVELOPMENT-SNAPSHOT-2026-09-04-a_wasm/wasm32-unknown-wasip1/swift.xctoolchain/usr/lib/swift_static/clang -Xcc -D_LIBCPP_HARDENING_MODE\=_LIBCPP_HARDENING_MODE_DEBUG -Xcc -fmodules-prune-interval\=86400 -Xcc -fmodules-prune-after\=345600 -Xcc -I/host/spi-builder-workspace/.build/out/Products/Debug-webassembly-wasm32/include -Xcc -I/host/spi-builder-workspace/.build/out/Intermediates.noindex/gis-tools-csv.build/Debug-webassembly-wasm32/GISToolsCSV-t.build/DerivedSources-normal/wasm32 -Xcc -I/host/spi-builder-workspace/.build/out/Intermediates.noindex/gis-tools-csv.build/Debug-webassembly-wasm32/GISToolsCSV-t.build/DerivedSources/wasm32 -Xcc -I/host/spi-builder-workspace/.build/out/Intermediates.noindex/gis-tools-csv.build/Debug-webassembly-wasm32/GISToolsCSV-t.build/DerivedSources -Xcc -DSWIFT_PACKAGE -Xcc -DDEBUG\=1 -no-auto-bridging-header-chaining -module-name GISToolsCSV -package-name spi_builder_workspace -const-gather-protocols-file /host/spi-builder-workspace/.build/out/Intermediates.noindex/gis-tools-csv.build/Debug-webassembly-wasm32/GISToolsCSV-t.build/Objects-normal/wasm32/GISToolsCSV_const_extract_protocols.json -in-process-plugin-server-path /usr/lib/swift/host/libSwiftInProcPluginServer.so -plugin-path /usr/lib/swift/host/plugins -plugin-path /usr/local/lib/swift/host/plugins -parse-as-library -o /host/spi-builder-workspace/.build/out/Intermediates.noindex/gis-tools-csv.build/Debug-webassembly-wasm32/GISToolsCSV-t.build/Objects-normal/wasm32/CSVCoder.o -index-unit-output-path /gis-tools-csv.build/Debug-webassembly-wasm32/GISToolsCSV-t.build/Objects-normal/wasm32/CSVCoder.o -index-store-path /host/spi-builder-workspace/.build/out -index-system-modules
error: Build failed
BUILD FAILURE 6.4 wasm