Build Information
Failed to build SwiftMiscUtility, reference main (1a68b8), with Swift 6.4 for watchOS using Xcode 27.0 on 18 Sep 2026 05:26:41 UTC.
Build Command
env DEVELOPER_DIR=/Applications/Xcode-27.0.0-Release.Candidate.app xcrun xcodebuild -IDEClonedSourcePackagesDirPathOverride=$PWD/.dependencies -skipMacroValidation -skipPackagePluginValidation -derivedDataPath $PWD/.derivedData build -scheme SwiftMiscUtility -destination generic/platform=watchOSBuild Log
========================================
RunAll
========================================
Builder version: 5.1.0
Interrupt handler set up.
========================================
Checkout
========================================
Clone URL: https://github.com/erica/Swift-Misc-Utility.git
Reference: main
Initialized empty Git repository in /Users/admin/builder/spi-builder-workspace/.git/
From https://github.com/erica/Swift-Misc-Utility
* branch main -> FETCH_HEAD
* [new branch] main -> origin/main
HEAD is now at 1a68b87 Initial commit
Cloned https://github.com/erica/Swift-Misc-Utility.git
Revision (git rev-parse @):
1a68b879157e933d07c9fb80bafa0af8f71db274
SUCCESS checkout https://github.com/erica/Swift-Misc-Utility.git at main
========================================
Build
========================================
Selected platform: watchOS
Swift version: 6.4
Building package at path: $PWD
https://github.com/erica/Swift-Misc-Utility.git
Command line invocation:
/Applications/Xcode-27.0.0-Release.Candidate.app/Contents/Developer/usr/bin/xcodebuild -IDEClonedSourcePackagesDirPathOverride=/Users/admin/builder/spi-builder-workspace/.dependencies -resolvePackageDependencies
Resolve Package Graph
Fetching from https://github.com/erica/Swift-General-Utility
Creating working copy of package ‘Swift-General-Utility’
Checking out 0.0.8 of package ‘Swift-General-Utility’
Resolve Package Graph
Resolved source packages:
Swift-General-Utility: https://github.com/erica/Swift-General-Utility @ 0.0.8
SwiftMiscUtility: /Users/admin/builder/spi-builder-workspace
resolved source packages: Swift-General-Utility, SwiftMiscUtility
2026-09-18 01:25:49.359 xcodebuild[529:3046] [MT] IDERunDestination: Supported platforms for the buildables in the current scheme is empty.
{
"dependencies" : [
{
"identity" : "swift-general-utility",
"requirement" : {
"range" : [
{
"lower_bound" : "0.0.8",
"upper_bound" : "1.0.0"
}
]
},
"type" : "sourceControl",
"url" : "https://github.com/erica/Swift-General-Utility"
}
],
"manifest_display_name" : "SwiftMiscUtility",
"name" : "SwiftMiscUtility",
"path" : "/Users/admin/builder/spi-builder-workspace",
"platforms" : [
{
"name" : "macos",
"version" : "10.12"
}
],
"products" : [
{
"name" : "SwiftMiscUtility",
"targets" : [
"SwiftMiscUtility"
],
"type" : {
"library" : [
"automatic"
]
}
}
],
"swift_languages_versions" : [
"5"
],
"targets" : [
{
"c99name" : "SwiftMiscUtility",
"module_type" : "SwiftTarget",
"name" : "SwiftMiscUtility",
"path" : "Sources",
"product_dependencies" : [
"GeneralUtility"
],
"product_memberships" : [
"SwiftMiscUtility"
],
"sources" : [
"SwiftMiscUtility/Applicative.swift",
"SwiftMiscUtility/Collection+Utility.swift",
"SwiftMiscUtility/Exponentiation.swift",
"SwiftMiscUtility/Result+Utility.swift",
"SwiftMiscUtility/Rounding.swift",
"SwiftMiscUtility/RuntimeError.swift",
"SwiftMiscUtility/String+Utility.swift",
"SwiftMiscUtility/SynchronousData.swift",
"SwiftMiscUtility/Utility+SideEffect.swift"
],
"type" : "library"
}
],
"tools_version" : "5.3"
}
{
"workspace" : {
"name" : "SwiftMiscUtility",
"schemes" : [
"SwiftMiscUtility"
]
}
}
2026-09-18 01:26:30.805 xcodebuild[684:4323] [MT] IDERunDestination: Supported platforms for the buildables in the current scheme is empty.
Running build ...
env DEVELOPER_DIR=/Applications/Xcode-27.0.0-Release.Candidate.app xcrun xcodebuild -IDEClonedSourcePackagesDirPathOverride=$PWD/.dependencies -skipMacroValidation -skipPackagePluginValidation -derivedDataPath $PWD/.derivedData build -scheme SwiftMiscUtility -destination generic/platform=watchOS
Command line invocation:
/Applications/Xcode-27.0.0-Release.Candidate.app/Contents/Developer/usr/bin/xcodebuild -IDEClonedSourcePackagesDirPathOverride=/Users/admin/builder/spi-builder-workspace/.dependencies -skipMacroValidation -skipPackagePluginValidation -derivedDataPath /Users/admin/builder/spi-builder-workspace/.derivedData build -scheme SwiftMiscUtility -destination generic/platform=watchOS
Resolve Package Graph
Resolve Package Graph
Resolved source packages:
SwiftMiscUtility: /Users/admin/builder/spi-builder-workspace
Swift-General-Utility: https://github.com/erica/Swift-General-Utility @ 0.0.8
ComputePackagePrebuildTargetDependencyGraph
Prepare packages
CreateBuildRequest
SendProjectDescription
CreateBuildOperation
ComputeTargetDependencyGraph
note: Building targets in dependency order
note: Target dependency graph (4 targets)
Target 'SwiftMiscUtility-product' in project 'SwiftMiscUtility'
➜ Explicit dependency on target 'SwiftMiscUtility' in project 'SwiftMiscUtility'
➜ Explicit dependency on target 'GeneralUtility-product' in project 'Swift-General-Utility'
Target 'SwiftMiscUtility' in project 'SwiftMiscUtility'
➜ Explicit dependency on target 'GeneralUtility-product' in project 'Swift-General-Utility'
Target 'GeneralUtility-product' in project 'Swift-General-Utility'
➜ Explicit dependency on target 'GeneralUtility' in project 'Swift-General-Utility'
Target 'GeneralUtility' in project 'Swift-General-Utility' (no dependencies)
GatherProvisioningInputs
CreateBuildDescription
ExecuteExternalTool /Applications/Xcode-27.0.0-Release.Candidate.app/Contents/Developer/Toolchains/XcodeDefault.xctoolchain/usr/bin/clang -v -E -dM -isysroot /Applications/Xcode-27.0.0-Release.Candidate.app/Contents/Developer/Platforms/WatchOS.platform/Developer/SDKs/WatchOS27.0.sdk -x c -c /dev/null
ExecuteExternalTool /Applications/Xcode-27.0.0-Release.Candidate.app/Contents/Developer/Toolchains/XcodeDefault.xctoolchain/usr/bin/swiftc --version
ExecuteExternalTool /Applications/Xcode-27.0.0-Release.Candidate.app/Contents/Developer/Toolchains/XcodeDefault.xctoolchain/usr/bin/ld -version_details
Build description signature: 5630687e29e7d169d9279792ce13b4a3
Build description path: /Users/admin/builder/spi-builder-workspace/.derivedData/Build/Intermediates.noindex/XCBuildData/5630687e29e7d169d9279792ce13b4a3.xcbuilddata
CreateBuildDirectory /Users/admin/builder/spi-builder-workspace/.derivedData/ModuleCache.noindex
cd /Users/admin/builder/spi-builder-workspace/.swiftpm/xcode
builtin-create-build-directory /Users/admin/builder/spi-builder-workspace/.derivedData/ModuleCache.noindex
CreateBuildDirectory /Users/admin/builder/spi-builder-workspace/.derivedData/SDKExplicitPrecompiledModules
cd /Users/admin/builder/spi-builder-workspace/.swiftpm/xcode
builtin-create-build-directory /Users/admin/builder/spi-builder-workspace/.derivedData/SDKExplicitPrecompiledModules
CreateBuildDirectory /Users/admin/builder/spi-builder-workspace/.derivedData/CompilationCache.noindex
cd /Users/admin/builder/spi-builder-workspace/.swiftpm/xcode
builtin-create-build-directory /Users/admin/builder/spi-builder-workspace/.derivedData/CompilationCache.noindex
CreateBuildDirectory /Users/admin/builder/spi-builder-workspace/.derivedData/Build/Intermediates.noindex
cd /Users/admin/builder/spi-builder-workspace/.swiftpm/xcode
builtin-create-build-directory /Users/admin/builder/spi-builder-workspace/.derivedData/Build/Intermediates.noindex
CreateBuildDirectory /Users/admin/builder/spi-builder-workspace/.derivedData/Build/Products
cd /Users/admin/builder/spi-builder-workspace/.swiftpm/xcode
builtin-create-build-directory /Users/admin/builder/spi-builder-workspace/.derivedData/Build/Products
ClangStatCache /Applications/Xcode-27.0.0-Release.Candidate.app/Contents/Developer/Toolchains/XcodeDefault.xctoolchain/usr/bin/clang-stat-cache /Applications/Xcode-27.0.0-Release.Candidate.app/Contents/Developer/Platforms/WatchOS.platform/Developer/SDKs/WatchOS27.0.sdk /Users/admin/builder/spi-builder-workspace/.derivedData/SDKStatCaches.noindex/watchos27.0-24R360-e829b21a6f8c9b70876ba0858053c04477534ef55a1706bf4c1112bbb242f0a2.sdkstatcache
cd /Users/admin/builder/spi-builder-workspace/.swiftpm/xcode
/Applications/Xcode-27.0.0-Release.Candidate.app/Contents/Developer/Toolchains/XcodeDefault.xctoolchain/usr/bin/clang-stat-cache /Applications/Xcode-27.0.0-Release.Candidate.app/Contents/Developer/Platforms/WatchOS.platform/Developer/SDKs/WatchOS27.0.sdk -o /Users/admin/builder/spi-builder-workspace/.derivedData/SDKStatCaches.noindex/watchos27.0-24R360-e829b21a6f8c9b70876ba0858053c04477534ef55a1706bf4c1112bbb242f0a2.sdkstatcache
CreateBuildDirectory /Users/admin/builder/spi-builder-workspace/.derivedData/Build/Intermediates.noindex/SwiftExplicitPrecompiledModules
cd /Users/admin/builder/spi-builder-workspace/.swiftpm/xcode
builtin-create-build-directory /Users/admin/builder/spi-builder-workspace/.derivedData/Build/Intermediates.noindex/SwiftExplicitPrecompiledModules
CreateBuildDirectory /Users/admin/builder/spi-builder-workspace/.derivedData/Build/Intermediates.noindex/PrecompiledHeaders
cd /Users/admin/builder/spi-builder-workspace/.swiftpm/xcode
builtin-create-build-directory /Users/admin/builder/spi-builder-workspace/.derivedData/Build/Intermediates.noindex/PrecompiledHeaders
CreateBuildDirectory /Users/admin/builder/spi-builder-workspace/.derivedData/Build/Intermediates.noindex/ExplicitPrecompiledModules
cd /Users/admin/builder/spi-builder-workspace/.swiftpm/xcode
builtin-create-build-directory /Users/admin/builder/spi-builder-workspace/.derivedData/Build/Intermediates.noindex/ExplicitPrecompiledModules
CreateBuildDirectory /Users/admin/builder/spi-builder-workspace/.derivedData/Build/Intermediates.noindex/EagerLinkingTBDs/Debug-watchos
cd /Users/admin/builder/spi-builder-workspace/.swiftpm/xcode
builtin-create-build-directory /Users/admin/builder/spi-builder-workspace/.derivedData/Build/Intermediates.noindex/EagerLinkingTBDs/Debug-watchos
CreateBuildDirectory /Users/admin/builder/spi-builder-workspace/.derivedData/Build/Products/Debug-watchos
cd /Users/admin/builder/spi-builder-workspace/.swiftpm/xcode
builtin-create-build-directory /Users/admin/builder/spi-builder-workspace/.derivedData/Build/Products/Debug-watchos
CreateBuildDirectory /Users/admin/builder/spi-builder-workspace/.derivedData/Build/Products/Debug-watchos/PackageFrameworks
cd /Users/admin/builder/spi-builder-workspace/.swiftpm/xcode
builtin-create-build-directory /Users/admin/builder/spi-builder-workspace/.derivedData/Build/Products/Debug-watchos/PackageFrameworks
WriteAuxiliaryFile /Users/admin/builder/spi-builder-workspace/.derivedData/Build/Intermediates.noindex/SwiftMiscUtility.build/Debug-watchos/SwiftMiscUtility-t.build/SwiftMiscUtility.modulemap (in target 'SwiftMiscUtility' from project 'SwiftMiscUtility')
cd /Users/admin/builder/spi-builder-workspace
write-file /Users/admin/builder/spi-builder-workspace/.derivedData/Build/Intermediates.noindex/SwiftMiscUtility.build/Debug-watchos/SwiftMiscUtility-t.build/SwiftMiscUtility.modulemap
WriteAuxiliaryFile /Users/admin/builder/spi-builder-workspace/.derivedData/Build/Intermediates.noindex/SwiftMiscUtility.build/Debug-watchos/SwiftMiscUtility-t.build/SwiftMiscUtility.DependencyStaticMetadataFileList (in target 'SwiftMiscUtility' from project 'SwiftMiscUtility')
cd /Users/admin/builder/spi-builder-workspace
write-file /Users/admin/builder/spi-builder-workspace/.derivedData/Build/Intermediates.noindex/SwiftMiscUtility.build/Debug-watchos/SwiftMiscUtility-t.build/SwiftMiscUtility.DependencyStaticMetadataFileList
WriteAuxiliaryFile /Users/admin/builder/spi-builder-workspace/.derivedData/Build/Intermediates.noindex/SwiftMiscUtility.build/Debug-watchos/SwiftMiscUtility-t.build/SwiftMiscUtility.DependencyMetadataFileList (in target 'SwiftMiscUtility' from project 'SwiftMiscUtility')
cd /Users/admin/builder/spi-builder-workspace
write-file /Users/admin/builder/spi-builder-workspace/.derivedData/Build/Intermediates.noindex/SwiftMiscUtility.build/Debug-watchos/SwiftMiscUtility-t.build/SwiftMiscUtility.DependencyMetadataFileList
WriteAuxiliaryFile /Users/admin/builder/spi-builder-workspace/.derivedData/Build/Intermediates.noindex/SwiftMiscUtility.build/Debug-watchos/SwiftMiscUtility-t.build/Objects-normal/arm64_32/SwiftMiscUtility.SwiftFileList (in target 'SwiftMiscUtility' from project 'SwiftMiscUtility')
cd /Users/admin/builder/spi-builder-workspace
write-file /Users/admin/builder/spi-builder-workspace/.derivedData/Build/Intermediates.noindex/SwiftMiscUtility.build/Debug-watchos/SwiftMiscUtility-t.build/Objects-normal/arm64_32/SwiftMiscUtility.SwiftFileList
WriteAuxiliaryFile /Users/admin/builder/spi-builder-workspace/.derivedData/Build/Intermediates.noindex/SwiftMiscUtility.build/Debug-watchos/SwiftMiscUtility-t.build/Objects-normal/arm64_32/SwiftMiscUtility.SwiftConstValuesFileList (in target 'SwiftMiscUtility' from project 'SwiftMiscUtility')
cd /Users/admin/builder/spi-builder-workspace
write-file /Users/admin/builder/spi-builder-workspace/.derivedData/Build/Intermediates.noindex/SwiftMiscUtility.build/Debug-watchos/SwiftMiscUtility-t.build/Objects-normal/arm64_32/SwiftMiscUtility.SwiftConstValuesFileList
WriteAuxiliaryFile /Users/admin/builder/spi-builder-workspace/.derivedData/Build/Intermediates.noindex/SwiftMiscUtility.build/Debug-watchos/SwiftMiscUtility-t.build/Objects-normal/arm64_32/SwiftMiscUtility.LinkFileList (in target 'SwiftMiscUtility' from project 'SwiftMiscUtility')
cd /Users/admin/builder/spi-builder-workspace
write-file /Users/admin/builder/spi-builder-workspace/.derivedData/Build/Intermediates.noindex/SwiftMiscUtility.build/Debug-watchos/SwiftMiscUtility-t.build/Objects-normal/arm64_32/SwiftMiscUtility.LinkFileList
WriteAuxiliaryFile /Users/admin/builder/spi-builder-workspace/.derivedData/Build/Intermediates.noindex/SwiftMiscUtility.build/Debug-watchos/SwiftMiscUtility-t.build/Objects-normal/arm64_32/SwiftMiscUtility_const_extract_protocols.json (in target 'SwiftMiscUtility' from project 'SwiftMiscUtility')
cd /Users/admin/builder/spi-builder-workspace
write-file /Users/admin/builder/spi-builder-workspace/.derivedData/Build/Intermediates.noindex/SwiftMiscUtility.build/Debug-watchos/SwiftMiscUtility-t.build/Objects-normal/arm64_32/SwiftMiscUtility_const_extract_protocols.json
WriteAuxiliaryFile /Users/admin/builder/spi-builder-workspace/.derivedData/Build/Intermediates.noindex/SwiftMiscUtility.build/Debug-watchos/SwiftMiscUtility-t.build/Objects-normal/arm64_32/SwiftMiscUtility-OutputFileMap.json (in target 'SwiftMiscUtility' from project 'SwiftMiscUtility')
cd /Users/admin/builder/spi-builder-workspace
write-file /Users/admin/builder/spi-builder-workspace/.derivedData/Build/Intermediates.noindex/SwiftMiscUtility.build/Debug-watchos/SwiftMiscUtility-t.build/Objects-normal/arm64_32/SwiftMiscUtility-OutputFileMap.json
WriteAuxiliaryFile /Users/admin/builder/spi-builder-workspace/.derivedData/Build/Intermediates.noindex/SwiftMiscUtility.build/Debug-watchos/SwiftMiscUtility-t.build/Objects-normal/arm64/SwiftMiscUtility_const_extract_protocols.json (in target 'SwiftMiscUtility' from project 'SwiftMiscUtility')
cd /Users/admin/builder/spi-builder-workspace
write-file /Users/admin/builder/spi-builder-workspace/.derivedData/Build/Intermediates.noindex/SwiftMiscUtility.build/Debug-watchos/SwiftMiscUtility-t.build/Objects-normal/arm64/SwiftMiscUtility_const_extract_protocols.json
WriteAuxiliaryFile /Users/admin/builder/spi-builder-workspace/.derivedData/Build/Intermediates.noindex/SwiftMiscUtility.build/Debug-watchos/SwiftMiscUtility-t.build/Objects-normal/arm64/SwiftMiscUtility.SwiftFileList (in target 'SwiftMiscUtility' from project 'SwiftMiscUtility')
cd /Users/admin/builder/spi-builder-workspace
write-file /Users/admin/builder/spi-builder-workspace/.derivedData/Build/Intermediates.noindex/SwiftMiscUtility.build/Debug-watchos/SwiftMiscUtility-t.build/Objects-normal/arm64/SwiftMiscUtility.SwiftFileList
WriteAuxiliaryFile /Users/admin/builder/spi-builder-workspace/.derivedData/Build/Intermediates.noindex/SwiftMiscUtility.build/Debug-watchos/SwiftMiscUtility-t.build/Objects-normal/arm64/SwiftMiscUtility.LinkFileList (in target 'SwiftMiscUtility' from project 'SwiftMiscUtility')
cd /Users/admin/builder/spi-builder-workspace
write-file /Users/admin/builder/spi-builder-workspace/.derivedData/Build/Intermediates.noindex/SwiftMiscUtility.build/Debug-watchos/SwiftMiscUtility-t.build/Objects-normal/arm64/SwiftMiscUtility.LinkFileList
WriteAuxiliaryFile /Users/admin/builder/spi-builder-workspace/.derivedData/Build/Intermediates.noindex/SwiftMiscUtility.build/Debug-watchos/SwiftMiscUtility-t.build/Objects-normal/arm64/SwiftMiscUtility.SwiftConstValuesFileList (in target 'SwiftMiscUtility' from project 'SwiftMiscUtility')
cd /Users/admin/builder/spi-builder-workspace
write-file /Users/admin/builder/spi-builder-workspace/.derivedData/Build/Intermediates.noindex/SwiftMiscUtility.build/Debug-watchos/SwiftMiscUtility-t.build/Objects-normal/arm64/SwiftMiscUtility.SwiftConstValuesFileList
WriteAuxiliaryFile /Users/admin/builder/spi-builder-workspace/.derivedData/Build/Intermediates.noindex/SwiftMiscUtility.build/Debug-watchos/SwiftMiscUtility-t.build/Objects-normal/arm64/SwiftMiscUtility-OutputFileMap.json (in target 'SwiftMiscUtility' from project 'SwiftMiscUtility')
cd /Users/admin/builder/spi-builder-workspace
write-file /Users/admin/builder/spi-builder-workspace/.derivedData/Build/Intermediates.noindex/SwiftMiscUtility.build/Debug-watchos/SwiftMiscUtility-t.build/Objects-normal/arm64/SwiftMiscUtility-OutputFileMap.json
Copy /Users/admin/builder/spi-builder-workspace/.derivedData/Build/Intermediates.noindex/GeneratedModuleMaps-watchos/SwiftMiscUtility.modulemap /Users/admin/builder/spi-builder-workspace/.derivedData/Build/Intermediates.noindex/SwiftMiscUtility.build/Debug-watchos/SwiftMiscUtility-t.build/SwiftMiscUtility.modulemap (in target 'SwiftMiscUtility' from project 'SwiftMiscUtility')
cd /Users/admin/builder/spi-builder-workspace
builtin-copy -exclude .DS_Store -exclude CVS -exclude .svn -exclude .git -exclude .hg -resolve-src-symlinks /Users/admin/builder/spi-builder-workspace/.derivedData/Build/Intermediates.noindex/SwiftMiscUtility.build/Debug-watchos/SwiftMiscUtility-t.build/SwiftMiscUtility.modulemap /Users/admin/builder/spi-builder-workspace/.derivedData/Build/Intermediates.noindex/GeneratedModuleMaps-watchos
WriteAuxiliaryFile /Users/admin/builder/spi-builder-workspace/.derivedData/Build/Intermediates.noindex/Swift-General-Utility.build/Debug-watchos/GeneralUtility-t.build/Objects-normal/arm64_32/GeneralUtility.LinkFileList (in target 'GeneralUtility' from project 'Swift-General-Utility')
cd /Users/admin/builder/spi-builder-workspace/.dependencies/checkouts/Swift-General-Utility
write-file /Users/admin/builder/spi-builder-workspace/.derivedData/Build/Intermediates.noindex/Swift-General-Utility.build/Debug-watchos/GeneralUtility-t.build/Objects-normal/arm64_32/GeneralUtility.LinkFileList
WriteAuxiliaryFile /Users/admin/builder/spi-builder-workspace/.derivedData/Build/Intermediates.noindex/Swift-General-Utility.build/Debug-watchos/GeneralUtility-t.build/Objects-normal/arm64_32/GeneralUtility-OutputFileMap.json (in target 'GeneralUtility' from project 'Swift-General-Utility')
cd /Users/admin/builder/spi-builder-workspace/.dependencies/checkouts/Swift-General-Utility
write-file /Users/admin/builder/spi-builder-workspace/.derivedData/Build/Intermediates.noindex/Swift-General-Utility.build/Debug-watchos/GeneralUtility-t.build/Objects-normal/arm64_32/GeneralUtility-OutputFileMap.json
WriteAuxiliaryFile /Users/admin/builder/spi-builder-workspace/.derivedData/Build/Intermediates.noindex/Swift-General-Utility.build/Debug-watchos/GeneralUtility-t.build/Objects-normal/arm64_32/GeneralUtility.SwiftFileList (in target 'GeneralUtility' from project 'Swift-General-Utility')
cd /Users/admin/builder/spi-builder-workspace/.dependencies/checkouts/Swift-General-Utility
write-file /Users/admin/builder/spi-builder-workspace/.derivedData/Build/Intermediates.noindex/Swift-General-Utility.build/Debug-watchos/GeneralUtility-t.build/Objects-normal/arm64_32/GeneralUtility.SwiftFileList
WriteAuxiliaryFile /Users/admin/builder/spi-builder-workspace/.derivedData/Build/Intermediates.noindex/Swift-General-Utility.build/Debug-watchos/GeneralUtility-t.build/Objects-normal/arm64_32/GeneralUtility.SwiftConstValuesFileList (in target 'GeneralUtility' from project 'Swift-General-Utility')
cd /Users/admin/builder/spi-builder-workspace/.dependencies/checkouts/Swift-General-Utility
write-file /Users/admin/builder/spi-builder-workspace/.derivedData/Build/Intermediates.noindex/Swift-General-Utility.build/Debug-watchos/GeneralUtility-t.build/Objects-normal/arm64_32/GeneralUtility.SwiftConstValuesFileList
WriteAuxiliaryFile /Users/admin/builder/spi-builder-workspace/.derivedData/Build/Intermediates.noindex/Swift-General-Utility.build/Debug-watchos/GeneralUtility-t.build/Objects-normal/arm64_32/GeneralUtility_const_extract_protocols.json (in target 'GeneralUtility' from project 'Swift-General-Utility')
cd /Users/admin/builder/spi-builder-workspace/.dependencies/checkouts/Swift-General-Utility
write-file /Users/admin/builder/spi-builder-workspace/.derivedData/Build/Intermediates.noindex/Swift-General-Utility.build/Debug-watchos/GeneralUtility-t.build/Objects-normal/arm64_32/GeneralUtility_const_extract_protocols.json
WriteAuxiliaryFile /Users/admin/builder/spi-builder-workspace/.derivedData/Build/Intermediates.noindex/Swift-General-Utility.build/Debug-watchos/GeneralUtility-t.build/Objects-normal/arm64/GeneralUtility_const_extract_protocols.json (in target 'GeneralUtility' from project 'Swift-General-Utility')
cd /Users/admin/builder/spi-builder-workspace/.dependencies/checkouts/Swift-General-Utility
write-file /Users/admin/builder/spi-builder-workspace/.derivedData/Build/Intermediates.noindex/Swift-General-Utility.build/Debug-watchos/GeneralUtility-t.build/Objects-normal/arm64/GeneralUtility_const_extract_protocols.json
WriteAuxiliaryFile /Users/admin/builder/spi-builder-workspace/.derivedData/Build/Intermediates.noindex/Swift-General-Utility.build/Debug-watchos/GeneralUtility-t.build/Objects-normal/arm64/GeneralUtility.SwiftFileList (in target 'GeneralUtility' from project 'Swift-General-Utility')
cd /Users/admin/builder/spi-builder-workspace/.dependencies/checkouts/Swift-General-Utility
write-file /Users/admin/builder/spi-builder-workspace/.derivedData/Build/Intermediates.noindex/Swift-General-Utility.build/Debug-watchos/GeneralUtility-t.build/Objects-normal/arm64/GeneralUtility.SwiftFileList
WriteAuxiliaryFile /Users/admin/builder/spi-builder-workspace/.derivedData/Build/Intermediates.noindex/Swift-General-Utility.build/Debug-watchos/GeneralUtility-t.build/Objects-normal/arm64/GeneralUtility.SwiftConstValuesFileList (in target 'GeneralUtility' from project 'Swift-General-Utility')
cd /Users/admin/builder/spi-builder-workspace/.dependencies/checkouts/Swift-General-Utility
write-file /Users/admin/builder/spi-builder-workspace/.derivedData/Build/Intermediates.noindex/Swift-General-Utility.build/Debug-watchos/GeneralUtility-t.build/Objects-normal/arm64/GeneralUtility.SwiftConstValuesFileList
WriteAuxiliaryFile /Users/admin/builder/spi-builder-workspace/.derivedData/Build/Intermediates.noindex/Swift-General-Utility.build/Debug-watchos/GeneralUtility-t.build/Objects-normal/arm64/GeneralUtility.LinkFileList (in target 'GeneralUtility' from project 'Swift-General-Utility')
cd /Users/admin/builder/spi-builder-workspace/.dependencies/checkouts/Swift-General-Utility
write-file /Users/admin/builder/spi-builder-workspace/.derivedData/Build/Intermediates.noindex/Swift-General-Utility.build/Debug-watchos/GeneralUtility-t.build/Objects-normal/arm64/GeneralUtility.LinkFileList
WriteAuxiliaryFile /Users/admin/builder/spi-builder-workspace/.derivedData/Build/Intermediates.noindex/Swift-General-Utility.build/Debug-watchos/GeneralUtility-t.build/Objects-normal/arm64/GeneralUtility-OutputFileMap.json (in target 'GeneralUtility' from project 'Swift-General-Utility')
cd /Users/admin/builder/spi-builder-workspace/.dependencies/checkouts/Swift-General-Utility
write-file /Users/admin/builder/spi-builder-workspace/.derivedData/Build/Intermediates.noindex/Swift-General-Utility.build/Debug-watchos/GeneralUtility-t.build/Objects-normal/arm64/GeneralUtility-OutputFileMap.json
WriteAuxiliaryFile /Users/admin/builder/spi-builder-workspace/.derivedData/Build/Intermediates.noindex/Swift-General-Utility.build/Debug-watchos/GeneralUtility-t.build/GeneralUtility.modulemap (in target 'GeneralUtility' from project 'Swift-General-Utility')
cd /Users/admin/builder/spi-builder-workspace/.dependencies/checkouts/Swift-General-Utility
write-file /Users/admin/builder/spi-builder-workspace/.derivedData/Build/Intermediates.noindex/Swift-General-Utility.build/Debug-watchos/GeneralUtility-t.build/GeneralUtility.modulemap
WriteAuxiliaryFile /Users/admin/builder/spi-builder-workspace/.derivedData/Build/Intermediates.noindex/Swift-General-Utility.build/Debug-watchos/GeneralUtility-t.build/GeneralUtility.DependencyStaticMetadataFileList (in target 'GeneralUtility' from project 'Swift-General-Utility')
cd /Users/admin/builder/spi-builder-workspace/.dependencies/checkouts/Swift-General-Utility
write-file /Users/admin/builder/spi-builder-workspace/.derivedData/Build/Intermediates.noindex/Swift-General-Utility.build/Debug-watchos/GeneralUtility-t.build/GeneralUtility.DependencyStaticMetadataFileList
WriteAuxiliaryFile /Users/admin/builder/spi-builder-workspace/.derivedData/Build/Intermediates.noindex/Swift-General-Utility.build/Debug-watchos/GeneralUtility-t.build/GeneralUtility.DependencyMetadataFileList (in target 'GeneralUtility' from project 'Swift-General-Utility')
cd /Users/admin/builder/spi-builder-workspace/.dependencies/checkouts/Swift-General-Utility
write-file /Users/admin/builder/spi-builder-workspace/.derivedData/Build/Intermediates.noindex/Swift-General-Utility.build/Debug-watchos/GeneralUtility-t.build/GeneralUtility.DependencyMetadataFileList
Copy /Users/admin/builder/spi-builder-workspace/.derivedData/Build/Intermediates.noindex/GeneratedModuleMaps-watchos/GeneralUtility.modulemap /Users/admin/builder/spi-builder-workspace/.derivedData/Build/Intermediates.noindex/Swift-General-Utility.build/Debug-watchos/GeneralUtility-t.build/GeneralUtility.modulemap (in target 'GeneralUtility' from project 'Swift-General-Utility')
cd /Users/admin/builder/spi-builder-workspace/.dependencies/checkouts/Swift-General-Utility
builtin-copy -exclude .DS_Store -exclude CVS -exclude .svn -exclude .git -exclude .hg -resolve-src-symlinks /Users/admin/builder/spi-builder-workspace/.derivedData/Build/Intermediates.noindex/Swift-General-Utility.build/Debug-watchos/GeneralUtility-t.build/GeneralUtility.modulemap /Users/admin/builder/spi-builder-workspace/.derivedData/Build/Intermediates.noindex/GeneratedModuleMaps-watchos
SwiftDriver GeneralUtility normal arm64 com.apple.xcode.tools.swift.compiler (in target 'GeneralUtility' from project 'Swift-General-Utility')
cd /Users/admin/builder/spi-builder-workspace/.swiftpm/xcode
builtin-SwiftDriver -- /Applications/Xcode-27.0.0-Release.Candidate.app/Contents/Developer/Toolchains/XcodeDefault.xctoolchain/usr/bin/swiftc -parse-as-library -module-name GeneralUtility -Onone @/Users/admin/builder/spi-builder-workspace/.derivedData/Build/Intermediates.noindex/Swift-General-Utility.build/Debug-watchos/GeneralUtility-t.build/Objects-normal/arm64/GeneralUtility.SwiftFileList -DSWIFT_PACKAGE -DDEBUG -DSWIFT_MODULE_RESOURCE_BUNDLE_UNAVAILABLE -DXcode -plugin-path /Applications/Xcode-27.0.0-Release.Candidate.app/Contents/Developer/Toolchains/XcodeDefault.xctoolchain/usr/lib/swift/host/plugins/testing -enable-experimental-feature DebugDescriptionMacro -sdk /Applications/Xcode-27.0.0-Release.Candidate.app/Contents/Developer/Platforms/WatchOS.platform/Developer/SDKs/WatchOS27.0.sdk -target arm64-apple-watchos9.0 -g -module-cache-path /Users/admin/builder/spi-builder-workspace/.derivedData/ModuleCache.noindex -Xfrontend -serialize-debugging-options -enable-testing -suppress-warnings -index-store-path /Users/admin/builder/spi-builder-workspace/.derivedData/Index.noindex/DataStore -Xcc -D_LIBCPP_HARDENING_MODE\=_LIBCPP_HARDENING_MODE_DEBUG -swift-version 5 -I /Users/admin/builder/spi-builder-workspace/.derivedData/Build/Products/Debug-watchos -Isystem /Applications/Xcode-27.0.0-Release.Candidate.app/Contents/Developer/Platforms/WatchOS.platform/Developer/usr/lib -F /Users/admin/builder/spi-builder-workspace/.derivedData/Build/Products/Debug-watchos -F /Applications/Xcode-27.0.0-Release.Candidate.app/Contents/Developer/Platforms/WatchOS.platform/Developer/Library/Frameworks -F /Applications/Xcode-27.0.0-Release.Candidate.app/Contents/Developer/Platforms/WatchOS.platform/Developer/SDKs/WatchOS27.0.sdk/Developer/Library/Frameworks -c -j10 -enable-batch-mode -incremental -Xcc -ivfsstatcache -Xcc /Users/admin/builder/spi-builder-workspace/.derivedData/SDKStatCaches.noindex/watchos27.0-24R360-e829b21a6f8c9b70876ba0858053c04477534ef55a1706bf4c1112bbb242f0a2.sdkstatcache -output-file-map /Users/admin/builder/spi-builder-workspace/.derivedData/Build/Intermediates.noindex/Swift-General-Utility.build/Debug-watchos/GeneralUtility-t.build/Objects-normal/arm64/GeneralUtility-OutputFileMap.json -save-temps -no-color-diagnostics -explicit-module-build -module-cache-path /Users/admin/builder/spi-builder-workspace/.derivedData/Build/Intermediates.noindex/SwiftExplicitPrecompiledModules -clang-scanner-module-cache-path /Users/admin/builder/spi-builder-workspace/.derivedData/ModuleCache.noindex -sdk-module-cache-path /Users/admin/builder/spi-builder-workspace/.derivedData/SDKExplicitPrecompiledModules -emit-dependencies -emit-module -emit-module-path /Users/admin/builder/spi-builder-workspace/.derivedData/Build/Intermediates.noindex/Swift-General-Utility.build/Debug-watchos/GeneralUtility-t.build/Objects-normal/arm64/GeneralUtility.swiftmodule -serialize-diagnostics -dependency-scan-serialize-diagnostics-path /Users/admin/builder/spi-builder-workspace/.derivedData/Build/Intermediates.noindex/Swift-General-Utility.build/Debug-watchos/GeneralUtility-t.build/Objects-normal/arm64/GeneralUtility-dependency-scan.dia -validate-clang-modules-once -clang-build-session-file /Users/admin/builder/spi-builder-workspace/.derivedData/ModuleCache.noindex/Session.modulevalidation -Xcc -fmodules-prune-interval\=86400 -Xcc -fmodules-prune-after\=345600 -emit-const-values -const-gather-protocols-list /Users/admin/builder/spi-builder-workspace/.derivedData/Build/Intermediates.noindex/Swift-General-Utility.build/Debug-watchos/GeneralUtility-t.build/Objects-normal/arm64/GeneralUtility_const_extract_protocols.json -Xcc -I/Users/admin/builder/spi-builder-workspace/.derivedData/Build/Products/Debug-watchos/include -Xcc -I/Users/admin/builder/spi-builder-workspace/.derivedData/Build/Intermediates.noindex/Swift-General-Utility.build/Debug-watchos/GeneralUtility-t.build/DerivedSources-normal/arm64 -Xcc -I/Users/admin/builder/spi-builder-workspace/.derivedData/Build/Intermediates.noindex/Swift-General-Utility.build/Debug-watchos/GeneralUtility-t.build/DerivedSources/arm64 -Xcc -I/Users/admin/builder/spi-builder-workspace/.derivedData/Build/Intermediates.noindex/Swift-General-Utility.build/Debug-watchos/GeneralUtility-t.build/DerivedSources -Xcc -DSWIFT_PACKAGE -Xcc -DDEBUG\=1 -emit-objc-header -emit-objc-header-path /Users/admin/builder/spi-builder-workspace/.derivedData/Build/Intermediates.noindex/Swift-General-Utility.build/Debug-watchos/GeneralUtility-t.build/Objects-normal/arm64/GeneralUtility-Swift.h -working-directory /Users/admin/builder/spi-builder-workspace/.swiftpm/xcode -experimental-emit-module-separately -disable-cmo
SwiftDriver GeneralUtility normal arm64_32 com.apple.xcode.tools.swift.compiler (in target 'GeneralUtility' from project 'Swift-General-Utility')
cd /Users/admin/builder/spi-builder-workspace/.swiftpm/xcode
builtin-SwiftDriver -- /Applications/Xcode-27.0.0-Release.Candidate.app/Contents/Developer/Toolchains/XcodeDefault.xctoolchain/usr/bin/swiftc -parse-as-library -module-name GeneralUtility -Onone @/Users/admin/builder/spi-builder-workspace/.derivedData/Build/Intermediates.noindex/Swift-General-Utility.build/Debug-watchos/GeneralUtility-t.build/Objects-normal/arm64_32/GeneralUtility.SwiftFileList -DSWIFT_PACKAGE -DDEBUG -DSWIFT_MODULE_RESOURCE_BUNDLE_UNAVAILABLE -DXcode -plugin-path /Applications/Xcode-27.0.0-Release.Candidate.app/Contents/Developer/Toolchains/XcodeDefault.xctoolchain/usr/lib/swift/host/plugins/testing -enable-experimental-feature DebugDescriptionMacro -sdk /Applications/Xcode-27.0.0-Release.Candidate.app/Contents/Developer/Platforms/WatchOS.platform/Developer/SDKs/WatchOS27.0.sdk -target arm64_32-apple-watchos9.0 -g -module-cache-path /Users/admin/builder/spi-builder-workspace/.derivedData/ModuleCache.noindex -Xfrontend -serialize-debugging-options -enable-testing -suppress-warnings -index-store-path /Users/admin/builder/spi-builder-workspace/.derivedData/Index.noindex/DataStore -Xcc -D_LIBCPP_HARDENING_MODE\=_LIBCPP_HARDENING_MODE_DEBUG -swift-version 5 -I /Users/admin/builder/spi-builder-workspace/.derivedData/Build/Products/Debug-watchos -Isystem /Applications/Xcode-27.0.0-Release.Candidate.app/Contents/Developer/Platforms/WatchOS.platform/Developer/usr/lib -F /Users/admin/builder/spi-builder-workspace/.derivedData/Build/Products/Debug-watchos -F /Applications/Xcode-27.0.0-Release.Candidate.app/Contents/Developer/Platforms/WatchOS.platform/Developer/Library/Frameworks -F /Applications/Xcode-27.0.0-Release.Candidate.app/Contents/Developer/Platforms/WatchOS.platform/Developer/SDKs/WatchOS27.0.sdk/Developer/Library/Frameworks -c -j10 -enable-batch-mode -incremental -Xcc -ivfsstatcache -Xcc /Users/admin/builder/spi-builder-workspace/.derivedData/SDKStatCaches.noindex/watchos27.0-24R360-e829b21a6f8c9b70876ba0858053c04477534ef55a1706bf4c1112bbb242f0a2.sdkstatcache -output-file-map /Users/admin/builder/spi-builder-workspace/.derivedData/Build/Intermediates.noindex/Swift-General-Utility.build/Debug-watchos/GeneralUtility-t.build/Objects-normal/arm64_32/GeneralUtility-OutputFileMap.json -save-temps -no-color-diagnostics -explicit-module-build -module-cache-path /Users/admin/builder/spi-builder-workspace/.derivedData/Build/Intermediates.noindex/SwiftExplicitPrecompiledModules -clang-scanner-module-cache-path /Users/admin/builder/spi-builder-workspace/.derivedData/ModuleCache.noindex -sdk-module-cache-path /Users/admin/builder/spi-builder-workspace/.derivedData/SDKExplicitPrecompiledModules -emit-dependencies -emit-module -emit-module-path /Users/admin/builder/spi-builder-workspace/.derivedData/Build/Intermediates.noindex/Swift-General-Utility.build/Debug-watchos/GeneralUtility-t.build/Objects-normal/arm64_32/GeneralUtility.swiftmodule -serialize-diagnostics -dependency-scan-serialize-diagnostics-path /Users/admin/builder/spi-builder-workspace/.derivedData/Build/Intermediates.noindex/Swift-General-Utility.build/Debug-watchos/GeneralUtility-t.build/Objects-normal/arm64_32/GeneralUtility-dependency-scan.dia -validate-clang-modules-once -clang-build-session-file /Users/admin/builder/spi-builder-workspace/.derivedData/ModuleCache.noindex/Session.modulevalidation -Xcc -fmodules-prune-interval\=86400 -Xcc -fmodules-prune-after\=345600 -emit-const-values -const-gather-protocols-list /Users/admin/builder/spi-builder-workspace/.derivedData/Build/Intermediates.noindex/Swift-General-Utility.build/Debug-watchos/GeneralUtility-t.build/Objects-normal/arm64_32/GeneralUtility_const_extract_protocols.json -Xcc -I/Users/admin/builder/spi-builder-workspace/.derivedData/Build/Products/Debug-watchos/include -Xcc -I/Users/admin/builder/spi-builder-workspace/.derivedData/Build/Intermediates.noindex/Swift-General-Utility.build/Debug-watchos/GeneralUtility-t.build/DerivedSources-normal/arm64_32 -Xcc -I/Users/admin/builder/spi-builder-workspace/.derivedData/Build/Intermediates.noindex/Swift-General-Utility.build/Debug-watchos/GeneralUtility-t.build/DerivedSources/arm64_32 -Xcc -I/Users/admin/builder/spi-builder-workspace/.derivedData/Build/Intermediates.noindex/Swift-General-Utility.build/Debug-watchos/GeneralUtility-t.build/DerivedSources -Xcc -DSWIFT_PACKAGE -Xcc -DDEBUG\=1 -emit-objc-header -emit-objc-header-path /Users/admin/builder/spi-builder-workspace/.derivedData/Build/Intermediates.noindex/Swift-General-Utility.build/Debug-watchos/GeneralUtility-t.build/Objects-normal/arm64_32/GeneralUtility-Swift.h -working-directory /Users/admin/builder/spi-builder-workspace/.swiftpm/xcode -experimental-emit-module-separately -disable-cmo
SwiftExplicitDependencyGeneratePcm arm64_32 /Users/admin/builder/spi-builder-workspace/.derivedData/SDKExplicitPrecompiledModules/_Builtin_stddef-H44EFHQX6XSS5MZ7QP6YJZ76.pcm
SwiftExplicitDependencyGeneratePcm arm64_32 /Users/admin/builder/spi-builder-workspace/.derivedData/SDKExplicitPrecompiledModules/_SwiftConcurrencyShims-6RTBPQ03V7BM9SPRK8SUE055H.pcm
SwiftExplicitDependencyGeneratePcm arm64_32 /Users/admin/builder/spi-builder-workspace/.derivedData/SDKExplicitPrecompiledModules/ptrauth-BFXF358ME5AK535N5A9Z766WU.pcm
SwiftExplicitDependencyGeneratePcm arm64_32 /Users/admin/builder/spi-builder-workspace/.derivedData/SDKExplicitPrecompiledModules/SwiftShims-9CQQGWTSNTN9EB5NSHDWUJICH.pcm
SwiftExplicitDependencyGeneratePcm arm64_32 /Users/admin/builder/spi-builder-workspace/.derivedData/SDKExplicitPrecompiledModules/_Builtin_float-6KO8O3PEWRCA4WC6PPLOYO6WJ.pcm
SwiftExplicitDependencyGeneratePcm arm64_32 /Users/admin/builder/spi-builder-workspace/.derivedData/SDKExplicitPrecompiledModules/_AvailabilityInternal-244WAN3Z1QBT7PIA64EZEFY1R.pcm
SwiftExplicitDependencyGeneratePcm arm64_32 /Users/admin/builder/spi-builder-workspace/.derivedData/SDKExplicitPrecompiledModules/_Builtin_stdarg-D305JG44A2WPI6CJY37X3QJE8.pcm
SwiftExplicitDependencyGeneratePcm arm64 /Users/admin/builder/spi-builder-workspace/.derivedData/SDKExplicitPrecompiledModules/_SwiftConcurrencyShims-659N52XSKR5F0QSB880BH2FJR.pcm
SwiftExplicitDependencyGeneratePcm arm64 /Users/admin/builder/spi-builder-workspace/.derivedData/SDKExplicitPrecompiledModules/_Builtin_stdbool-83J96QSOFE9VX04AAS6310UAE.pcm
SwiftExplicitDependencyGeneratePcm arm64 /Users/admin/builder/spi-builder-workspace/.derivedData/SDKExplicitPrecompiledModules/ptrcheck-AIF0NDOYZ8ORBNHQAQR5NNB8M.pcm
SwiftExplicitDependencyGeneratePcm arm64 /Users/admin/builder/spi-builder-workspace/.derivedData/SDKExplicitPrecompiledModules/SwiftShims-4MXFZPV6FEB0XBYXCGPWAMQGL.pcm
SwiftExplicitDependencyGeneratePcm arm64_32 /Users/admin/builder/spi-builder-workspace/.derivedData/SDKExplicitPrecompiledModules/_Builtin_stdbool-A967K8W8YUYEC9SN52KJ7OO88.pcm
SwiftExplicitDependencyGeneratePcm arm64 /Users/admin/builder/spi-builder-workspace/.derivedData/SDKExplicitPrecompiledModules/_Builtin_stdarg-A7UU8LE6MP85SM26YO7PBZNUQ.pcm
SwiftExplicitDependencyGeneratePcm arm64 /Users/admin/builder/spi-builder-workspace/.derivedData/SDKExplicitPrecompiledModules/_AvailabilityInternal-BUNV3UXM65NT37THI4W1AM0SF.pcm
SwiftExplicitDependencyGeneratePcm arm64 /Users/admin/builder/spi-builder-workspace/.derivedData/SDKExplicitPrecompiledModules/_Builtin_stddef-1FU30Y8SWFB7OUUHMJQH5J6FM.pcm
SwiftExplicitDependencyGeneratePcm arm64 /Users/admin/builder/spi-builder-workspace/.derivedData/SDKExplicitPrecompiledModules/_Builtin_float-C0CW5Q4HGBQYKE77TC42IAFB5.pcm
SwiftExplicitDependencyGeneratePcm arm64_32 /Users/admin/builder/spi-builder-workspace/.derivedData/SDKExplicitPrecompiledModules/ptrcheck-7ELIH9BTIGVKX3UBITM9N72WD.pcm
SwiftExplicitDependencyGeneratePcm arm64 /Users/admin/builder/spi-builder-workspace/.derivedData/SDKExplicitPrecompiledModules/ptrauth-3TZ9WJCGLYD25HQPWH4968ONX.pcm
SwiftExplicitDependencyGeneratePcm arm64_32 /Users/admin/builder/spi-builder-workspace/.derivedData/SDKExplicitPrecompiledModules/_DarwinFoundation1-2GWF9RFMPLQW4PDHS3NARVI3G.pcm
SwiftExplicitDependencyGeneratePcm arm64 /Users/admin/builder/spi-builder-workspace/.derivedData/SDKExplicitPrecompiledModules/_DarwinFoundation1-7SPX3MD0HMP55E4OLNCPNDQ53.pcm
SwiftExplicitDependencyGeneratePcm arm64_32 /Users/admin/builder/spi-builder-workspace/.derivedData/SDKExplicitPrecompiledModules/_Builtin_limits-3VKBU2AFTD65PAJZ5CJ3LHFM2.pcm
SwiftExplicitDependencyGeneratePcm arm64_32 /Users/admin/builder/spi-builder-workspace/.derivedData/SDKExplicitPrecompiledModules/_DarwinFoundation2-9MY8GOSYRO0M9MKNXF6D3MBNK.pcm
SwiftExplicitDependencyGeneratePcm arm64 /Users/admin/builder/spi-builder-workspace/.derivedData/SDKExplicitPrecompiledModules/_Builtin_limits-9GWPA2B0H20DYUNYHYCWKABJG.pcm
SwiftExplicitDependencyGeneratePcm arm64 /Users/admin/builder/spi-builder-workspace/.derivedData/SDKExplicitPrecompiledModules/_DarwinFoundation2-D0XAPJU49S5E9XMKYOFGSTB1Q.pcm
SwiftExplicitDependencyGeneratePcm arm64_32 /Users/admin/builder/spi-builder-workspace/.derivedData/SDKExplicitPrecompiledModules/sys_types-8TLLMW08ZJWDGIIPKOYFGHHZW.pcm
SwiftExplicitDependencyGeneratePcm arm64_32 /Users/admin/builder/spi-builder-workspace/.derivedData/SDKExplicitPrecompiledModules/string_h-BFVLUQUSBZWYMLCU9QI7VZALW.pcm
SwiftExplicitDependencyGeneratePcm arm64_32 /Users/admin/builder/spi-builder-workspace/.derivedData/SDKExplicitPrecompiledModules/_Builtin_stdint-1HMXWI3V0V4TXHRWZOMZGZ80Y.pcm
SwiftExplicitDependencyGeneratePcm arm64 /Users/admin/builder/spi-builder-workspace/.derivedData/SDKExplicitPrecompiledModules/string_h-E6PRXK75PHIPCZFWOFCQ3QBMK.pcm
SwiftExplicitDependencyGeneratePcm arm64 /Users/admin/builder/spi-builder-workspace/.derivedData/SDKExplicitPrecompiledModules/_Builtin_stdint-8XMILLJZEGRN2XG7XZUXZ5RLX.pcm
SwiftExplicitDependencyGeneratePcm arm64 /Users/admin/builder/spi-builder-workspace/.derivedData/SDKExplicitPrecompiledModules/sys_types-2KXQLI78OUCDP779AE68GZJ2.pcm
SwiftExplicitDependencyGeneratePcm arm64_32 /Users/admin/builder/spi-builder-workspace/.derivedData/SDKExplicitPrecompiledModules/_DarwinFoundation3-3DUTYQDQSD9HUAAVY947NMWOI.pcm
SwiftExplicitDependencyGeneratePcm arm64 /Users/admin/builder/spi-builder-workspace/.derivedData/SDKExplicitPrecompiledModules/_DarwinFoundation3-B97LRG0E9GON2NUE65TVG81HU.pcm
SwiftExplicitDependencyGeneratePcm arm64_32 /Users/admin/builder/spi-builder-workspace/.derivedData/SDKExplicitPrecompiledModules/_Builtin_inttypes-D2KPCR4PEX9AQA33NGLUT5SBR.pcm
SwiftExplicitDependencyGeneratePcm arm64 /Users/admin/builder/spi-builder-workspace/.derivedData/SDKExplicitPrecompiledModules/_Builtin_inttypes-3UQSCM7WNM9EK4HZML8TY5J3D.pcm
SwiftExplicitDependencyGeneratePcm arm64 /Users/admin/builder/spi-builder-workspace/.derivedData/SDKExplicitPrecompiledModules/Darwin-3984OXKFNSPE77NT743WK8SEX.pcm
SwiftExplicitDependencyGeneratePcm arm64_32 /Users/admin/builder/spi-builder-workspace/.derivedData/SDKExplicitPrecompiledModules/Darwin-3FVT1SKLN2ZQ5RVOABMTQBB34.pcm
SwiftExplicitDependencyGeneratePcm arm64 /Users/admin/builder/spi-builder-workspace/.derivedData/SDKExplicitPrecompiledModules/ObjectiveC-72IVD3VS2RS8Q28D9PIMY0KQP.pcm
SwiftExplicitDependencyGeneratePcm arm64_32 /Users/admin/builder/spi-builder-workspace/.derivedData/SDKExplicitPrecompiledModules/ObjectiveC-6IJNELR2E80E7LUKESVCP2KET.pcm
SwiftExplicitDependencyGeneratePcm arm64_32 /Users/admin/builder/spi-builder-workspace/.derivedData/SDKExplicitPrecompiledModules/os_object-5YWTC6L4756IWSTPGXS5NM0D0.pcm
SwiftExplicitDependencyGeneratePcm arm64 /Users/admin/builder/spi-builder-workspace/.derivedData/SDKExplicitPrecompiledModules/os_object-3SDKD7F87FTZ26OON37DRYT6O.pcm
SwiftExplicitDependencyGeneratePcm arm64 /Users/admin/builder/spi-builder-workspace/.derivedData/SDKExplicitPrecompiledModules/os_workgroup-89GG5G7YC2D0ZTK6AZXXQ20DH.pcm
SwiftExplicitDependencyGeneratePcm arm64_32 /Users/admin/builder/spi-builder-workspace/.derivedData/SDKExplicitPrecompiledModules/os_workgroup-5JHTPDMNBUNHLJI8LPHKQK1JK.pcm
SwiftExplicitDependencyGeneratePcm arm64_32 /Users/admin/builder/spi-builder-workspace/.derivedData/SDKExplicitPrecompiledModules/Dispatch-2P62F1T4XV63S4P99TUDTOK2Q.pcm
SwiftExplicitDependencyGeneratePcm arm64 /Users/admin/builder/spi-builder-workspace/.derivedData/SDKExplicitPrecompiledModules/Dispatch-1NLJOVAK60XP0DUB05XA59EIM.pcm
SwiftExplicitDependencyGeneratePcm arm64 /Users/admin/builder/spi-builder-workspace/.derivedData/SDKExplicitPrecompiledModules/XPC-40DR0X1DHKGCV4J1IOLFS8MOU.pcm
SwiftExplicitDependencyGeneratePcm arm64_32 /Users/admin/builder/spi-builder-workspace/.derivedData/SDKExplicitPrecompiledModules/XPC-81Y45QFY96XYYFCW2GT6FY8S4.pcm
SwiftExplicitDependencyGeneratePcm arm64 /Users/admin/builder/spi-builder-workspace/.derivedData/SDKExplicitPrecompiledModules/CoreFoundation-8T2L24YC5NU7WO6WQJWRY7W08.pcm
SwiftExplicitDependencyGeneratePcm arm64_32 /Users/admin/builder/spi-builder-workspace/.derivedData/SDKExplicitPrecompiledModules/CoreFoundation-8E6Y4BA3EXYKUGJ24GT9LGV3N.pcm
SwiftExplicitDependencyGeneratePcm arm64_32 /Users/admin/builder/spi-builder-workspace/.derivedData/SDKExplicitPrecompiledModules/Security-D7TOWF88VWF67TB9HAFP5UWB1.pcm
SwiftExplicitDependencyGeneratePcm arm64 /Users/admin/builder/spi-builder-workspace/.derivedData/SDKExplicitPrecompiledModules/Security-6RZ6YBRU8WCUHRFFRVUK5WKMM.pcm
SwiftExplicitDependencyGeneratePcm arm64_32 /Users/admin/builder/spi-builder-workspace/.derivedData/SDKExplicitPrecompiledModules/Foundation-BJ2VQGI3OGR34500MEQ1VKHPH.pcm
SwiftExplicitDependencyGeneratePcm arm64 /Users/admin/builder/spi-builder-workspace/.derivedData/SDKExplicitPrecompiledModules/Foundation-DLBKUSGXN8QHAT8W0OARR9S8A.pcm
SwiftEmitModule normal arm64 Emitting\ module\ for\ GeneralUtility (in target 'GeneralUtility' from project 'Swift-General-Utility')
SwiftCompile normal arm64 (in target 'GeneralUtility' from project 'Swift-General-Utility')
cd /Users/admin/builder/spi-builder-workspace/.swiftpm/xcode
SwiftCompile normal arm64 Compiling\ Utility.swift /Users/admin/builder/spi-builder-workspace/.dependencies/checkouts/Swift-General-Utility/Sources/GeneralUtility/Utility.swift (in target 'GeneralUtility' from project 'Swift-General-Utility')
SwiftCompile normal arm64 /Users/admin/builder/spi-builder-workspace/.dependencies/checkouts/Swift-General-Utility/Sources/GeneralUtility/Utility.swift (in target 'GeneralUtility' from project 'Swift-General-Utility')
cd /Users/admin/builder/spi-builder-workspace/.swiftpm/xcode
builtin-SwiftPerFileCompile Utility.swift
SwiftEmitModule normal arm64_32 Emitting\ module\ for\ GeneralUtility (in target 'GeneralUtility' from project 'Swift-General-Utility')
SwiftCompile normal arm64_32 (in target 'GeneralUtility' from project 'Swift-General-Utility')
cd /Users/admin/builder/spi-builder-workspace/.swiftpm/xcode
SwiftCompile normal arm64_32 Compiling\ Utility.swift /Users/admin/builder/spi-builder-workspace/.dependencies/checkouts/Swift-General-Utility/Sources/GeneralUtility/Utility.swift (in target 'GeneralUtility' from project 'Swift-General-Utility')
SwiftCompile normal arm64_32 /Users/admin/builder/spi-builder-workspace/.dependencies/checkouts/Swift-General-Utility/Sources/GeneralUtility/Utility.swift (in target 'GeneralUtility' from project 'Swift-General-Utility')
cd /Users/admin/builder/spi-builder-workspace/.swiftpm/xcode
builtin-SwiftPerFileCompile Utility.swift
SwiftDriverJobDiscovery normal arm64 Emitting module for GeneralUtility (in target 'GeneralUtility' from project 'Swift-General-Utility')
SwiftDriver\ Compilation\ Requirements GeneralUtility normal arm64 com.apple.xcode.tools.swift.compiler (in target 'GeneralUtility' from project 'Swift-General-Utility')
cd /Users/admin/builder/spi-builder-workspace/.swiftpm/xcode
builtin-Swift-Compilation-Requirements -- /Applications/Xcode-27.0.0-Release.Candidate.app/Contents/Developer/Toolchains/XcodeDefault.xctoolchain/usr/bin/swiftc -parse-as-library -module-name GeneralUtility -Onone @/Users/admin/builder/spi-builder-workspace/.derivedData/Build/Intermediates.noindex/Swift-General-Utility.build/Debug-watchos/GeneralUtility-t.build/Objects-normal/arm64/GeneralUtility.SwiftFileList -DSWIFT_PACKAGE -DDEBUG -DSWIFT_MODULE_RESOURCE_BUNDLE_UNAVAILABLE -DXcode -plugin-path /Applications/Xcode-27.0.0-Release.Candidate.app/Contents/Developer/Toolchains/XcodeDefault.xctoolchain/usr/lib/swift/host/plugins/testing -enable-experimental-feature DebugDescriptionMacro -sdk /Applications/Xcode-27.0.0-Release.Candidate.app/Contents/Developer/Platforms/WatchOS.platform/Developer/SDKs/WatchOS27.0.sdk -target arm64-apple-watchos9.0 -g -module-cache-path /Users/admin/builder/spi-builder-workspace/.derivedData/ModuleCache.noindex -Xfrontend -serialize-debugging-options -enable-testing -suppress-warnings -index-store-path /Users/admin/builder/spi-builder-workspace/.derivedData/Index.noindex/DataStore -Xcc -D_LIBCPP_HARDENING_MODE\=_LIBCPP_HARDENING_MODE_DEBUG -swift-version 5 -I /Users/admin/builder/spi-builder-workspace/.derivedData/Build/Products/Debug-watchos -Isystem /Applications/Xcode-27.0.0-Release.Candidate.app/Contents/Developer/Platforms/WatchOS.platform/Developer/usr/lib -F /Users/admin/builder/spi-builder-workspace/.derivedData/Build/Products/Debug-watchos -F /Applications/Xcode-27.0.0-Release.Candidate.app/Contents/Developer/Platforms/WatchOS.platform/Developer/Library/Frameworks -F /Applications/Xcode-27.0.0-Release.Candidate.app/Contents/Developer/Platforms/WatchOS.platform/Developer/SDKs/WatchOS27.0.sdk/Developer/Library/Frameworks -c -j10 -enable-batch-mode -incremental -Xcc -ivfsstatcache -Xcc /Users/admin/builder/spi-builder-workspace/.derivedData/SDKStatCaches.noindex/watchos27.0-24R360-e829b21a6f8c9b70876ba0858053c04477534ef55a1706bf4c1112bbb242f0a2.sdkstatcache -output-file-map /Users/admin/builder/spi-builder-workspace/.derivedData/Build/Intermediates.noindex/Swift-General-Utility.build/Debug-watchos/GeneralUtility-t.build/Objects-normal/arm64/GeneralUtility-OutputFileMap.json -save-temps -no-color-diagnostics -explicit-module-build -module-cache-path /Users/admin/builder/spi-builder-workspace/.derivedData/Build/Intermediates.noindex/SwiftExplicitPrecompiledModules -clang-scanner-module-cache-path /Users/admin/builder/spi-builder-workspace/.derivedData/ModuleCache.noindex -sdk-module-cache-path /Users/admin/builder/spi-builder-workspace/.derivedData/SDKExplicitPrecompiledModules -emit-dependencies -emit-module -emit-module-path /Users/admin/builder/spi-builder-workspace/.derivedData/Build/Intermediates.noindex/Swift-General-Utility.build/Debug-watchos/GeneralUtility-t.build/Objects-normal/arm64/GeneralUtility.swiftmodule -serialize-diagnostics -dependency-scan-serialize-diagnostics-path /Users/admin/builder/spi-builder-workspace/.derivedData/Build/Intermediates.noindex/Swift-General-Utility.build/Debug-watchos/GeneralUtility-t.build/Objects-normal/arm64/GeneralUtility-dependency-scan.dia -validate-clang-modules-once -clang-build-session-file /Users/admin/builder/spi-builder-workspace/.derivedData/ModuleCache.noindex/Session.modulevalidation -Xcc -fmodules-prune-interval\=86400 -Xcc -fmodules-prune-after\=345600 -emit-const-values -const-gather-protocols-list /Users/admin/builder/spi-builder-workspace/.derivedData/Build/Intermediates.noindex/Swift-General-Utility.build/Debug-watchos/GeneralUtility-t.build/Objects-normal/arm64/GeneralUtility_const_extract_protocols.json -Xcc -I/Users/admin/builder/spi-builder-workspace/.derivedData/Build/Products/Debug-watchos/include -Xcc -I/Users/admin/builder/spi-builder-workspace/.derivedData/Build/Intermediates.noindex/Swift-General-Utility.build/Debug-watchos/GeneralUtility-t.build/DerivedSources-normal/arm64 -Xcc -I/Users/admin/builder/spi-builder-workspace/.derivedData/Build/Intermediates.noindex/Swift-General-Utility.build/Debug-watchos/GeneralUtility-t.build/DerivedSources/arm64 -Xcc -I/Users/admin/builder/spi-builder-workspace/.derivedData/Build/Intermediates.noindex/Swift-General-Utility.build/Debug-watchos/GeneralUtility-t.build/DerivedSources -Xcc -DSWIFT_PACKAGE -Xcc -DDEBUG\=1 -emit-objc-header -emit-objc-header-path /Users/admin/builder/spi-builder-workspace/.derivedData/Build/Intermediates.noindex/Swift-General-Utility.build/Debug-watchos/GeneralUtility-t.build/Objects-normal/arm64/GeneralUtility-Swift.h -working-directory /Users/admin/builder/spi-builder-workspace/.swiftpm/xcode -experimental-emit-module-separately -disable-cmo
Copy /Users/admin/builder/spi-builder-workspace/.derivedData/Build/Products/Debug-watchos/GeneralUtility.swiftmodule/arm64-apple-watchos.swiftmodule /Users/admin/builder/spi-builder-workspace/.derivedData/Build/Intermediates.noindex/Swift-General-Utility.build/Debug-watchos/GeneralUtility-t.build/Objects-normal/arm64/GeneralUtility.swiftmodule (in target 'GeneralUtility' from project 'Swift-General-Utility')
cd /Users/admin/builder/spi-builder-workspace/.dependencies/checkouts/Swift-General-Utility
builtin-copy -exclude .DS_Store -exclude CVS -exclude .svn -exclude .git -exclude .hg -resolve-src-symlinks -rename /Users/admin/builder/spi-builder-workspace/.derivedData/Build/Intermediates.noindex/Swift-General-Utility.build/Debug-watchos/GeneralUtility-t.build/Objects-normal/arm64/GeneralUtility.swiftmodule /Users/admin/builder/spi-builder-workspace/.derivedData/Build/Products/Debug-watchos/GeneralUtility.swiftmodule/arm64-apple-watchos.swiftmodule
Copy /Users/admin/builder/spi-builder-workspace/.derivedData/Build/Products/Debug-watchos/GeneralUtility.swiftmodule/arm64-apple-watchos.abi.json /Users/admin/builder/spi-builder-workspace/.derivedData/Build/Intermediates.noindex/Swift-General-Utility.build/Debug-watchos/GeneralUtility-t.build/Objects-normal/arm64/GeneralUtility.abi.json (in target 'GeneralUtility' from project 'Swift-General-Utility')
cd /Users/admin/builder/spi-builder-workspace/.dependencies/checkouts/Swift-General-Utility
builtin-copy -exclude .DS_Store -exclude CVS -exclude .svn -exclude .git -exclude .hg -resolve-src-symlinks -rename /Users/admin/builder/spi-builder-workspace/.derivedData/Build/Intermediates.noindex/Swift-General-Utility.build/Debug-watchos/GeneralUtility-t.build/Objects-normal/arm64/GeneralUtility.abi.json /Users/admin/builder/spi-builder-workspace/.derivedData/Build/Products/Debug-watchos/GeneralUtility.swiftmodule/arm64-apple-watchos.abi.json
Copy /Users/admin/builder/spi-builder-workspace/.derivedData/Build/Products/Debug-watchos/GeneralUtility.swiftmodule/arm64-apple-watchos.swiftdoc /Users/admin/builder/spi-builder-workspace/.derivedData/Build/Intermediates.noindex/Swift-General-Utility.build/Debug-watchos/GeneralUtility-t.build/Objects-normal/arm64/GeneralUtility.swiftdoc (in target 'GeneralUtility' from project 'Swift-General-Utility')
cd /Users/admin/builder/spi-builder-workspace/.dependencies/checkouts/Swift-General-Utility
builtin-copy -exclude .DS_Store -exclude CVS -exclude .svn -exclude .git -exclude .hg -resolve-src-symlinks -rename /Users/admin/builder/spi-builder-workspace/.derivedData/Build/Intermediates.noindex/Swift-General-Utility.build/Debug-watchos/GeneralUtility-t.build/Objects-normal/arm64/GeneralUtility.swiftdoc /Users/admin/builder/spi-builder-workspace/.derivedData/Build/Products/Debug-watchos/GeneralUtility.swiftmodule/arm64-apple-watchos.swiftdoc
Copy /Users/admin/builder/spi-builder-workspace/.derivedData/Build/Products/Debug-watchos/GeneralUtility.swiftmodule/Project/arm64-apple-watchos.swiftsourceinfo /Users/admin/builder/spi-builder-workspace/.derivedData/Build/Intermediates.noindex/Swift-General-Utility.build/Debug-watchos/GeneralUtility-t.build/Objects-normal/arm64/GeneralUtility.swiftsourceinfo (in target 'GeneralUtility' from project 'Swift-General-Utility')
cd /Users/admin/builder/spi-builder-workspace/.dependencies/checkouts/Swift-General-Utility
builtin-copy -exclude .DS_Store -exclude CVS -exclude .svn -exclude .git -exclude .hg -resolve-src-symlinks -rename /Users/admin/builder/spi-builder-workspace/.derivedData/Build/Intermediates.noindex/Swift-General-Utility.build/Debug-watchos/GeneralUtility-t.build/Objects-normal/arm64/GeneralUtility.swiftsourceinfo /Users/admin/builder/spi-builder-workspace/.derivedData/Build/Products/Debug-watchos/GeneralUtility.swiftmodule/Project/arm64-apple-watchos.swiftsourceinfo
SwiftDriverJobDiscovery normal arm64_32 Emitting module for GeneralUtility (in target 'GeneralUtility' from project 'Swift-General-Utility')
SwiftDriver\ Compilation\ Requirements GeneralUtility normal arm64_32 com.apple.xcode.tools.swift.compiler (in target 'GeneralUtility' from project 'Swift-General-Utility')
cd /Users/admin/builder/spi-builder-workspace/.swiftpm/xcode
builtin-Swift-Compilation-Requirements -- /Applications/Xcode-27.0.0-Release.Candidate.app/Contents/Developer/Toolchains/XcodeDefault.xctoolchain/usr/bin/swiftc -parse-as-library -module-name GeneralUtility -Onone @/Users/admin/builder/spi-builder-workspace/.derivedData/Build/Intermediates.noindex/Swift-General-Utility.build/Debug-watchos/GeneralUtility-t.build/Objects-normal/arm64_32/GeneralUtility.SwiftFileList -DSWIFT_PACKAGE -DDEBUG -DSWIFT_MODULE_RESOURCE_BUNDLE_UNAVAILABLE -DXcode -plugin-path /Applications/Xcode-27.0.0-Release.Candidate.app/Contents/Developer/Toolchains/XcodeDefault.xctoolchain/usr/lib/swift/host/plugins/testing -enable-experimental-feature DebugDescriptionMacro -sdk /Applications/Xcode-27.0.0-Release.Candidate.app/Contents/Developer/Platforms/WatchOS.platform/Developer/SDKs/WatchOS27.0.sdk -target arm64_32-apple-watchos9.0 -g -module-cache-path /Users/admin/builder/spi-builder-workspace/.derivedData/ModuleCache.noindex -Xfrontend -serialize-debugging-options -enable-testing -suppress-warnings -index-store-path /Users/admin/builder/spi-builder-workspace/.derivedData/Index.noindex/DataStore -Xcc -D_LIBCPP_HARDENING_MODE\=_LIBCPP_HARDENING_MODE_DEBUG -swift-version 5 -I /Users/admin/builder/spi-builder-workspace/.derivedData/Build/Products/Debug-watchos -Isystem /Applications/Xcode-27.0.0-Release.Candidate.app/Contents/Developer/Platforms/WatchOS.platform/Developer/usr/lib -F /Users/admin/builder/spi-builder-workspace/.derivedData/Build/Products/Debug-watchos -F /Applications/Xcode-27.0.0-Release.Candidate.app/Contents/Developer/Platforms/WatchOS.platform/Developer/Library/Frameworks -F /Applications/Xcode-27.0.0-Release.Candidate.app/Contents/Developer/Platforms/WatchOS.platform/Developer/SDKs/WatchOS27.0.sdk/Developer/Library/Frameworks -c -j10 -enable-batch-mode -incremental -Xcc -ivfsstatcache -Xcc /Users/admin/builder/spi-builder-workspace/.derivedData/SDKStatCaches.noindex/watchos27.0-24R360-e829b21a6f8c9b70876ba0858053c04477534ef55a1706bf4c1112bbb242f0a2.sdkstatcache -output-file-map /Users/admin/builder/spi-builder-workspace/.derivedData/Build/Intermediates.noindex/Swift-General-Utility.build/Debug-watchos/GeneralUtility-t.build/Objects-normal/arm64_32/GeneralUtility-OutputFileMap.json -save-temps -no-color-diagnostics -explicit-module-build -module-cache-path /Users/admin/builder/spi-builder-workspace/.derivedData/Build/Intermediates.noindex/SwiftExplicitPrecompiledModules -clang-scanner-module-cache-path /Users/admin/builder/spi-builder-workspace/.derivedData/ModuleCache.noindex -sdk-module-cache-path /Users/admin/builder/spi-builder-workspace/.derivedData/SDKExplicitPrecompiledModules -emit-dependencies -emit-module -emit-module-path /Users/admin/builder/spi-builder-workspace/.derivedData/Build/Intermediates.noindex/Swift-General-Utility.build/Debug-watchos/GeneralUtility-t.build/Objects-normal/arm64_32/GeneralUtility.swiftmodule -serialize-diagnostics -dependency-scan-serialize-diagnostics-path /Users/admin/builder/spi-builder-workspace/.derivedData/Build/Intermediates.noindex/Swift-General-Utility.build/Debug-watchos/GeneralUtility-t.build/Objects-normal/arm64_32/GeneralUtility-dependency-scan.dia -validate-clang-modules-once -clang-build-session-file /Users/admin/builder/spi-builder-workspace/.derivedData/ModuleCache.noindex/Session.modulevalidation -Xcc -fmodules-prune-interval\=86400 -Xcc -fmodules-prune-after\=345600 -emit-const-values -const-gather-protocols-list /Users/admin/builder/spi-builder-workspace/.derivedData/Build/Intermediates.noindex/Swift-General-Utility.build/Debug-watchos/GeneralUtility-t.build/Objects-normal/arm64_32/GeneralUtility_const_extract_protocols.json -Xcc -I/Users/admin/builder/spi-builder-workspace/.derivedData/Build/Products/Debug-watchos/include -Xcc -I/Users/admin/builder/spi-builder-workspace/.derivedData/Build/Intermediates.noindex/Swift-General-Utility.build/Debug-watchos/GeneralUtility-t.build/DerivedSources-normal/arm64_32 -Xcc -I/Users/admin/builder/spi-builder-workspace/.derivedData/Build/Intermediates.noindex/Swift-General-Utility.build/Debug-watchos/GeneralUtility-t.build/DerivedSources/arm64_32 -Xcc -I/Users/admin/builder/spi-builder-workspace/.derivedData/Build/Intermediates.noindex/Swift-General-Utility.build/Debug-watchos/GeneralUtility-t.build/DerivedSources -Xcc -DSWIFT_PACKAGE -Xcc -DDEBUG\=1 -emit-objc-header -emit-objc-header-path /Users/admin/builder/spi-builder-workspace/.derivedData/Build/Intermediates.noindex/Swift-General-Utility.build/Debug-watchos/GeneralUtility-t.build/Objects-normal/arm64_32/GeneralUtility-Swift.h -working-directory /Users/admin/builder/spi-builder-workspace/.swiftpm/xcode -experimental-emit-module-separately -disable-cmo
SwiftMergeGeneratedHeaders /Users/admin/builder/spi-builder-workspace/.derivedData/Build/Intermediates.noindex/GeneratedModuleMaps-watchos/GeneralUtility-Swift.h /Users/admin/builder/spi-builder-workspace/.derivedData/Build/Intermediates.noindex/Swift-General-Utility.build/Debug-watchos/GeneralUtility-t.build/Objects-normal/arm64/GeneralUtility-Swift.h /Users/admin/builder/spi-builder-workspace/.derivedData/Build/Intermediates.noindex/Swift-General-Utility.build/Debug-watchos/GeneralUtility-t.build/Objects-normal/arm64_32/GeneralUtility-Swift.h (in target 'GeneralUtility' from project 'Swift-General-Utility')
cd /Users/admin/builder/spi-builder-workspace/.dependencies/checkouts/Swift-General-Utility
builtin-swiftHeaderTool -arch arm64 /Users/admin/builder/spi-builder-workspace/.derivedData/Build/Intermediates.noindex/Swift-General-Utility.build/Debug-watchos/GeneralUtility-t.build/Objects-normal/arm64/GeneralUtility-Swift.h -arch arm64_32 /Users/admin/builder/spi-builder-workspace/.derivedData/Build/Intermediates.noindex/Swift-General-Utility.build/Debug-watchos/GeneralUtility-t.build/Objects-normal/arm64_32/GeneralUtility-Swift.h -o /Users/admin/builder/spi-builder-workspace/.derivedData/Build/Intermediates.noindex/GeneratedModuleMaps-watchos/GeneralUtility-Swift.h
Copy /Users/admin/builder/spi-builder-workspace/.derivedData/Build/Products/Debug-watchos/GeneralUtility.swiftmodule/arm64_32-apple-watchos.swiftmodule /Users/admin/builder/spi-builder-workspace/.derivedData/Build/Intermediates.noindex/Swift-General-Utility.build/Debug-watchos/GeneralUtility-t.build/Objects-normal/arm64_32/GeneralUtility.swiftmodule (in target 'GeneralUtility' from project 'Swift-General-Utility')
cd /Users/admin/builder/spi-builder-workspace/.dependencies/checkouts/Swift-General-Utility
builtin-copy -exclude .DS_Store -exclude CVS -exclude .svn -exclude .git -exclude .hg -resolve-src-symlinks -rename /Users/admin/builder/spi-builder-workspace/.derivedData/Build/Intermediates.noindex/Swift-General-Utility.build/Debug-watchos/GeneralUtility-t.build/Objects-normal/arm64_32/GeneralUtility.swiftmodule /Users/admin/builder/spi-builder-workspace/.derivedData/Build/Products/Debug-watchos/GeneralUtility.swiftmodule/arm64_32-apple-watchos.swiftmodule
Copy /Users/admin/builder/spi-builder-workspace/.derivedData/Build/Products/Debug-watchos/GeneralUtility.swiftmodule/arm64_32-apple-watchos.swiftdoc /Users/admin/builder/spi-builder-workspace/.derivedData/Build/Intermediates.noindex/Swift-General-Utility.build/Debug-watchos/GeneralUtility-t.build/Objects-normal/arm64_32/GeneralUtility.swiftdoc (in target 'GeneralUtility' from project 'Swift-General-Utility')
cd /Users/admin/builder/spi-builder-workspace/.dependencies/checkouts/Swift-General-Utility
builtin-copy -exclude .DS_Store -exclude CVS -exclude .svn -exclude .git -exclude .hg -resolve-src-symlinks -rename /Users/admin/builder/spi-builder-workspace/.derivedData/Build/Intermediates.noindex/Swift-General-Utility.build/Debug-watchos/GeneralUtility-t.build/Objects-normal/arm64_32/GeneralUtility.swiftdoc /Users/admin/builder/spi-builder-workspace/.derivedData/Build/Products/Debug-watchos/GeneralUtility.swiftmodule/arm64_32-apple-watchos.swiftdoc
Copy /Users/admin/builder/spi-builder-workspace/.derivedData/Build/Products/Debug-watchos/GeneralUtility.swiftmodule/Project/arm64_32-apple-watchos.swiftsourceinfo /Users/admin/builder/spi-builder-workspace/.derivedData/Build/Intermediates.noindex/Swift-General-Utility.build/Debug-watchos/GeneralUtility-t.build/Objects-normal/arm64_32/GeneralUtility.swiftsourceinfo (in target 'GeneralUtility' from project 'Swift-General-Utility')
cd /Users/admin/builder/spi-builder-workspace/.dependencies/checkouts/Swift-General-Utility
builtin-copy -exclude .DS_Store -exclude CVS -exclude .svn -exclude .git -exclude .hg -resolve-src-symlinks -rename /Users/admin/builder/spi-builder-workspace/.derivedData/Build/Intermediates.noindex/Swift-General-Utility.build/Debug-watchos/GeneralUtility-t.build/Objects-normal/arm64_32/GeneralUtility.swiftsourceinfo /Users/admin/builder/spi-builder-workspace/.derivedData/Build/Products/Debug-watchos/GeneralUtility.swiftmodule/Project/arm64_32-apple-watchos.swiftsourceinfo
Copy /Users/admin/builder/spi-builder-workspace/.derivedData/Build/Products/Debug-watchos/GeneralUtility.swiftmodule/arm64_32-apple-watchos.abi.json /Users/admin/builder/spi-builder-workspace/.derivedData/Build/Intermediates.noindex/Swift-General-Utility.build/Debug-watchos/GeneralUtility-t.build/Objects-normal/arm64_32/GeneralUtility.abi.json (in target 'GeneralUtility' from project 'Swift-General-Utility')
cd /Users/admin/builder/spi-builder-workspace/.dependencies/checkouts/Swift-General-Utility
builtin-copy -exclude .DS_Store -exclude CVS -exclude .svn -exclude .git -exclude .hg -resolve-src-symlinks -rename /Users/admin/builder/spi-builder-workspace/.derivedData/Build/Intermediates.noindex/Swift-General-Utility.build/Debug-watchos/GeneralUtility-t.build/Objects-normal/arm64_32/GeneralUtility.abi.json /Users/admin/builder/spi-builder-workspace/.derivedData/Build/Products/Debug-watchos/GeneralUtility.swiftmodule/arm64_32-apple-watchos.abi.json
SwiftDriver SwiftMiscUtility normal arm64 com.apple.xcode.tools.swift.compiler (in target 'SwiftMiscUtility' from project 'SwiftMiscUtility')
cd /Users/admin/builder/spi-builder-workspace/.swiftpm/xcode
builtin-SwiftDriver -- /Applications/Xcode-27.0.0-Release.Candidate.app/Contents/Developer/Toolchains/XcodeDefault.xctoolchain/usr/bin/swiftc -parse-as-library -module-name SwiftMiscUtility -Onone @/Users/admin/builder/spi-builder-workspace/.derivedData/Build/Intermediates.noindex/SwiftMiscUtility.build/Debug-watchos/SwiftMiscUtility-t.build/Objects-normal/arm64/SwiftMiscUtility.SwiftFileList -DSWIFT_PACKAGE -DDEBUG -DSWIFT_MODULE_RESOURCE_BUNDLE_UNAVAILABLE -DXcode -plugin-path /Applications/Xcode-27.0.0-Release.Candidate.app/Contents/Developer/Toolchains/XcodeDefault.xctoolchain/usr/lib/swift/host/plugins/testing -enable-experimental-feature DebugDescriptionMacro -sdk /Applications/Xcode-27.0.0-Release.Candidate.app/Contents/Developer/Platforms/WatchOS.platform/Developer/SDKs/WatchOS27.0.sdk -target arm64-apple-watchos9.0 -g -module-cache-path /Users/admin/builder/spi-builder-workspace/.derivedData/ModuleCache.noindex -Xfrontend -serialize-debugging-options -enable-testing -index-store-path /Users/admin/builder/spi-builder-workspace/.derivedData/Index.noindex/DataStore -Xcc -D_LIBCPP_HARDENING_MODE\=_LIBCPP_HARDENING_MODE_DEBUG -swift-version 5 -I /Users/admin/builder/spi-builder-workspace/.derivedData/Build/Products/Debug-watchos -Isystem /Applications/Xcode-27.0.0-Release.Candidate.app/Contents/Developer/Platforms/WatchOS.platform/Developer/usr/lib -F /Users/admin/builder/spi-builder-workspace/.derivedData/Build/Products/Debug-watchos/PackageFrameworks -F /Users/admin/builder/spi-builder-workspace/.derivedData/Build/Products/Debug-watchos -F /Applications/Xcode-27.0.0-Release.Candidate.app/Contents/Developer/Platforms/WatchOS.platform/Developer/Library/Frameworks -F /Applications/Xcode-27.0.0-Release.Candidate.app/Contents/Developer/Platforms/WatchOS.platform/Developer/SDKs/WatchOS27.0.sdk/Developer/Library/Frameworks -c -j10 -enable-batch-mode -incremental -Xcc -ivfsstatcache -Xcc /Users/admin/builder/spi-builder-workspace/.derivedData/SDKStatCaches.noindex/watchos27.0-24R360-e829b21a6f8c9b70876ba0858053c04477534ef55a1706bf4c1112bbb242f0a2.sdkstatcache -output-file-map /Users/admin/builder/spi-builder-workspace/.derivedData/Build/Intermediates.noindex/SwiftMiscUtility.build/Debug-watchos/SwiftMiscUtility-t.build/Objects-normal/arm64/SwiftMiscUtility-OutputFileMap.json -save-temps -no-color-diagnostics -explicit-module-build -module-cache-path /Users/admin/builder/spi-builder-workspace/.derivedData/Build/Intermediates.noindex/SwiftExplicitPrecompiledModules -clang-scanner-module-cache-path /Users/admin/builder/spi-builder-workspace/.derivedData/ModuleCache.noindex -sdk-module-cache-path /Users/admin/builder/spi-builder-workspace/.derivedData/SDKExplicitPrecompiledModules -emit-dependencies -emit-module -emit-module-path /Users/admin/builder/spi-builder-workspace/.derivedData/Build/Intermediates.noindex/SwiftMiscUtility.build/Debug-watchos/SwiftMiscUtility-t.build/Objects-normal/arm64/SwiftMiscUtility.swiftmodule -serialize-diagnostics -dependency-scan-serialize-diagnostics-path /Users/admin/builder/spi-builder-workspace/.derivedData/Build/Intermediates.noindex/SwiftMiscUtility.build/Debug-watchos/SwiftMiscUtility-t.build/Objects-normal/arm64/SwiftMiscUtility-dependency-scan.dia -validate-clang-modules-once -clang-build-session-file /Users/admin/builder/spi-builder-workspace/.derivedData/ModuleCache.noindex/Session.modulevalidation -Xcc -fmodules-prune-interval\=86400 -Xcc -fmodules-prune-after\=345600 -emit-const-values -const-gather-protocols-list /Users/admin/builder/spi-builder-workspace/.derivedData/Build/Intermediates.noindex/SwiftMiscUtility.build/Debug-watchos/SwiftMiscUtility-t.build/Objects-normal/arm64/SwiftMiscUtility_const_extract_protocols.json -Xcc -I/Users/admin/builder/spi-builder-workspace/.derivedData/Build/Products/Debug-watchos/include -Xcc -I/Users/admin/builder/spi-builder-workspace/.derivedData/Build/Intermediates.noindex/SwiftMiscUtility.build/Debug-watchos/SwiftMiscUtility-t.build/DerivedSources-normal/arm64 -Xcc -I/Users/admin/builder/spi-builder-workspace/.derivedData/Build/Intermediates.noindex/SwiftMiscUtility.build/Debug-watchos/SwiftMiscUtility-t.build/DerivedSources/arm64 -Xcc -I/Users/admin/builder/spi-builder-workspace/.derivedData/Build/Intermediates.noindex/SwiftMiscUtility.build/Debug-watchos/SwiftMiscUtility-t.build/DerivedSources -Xcc -DSWIFT_PACKAGE -Xcc -DDEBUG\=1 -emit-objc-header -emit-objc-header-path /Users/admin/builder/spi-builder-workspace/.derivedData/Build/Intermediates.noindex/SwiftMiscUtility.build/Debug-watchos/SwiftMiscUtility-t.build/Objects-normal/arm64/SwiftMiscUtility-Swift.h -working-directory /Users/admin/builder/spi-builder-workspace/.swiftpm/xcode -experimental-emit-module-separately -disable-cmo
SwiftDriver SwiftMiscUtility normal arm64_32 com.apple.xcode.tools.swift.compiler (in target 'SwiftMiscUtility' from project 'SwiftMiscUtility')
cd /Users/admin/builder/spi-builder-workspace/.swiftpm/xcode
builtin-SwiftDriver -- /Applications/Xcode-27.0.0-Release.Candidate.app/Contents/Developer/Toolchains/XcodeDefault.xctoolchain/usr/bin/swiftc -parse-as-library -module-name SwiftMiscUtility -Onone @/Users/admin/builder/spi-builder-workspace/.derivedData/Build/Intermediates.noindex/SwiftMiscUtility.build/Debug-watchos/SwiftMiscUtility-t.build/Objects-normal/arm64_32/SwiftMiscUtility.SwiftFileList -DSWIFT_PACKAGE -DDEBUG -DSWIFT_MODULE_RESOURCE_BUNDLE_UNAVAILABLE -DXcode -plugin-path /Applications/Xcode-27.0.0-Release.Candidate.app/Contents/Developer/Toolchains/XcodeDefault.xctoolchain/usr/lib/swift/host/plugins/testing -enable-experimental-feature DebugDescriptionMacro -sdk /Applications/Xcode-27.0.0-Release.Candidate.app/Contents/Developer/Platforms/WatchOS.platform/Developer/SDKs/WatchOS27.0.sdk -target arm64_32-apple-watchos9.0 -g -module-cache-path /Users/admin/builder/spi-builder-workspace/.derivedData/ModuleCache.noindex -Xfrontend -serialize-debugging-options -enable-testing -index-store-path /Users/admin/builder/spi-builder-workspace/.derivedData/Index.noindex/DataStore -Xcc -D_LIBCPP_HARDENING_MODE\=_LIBCPP_HARDENING_MODE_DEBUG -swift-version 5 -I /Users/admin/builder/spi-builder-workspace/.derivedData/Build/Products/Debug-watchos -Isystem /Applications/Xcode-27.0.0-Release.Candidate.app/Contents/Developer/Platforms/WatchOS.platform/Developer/usr/lib -F /Users/admin/builder/spi-builder-workspace/.derivedData/Build/Products/Debug-watchos/PackageFrameworks -F /Users/admin/builder/spi-builder-workspace/.derivedData/Build/Products/Debug-watchos -F /Applications/Xcode-27.0.0-Release.Candidate.app/Contents/Developer/Platforms/WatchOS.platform/Developer/Library/Frameworks -F /Applications/Xcode-27.0.0-Release.Candidate.app/Contents/Developer/Platforms/WatchOS.platform/Developer/SDKs/WatchOS27.0.sdk/Developer/Library/Frameworks -c -j10 -enable-batch-mode -incremental -Xcc -ivfsstatcache -Xcc /Users/admin/builder/spi-builder-workspace/.derivedData/SDKStatCaches.noindex/watchos27.0-24R360-e829b21a6f8c9b70876ba0858053c04477534ef55a1706bf4c1112bbb242f0a2.sdkstatcache -output-file-map /Users/admin/builder/spi-builder-workspace/.derivedData/Build/Intermediates.noindex/SwiftMiscUtility.build/Debug-watchos/SwiftMiscUtility-t.build/Objects-normal/arm64_32/SwiftMiscUtility-OutputFileMap.json -save-temps -no-color-diagnostics -explicit-module-build -module-cache-path /Users/admin/builder/spi-builder-workspace/.derivedData/Build/Intermediates.noindex/SwiftExplicitPrecompiledModules -clang-scanner-module-cache-path /Users/admin/builder/spi-builder-workspace/.derivedData/ModuleCache.noindex -sdk-module-cache-path /Users/admin/builder/spi-builder-workspace/.derivedData/SDKExplicitPrecompiledModules -emit-dependencies -emit-module -emit-module-path /Users/admin/builder/spi-builder-workspace/.derivedData/Build/Intermediates.noindex/SwiftMiscUtility.build/Debug-watchos/SwiftMiscUtility-t.build/Objects-normal/arm64_32/SwiftMiscUtility.swiftmodule -serialize-diagnostics -dependency-scan-serialize-diagnostics-path /Users/admin/builder/spi-builder-workspace/.derivedData/Build/Intermediates.noindex/SwiftMiscUtility.build/Debug-watchos/SwiftMiscUtility-t.build/Objects-normal/arm64_32/SwiftMiscUtility-dependency-scan.dia -validate-clang-modules-once -clang-build-session-file /Users/admin/builder/spi-builder-workspace/.derivedData/ModuleCache.noindex/Session.modulevalidation -Xcc -fmodules-prune-interval\=86400 -Xcc -fmodules-prune-after\=345600 -emit-const-values -const-gather-protocols-list /Users/admin/builder/spi-builder-workspace/.derivedData/Build/Intermediates.noindex/SwiftMiscUtility.build/Debug-watchos/SwiftMiscUtility-t.build/Objects-normal/arm64_32/SwiftMiscUtility_const_extract_protocols.json -Xcc -I/Users/admin/builder/spi-builder-workspace/.derivedData/Build/Products/Debug-watchos/include -Xcc -I/Users/admin/builder/spi-builder-workspace/.derivedData/Build/Intermediates.noindex/SwiftMiscUtility.build/Debug-watchos/SwiftMiscUtility-t.build/DerivedSources-normal/arm64_32 -Xcc -I/Users/admin/builder/spi-builder-workspace/.derivedData/Build/Intermediates.noindex/SwiftMiscUtility.build/Debug-watchos/SwiftMiscUtility-t.build/DerivedSources/arm64_32 -Xcc -I/Users/admin/builder/spi-builder-workspace/.derivedData/Build/Intermediates.noindex/SwiftMiscUtility.build/Debug-watchos/SwiftMiscUtility-t.build/DerivedSources -Xcc -DSWIFT_PACKAGE -Xcc -DDEBUG\=1 -emit-objc-header -emit-objc-header-path /Users/admin/builder/spi-builder-workspace/.derivedData/Build/Intermediates.noindex/SwiftMiscUtility.build/Debug-watchos/SwiftMiscUtility-t.build/Objects-normal/arm64_32/SwiftMiscUtility-Swift.h -working-directory /Users/admin/builder/spi-builder-workspace/.swiftpm/xcode -experimental-emit-module-separately -disable-cmo
SwiftCompile normal arm64 Compiling\ Applicative.swift /Users/admin/builder/spi-builder-workspace/Sources/SwiftMiscUtility/Applicative.swift (in target 'SwiftMiscUtility' from project 'SwiftMiscUtility')
SwiftCompile normal arm64 /Users/admin/builder/spi-builder-workspace/Sources/SwiftMiscUtility/Applicative.swift (in target 'SwiftMiscUtility' from project 'SwiftMiscUtility')
cd /Users/admin/builder/spi-builder-workspace/.swiftpm/xcode
builtin-SwiftPerFileCompile Applicative.swift
SwiftCompile normal arm64 Compiling\ Collection+Utility.swift /Users/admin/builder/spi-builder-workspace/Sources/SwiftMiscUtility/Collection+Utility.swift (in target 'SwiftMiscUtility' from project 'SwiftMiscUtility')
SwiftCompile normal arm64 /Users/admin/builder/spi-builder-workspace/Sources/SwiftMiscUtility/Collection+Utility.swift (in target 'SwiftMiscUtility' from project 'SwiftMiscUtility')
cd /Users/admin/builder/spi-builder-workspace/.swiftpm/xcode
builtin-SwiftPerFileCompile Collection+Utility.swift
SwiftCompile normal arm64 Compiling\ Exponentiation.swift /Users/admin/builder/spi-builder-workspace/Sources/SwiftMiscUtility/Exponentiation.swift (in target 'SwiftMiscUtility' from project 'SwiftMiscUtility')
SwiftCompile normal arm64 /Users/admin/builder/spi-builder-workspace/Sources/SwiftMiscUtility/Exponentiation.swift (in target 'SwiftMiscUtility' from project 'SwiftMiscUtility')
cd /Users/admin/builder/spi-builder-workspace/.swiftpm/xcode
builtin-SwiftPerFileCompile Exponentiation.swift
SwiftCompile normal arm64 Compiling\ Result+Utility.swift /Users/admin/builder/spi-builder-workspace/Sources/SwiftMiscUtility/Result+Utility.swift (in target 'SwiftMiscUtility' from project 'SwiftMiscUtility')
SwiftCompile normal arm64 /Users/admin/builder/spi-builder-workspace/Sources/SwiftMiscUtility/Result+Utility.swift (in target 'SwiftMiscUtility' from project 'SwiftMiscUtility')
cd /Users/admin/builder/spi-builder-workspace/.swiftpm/xcode
builtin-SwiftPerFileCompile Result+Utility.swift
SwiftCompile normal arm64 Compiling\ RuntimeError.swift /Users/admin/builder/spi-builder-workspace/Sources/SwiftMiscUtility/RuntimeError.swift (in target 'SwiftMiscUtility' from project 'SwiftMiscUtility')
SwiftCompile normal arm64 /Users/admin/builder/spi-builder-workspace/Sources/SwiftMiscUtility/RuntimeError.swift (in target 'SwiftMiscUtility' from project 'SwiftMiscUtility')
cd /Users/admin/builder/spi-builder-workspace/.swiftpm/xcode
builtin-SwiftPerFileCompile RuntimeError.swift
SwiftCompile normal arm64 Compiling\ SynchronousData.swift /Users/admin/builder/spi-builder-workspace/Sources/SwiftMiscUtility/SynchronousData.swift (in target 'SwiftMiscUtility' from project 'SwiftMiscUtility')
SwiftCompile normal arm64 /Users/admin/builder/spi-builder-workspace/Sources/SwiftMiscUtility/SynchronousData.swift (in target 'SwiftMiscUtility' from project 'SwiftMiscUtility')
cd /Users/admin/builder/spi-builder-workspace/.swiftpm/xcode
builtin-SwiftPerFileCompile SynchronousData.swift
SwiftCompile normal arm64 Compiling\ Rounding.swift /Users/admin/builder/spi-builder-workspace/Sources/SwiftMiscUtility/Rounding.swift (in target 'SwiftMiscUtility' from project 'SwiftMiscUtility')
SwiftCompile normal arm64 /Users/admin/builder/spi-builder-workspace/Sources/SwiftMiscUtility/Rounding.swift (in target 'SwiftMiscUtility' from project 'SwiftMiscUtility')
cd /Users/admin/builder/spi-builder-workspace/.swiftpm/xcode
builtin-SwiftPerFileCompile Rounding.swift
SwiftEmitModule normal arm64 Emitting\ module\ for\ SwiftMiscUtility (in target 'SwiftMiscUtility' from project 'SwiftMiscUtility')
/Users/admin/builder/spi-builder-workspace/Sources/SwiftMiscUtility/SynchronousData.swift:5:11: error: cannot find type 'Utility' in scope
3 | import Foundation
4 |
5 | extension Utility {
| `- error: cannot find type 'Utility' in scope
6 | /// Creates and executes a non-blocking URLSession data task.
7 | /// - Parameter request: the `URLRequest` for the session.
/Users/admin/builder/spi-builder-workspace/Sources/SwiftMiscUtility/Utility+SideEffect.swift:13:11: error: cannot find type 'Utility' in scope
11 | }
12 |
13 | extension Utility {
| `- error: cannot find type 'Utility' in scope
14 | /// Applies the closure, and returns true so the closure can be executed in a cascading condition.
15 | /// - Parameter closure: a side effect to apply to the current instance.
Failed frontend command:
/Applications/Xcode-27.0.0-Release.Candidate.app/Contents/Developer/Toolchains/XcodeDefault.xctoolchain/usr/bin/swift-frontend -frontend -emit-module -experimental-skip-non-inlinable-function-bodies-without-types /Users/admin/builder/spi-builder-workspace/Sources/SwiftMiscUtility/Applicative.swift /Users/admin/builder/spi-builder-workspace/Sources/SwiftMiscUtility/Collection+Utility.swift /Users/admin/builder/spi-builder-workspace/Sources/SwiftMiscUtility/Exponentiation.swift /Users/admin/builder/spi-builder-workspace/Sources/SwiftMiscUtility/Result+Utility.swift /Users/admin/builder/spi-builder-workspace/Sources/SwiftMiscUtility/Rounding.swift /Users/admin/builder/spi-builder-workspace/Sources/SwiftMiscUtility/RuntimeError.swift /Users/admin/builder/spi-builder-workspace/Sources/SwiftMiscUtility/String+Utility.swift /Users/admin/builder/spi-builder-workspace/Sources/SwiftMiscUtility/SynchronousData.swift /Users/admin/builder/spi-builder-workspace/Sources/SwiftMiscUtility/Utility+SideEffect.swift -target arm64-apple-watchos9.0 -disable-cross-import-overlay-search -load-resolved-plugin /Applications/Xcode-27.0.0-Release.Candidate.app/Contents/Developer/Platforms/WatchOS.platform/Developer/usr/lib/swift/host/plugins/libFoundationMacros.dylib\#/Applications/Xcode-27.0.0-Release.Candidate.app/Contents/Developer/Platforms/WatchOS.platform/Developer/usr/bin/swift-plugin-server\#FoundationMacros -load-resolved-plugin /Applications/Xcode-27.0.0-Release.Candidate.app/Contents/Developer/Platforms/WatchOS.platform/Developer/usr/lib/swift/host/plugins/libObservationMacros.dylib\#/Applications/Xcode-27.0.0-Release.Candidate.app/Contents/Developer/Platforms/WatchOS.platform/Developer/usr/bin/swift-plugin-server\#ObservationMacros -load-resolved-plugin /Applications/Xcode-27.0.0-Release.Candidate.app/Contents/Developer/Platforms/WatchOS.platform/Developer/usr/lib/swift/host/plugins/libSwiftMacros.dylib\#/Applications/Xcode-27.0.0-Release.Candidate.app/Contents/Developer/Platforms/WatchOS.platform/Developer/usr/bin/swift-plugin-server\#SwiftMacros -disable-implicit-swift-modules -Xcc -fno-implicit-modules -Xcc -fno-implicit-module-maps -explicit-swift-module-map-file /Users/admin/builder/spi-builder-workspace/.derivedData/Build/Intermediates.noindex/SwiftMiscUtility.build/Debug-watchos/SwiftMiscUtility-t.build/Objects-normal/arm64/SwiftMiscUtility-dependencies-2.json -Xllvm -aarch64-use-tbi -enable-objc-interop -stack-check -sdk /Applications/Xcode-27.0.0-Release.Candidate.app/Contents/Developer/Platforms/WatchOS.platform/Developer/SDKs/WatchOS27.0.sdk -I /Users/admin/builder/spi-builder-workspace/.derivedData/Build/Products/Debug-watchos -Isystem /Applications/Xcode-27.0.0-Release.Candidate.app/Contents/Developer/Platforms/WatchOS.platform/Developer/usr/lib -F /Users/admin/builder/spi-builder-workspace/.derivedData/Build/Products/Debug-watchos/PackageFrameworks -F /Users/admin/builder/spi-builder-workspace/.derivedData/Build/Products/Debug-watchos -F /Applications/Xcode-27.0.0-Release.Candidate.app/Contents/Developer/Platforms/WatchOS.platform/Developer/Library/Frameworks -F /Applications/Xcode-27.0.0-Release.Candidate.app/Contents/Developer/Platforms/WatchOS.platform/Developer/SDKs/WatchOS27.0.sdk/Developer/Library/Frameworks -module-cache-path /Users/admin/builder/spi-builder-workspace/.derivedData/Build/Intermediates.noindex/SwiftExplicitPrecompiledModules -no-color-diagnostics -Xcc -fno-color-diagnostics -enable-testing -g -debug-info-format\=dwarf -dwarf-version\=4 -swift-version 5 -Onone -D SWIFT_PACKAGE -D DEBUG -D SWIFT_MODULE_RESOURCE_BUNDLE_UNAVAILABLE -D Xcode -serialize-debugging-options -enable-experimental-feature DebugDescriptionMacro -empty-abi-descriptor -validate-clang-modules-once -clang-build-session-file /Users/admin/builder/spi-builder-workspace/.derivedData/ModuleCache.noindex/Session.modulevalidation -Xcc -working-directory -Xcc /Users/admin/builder/spi-builder-workspace/.swiftpm/xcode -enable-anonymous-context-mangled-names -file-compilation-dir /Users/admin/builder/spi-builder-workspace/.swiftpm/xcode -Xcc -D_LIBCPP_HARDENING_MODE\=_LIBCPP_HARDENING_MODE_DEBUG -Xcc -ivfsstatcache -Xcc /Users/admin/builder/spi-builder-workspace/.derivedData/SDKStatCaches.noindex/watchos27.0-24R360-e829b21a6f8c9b70876ba0858053c04477534ef55a1706bf4c1112bbb242f0a2.sdkstatcache -Xcc -fmodules-prune-interval\=86400 -Xcc -fmodules-prune-after\=345600 -Xcc -I/Users/admin/builder/spi-builder-workspace/.derivedData/Build/Products/Debug-watchos/include -Xcc -I/Users/admin/builder/spi-builder-workspace/.derivedData/Build/Intermediates.noindex/SwiftMiscUtility.build/Debug-watchos/SwiftMiscUtility-t.build/DerivedSources-normal/arm64 -Xcc -I/Users/admin/builder/spi-builder-workspace/.derivedData/Build/Intermediates.noindex/SwiftMiscUtility.build/Debug-watchos/SwiftMiscUtility-t.build/DerivedSources/arm64 -Xcc -I/Users/admin/builder/spi-builder-workspace/.derivedData/Build/Intermediates.noindex/SwiftMiscUtility.build/Debug-watchos/SwiftMiscUtility-t.build/DerivedSources -Xcc -DSWIFT_PACKAGE -Xcc -DDEBUG\=1 -no-auto-bridging-header-chaining -module-name SwiftMiscUtility -const-gather-protocols-file /Users/admin/builder/spi-builder-workspace/.derivedData/Build/Intermediates.noindex/SwiftMiscUtility.build/Debug-watchos/SwiftMiscUtility-t.build/Objects-normal/arm64/SwiftMiscUtility_const_extract_protocols.json -disable-clang-spi -clang-target arm64-apple-watchos27.0 -target-sdk-version 27.0 -target-sdk-name watchos27.0 -in-process-plugin-server-path /Applications/Xcode-27.0.0-Release.Candidate.app/Contents/Developer/Toolchains/XcodeDefault.xctoolchain/usr/lib/swift/host/libSwiftInProcPluginServer.dylib -emit-module-doc-path /Users/admin/builder/spi-builder-workspace/.derivedData/Build/Intermediates.noindex/SwiftMiscUtility.build/Debug-watchos/SwiftMiscUtility-t.build/Objects-normal/arm64/SwiftMiscUtility.swiftdoc -emit-module-source-info-path /Users/admin/builder/spi-builder-workspace/.derivedData/Build/Intermediates.noindex/SwiftMiscUtility.build/Debug-watchos/SwiftMiscUtility-t.build/Objects-normal/arm64/SwiftMiscUtility.swiftsourceinfo -emit-objc-header-path /Users/admin/builder/spi-builder-workspace/.derivedData/Build/Intermediates.noindex/SwiftMiscUtility.build/Debug-watchos/SwiftMiscUtility-t.build/Objects-normal/arm64/SwiftMiscUtility-Swift.h -serialize-diagnostics-path /Users/admin/builder/spi-builder-workspace/.derivedData/Build/Intermediates.noindex/SwiftMiscUtility.build/Debug-watchos/SwiftMiscUtility-t.build/Objects-normal/arm64/SwiftMiscUtility-primary-emit-module.dia -emit-dependencies-path /Users/admin/builder/spi-builder-workspace/.derivedData/Build/Intermediates.noindex/SwiftMiscUtility.build/Debug-watchos/SwiftMiscUtility-t.build/Objects-normal/arm64/SwiftMiscUtility-primary-emit-module.d -parse-as-library -o /Users/admin/builder/spi-builder-workspace/.derivedData/Build/Intermediates.noindex/SwiftMiscUtility.build/Debug-watchos/SwiftMiscUtility-t.build/Objects-normal/arm64/SwiftMiscUtility.swiftmodule -emit-abi-descriptor-path /Users/admin/builder/spi-builder-workspace/.derivedData/Build/Intermediates.noindex/SwiftMiscUtility.build/Debug-watchos/SwiftMiscUtility-t.build/Objects-normal/arm64/SwiftMiscUtility.abi.json
SwiftCompile normal arm64 (in target 'SwiftMiscUtility' from project 'SwiftMiscUtility')
cd /Users/admin/builder/spi-builder-workspace/.swiftpm/xcode
SwiftEmitModule normal arm64_32 Emitting\ module\ for\ SwiftMiscUtility (in target 'SwiftMiscUtility' from project 'SwiftMiscUtility')
SwiftCompile normal arm64_32 (in target 'SwiftMiscUtility' from project 'SwiftMiscUtility')
cd /Users/admin/builder/spi-builder-workspace/.swiftpm/xcode
PruneExplicitPrecompiledModules /Users/admin/builder/spi-builder-workspace/.derivedData/Build/Intermediates.noindex/ExplicitPrecompiledModules
PruneExplicitPrecompiledModules /Users/admin/builder/spi-builder-workspace/.derivedData/SDKExplicitPrecompiledModules
PruneExplicitPrecompiledModules /Users/admin/builder/spi-builder-workspace/.derivedData/Build/Intermediates.noindex/SwiftExplicitPrecompiledModules
2026-09-18 01:26:32.985 xcodebuild[685:4367] [MT] IDERunDestination: Supported platforms for the buildables in the current scheme is empty.
** BUILD FAILED **
The following build commands failed:
SwiftEmitModule normal arm64 Emitting\ module\ for\ SwiftMiscUtility (in target 'SwiftMiscUtility' from project 'SwiftMiscUtility')
SwiftCompile normal arm64 (in target 'SwiftMiscUtility' from project 'SwiftMiscUtility')
Building workspace SwiftMiscUtility with scheme SwiftMiscUtility
(3 failures)
Command line invocation:
/Applications/Xcode-27.0.0-Release.Candidate.app/Contents/Developer/usr/bin/xcodebuild -IDEClonedSourcePackagesDirPathOverride=/Users/admin/builder/spi-builder-workspace/.dependencies -resolvePackageDependencies
Resolve Package Graph
Resolved source packages:
Swift-General-Utility: https://github.com/erica/Swift-General-Utility @ 0.0.8
SwiftMiscUtility: /Users/admin/builder/spi-builder-workspace
resolved source packages: Swift-General-Utility, SwiftMiscUtility
2026-09-18 01:26:38.085 xcodebuild[772:4825] [MT] IDERunDestination: Supported platforms for the buildables in the current scheme is empty.
{
"dependencies" : [
{
"identity" : "swift-general-utility",
"requirement" : {
"range" : [
{
"lower_bound" : "0.0.8",
"upper_bound" : "1.0.0"
}
]
},
"type" : "sourceControl",
"url" : "https://github.com/erica/Swift-General-Utility"
}
],
"manifest_display_name" : "SwiftMiscUtility",
"name" : "SwiftMiscUtility",
"path" : "/Users/admin/builder/spi-builder-workspace",
"platforms" : [
{
"name" : "macos",
"version" : "10.12"
}
],
"products" : [
{
"name" : "SwiftMiscUtility",
"targets" : [
"SwiftMiscUtility"
],
"type" : {
"library" : [
"automatic"
]
}
}
],
"swift_languages_versions" : [
"5"
],
"targets" : [
{
"c99name" : "SwiftMiscUtility",
"module_type" : "SwiftTarget",
"name" : "SwiftMiscUtility",
"path" : "Sources",
"product_dependencies" : [
"GeneralUtility"
],
"product_memberships" : [
"SwiftMiscUtility"
],
"sources" : [
"SwiftMiscUtility/Applicative.swift",
"SwiftMiscUtility/Collection+Utility.swift",
"SwiftMiscUtility/Exponentiation.swift",
"SwiftMiscUtility/Result+Utility.swift",
"SwiftMiscUtility/Rounding.swift",
"SwiftMiscUtility/RuntimeError.swift",
"SwiftMiscUtility/String+Utility.swift",
"SwiftMiscUtility/SynchronousData.swift",
"SwiftMiscUtility/Utility+SideEffect.swift"
],
"type" : "library"
}
],
"tools_version" : "5.3"
}
{
"workspace" : {
"name" : "SwiftMiscUtility",
"schemes" : [
"SwiftMiscUtility"
]
}
}
2026-09-18 01:26:39.370 xcodebuild[780:4893] [MT] IDERunDestination: Supported platforms for the buildables in the current scheme is empty.
Running build ...
env DEVELOPER_DIR=/Applications/Xcode-27.0.0-Release.Candidate.app xcrun xcodebuild -IDEClonedSourcePackagesDirPathOverride=$PWD/.dependencies -skipMacroValidation -skipPackagePluginValidation -derivedDataPath $PWD/.derivedData build -scheme SwiftMiscUtility -destination generic/platform=watchOS
Command line invocation:
/Applications/Xcode-27.0.0-Release.Candidate.app/Contents/Developer/usr/bin/xcodebuild -IDEClonedSourcePackagesDirPathOverride=/Users/admin/builder/spi-builder-workspace/.dependencies -skipMacroValidation -skipPackagePluginValidation -derivedDataPath /Users/admin/builder/spi-builder-workspace/.derivedData build -scheme SwiftMiscUtility -destination generic/platform=watchOS
Resolve Package Graph
Resolved source packages:
Swift-General-Utility: https://github.com/erica/Swift-General-Utility @ 0.0.8
SwiftMiscUtility: /Users/admin/builder/spi-builder-workspace
ComputePackagePrebuildTargetDependencyGraph
Prepare packages
CreateBuildRequest
SendProjectDescription
CreateBuildOperation
ComputeTargetDependencyGraph
note: Building targets in dependency order
note: Target dependency graph (4 targets)
Target 'SwiftMiscUtility-product' in project 'SwiftMiscUtility'
➜ Explicit dependency on target 'SwiftMiscUtility' in project 'SwiftMiscUtility'
➜ Explicit dependency on target 'GeneralUtility-product' in project 'Swift-General-Utility'
Target 'SwiftMiscUtility' in project 'SwiftMiscUtility'
➜ Explicit dependency on target 'GeneralUtility-product' in project 'Swift-General-Utility'
Target 'GeneralUtility-product' in project 'Swift-General-Utility'
➜ Explicit dependency on target 'GeneralUtility' in project 'Swift-General-Utility'
Target 'GeneralUtility' in project 'Swift-General-Utility' (no dependencies)
GatherProvisioningInputs
CreateBuildDescription
ClangStatCache /Applications/Xcode-27.0.0-Release.Candidate.app/Contents/Developer/Toolchains/XcodeDefault.xctoolchain/usr/bin/clang-stat-cache /Applications/Xcode-27.0.0-Release.Candidate.app/Contents/Developer/Platforms/WatchOS.platform/Developer/SDKs/WatchOS27.0.sdk /Users/admin/builder/spi-builder-workspace/.derivedData/SDKStatCaches.noindex/watchos27.0-24R360-e829b21a6f8c9b70876ba0858053c04477534ef55a1706bf4c1112bbb242f0a2.sdkstatcache
cd /Users/admin/builder/spi-builder-workspace/.swiftpm/xcode
/Applications/Xcode-27.0.0-Release.Candidate.app/Contents/Developer/Toolchains/XcodeDefault.xctoolchain/usr/bin/clang-stat-cache /Applications/Xcode-27.0.0-Release.Candidate.app/Contents/Developer/Platforms/WatchOS.platform/Developer/SDKs/WatchOS27.0.sdk -o /Users/admin/builder/spi-builder-workspace/.derivedData/SDKStatCaches.noindex/watchos27.0-24R360-e829b21a6f8c9b70876ba0858053c04477534ef55a1706bf4c1112bbb242f0a2.sdkstatcache
SwiftDriver SwiftMiscUtility normal arm64_32 com.apple.xcode.tools.swift.compiler (in target 'SwiftMiscUtility' from project 'SwiftMiscUtility')
cd /Users/admin/builder/spi-builder-workspace/.swiftpm/xcode
builtin-SwiftDriver -- /Applications/Xcode-27.0.0-Release.Candidate.app/Contents/Developer/Toolchains/XcodeDefault.xctoolchain/usr/bin/swiftc -parse-as-library -module-name SwiftMiscUtility -Onone @/Users/admin/builder/spi-builder-workspace/.derivedData/Build/Intermediates.noindex/SwiftMiscUtility.build/Debug-watchos/SwiftMiscUtility-t.build/Objects-normal/arm64_32/SwiftMiscUtility.SwiftFileList -DSWIFT_PACKAGE -DDEBUG -DSWIFT_MODULE_RESOURCE_BUNDLE_UNAVAILABLE -DXcode -plugin-path /Applications/Xcode-27.0.0-Release.Candidate.app/Contents/Developer/Toolchains/XcodeDefault.xctoolchain/usr/lib/swift/host/plugins/testing -enable-experimental-feature DebugDescriptionMacro -sdk /Applications/Xcode-27.0.0-Release.Candidate.app/Contents/Developer/Platforms/WatchOS.platform/Developer/SDKs/WatchOS27.0.sdk -target arm64_32-apple-watchos9.0 -g -module-cache-path /Users/admin/builder/spi-builder-workspace/.derivedData/ModuleCache.noindex -Xfrontend -serialize-debugging-options -enable-testing -index-store-path /Users/admin/builder/spi-builder-workspace/.derivedData/Index.noindex/DataStore -Xcc -D_LIBCPP_HARDENING_MODE\=_LIBCPP_HARDENING_MODE_DEBUG -swift-version 5 -I /Users/admin/builder/spi-builder-workspace/.derivedData/Build/Products/Debug-watchos -Isystem /Applications/Xcode-27.0.0-Release.Candidate.app/Contents/Developer/Platforms/WatchOS.platform/Developer/usr/lib -F /Users/admin/builder/spi-builder-workspace/.derivedData/Build/Products/Debug-watchos/PackageFrameworks -F /Users/admin/builder/spi-builder-workspace/.derivedData/Build/Products/Debug-watchos -F /Applications/Xcode-27.0.0-Release.Candidate.app/Contents/Developer/Platforms/WatchOS.platform/Developer/Library/Frameworks -F /Applications/Xcode-27.0.0-Release.Candidate.app/Contents/Developer/Platforms/WatchOS.platform/Developer/SDKs/WatchOS27.0.sdk/Developer/Library/Frameworks -c -j10 -enable-batch-mode -incremental -Xcc -ivfsstatcache -Xcc /Users/admin/builder/spi-builder-workspace/.derivedData/SDKStatCaches.noindex/watchos27.0-24R360-e829b21a6f8c9b70876ba0858053c04477534ef55a1706bf4c1112bbb242f0a2.sdkstatcache -output-file-map /Users/admin/builder/spi-builder-workspace/.derivedData/Build/Intermediates.noindex/SwiftMiscUtility.build/Debug-watchos/SwiftMiscUtility-t.build/Objects-normal/arm64_32/SwiftMiscUtility-OutputFileMap.json -save-temps -no-color-diagnostics -explicit-module-build -module-cache-path /Users/admin/builder/spi-builder-workspace/.derivedData/Build/Intermediates.noindex/SwiftExplicitPrecompiledModules -clang-scanner-module-cache-path /Users/admin/builder/spi-builder-workspace/.derivedData/ModuleCache.noindex -sdk-module-cache-path /Users/admin/builder/spi-builder-workspace/.derivedData/SDKExplicitPrecompiledModules -emit-dependencies -emit-module -emit-module-path /Users/admin/builder/spi-builder-workspace/.derivedData/Build/Intermediates.noindex/SwiftMiscUtility.build/Debug-watchos/SwiftMiscUtility-t.build/Objects-normal/arm64_32/SwiftMiscUtility.swiftmodule -serialize-diagnostics -dependency-scan-serialize-diagnostics-path /Users/admin/builder/spi-builder-workspace/.derivedData/Build/Intermediates.noindex/SwiftMiscUtility.build/Debug-watchos/SwiftMiscUtility-t.build/Objects-normal/arm64_32/SwiftMiscUtility-dependency-scan.dia -validate-clang-modules-once -clang-build-session-file /Users/admin/builder/spi-builder-workspace/.derivedData/ModuleCache.noindex/Session.modulevalidation -Xcc -fmodules-prune-interval\=86400 -Xcc -fmodules-prune-after\=345600 -emit-const-values -const-gather-protocols-list /Users/admin/builder/spi-builder-workspace/.derivedData/Build/Intermediates.noindex/SwiftMiscUtility.build/Debug-watchos/SwiftMiscUtility-t.build/Objects-normal/arm64_32/SwiftMiscUtility_const_extract_protocols.json -Xcc -I/Users/admin/builder/spi-builder-workspace/.derivedData/Build/Products/Debug-watchos/include -Xcc -I/Users/admin/builder/spi-builder-workspace/.derivedData/Build/Intermediates.noindex/SwiftMiscUtility.build/Debug-watchos/SwiftMiscUtility-t.build/DerivedSources-normal/arm64_32 -Xcc -I/Users/admin/builder/spi-builder-workspace/.derivedData/Build/Intermediates.noindex/SwiftMiscUtility.build/Debug-watchos/SwiftMiscUtility-t.build/DerivedSources/arm64_32 -Xcc -I/Users/admin/builder/spi-builder-workspace/.derivedData/Build/Intermediates.noindex/SwiftMiscUtility.build/Debug-watchos/SwiftMiscUtility-t.build/DerivedSources -Xcc -DSWIFT_PACKAGE -Xcc -DDEBUG\=1 -emit-objc-header -emit-objc-header-path /Users/admin/builder/spi-builder-workspace/.derivedData/Build/Intermediates.noindex/SwiftMiscUtility.build/Debug-watchos/SwiftMiscUtility-t.build/Objects-normal/arm64_32/SwiftMiscUtility-Swift.h -working-directory /Users/admin/builder/spi-builder-workspace/.swiftpm/xcode -experimental-emit-module-separately -disable-cmo
SwiftDriver GeneralUtility normal arm64_32 com.apple.xcode.tools.swift.compiler (in target 'GeneralUtility' from project 'Swift-General-Utility')
cd /Users/admin/builder/spi-builder-workspace/.swiftpm/xcode
builtin-SwiftDriver -- /Applications/Xcode-27.0.0-Release.Candidate.app/Contents/Developer/Toolchains/XcodeDefault.xctoolchain/usr/bin/swiftc -parse-as-library -module-name GeneralUtility -Onone @/Users/admin/builder/spi-builder-workspace/.derivedData/Build/Intermediates.noindex/Swift-General-Utility.build/Debug-watchos/GeneralUtility-t.build/Objects-normal/arm64_32/GeneralUtility.SwiftFileList -DSWIFT_PACKAGE -DDEBUG -DSWIFT_MODULE_RESOURCE_BUNDLE_UNAVAILABLE -DXcode -plugin-path /Applications/Xcode-27.0.0-Release.Candidate.app/Contents/Developer/Toolchains/XcodeDefault.xctoolchain/usr/lib/swift/host/plugins/testing -enable-experimental-feature DebugDescriptionMacro -sdk /Applications/Xcode-27.0.0-Release.Candidate.app/Contents/Developer/Platforms/WatchOS.platform/Developer/SDKs/WatchOS27.0.sdk -target arm64_32-apple-watchos9.0 -g -module-cache-path /Users/admin/builder/spi-builder-workspace/.derivedData/ModuleCache.noindex -Xfrontend -serialize-debugging-options -enable-testing -suppress-warnings -index-store-path /Users/admin/builder/spi-builder-workspace/.derivedData/Index.noindex/DataStore -Xcc -D_LIBCPP_HARDENING_MODE\=_LIBCPP_HARDENING_MODE_DEBUG -swift-version 5 -I /Users/admin/builder/spi-builder-workspace/.derivedData/Build/Products/Debug-watchos -Isystem /Applications/Xcode-27.0.0-Release.Candidate.app/Contents/Developer/Platforms/WatchOS.platform/Developer/usr/lib -F /Users/admin/builder/spi-builder-workspace/.derivedData/Build/Products/Debug-watchos -F /Applications/Xcode-27.0.0-Release.Candidate.app/Contents/Developer/Platforms/WatchOS.platform/Developer/Library/Frameworks -F /Applications/Xcode-27.0.0-Release.Candidate.app/Contents/Developer/Platforms/WatchOS.platform/Developer/SDKs/WatchOS27.0.sdk/Developer/Library/Frameworks -c -j10 -enable-batch-mode -incremental -Xcc -ivfsstatcache -Xcc /Users/admin/builder/spi-builder-workspace/.derivedData/SDKStatCaches.noindex/watchos27.0-24R360-e829b21a6f8c9b70876ba0858053c04477534ef55a1706bf4c1112bbb242f0a2.sdkstatcache -output-file-map /Users/admin/builder/spi-builder-workspace/.derivedData/Build/Intermediates.noindex/Swift-General-Utility.build/Debug-watchos/GeneralUtility-t.build/Objects-normal/arm64_32/GeneralUtility-OutputFileMap.json -save-temps -no-color-diagnostics -explicit-module-build -module-cache-path /Users/admin/builder/spi-builder-workspace/.derivedData/Build/Intermediates.noindex/SwiftExplicitPrecompiledModules -clang-scanner-module-cache-path /Users/admin/builder/spi-builder-workspace/.derivedData/ModuleCache.noindex -sdk-module-cache-path /Users/admin/builder/spi-builder-workspace/.derivedData/SDKExplicitPrecompiledModules -emit-dependencies -emit-module -emit-module-path /Users/admin/builder/spi-builder-workspace/.derivedData/Build/Intermediates.noindex/Swift-General-Utility.build/Debug-watchos/GeneralUtility-t.build/Objects-normal/arm64_32/GeneralUtility.swiftmodule -serialize-diagnostics -dependency-scan-serialize-diagnostics-path /Users/admin/builder/spi-builder-workspace/.derivedData/Build/Intermediates.noindex/Swift-General-Utility.build/Debug-watchos/GeneralUtility-t.build/Objects-normal/arm64_32/GeneralUtility-dependency-scan.dia -validate-clang-modules-once -clang-build-session-file /Users/admin/builder/spi-builder-workspace/.derivedData/ModuleCache.noindex/Session.modulevalidation -Xcc -fmodules-prune-interval\=86400 -Xcc -fmodules-prune-after\=345600 -emit-const-values -const-gather-protocols-list /Users/admin/builder/spi-builder-workspace/.derivedData/Build/Intermediates.noindex/Swift-General-Utility.build/Debug-watchos/GeneralUtility-t.build/Objects-normal/arm64_32/GeneralUtility_const_extract_protocols.json -Xcc -I/Users/admin/builder/spi-builder-workspace/.derivedData/Build/Products/Debug-watchos/include -Xcc -I/Users/admin/builder/spi-builder-workspace/.derivedData/Build/Intermediates.noindex/Swift-General-Utility.build/Debug-watchos/GeneralUtility-t.build/DerivedSources-normal/arm64_32 -Xcc -I/Users/admin/builder/spi-builder-workspace/.derivedData/Build/Intermediates.noindex/Swift-General-Utility.build/Debug-watchos/GeneralUtility-t.build/DerivedSources/arm64_32 -Xcc -I/Users/admin/builder/spi-builder-workspace/.derivedData/Build/Intermediates.noindex/Swift-General-Utility.build/Debug-watchos/GeneralUtility-t.build/DerivedSources -Xcc -DSWIFT_PACKAGE -Xcc -DDEBUG\=1 -emit-objc-header -emit-objc-header-path /Users/admin/builder/spi-builder-workspace/.derivedData/Build/Intermediates.noindex/Swift-General-Utility.build/Debug-watchos/GeneralUtility-t.build/Objects-normal/arm64_32/GeneralUtility-Swift.h -working-directory /Users/admin/builder/spi-builder-workspace/.swiftpm/xcode -experimental-emit-module-separately -disable-cmo
SwiftDriver SwiftMiscUtility normal arm64 com.apple.xcode.tools.swift.compiler (in target 'SwiftMiscUtility' from project 'SwiftMiscUtility')
cd /Users/admin/builder/spi-builder-workspace/.swiftpm/xcode
builtin-SwiftDriver -- /Applications/Xcode-27.0.0-Release.Candidate.app/Contents/Developer/Toolchains/XcodeDefault.xctoolchain/usr/bin/swiftc -parse-as-library -module-name SwiftMiscUtility -Onone @/Users/admin/builder/spi-builder-workspace/.derivedData/Build/Intermediates.noindex/SwiftMiscUtility.build/Debug-watchos/SwiftMiscUtility-t.build/Objects-normal/arm64/SwiftMiscUtility.SwiftFileList -DSWIFT_PACKAGE -DDEBUG -DSWIFT_MODULE_RESOURCE_BUNDLE_UNAVAILABLE -DXcode -plugin-path /Applications/Xcode-27.0.0-Release.Candidate.app/Contents/Developer/Toolchains/XcodeDefault.xctoolchain/usr/lib/swift/host/plugins/testing -enable-experimental-feature DebugDescriptionMacro -sdk /Applications/Xcode-27.0.0-Release.Candidate.app/Contents/Developer/Platforms/WatchOS.platform/Developer/SDKs/WatchOS27.0.sdk -target arm64-apple-watchos9.0 -g -module-cache-path /Users/admin/builder/spi-builder-workspace/.derivedData/ModuleCache.noindex -Xfrontend -serialize-debugging-options -enable-testing -index-store-path /Users/admin/builder/spi-builder-workspace/.derivedData/Index.noindex/DataStore -Xcc -D_LIBCPP_HARDENING_MODE\=_LIBCPP_HARDENING_MODE_DEBUG -swift-version 5 -I /Users/admin/builder/spi-builder-workspace/.derivedData/Build/Products/Debug-watchos -Isystem /Applications/Xcode-27.0.0-Release.Candidate.app/Contents/Developer/Platforms/WatchOS.platform/Developer/usr/lib -F /Users/admin/builder/spi-builder-workspace/.derivedData/Build/Products/Debug-watchos/PackageFrameworks -F /Users/admin/builder/spi-builder-workspace/.derivedData/Build/Products/Debug-watchos -F /Applications/Xcode-27.0.0-Release.Candidate.app/Contents/Developer/Platforms/WatchOS.platform/Developer/Library/Frameworks -F /Applications/Xcode-27.0.0-Release.Candidate.app/Contents/Developer/Platforms/WatchOS.platform/Developer/SDKs/WatchOS27.0.sdk/Developer/Library/Frameworks -c -j10 -enable-batch-mode -incremental -Xcc -ivfsstatcache -Xcc /Users/admin/builder/spi-builder-workspace/.derivedData/SDKStatCaches.noindex/watchos27.0-24R360-e829b21a6f8c9b70876ba0858053c04477534ef55a1706bf4c1112bbb242f0a2.sdkstatcache -output-file-map /Users/admin/builder/spi-builder-workspace/.derivedData/Build/Intermediates.noindex/SwiftMiscUtility.build/Debug-watchos/SwiftMiscUtility-t.build/Objects-normal/arm64/SwiftMiscUtility-OutputFileMap.json -save-temps -no-color-diagnostics -explicit-module-build -module-cache-path /Users/admin/builder/spi-builder-workspace/.derivedData/Build/Intermediates.noindex/SwiftExplicitPrecompiledModules -clang-scanner-module-cache-path /Users/admin/builder/spi-builder-workspace/.derivedData/ModuleCache.noindex -sdk-module-cache-path /Users/admin/builder/spi-builder-workspace/.derivedData/SDKExplicitPrecompiledModules -emit-dependencies -emit-module -emit-module-path /Users/admin/builder/spi-builder-workspace/.derivedData/Build/Intermediates.noindex/SwiftMiscUtility.build/Debug-watchos/SwiftMiscUtility-t.build/Objects-normal/arm64/SwiftMiscUtility.swiftmodule -serialize-diagnostics -dependency-scan-serialize-diagnostics-path /Users/admin/builder/spi-builder-workspace/.derivedData/Build/Intermediates.noindex/SwiftMiscUtility.build/Debug-watchos/SwiftMiscUtility-t.build/Objects-normal/arm64/SwiftMiscUtility-dependency-scan.dia -validate-clang-modules-once -clang-build-session-file /Users/admin/builder/spi-builder-workspace/.derivedData/ModuleCache.noindex/Session.modulevalidation -Xcc -fmodules-prune-interval\=86400 -Xcc -fmodules-prune-after\=345600 -emit-const-values -const-gather-protocols-list /Users/admin/builder/spi-builder-workspace/.derivedData/Build/Intermediates.noindex/SwiftMiscUtility.build/Debug-watchos/SwiftMiscUtility-t.build/Objects-normal/arm64/SwiftMiscUtility_const_extract_protocols.json -Xcc -I/Users/admin/builder/spi-builder-workspace/.derivedData/Build/Products/Debug-watchos/include -Xcc -I/Users/admin/builder/spi-builder-workspace/.derivedData/Build/Intermediates.noindex/SwiftMiscUtility.build/Debug-watchos/SwiftMiscUtility-t.build/DerivedSources-normal/arm64 -Xcc -I/Users/admin/builder/spi-builder-workspace/.derivedData/Build/Intermediates.noindex/SwiftMiscUtility.build/Debug-watchos/SwiftMiscUtility-t.build/DerivedSources/arm64 -Xcc -I/Users/admin/builder/spi-builder-workspace/.derivedData/Build/Intermediates.noindex/SwiftMiscUtility.build/Debug-watchos/SwiftMiscUtility-t.build/DerivedSources -Xcc -DSWIFT_PACKAGE -Xcc -DDEBUG\=1 -emit-objc-header -emit-objc-header-path /Users/admin/builder/spi-builder-workspace/.derivedData/Build/Intermediates.noindex/SwiftMiscUtility.build/Debug-watchos/SwiftMiscUtility-t.build/Objects-normal/arm64/SwiftMiscUtility-Swift.h -working-directory /Users/admin/builder/spi-builder-workspace/.swiftpm/xcode -experimental-emit-module-separately -disable-cmo
SwiftDriver GeneralUtility normal arm64 com.apple.xcode.tools.swift.compiler (in target 'GeneralUtility' from project 'Swift-General-Utility')
cd /Users/admin/builder/spi-builder-workspace/.swiftpm/xcode
builtin-SwiftDriver -- /Applications/Xcode-27.0.0-Release.Candidate.app/Contents/Developer/Toolchains/XcodeDefault.xctoolchain/usr/bin/swiftc -parse-as-library -module-name GeneralUtility -Onone @/Users/admin/builder/spi-builder-workspace/.derivedData/Build/Intermediates.noindex/Swift-General-Utility.build/Debug-watchos/GeneralUtility-t.build/Objects-normal/arm64/GeneralUtility.SwiftFileList -DSWIFT_PACKAGE -DDEBUG -DSWIFT_MODULE_RESOURCE_BUNDLE_UNAVAILABLE -DXcode -plugin-path /Applications/Xcode-27.0.0-Release.Candidate.app/Contents/Developer/Toolchains/XcodeDefault.xctoolchain/usr/lib/swift/host/plugins/testing -enable-experimental-feature DebugDescriptionMacro -sdk /Applications/Xcode-27.0.0-Release.Candidate.app/Contents/Developer/Platforms/WatchOS.platform/Developer/SDKs/WatchOS27.0.sdk -target arm64-apple-watchos9.0 -g -module-cache-path /Users/admin/builder/spi-builder-workspace/.derivedData/ModuleCache.noindex -Xfrontend -serialize-debugging-options -enable-testing -suppress-warnings -index-store-path /Users/admin/builder/spi-builder-workspace/.derivedData/Index.noindex/DataStore -Xcc -D_LIBCPP_HARDENING_MODE\=_LIBCPP_HARDENING_MODE_DEBUG -swift-version 5 -I /Users/admin/builder/spi-builder-workspace/.derivedData/Build/Products/Debug-watchos -Isystem /Applications/Xcode-27.0.0-Release.Candidate.app/Contents/Developer/Platforms/WatchOS.platform/Developer/usr/lib -F /Users/admin/builder/spi-builder-workspace/.derivedData/Build/Products/Debug-watchos -F /Applications/Xcode-27.0.0-Release.Candidate.app/Contents/Developer/Platforms/WatchOS.platform/Developer/Library/Frameworks -F /Applications/Xcode-27.0.0-Release.Candidate.app/Contents/Developer/Platforms/WatchOS.platform/Developer/SDKs/WatchOS27.0.sdk/Developer/Library/Frameworks -c -j10 -enable-batch-mode -incremental -Xcc -ivfsstatcache -Xcc /Users/admin/builder/spi-builder-workspace/.derivedData/SDKStatCaches.noindex/watchos27.0-24R360-e829b21a6f8c9b70876ba0858053c04477534ef55a1706bf4c1112bbb242f0a2.sdkstatcache -output-file-map /Users/admin/builder/spi-builder-workspace/.derivedData/Build/Intermediates.noindex/Swift-General-Utility.build/Debug-watchos/GeneralUtility-t.build/Objects-normal/arm64/GeneralUtility-OutputFileMap.json -save-temps -no-color-diagnostics -explicit-module-build -module-cache-path /Users/admin/builder/spi-builder-workspace/.derivedData/Build/Intermediates.noindex/SwiftExplicitPrecompiledModules -clang-scanner-module-cache-path /Users/admin/builder/spi-builder-workspace/.derivedData/ModuleCache.noindex -sdk-module-cache-path /Users/admin/builder/spi-builder-workspace/.derivedData/SDKExplicitPrecompiledModules -emit-dependencies -emit-module -emit-module-path /Users/admin/builder/spi-builder-workspace/.derivedData/Build/Intermediates.noindex/Swift-General-Utility.build/Debug-watchos/GeneralUtility-t.build/Objects-normal/arm64/GeneralUtility.swiftmodule -serialize-diagnostics -dependency-scan-serialize-diagnostics-path /Users/admin/builder/spi-builder-workspace/.derivedData/Build/Intermediates.noindex/Swift-General-Utility.build/Debug-watchos/GeneralUtility-t.build/Objects-normal/arm64/GeneralUtility-dependency-scan.dia -validate-clang-modules-once -clang-build-session-file /Users/admin/builder/spi-builder-workspace/.derivedData/ModuleCache.noindex/Session.modulevalidation -Xcc -fmodules-prune-interval\=86400 -Xcc -fmodules-prune-after\=345600 -emit-const-values -const-gather-protocols-list /Users/admin/builder/spi-builder-workspace/.derivedData/Build/Intermediates.noindex/Swift-General-Utility.build/Debug-watchos/GeneralUtility-t.build/Objects-normal/arm64/GeneralUtility_const_extract_protocols.json -Xcc -I/Users/admin/builder/spi-builder-workspace/.derivedData/Build/Products/Debug-watchos/include -Xcc -I/Users/admin/builder/spi-builder-workspace/.derivedData/Build/Intermediates.noindex/Swift-General-Utility.build/Debug-watchos/GeneralUtility-t.build/DerivedSources-normal/arm64 -Xcc -I/Users/admin/builder/spi-builder-workspace/.derivedData/Build/Intermediates.noindex/Swift-General-Utility.build/Debug-watchos/GeneralUtility-t.build/DerivedSources/arm64 -Xcc -I/Users/admin/builder/spi-builder-workspace/.derivedData/Build/Intermediates.noindex/Swift-General-Utility.build/Debug-watchos/GeneralUtility-t.build/DerivedSources -Xcc -DSWIFT_PACKAGE -Xcc -DDEBUG\=1 -emit-objc-header -emit-objc-header-path /Users/admin/builder/spi-builder-workspace/.derivedData/Build/Intermediates.noindex/Swift-General-Utility.build/Debug-watchos/GeneralUtility-t.build/Objects-normal/arm64/GeneralUtility-Swift.h -working-directory /Users/admin/builder/spi-builder-workspace/.swiftpm/xcode -experimental-emit-module-separately -disable-cmo
SwiftEmitModule normal arm64 Emitting\ module\ for\ GeneralUtility (in target 'GeneralUtility' from project 'Swift-General-Utility')
SwiftCompile normal arm64 (in target 'GeneralUtility' from project 'Swift-General-Utility')
cd /Users/admin/builder/spi-builder-workspace/.swiftpm/xcode
SwiftCompile normal arm64 Compiling\ Utility.swift /Users/admin/builder/spi-builder-workspace/.dependencies/checkouts/Swift-General-Utility/Sources/GeneralUtility/Utility.swift (in target 'GeneralUtility' from project 'Swift-General-Utility')
SwiftCompile normal arm64 /Users/admin/builder/spi-builder-workspace/.dependencies/checkouts/Swift-General-Utility/Sources/GeneralUtility/Utility.swift (in target 'GeneralUtility' from project 'Swift-General-Utility')
cd /Users/admin/builder/spi-builder-workspace/.swiftpm/xcode
builtin-SwiftPerFileCompile Utility.swift
SwiftCompile normal arm64 Compiling\ Applicative.swift /Users/admin/builder/spi-builder-workspace/Sources/SwiftMiscUtility/Applicative.swift (in target 'SwiftMiscUtility' from project 'SwiftMiscUtility')
SwiftCompile normal arm64 /Users/admin/builder/spi-builder-workspace/Sources/SwiftMiscUtility/Applicative.swift (in target 'SwiftMiscUtility' from project 'SwiftMiscUtility')
cd /Users/admin/builder/spi-builder-workspace/.swiftpm/xcode
builtin-SwiftPerFileCompile Applicative.swift
SwiftCompile normal arm64 Compiling\ Collection+Utility.swift /Users/admin/builder/spi-builder-workspace/Sources/SwiftMiscUtility/Collection+Utility.swift (in target 'SwiftMiscUtility' from project 'SwiftMiscUtility')
SwiftCompile normal arm64 /Users/admin/builder/spi-builder-workspace/Sources/SwiftMiscUtility/Collection+Utility.swift (in target 'SwiftMiscUtility' from project 'SwiftMiscUtility')
cd /Users/admin/builder/spi-builder-workspace/.swiftpm/xcode
builtin-SwiftPerFileCompile Collection+Utility.swift
SwiftCompile normal arm64 Compiling\ Exponentiation.swift /Users/admin/builder/spi-builder-workspace/Sources/SwiftMiscUtility/Exponentiation.swift (in target 'SwiftMiscUtility' from project 'SwiftMiscUtility')
SwiftCompile normal arm64 /Users/admin/builder/spi-builder-workspace/Sources/SwiftMiscUtility/Exponentiation.swift (in target 'SwiftMiscUtility' from project 'SwiftMiscUtility')
cd /Users/admin/builder/spi-builder-workspace/.swiftpm/xcode
builtin-SwiftPerFileCompile Exponentiation.swift
SwiftEmitModule normal arm64_32 Emitting\ module\ for\ GeneralUtility (in target 'GeneralUtility' from project 'Swift-General-Utility')
SwiftCompile normal arm64_32 (in target 'GeneralUtility' from project 'Swift-General-Utility')
cd /Users/admin/builder/spi-builder-workspace/.swiftpm/xcode
SwiftEmitModule normal arm64 Emitting\ module\ for\ SwiftMiscUtility (in target 'SwiftMiscUtility' from project 'SwiftMiscUtility')
/Users/admin/builder/spi-builder-workspace/Sources/SwiftMiscUtility/SynchronousData.swift:5:11: error: cannot find type 'Utility' in scope
3 | import Foundation
4 |
5 | extension Utility {
| `- error: cannot find type 'Utility' in scope
6 | /// Creates and executes a non-blocking URLSession data task.
7 | /// - Parameter request: the `URLRequest` for the session.
/Users/admin/builder/spi-builder-workspace/Sources/SwiftMiscUtility/Utility+SideEffect.swift:13:11: error: cannot find type 'Utility' in scope
11 | }
12 |
13 | extension Utility {
| `- error: cannot find type 'Utility' in scope
14 | /// Applies the closure, and returns true so the closure can be executed in a cascading condition.
15 | /// - Parameter closure: a side effect to apply to the current instance.
Failed frontend command:
/Applications/Xcode-27.0.0-Release.Candidate.app/Contents/Developer/Toolchains/XcodeDefault.xctoolchain/usr/bin/swift-frontend -frontend -emit-module -experimental-skip-non-inlinable-function-bodies-without-types /Users/admin/builder/spi-builder-workspace/Sources/SwiftMiscUtility/Applicative.swift /Users/admin/builder/spi-builder-workspace/Sources/SwiftMiscUtility/Collection+Utility.swift /Users/admin/builder/spi-builder-workspace/Sources/SwiftMiscUtility/Exponentiation.swift /Users/admin/builder/spi-builder-workspace/Sources/SwiftMiscUtility/Result+Utility.swift /Users/admin/builder/spi-builder-workspace/Sources/SwiftMiscUtility/Rounding.swift /Users/admin/builder/spi-builder-workspace/Sources/SwiftMiscUtility/RuntimeError.swift /Users/admin/builder/spi-builder-workspace/Sources/SwiftMiscUtility/String+Utility.swift /Users/admin/builder/spi-builder-workspace/Sources/SwiftMiscUtility/SynchronousData.swift /Users/admin/builder/spi-builder-workspace/Sources/SwiftMiscUtility/Utility+SideEffect.swift -target arm64-apple-watchos9.0 -disable-cross-import-overlay-search -load-resolved-plugin /Applications/Xcode-27.0.0-Release.Candidate.app/Contents/Developer/Platforms/WatchOS.platform/Developer/usr/lib/swift/host/plugins/libFoundationMacros.dylib\#/Applications/Xcode-27.0.0-Release.Candidate.app/Contents/Developer/Platforms/WatchOS.platform/Developer/usr/bin/swift-plugin-server\#FoundationMacros -load-resolved-plugin /Applications/Xcode-27.0.0-Release.Candidate.app/Contents/Developer/Platforms/WatchOS.platform/Developer/usr/lib/swift/host/plugins/libObservationMacros.dylib\#/Applications/Xcode-27.0.0-Release.Candidate.app/Contents/Developer/Platforms/WatchOS.platform/Developer/usr/bin/swift-plugin-server\#ObservationMacros -load-resolved-plugin /Applications/Xcode-27.0.0-Release.Candidate.app/Contents/Developer/Platforms/WatchOS.platform/Developer/usr/lib/swift/host/plugins/libSwiftMacros.dylib\#/Applications/Xcode-27.0.0-Release.Candidate.app/Contents/Developer/Platforms/WatchOS.platform/Developer/usr/bin/swift-plugin-server\#SwiftMacros -disable-implicit-swift-modules -Xcc -fno-implicit-modules -Xcc -fno-implicit-module-maps -explicit-swift-module-map-file /Users/admin/builder/spi-builder-workspace/.derivedData/Build/Intermediates.noindex/SwiftMiscUtility.build/Debug-watchos/SwiftMiscUtility-t.build/Objects-normal/arm64/SwiftMiscUtility-dependencies-2.json -Xllvm -aarch64-use-tbi -enable-objc-interop -stack-check -sdk /Applications/Xcode-27.0.0-Release.Candidate.app/Contents/Developer/Platforms/WatchOS.platform/Developer/SDKs/WatchOS27.0.sdk -I /Users/admin/builder/spi-builder-workspace/.derivedData/Build/Products/Debug-watchos -Isystem /Applications/Xcode-27.0.0-Release.Candidate.app/Contents/Developer/Platforms/WatchOS.platform/Developer/usr/lib -F /Users/admin/builder/spi-builder-workspace/.derivedData/Build/Products/Debug-watchos/PackageFrameworks -F /Users/admin/builder/spi-builder-workspace/.derivedData/Build/Products/Debug-watchos -F /Applications/Xcode-27.0.0-Release.Candidate.app/Contents/Developer/Platforms/WatchOS.platform/Developer/Library/Frameworks -F /Applications/Xcode-27.0.0-Release.Candidate.app/Contents/Developer/Platforms/WatchOS.platform/Developer/SDKs/WatchOS27.0.sdk/Developer/Library/Frameworks -module-cache-path /Users/admin/builder/spi-builder-workspace/.derivedData/Build/Intermediates.noindex/SwiftExplicitPrecompiledModules -no-color-diagnostics -Xcc -fno-color-diagnostics -enable-testing -g -debug-info-format\=dwarf -dwarf-version\=4 -swift-version 5 -Onone -D SWIFT_PACKAGE -D DEBUG -D SWIFT_MODULE_RESOURCE_BUNDLE_UNAVAILABLE -D Xcode -serialize-debugging-options -enable-experimental-feature DebugDescriptionMacro -empty-abi-descriptor -validate-clang-modules-once -clang-build-session-file /Users/admin/builder/spi-builder-workspace/.derivedData/ModuleCache.noindex/Session.modulevalidation -Xcc -working-directory -Xcc /Users/admin/builder/spi-builder-workspace/.swiftpm/xcode -enable-anonymous-context-mangled-names -file-compilation-dir /Users/admin/builder/spi-builder-workspace/.swiftpm/xcode -Xcc -D_LIBCPP_HARDENING_MODE\=_LIBCPP_HARDENING_MODE_DEBUG -Xcc -ivfsstatcache -Xcc /Users/admin/builder/spi-builder-workspace/.derivedData/SDKStatCaches.noindex/watchos27.0-24R360-e829b21a6f8c9b70876ba0858053c04477534ef55a1706bf4c1112bbb242f0a2.sdkstatcache -Xcc -fmodules-prune-interval\=86400 -Xcc -fmodules-prune-after\=345600 -Xcc -I/Users/admin/builder/spi-builder-workspace/.derivedData/Build/Products/Debug-watchos/include -Xcc -I/Users/admin/builder/spi-builder-workspace/.derivedData/Build/Intermediates.noindex/SwiftMiscUtility.build/Debug-watchos/SwiftMiscUtility-t.build/DerivedSources-normal/arm64 -Xcc -I/Users/admin/builder/spi-builder-workspace/.derivedData/Build/Intermediates.noindex/SwiftMiscUtility.build/Debug-watchos/SwiftMiscUtility-t.build/DerivedSources/arm64 -Xcc -I/Users/admin/builder/spi-builder-workspace/.derivedData/Build/Intermediates.noindex/SwiftMiscUtility.build/Debug-watchos/SwiftMiscUtility-t.build/DerivedSources -Xcc -DSWIFT_PACKAGE -Xcc -DDEBUG\=1 -no-auto-bridging-header-chaining -module-name SwiftMiscUtility -const-gather-protocols-file /Users/admin/builder/spi-builder-workspace/.derivedData/Build/Intermediates.noindex/SwiftMiscUtility.build/Debug-watchos/SwiftMiscUtility-t.build/Objects-normal/arm64/SwiftMiscUtility_const_extract_protocols.json -disable-clang-spi -clang-target arm64-apple-watchos27.0 -target-sdk-version 27.0 -target-sdk-name watchos27.0 -in-process-plugin-server-path /Applications/Xcode-27.0.0-Release.Candidate.app/Contents/Developer/Toolchains/XcodeDefault.xctoolchain/usr/lib/swift/host/libSwiftInProcPluginServer.dylib -emit-module-doc-path /Users/admin/builder/spi-builder-workspace/.derivedData/Build/Intermediates.noindex/SwiftMiscUtility.build/Debug-watchos/SwiftMiscUtility-t.build/Objects-normal/arm64/SwiftMiscUtility.swiftdoc -emit-module-source-info-path /Users/admin/builder/spi-builder-workspace/.derivedData/Build/Intermediates.noindex/SwiftMiscUtility.build/Debug-watchos/SwiftMiscUtility-t.build/Objects-normal/arm64/SwiftMiscUtility.swiftsourceinfo -emit-objc-header-path /Users/admin/builder/spi-builder-workspace/.derivedData/Build/Intermediates.noindex/SwiftMiscUtility.build/Debug-watchos/SwiftMiscUtility-t.build/Objects-normal/arm64/SwiftMiscUtility-Swift.h -serialize-diagnostics-path /Users/admin/builder/spi-builder-workspace/.derivedData/Build/Intermediates.noindex/SwiftMiscUtility.build/Debug-watchos/SwiftMiscUtility-t.build/Objects-normal/arm64/SwiftMiscUtility-primary-emit-module.dia -emit-dependencies-path /Users/admin/builder/spi-builder-workspace/.derivedData/Build/Intermediates.noindex/SwiftMiscUtility.build/Debug-watchos/SwiftMiscUtility-t.build/Objects-normal/arm64/SwiftMiscUtility-primary-emit-module.d -parse-as-library -o /Users/admin/builder/spi-builder-workspace/.derivedData/Build/Intermediates.noindex/SwiftMiscUtility.build/Debug-watchos/SwiftMiscUtility-t.build/Objects-normal/arm64/SwiftMiscUtility.swiftmodule -emit-abi-descriptor-path /Users/admin/builder/spi-builder-workspace/.derivedData/Build/Intermediates.noindex/SwiftMiscUtility.build/Debug-watchos/SwiftMiscUtility-t.build/Objects-normal/arm64/SwiftMiscUtility.abi.json
SwiftCompile normal arm64 (in target 'SwiftMiscUtility' from project 'SwiftMiscUtility')
cd /Users/admin/builder/spi-builder-workspace/.swiftpm/xcode
SwiftCompile normal arm64 Compiling\ RuntimeError.swift /Users/admin/builder/spi-builder-workspace/Sources/SwiftMiscUtility/RuntimeError.swift (in target 'SwiftMiscUtility' from project 'SwiftMiscUtility')
SwiftCompile normal arm64 /Users/admin/builder/spi-builder-workspace/Sources/SwiftMiscUtility/RuntimeError.swift (in target 'SwiftMiscUtility' from project 'SwiftMiscUtility')
cd /Users/admin/builder/spi-builder-workspace/.swiftpm/xcode
builtin-SwiftPerFileCompile RuntimeError.swift
SwiftCompile normal arm64_32 Compiling\ RuntimeError.swift /Users/admin/builder/spi-builder-workspace/Sources/SwiftMiscUtility/RuntimeError.swift (in target 'SwiftMiscUtility' from project 'SwiftMiscUtility')
SwiftCompile normal arm64_32 /Users/admin/builder/spi-builder-workspace/Sources/SwiftMiscUtility/RuntimeError.swift (in target 'SwiftMiscUtility' from project 'SwiftMiscUtility')
cd /Users/admin/builder/spi-builder-workspace/.swiftpm/xcode
builtin-SwiftPerFileCompile RuntimeError.swift
SwiftEmitModule normal arm64_32 Emitting\ module\ for\ SwiftMiscUtility (in target 'SwiftMiscUtility' from project 'SwiftMiscUtility')
/Users/admin/builder/spi-builder-workspace/Sources/SwiftMiscUtility/SynchronousData.swift:5:11: error: cannot find type 'Utility' in scope
3 | import Foundation
4 |
5 | extension Utility {
| `- error: cannot find type 'Utility' in scope
6 | /// Creates and executes a non-blocking URLSession data task.
7 | /// - Parameter request: the `URLRequest` for the session.
/Users/admin/builder/spi-builder-workspace/Sources/SwiftMiscUtility/Utility+SideEffect.swift:13:11: error: cannot find type 'Utility' in scope
11 | }
12 |
13 | extension Utility {
| `- error: cannot find type 'Utility' in scope
14 | /// Applies the closure, and returns true so the closure can be executed in a cascading condition.
15 | /// - Parameter closure: a side effect to apply to the current instance.
Failed frontend command:
/Applications/Xcode-27.0.0-Release.Candidate.app/Contents/Developer/Toolchains/XcodeDefault.xctoolchain/usr/bin/swift-frontend -frontend -emit-module -experimental-skip-non-inlinable-function-bodies-without-types /Users/admin/builder/spi-builder-workspace/Sources/SwiftMiscUtility/Applicative.swift /Users/admin/builder/spi-builder-workspace/Sources/SwiftMiscUtility/Collection+Utility.swift /Users/admin/builder/spi-builder-workspace/Sources/SwiftMiscUtility/Exponentiation.swift /Users/admin/builder/spi-builder-workspace/Sources/SwiftMiscUtility/Result+Utility.swift /Users/admin/builder/spi-builder-workspace/Sources/SwiftMiscUtility/Rounding.swift /Users/admin/builder/spi-builder-workspace/Sources/SwiftMiscUtility/RuntimeError.swift /Users/admin/builder/spi-builder-workspace/Sources/SwiftMiscUtility/String+Utility.swift /Users/admin/builder/spi-builder-workspace/Sources/SwiftMiscUtility/SynchronousData.swift /Users/admin/builder/spi-builder-workspace/Sources/SwiftMiscUtility/Utility+SideEffect.swift -target arm64_32-apple-watchos9.0 -disable-cross-import-overlay-search -load-resolved-plugin /Applications/Xcode-27.0.0-Release.Candidate.app/Contents/Developer/Platforms/WatchOS.platform/Developer/usr/lib/swift/host/plugins/libFoundationMacros.dylib\#/Applications/Xcode-27.0.0-Release.Candidate.app/Contents/Developer/Platforms/WatchOS.platform/Developer/usr/bin/swift-plugin-server\#FoundationMacros -load-resolved-plugin /Applications/Xcode-27.0.0-Release.Candidate.app/Contents/Developer/Platforms/WatchOS.platform/Developer/usr/lib/swift/host/plugins/libObservationMacros.dylib\#/Applications/Xcode-27.0.0-Release.Candidate.app/Contents/Developer/Platforms/WatchOS.platform/Developer/usr/bin/swift-plugin-server\#ObservationMacros -load-resolved-plugin /Applications/Xcode-27.0.0-Release.Candidate.app/Contents/Developer/Platforms/WatchOS.platform/Developer/usr/lib/swift/host/plugins/libSwiftMacros.dylib\#/Applications/Xcode-27.0.0-Release.Candidate.app/Contents/Developer/Platforms/WatchOS.platform/Developer/usr/bin/swift-plugin-server\#SwiftMacros -disable-implicit-swift-modules -Xcc -fno-implicit-modules -Xcc -fno-implicit-module-maps -explicit-swift-module-map-file /Users/admin/builder/spi-builder-workspace/.derivedData/Build/Intermediates.noindex/SwiftMiscUtility.build/Debug-watchos/SwiftMiscUtility-t.build/Objects-normal/arm64_32/SwiftMiscUtility-dependencies-1.json -enable-objc-interop -sdk /Applications/Xcode-27.0.0-Release.Candidate.app/Contents/Developer/Platforms/WatchOS.platform/Developer/SDKs/WatchOS27.0.sdk -I /Users/admin/builder/spi-builder-workspace/.derivedData/Build/Products/Debug-watchos -Isystem /Applications/Xcode-27.0.0-Release.Candidate.app/Contents/Developer/Platforms/WatchOS.platform/Developer/usr/lib -F /Users/admin/builder/spi-builder-workspace/.derivedData/Build/Products/Debug-watchos/PackageFrameworks -F /Users/admin/builder/spi-builder-workspace/.derivedData/Build/Products/Debug-watchos -F /Applications/Xcode-27.0.0-Release.Candidate.app/Contents/Developer/Platforms/WatchOS.platform/Developer/Library/Frameworks -F /Applications/Xcode-27.0.0-Release.Candidate.app/Contents/Developer/Platforms/WatchOS.platform/Developer/SDKs/WatchOS27.0.sdk/Developer/Library/Frameworks -module-cache-path /Users/admin/builder/spi-builder-workspace/.derivedData/Build/Intermediates.noindex/SwiftExplicitPrecompiledModules -no-color-diagnostics -Xcc -fno-color-diagnostics -enable-testing -g -debug-info-format\=dwarf -dwarf-version\=4 -swift-version 5 -Onone -D SWIFT_PACKAGE -D DEBUG -D SWIFT_MODULE_RESOURCE_BUNDLE_UNAVAILABLE -D Xcode -serialize-debugging-options -enable-experimental-feature DebugDescriptionMacro -empty-abi-descriptor -validate-clang-modules-once -clang-build-session-file /Users/admin/builder/spi-builder-workspace/.derivedData/ModuleCache.noindex/Session.modulevalidation -Xcc -working-directory -Xcc /Users/admin/builder/spi-builder-workspace/.swiftpm/xcode -enable-anonymous-context-mangled-names -file-compilation-dir /Users/admin/builder/spi-builder-workspace/.swiftpm/xcode -Xcc -D_LIBCPP_HARDENING_MODE\=_LIBCPP_HARDENING_MODE_DEBUG -Xcc -ivfsstatcache -Xcc /Users/admin/builder/spi-builder-workspace/.derivedData/SDKStatCaches.noindex/watchos27.0-24R360-e829b21a6f8c9b70876ba0858053c04477534ef55a1706bf4c1112bbb242f0a2.sdkstatcache -Xcc -fmodules-prune-interval\=86400 -Xcc -fmodules-prune-after\=345600 -Xcc -I/Users/admin/builder/spi-builder-workspace/.derivedData/Build/Products/Debug-watchos/include -Xcc -I/Users/admin/builder/spi-builder-workspace/.derivedData/Build/Intermediates.noindex/SwiftMiscUtility.build/Debug-watchos/SwiftMiscUtility-t.build/DerivedSources-normal/arm64_32 -Xcc -I/Users/admin/builder/spi-builder-workspace/.derivedData/Build/Intermediates.noindex/SwiftMiscUtility.build/Debug-watchos/SwiftMiscUtility-t.build/DerivedSources/arm64_32 -Xcc -I/Users/admin/builder/spi-builder-workspace/.derivedData/Build/Intermediates.noindex/SwiftMiscUtility.build/Debug-watchos/SwiftMiscUtility-t.build/DerivedSources -Xcc -DSWIFT_PACKAGE -Xcc -DDEBUG\=1 -no-auto-bridging-header-chaining -module-name SwiftMiscUtility -const-gather-protocols-file /Users/admin/builder/spi-builder-workspace/.derivedData/Build/Intermediates.noindex/SwiftMiscUtility.build/Debug-watchos/SwiftMiscUtility-t.build/Objects-normal/arm64_32/SwiftMiscUtility_const_extract_protocols.json -disable-clang-spi -clang-target arm64_32-apple-watchos27.0 -target-sdk-version 27.0 -target-sdk-name watchos27.0 -in-process-plugin-server-path /Applications/Xcode-27.0.0-Release.Candidate.app/Contents/Developer/Toolchains/XcodeDefault.xctoolchain/usr/lib/swift/host/libSwiftInProcPluginServer.dylib -emit-module-doc-path /Users/admin/builder/spi-builder-workspace/.derivedData/Build/Intermediates.noindex/SwiftMiscUtility.build/Debug-watchos/SwiftMiscUtility-t.build/Objects-normal/arm64_32/SwiftMiscUtility.swiftdoc -emit-module-source-info-path /Users/admin/builder/spi-builder-workspace/.derivedData/Build/Intermediates.noindex/SwiftMiscUtility.build/Debug-watchos/SwiftMiscUtility-t.build/Objects-normal/arm64_32/SwiftMiscUtility.swiftsourceinfo -emit-objc-header-path /Users/admin/builder/spi-builder-workspace/.derivedData/Build/Intermediates.noindex/SwiftMiscUtility.build/Debug-watchos/SwiftMiscUtility-t.build/Objects-normal/arm64_32/SwiftMiscUtility-Swift.h -serialize-diagnostics-path /Users/admin/builder/spi-builder-workspace/.derivedData/Build/Intermediates.noindex/SwiftMiscUtility.build/Debug-watchos/SwiftMiscUtility-t.build/Objects-normal/arm64_32/SwiftMiscUtility-primary-emit-module.dia -emit-dependencies-path /Users/admin/builder/spi-builder-workspace/.derivedData/Build/Intermediates.noindex/SwiftMiscUtility.build/Debug-watchos/SwiftMiscUtility-t.build/Objects-normal/arm64_32/SwiftMiscUtility-primary-emit-module.d -parse-as-library -o /Users/admin/builder/spi-builder-workspace/.derivedData/Build/Intermediates.noindex/SwiftMiscUtility.build/Debug-watchos/SwiftMiscUtility-t.build/Objects-normal/arm64_32/SwiftMiscUtility.swiftmodule -emit-abi-descriptor-path /Users/admin/builder/spi-builder-workspace/.derivedData/Build/Intermediates.noindex/SwiftMiscUtility.build/Debug-watchos/SwiftMiscUtility-t.build/Objects-normal/arm64_32/SwiftMiscUtility.abi.json
SwiftCompile normal arm64_32 (in target 'SwiftMiscUtility' from project 'SwiftMiscUtility')
cd /Users/admin/builder/spi-builder-workspace/.swiftpm/xcode
SwiftCompile normal arm64_32 Compiling\ Collection+Utility.swift /Users/admin/builder/spi-builder-workspace/Sources/SwiftMiscUtility/Collection+Utility.swift (in target 'SwiftMiscUtility' from project 'SwiftMiscUtility')
SwiftCompile normal arm64_32 /Users/admin/builder/spi-builder-workspace/Sources/SwiftMiscUtility/Collection+Utility.swift (in target 'SwiftMiscUtility' from project 'SwiftMiscUtility')
cd /Users/admin/builder/spi-builder-workspace/.swiftpm/xcode
builtin-SwiftPerFileCompile Collection+Utility.swift
SwiftCompile normal arm64_32 Compiling\ Result+Utility.swift /Users/admin/builder/spi-builder-workspace/Sources/SwiftMiscUtility/Result+Utility.swift (in target 'SwiftMiscUtility' from project 'SwiftMiscUtility')
SwiftCompile normal arm64_32 /Users/admin/builder/spi-builder-workspace/Sources/SwiftMiscUtility/Result+Utility.swift (in target 'SwiftMiscUtility' from project 'SwiftMiscUtility')
cd /Users/admin/builder/spi-builder-workspace/.swiftpm/xcode
builtin-SwiftPerFileCompile Result+Utility.swift
SwiftCompile normal arm64_32 Compiling\ String+Utility.swift /Users/admin/builder/spi-builder-workspace/Sources/SwiftMiscUtility/String+Utility.swift (in target 'SwiftMiscUtility' from project 'SwiftMiscUtility')
SwiftCompile normal arm64_32 /Users/admin/builder/spi-builder-workspace/Sources/SwiftMiscUtility/String+Utility.swift (in target 'SwiftMiscUtility' from project 'SwiftMiscUtility')
cd /Users/admin/builder/spi-builder-workspace/.swiftpm/xcode
builtin-SwiftPerFileCompile String+Utility.swift
PruneExplicitPrecompiledModules /Users/admin/builder/spi-builder-workspace/.derivedData/SDKExplicitPrecompiledModules
PruneExplicitPrecompiledModules /Users/admin/builder/spi-builder-workspace/.derivedData/Build/Intermediates.noindex/ExplicitPrecompiledModules
PruneExplicitPrecompiledModules /Users/admin/builder/spi-builder-workspace/.derivedData/Build/Intermediates.noindex/SwiftExplicitPrecompiledModules
2026-09-18 01:26:40.360 xcodebuild[781:4918] [MT] IDERunDestination: Supported platforms for the buildables in the current scheme is empty.
** BUILD FAILED **
The following build commands failed:
SwiftEmitModule normal arm64 Emitting\ module\ for\ SwiftMiscUtility (in target 'SwiftMiscUtility' from project 'SwiftMiscUtility')
SwiftCompile normal arm64 (in target 'SwiftMiscUtility' from project 'SwiftMiscUtility')
SwiftEmitModule normal arm64_32 Emitting\ module\ for\ SwiftMiscUtility (in target 'SwiftMiscUtility' from project 'SwiftMiscUtility')
SwiftCompile normal arm64_32 (in target 'SwiftMiscUtility' from project 'SwiftMiscUtility')
Building workspace SwiftMiscUtility with scheme SwiftMiscUtility
(5 failures)
BUILD FAILURE 6.4 watchOS