Build Information
Failed to build AnimatedTabBar, reference 1.0.1 (f38b37), with Swift 6.1 for Wasm on 16 Jul 2026 01:53:53 UTC.
Build Command
bash -c docker run --pull=always --rm -v "checkouts-54344846-2":/host -w "$PWD" -e JAVA_HOME="/root/.sdkman/candidates/java/current" -e SPI_BUILD="1" -e SPI_PROCESSING="1" registry.gitlab.com/saguaro1/spi-images:wasm-6.1-latest swift build --swift-sdk wasm32-unknown-wasi 2>&1Build Log
========================================
RunAll
========================================
Builder version: 333316120c8b89ed7d21f1b34865290794301d91
Interrupt handler set up.
========================================
Checkout
========================================
Clone URL: https://github.com/exyte/AnimatedTabBar.git
Reference: 1.0.1
Initialized empty Git repository in /host/spi-builder-workspace/.git/
hint: Using 'master' as the name for the initial branch. This default branch name
hint: is subject to change. To configure the initial branch name to use in all
hint: of your new repositories, which will suppress this warning, call:
hint:
hint: git config --global init.defaultBranch <name>
hint:
hint: Names commonly chosen instead of 'master' are 'main', 'trunk' and
hint: 'development'. The just-created branch can be renamed via this command:
hint:
hint: git branch -m <name>
From https://github.com/exyte/AnimatedTabBar
* tag 1.0.1 -> FETCH_HEAD
HEAD is now at f38b370 Claude code clean up
Cloned https://github.com/exyte/AnimatedTabBar.git
Revision (git rev-parse @):
f38b37064fafe098118e24c8c7d582d8622cca95
SUCCESS checkout https://github.com/exyte/AnimatedTabBar.git at 1.0.1
========================================
Build
========================================
Selected platform: wasm
Swift version: 6.1
Building package at path: $PWD
https://github.com/exyte/AnimatedTabBar.git
https://github.com/exyte/AnimatedTabBar.git
WARNING: environment variable SUPPRESS_SWIFT_6_FLAGS is not set
Running build ...
bash -c docker run --pull=always --rm -v "checkouts-54344846-2":/host -w "$PWD" -e JAVA_HOME="/root/.sdkman/candidates/java/current" -e SPI_BUILD="1" -e SPI_PROCESSING="1" registry.gitlab.com/saguaro1/spi-images:wasm-6.1-latest swift build --swift-sdk wasm32-unknown-wasi -Xswiftc -Xfrontend -Xswiftc -stats-output-dir -Xswiftc -Xfrontend -Xswiftc .stats -Xswiftc -strict-concurrency=complete -Xswiftc -enable-upcoming-feature -Xswiftc StrictConcurrency -Xswiftc -enable-upcoming-feature -Xswiftc DisableOutwardActorInference -Xswiftc -enable-upcoming-feature -Xswiftc GlobalActorIsolatedTypesUsability -Xswiftc -enable-upcoming-feature -Xswiftc InferSendableFromCaptures 2>&1
wasm-6.1-latest: Pulling from saguaro1/spi-images
Digest: sha256:1ad245dad3d2ae0004e1afbc92334bd39884ed9ca587cf04d0a8d5f640fb02e9
Status: Image is up to date for registry.gitlab.com/saguaro1/spi-images:wasm-6.1-latest
Building for debugging...
[0/2] Write sources
[1/2] Write swift-version-24593BA9C3E375BF.txt
[3/10] Compiling AnimatedTabBar IndentableRect.swift
/host/spi-builder-workspace/Sources/AnimatedTabBar/AnimatedTabbar.swift:8:8: error: no such module 'SwiftUI'
6 | //
7 |
8 | import SwiftUI
| `- error: no such module 'SwiftUI'
9 |
10 | public struct AnimatedTabBar: View {
[4/11] Compiling AnimatedTabBar GeometryEffects.swift
/host/spi-builder-workspace/Sources/AnimatedTabBar/AnimatedTabbar.swift:8:8: error: no such module 'SwiftUI'
6 | //
7 |
8 | import SwiftUI
| `- error: no such module 'SwiftUI'
9 |
10 | public struct AnimatedTabBar: View {
[5/11] Compiling AnimatedTabBar Utils.swift
/host/spi-builder-workspace/Sources/AnimatedTabBar/AnimatedTabbar.swift:8:8: error: no such module 'SwiftUI'
6 | //
7 |
8 | import SwiftUI
| `- error: no such module 'SwiftUI'
9 |
10 | public struct AnimatedTabBar: View {
[6/11] Compiling AnimatedTabBar WiggleButton.swift
/host/spi-builder-workspace/Sources/AnimatedTabBar/AnimatedTabbar.swift:8:8: error: no such module 'SwiftUI'
6 | //
7 |
8 | import SwiftUI
| `- error: no such module 'SwiftUI'
9 |
10 | public struct AnimatedTabBar: View {
[7/11] Compiling AnimatedTabBar DropletButton.swift
/host/spi-builder-workspace/Sources/AnimatedTabBar/AnimatedTabbar.swift:8:8: error: no such module 'SwiftUI'
6 | //
7 |
8 | import SwiftUI
| `- error: no such module 'SwiftUI'
9 |
10 | public struct AnimatedTabBar: View {
[8/11] Compiling AnimatedTabBar ButtonsBarLayout.swift
/host/spi-builder-workspace/Sources/AnimatedTabBar/AnimatedTabbar.swift:8:8: error: no such module 'SwiftUI'
6 | //
7 |
8 | import SwiftUI
| `- error: no such module 'SwiftUI'
9 |
10 | public struct AnimatedTabBar: View {
error: emit-module command failed with exit code 1 (use -v to see invocation)
[9/11] Emitting module AnimatedTabBar
/host/spi-builder-workspace/Sources/AnimatedTabBar/AnimatedTabbar.swift:8:8: error: no such module 'SwiftUI'
6 | //
7 |
8 | import SwiftUI
| `- error: no such module 'SwiftUI'
9 |
10 | public struct AnimatedTabBar: View {
[10/11] Compiling AnimatedTabBar AnimatedTabbar.swift
/host/spi-builder-workspace/Sources/AnimatedTabBar/AnimatedTabbar.swift:8:8: error: no such module 'SwiftUI'
6 | //
7 |
8 | import SwiftUI
| `- error: no such module 'SwiftUI'
9 |
10 | public struct AnimatedTabBar: View {
[11/11] Compiling AnimatedTabBar BezierPathLength.swift
/host/spi-builder-workspace/Sources/AnimatedTabBar/AnimatedTabbar.swift:8:8: error: no such module 'SwiftUI'
6 | //
7 |
8 | import SwiftUI
| `- error: no such module 'SwiftUI'
9 |
10 | public struct AnimatedTabBar: View {
Running build ...
bash -c docker run --pull=always --rm -v "checkouts-54344846-2":/host -w "$PWD" -e JAVA_HOME="/root/.sdkman/candidates/java/current" -e SPI_BUILD="1" -e SPI_PROCESSING="1" registry.gitlab.com/saguaro1/spi-images:wasm-6.1-latest swift build --swift-sdk wasm32-unknown-wasi 2>&1
wasm-6.1-latest: Pulling from saguaro1/spi-images
Digest: sha256:1ad245dad3d2ae0004e1afbc92334bd39884ed9ca587cf04d0a8d5f640fb02e9
Status: Image is up to date for registry.gitlab.com/saguaro1/spi-images:wasm-6.1-latest
[0/1] Planning build
Building for debugging...
[0/1] Write swift-version-24593BA9C3E375BF.txt
[2/9] Compiling AnimatedTabBar ButtonsBarLayout.swift
/host/spi-builder-workspace/Sources/AnimatedTabBar/AnimatedTabbar.swift:8:8: error: no such module 'SwiftUI'
6 | //
7 |
8 | import SwiftUI
| `- error: no such module 'SwiftUI'
9 |
10 | public struct AnimatedTabBar: View {
[3/10] Compiling AnimatedTabBar WiggleButton.swift
/host/spi-builder-workspace/Sources/AnimatedTabBar/AnimatedTabbar.swift:8:8: error: no such module 'SwiftUI'
6 | //
7 |
8 | import SwiftUI
| `- error: no such module 'SwiftUI'
9 |
10 | public struct AnimatedTabBar: View {
error: emit-module command failed with exit code 1 (use -v to see invocation)
[4/10] Emitting module AnimatedTabBar
/host/spi-builder-workspace/Sources/AnimatedTabBar/AnimatedTabbar.swift:8:8: error: no such module 'SwiftUI'
6 | //
7 |
8 | import SwiftUI
| `- error: no such module 'SwiftUI'
9 |
10 | public struct AnimatedTabBar: View {
[5/10] Compiling AnimatedTabBar AnimatedTabbar.swift
/host/spi-builder-workspace/Sources/AnimatedTabBar/AnimatedTabbar.swift:8:8: error: no such module 'SwiftUI'
6 | //
7 |
8 | import SwiftUI
| `- error: no such module 'SwiftUI'
9 |
10 | public struct AnimatedTabBar: View {
[6/10] Compiling AnimatedTabBar Utils.swift
/host/spi-builder-workspace/Sources/AnimatedTabBar/AnimatedTabbar.swift:8:8: error: no such module 'SwiftUI'
6 | //
7 |
8 | import SwiftUI
| `- error: no such module 'SwiftUI'
9 |
10 | public struct AnimatedTabBar: View {
[7/10] Compiling AnimatedTabBar DropletButton.swift
/host/spi-builder-workspace/Sources/AnimatedTabBar/AnimatedTabbar.swift:8:8: error: no such module 'SwiftUI'
6 | //
7 |
8 | import SwiftUI
| `- error: no such module 'SwiftUI'
9 |
10 | public struct AnimatedTabBar: View {
[8/10] Compiling AnimatedTabBar BezierPathLength.swift
/host/spi-builder-workspace/Sources/AnimatedTabBar/AnimatedTabbar.swift:8:8: error: no such module 'SwiftUI'
6 | //
7 |
8 | import SwiftUI
| `- error: no such module 'SwiftUI'
9 |
10 | public struct AnimatedTabBar: View {
[9/10] Compiling AnimatedTabBar GeometryEffects.swift
/host/spi-builder-workspace/Sources/AnimatedTabBar/AnimatedTabbar.swift:8:8: error: no such module 'SwiftUI'
6 | //
7 |
8 | import SwiftUI
| `- error: no such module 'SwiftUI'
9 |
10 | public struct AnimatedTabBar: View {
[10/10] Compiling AnimatedTabBar IndentableRect.swift
/host/spi-builder-workspace/Sources/AnimatedTabBar/AnimatedTabbar.swift:8:8: error: no such module 'SwiftUI'
6 | //
7 |
8 | import SwiftUI
| `- error: no such module 'SwiftUI'
9 |
10 | public struct AnimatedTabBar: View {
BUILD FAILURE 6.1 wasm