Build Information
Failed to build swift-peg, reference main (726760), with Swift 6.4 for watchOS using Xcode 27.0 on 21 Sep 2026 18:10:17 UTC.
Build Command
env DEVELOPER_DIR=/Applications/Xcode-27.0.0-Release.Candidate.app xcrun xcodebuild -IDEClonedSourcePackagesDirPathOverride=$PWD/.dependencies -skipMacroValidation -skipPackagePluginValidation -derivedDataPath $PWD/.derivedData build -scheme swift-peg-Package -destination generic/platform=watchOSBuild Log
SwiftEmitModule normal arm64_32 Emitting\ module\ for\ SwiftPEG (in target 'SwiftPEG' from project 'swift-peg')
dyld[1932]: Library not loaded: @rpath/libXCTestSwiftSupport.dylib
Referenced from: <6C516792-BD61-34FE-AC83-4AF90222DBEC> /Users/admin/builder/spi-builder-workspace/.derivedData/Build/Products/Debug/SwiftPEGMacros
Reason: tried: '/usr/lib/swift/libXCTestSwiftSupport.dylib' (no such file, not in dyld cache), '/System/Volumes/Preboot/Cryptexes/OS/usr/lib/swift/libXCTestSwiftSupport.dylib' (no such file), '/Users/admin/builder/spi-builder-workspace/.derivedData/Build/Products/Debug/libXCTestSwiftSupport.dylib' (no such file), '/Users/admin/builder/spi-builder-workspace/.derivedData/Build/Products/Debug/PackageFrameworks/libXCTestSwiftSupport.dylib' (no such file), '/System/Volumes/Preboot/Cryptexes/OS/Users/admin/builder/spi-builder-workspace/.derivedData/Build/Products/Debug/PackageFrameworks/libXCTestSwiftSupport.dylib' (no such file), '/usr/lib/swift/libXCTestSwiftSupport.dylib' (no such file, not in dyld cache), '/System/Volumes/Preboot/Cryptexes/OS/usr/lib/swift/libXCTestSwiftSupport.dylib' (no such file), '/Users/admin/builder/spi-builder-workspace/.derivedData/Build/Products/Debug/libXCTestSwiftSupport.dylib' (no such file), '/Users/admin/builder/spi-builder-workspace/.derivedData/Build/Products/Debug/PackageFrameworks/libXCTestSwiftSupport.dylib' (no such file), '/System/Volumes/Preboot/Cryptexes/OS/Users/admin/builder/spi-builder-workspace/.derivedData/Build/Products/Debug/PackageFrameworks/libXCTestSwiftSupport.dylib' (no such file), '/usr/local/lib/libXCTestSwiftSupport.dylib' (no such file), '/usr/lib/libXCTestSwiftSupport.dylib' (no such file, not in dyld cache)
/Users/admin/builder/spi-builder-workspace/Sources/SwiftPEG/Grammar/CommonAbstract.swift:129:26: error: external macro implementation type 'SwiftPEGMacros.EnumIsCaseGenerator' could not be found for macro 'GeneratedCaseChecks(accessLevel:)'; '/Users/admin/builder/spi-builder-workspace/.derivedData/Build/Products/Debug/SwiftPEGMacros' produced malformed response
127 | /// ```
128 | @GeneratedCaseChecks
129 | public indirect enum SwiftType: Hashable, CustomStringConvertible, ExpressibleByStringLiteral {
| `- error: external macro implementation type 'SwiftPEGMacros.EnumIsCaseGenerator' could not be found for macro 'GeneratedCaseChecks(accessLevel:)'; '/Users/admin/builder/spi-builder-workspace/.derivedData/Build/Products/Debug/SwiftPEGMacros' produced malformed response
130 | /// A Swift tuple type
131 | ///
/Users/admin/builder/spi-builder-workspace/Sources/SwiftPEG/InternalMacros.swift:4:7: note: 'GeneratedCaseChecks(accessLevel:)' declared here
2 | /// case element declarations.
3 | @attached(member, names: arbitrary)
4 | macro GeneratedCaseChecks(accessLevel: String = "") =
| `- note: 'GeneratedCaseChecks(accessLevel:)' declared here
5 | #externalMacro(module: "SwiftPEGMacros", type: "EnumIsCaseGenerator")
6 |
/Users/admin/builder/spi-builder-workspace/Sources/SwiftPEG/GrammarProcessor/InternalGrammar.swift:385:17: error: external macro implementation type 'SwiftPEGMacros.EnumIsCaseGenerator' could not be found for macro 'GeneratedCaseChecks(accessLevel:)'; '/Users/admin/builder/spi-builder-workspace/.derivedData/Build/Products/Debug/SwiftPEGMacros' produced malformed response
383 |
384 | @GeneratedCaseChecks
385 | public enum NamedItem: Hashable, CustomStringConvertible {
| `- error: external macro implementation type 'SwiftPEGMacros.EnumIsCaseGenerator' could not be found for macro 'GeneratedCaseChecks(accessLevel:)'; '/Users/admin/builder/spi-builder-workspace/.derivedData/Build/Products/Debug/SwiftPEGMacros' produced malformed response
386 | /// `name=IDENT? item ('[' swiftType ']')?`
387 | case item(name: String? = nil, Item, type: CommonAbstract.SwiftType? = nil)
/Users/admin/builder/spi-builder-workspace/Sources/SwiftPEG/InternalMacros.swift:4:7: note: 'GeneratedCaseChecks(accessLevel:)' declared here
2 | /// case element declarations.
3 | @attached(member, names: arbitrary)
4 | macro GeneratedCaseChecks(accessLevel: String = "") =
| `- note: 'GeneratedCaseChecks(accessLevel:)' declared here
5 | #externalMacro(module: "SwiftPEGMacros", type: "EnumIsCaseGenerator")
6 |
/Users/admin/builder/spi-builder-workspace/Sources/SwiftPEG/GrammarProcessor/InternalGrammar.swift:517:17: error: external macro implementation type 'SwiftPEGMacros.EnumIsCaseGenerator' could not be found for macro 'GeneratedCaseChecks(accessLevel:)'; '/Users/admin/builder/spi-builder-workspace/.derivedData/Build/Products/Debug/SwiftPEGMacros' produced malformed response
515 |
516 | @GeneratedCaseChecks
517 | public enum Item: Hashable, CustomStringConvertible {
| `- error: external macro implementation type 'SwiftPEGMacros.EnumIsCaseGenerator' could not be found for macro 'GeneratedCaseChecks(accessLevel:)'; '/Users/admin/builder/spi-builder-workspace/.derivedData/Build/Products/Debug/SwiftPEGMacros' produced malformed response
518 | /// `'[' alts ']'`
519 | case optionalItems([Alt])
/Users/admin/builder/spi-builder-workspace/Sources/SwiftPEG/InternalMacros.swift:4:7: note: 'GeneratedCaseChecks(accessLevel:)' declared here
2 | /// case element declarations.
3 | @attached(member, names: arbitrary)
4 | macro GeneratedCaseChecks(accessLevel: String = "") =
| `- note: 'GeneratedCaseChecks(accessLevel:)' declared here
5 | #externalMacro(module: "SwiftPEGMacros", type: "EnumIsCaseGenerator")
6 |
/Users/admin/builder/spi-builder-workspace/Sources/SwiftPEG/Grammar/CommonAbstract.swift:585:17: error: external macro implementation type 'SwiftPEGMacros.EnumIsCaseGenerator' could not be found for macro 'GeneratedCaseChecks(accessLevel:)'; '/Users/admin/builder/spi-builder-workspace/.derivedData/Build/Products/Debug/SwiftPEGMacros' produced malformed response
583 | /// ```
584 | @GeneratedCaseChecks(accessLevel: "public")
585 | public enum TokenItem: Equatable, CustomStringConvertible {
| `- error: external macro implementation type 'SwiftPEGMacros.EnumIsCaseGenerator' could not be found for macro 'GeneratedCaseChecks(accessLevel:)'; '/Users/admin/builder/spi-builder-workspace/.derivedData/Build/Products/Debug/SwiftPEGMacros' produced malformed response
586 | /// `'(' '|'.tokenSyntaxAtom+ ')' '*'`
587 | case zeroOrMore([TokenAtom])
/Users/admin/builder/spi-builder-workspace/Sources/SwiftPEG/InternalMacros.swift:4:7: note: 'GeneratedCaseChecks(accessLevel:)' declared here
2 | /// case element declarations.
3 | @attached(member, names: arbitrary)
4 | macro GeneratedCaseChecks(accessLevel: String = "") =
| `- note: 'GeneratedCaseChecks(accessLevel:)' declared here
5 | #externalMacro(module: "SwiftPEGMacros", type: "EnumIsCaseGenerator")
6 |
/Users/admin/builder/spi-builder-workspace/Sources/SwiftPEG/Grammar/CommonAbstract.swift:991:14: error: external macro implementation type 'SwiftPEGMacros.EnumAsGetterGenerator' could not be found for macro 'generateGetter(accessLevel:)'; '/Users/admin/builder/spi-builder-workspace/.derivedData/Build/Products/Debug/SwiftPEGMacros' produced malformed response
989 | @GeneratedIsCase(accessLevel: "public")
990 | @generateGetter(accessLevel: "public")
991 | case literal(DualString)
| `- error: external macro implementation type 'SwiftPEGMacros.EnumAsGetterGenerator' could not be found for macro 'generateGetter(accessLevel:)'; '/Users/admin/builder/spi-builder-workspace/.derivedData/Build/Products/Debug/SwiftPEGMacros' produced malformed response
992 |
993 | /// IDENTIFIER
/Users/admin/builder/spi-builder-workspace/Sources/SwiftPEG/InternalMacros.swift:44:7: note: 'generateGetter(accessLevel:)' declared here
42 | /// If attached to an enum case that has no associated values, an error is issued.
43 | @attached(peer, names: arbitrary)
44 | macro generateGetter(accessLevel: String? = nil) =
| `- note: 'generateGetter(accessLevel:)' declared here
45 | #externalMacro(module: "SwiftPEGMacros", type: "EnumAsGetterGenerator")
46 |
/Users/admin/builder/spi-builder-workspace/Sources/SwiftPEG/Grammar/CommonAbstract.swift:991:14: error: external macro implementation type 'SwiftPEGMacros.EnumIsCaseGenerator' could not be found for macro 'GeneratedIsCase(accessLevel:)'; '/Users/admin/builder/spi-builder-workspace/.derivedData/Build/Products/Debug/SwiftPEGMacros' produced malformed response
989 | @GeneratedIsCase(accessLevel: "public")
990 | @generateGetter(accessLevel: "public")
991 | case literal(DualString)
| `- error: external macro implementation type 'SwiftPEGMacros.EnumIsCaseGenerator' could not be found for macro 'GeneratedIsCase(accessLevel:)'; '/Users/admin/builder/spi-builder-workspace/.derivedData/Build/Products/Debug/SwiftPEGMacros' produced malformed response
992 |
993 | /// IDENTIFIER
/Users/admin/builder/spi-builder-workspace/Sources/SwiftPEG/InternalMacros.swift:10:7: note: 'GeneratedIsCase(accessLevel:)' declared here
8 | /// element declaration.
9 | @attached(peer, names: arbitrary)
10 | macro GeneratedIsCase(accessLevel: String = "") =
| `- note: 'GeneratedIsCase(accessLevel:)' declared here
11 | #externalMacro(module: "SwiftPEGMacros", type: "EnumIsCaseGenerator")
12 |
SwiftCompile normal arm64_32 (in target 'SwiftPEG' from project 'swift-peg')
cd /Users/admin/builder/spi-builder-workspace/.swiftpm/xcode
/Users/admin/builder/spi-builder-workspace/Sources/SwiftPEG/Grammar/CommonAbstract.swift:998:14: error: external macro implementation type 'SwiftPEGMacros.EnumIsCaseGenerator' could not be found for macro 'GeneratedIsCase(accessLevel:)'; '/Users/admin/builder/spi-builder-workspace/.derivedData/Build/Products/Debug/SwiftPEGMacros' produced malformed response
996 | /// `'.'`
997 | @GeneratedIsCase(accessLevel: "public")
998 | case any
| `- error: external macro implementation type 'SwiftPEGMacros.EnumIsCaseGenerator' could not be found for macro 'GeneratedIsCase(accessLevel:)'; '/Users/admin/builder/spi-builder-workspace/.derivedData/Build/Products/Debug/SwiftPEGMacros' produced malformed response
999 |
1000 | fileprivate var _range: ClosedRange<Character>? {
/Users/admin/builder/spi-builder-workspace/Sources/SwiftPEG/InternalMacros.swift:10:7: note: 'GeneratedIsCase(accessLevel:)' declared here
8 | /// element declaration.
9 | @attached(peer, names: arbitrary)
10 | macro GeneratedIsCase(accessLevel: String = "") =
| `- note: 'GeneratedIsCase(accessLevel:)' declared here
11 | #externalMacro(module: "SwiftPEGMacros", type: "EnumIsCaseGenerator")
12 |
/Users/admin/builder/spi-builder-workspace/Sources/SwiftPEG/Grammar/CommonAbstract.swift:889:17: error: external macro implementation type 'SwiftPEGMacros.EnumIsCaseGenerator' could not be found for macro 'GeneratedCaseChecks(accessLevel:)'; '/Users/admin/builder/spi-builder-workspace/.derivedData/Build/Products/Debug/SwiftPEGMacros' produced malformed response
887 | /// ```
888 | @GeneratedCaseChecks(accessLevel: "public")
889 | public enum TokenExclusion: Hashable, CustomStringConvertible {
| `- error: external macro implementation type 'SwiftPEGMacros.EnumIsCaseGenerator' could not be found for macro 'GeneratedCaseChecks(accessLevel:)'; '/Users/admin/builder/spi-builder-workspace/.derivedData/Build/Products/Debug/SwiftPEGMacros' produced malformed response
890 | case literal(DualString)
891 | case identifier(String)
/Users/admin/builder/spi-builder-workspace/Sources/SwiftPEG/InternalMacros.swift:4:7: note: 'GeneratedCaseChecks(accessLevel:)' declared here
2 | /// case element declarations.
3 | @attached(member, names: arbitrary)
4 | macro GeneratedCaseChecks(accessLevel: String = "") =
| `- note: 'GeneratedCaseChecks(accessLevel:)' declared here
5 | #externalMacro(module: "SwiftPEGMacros", type: "EnumIsCaseGenerator")
6 |
/Users/admin/builder/spi-builder-workspace/Sources/SwiftPEG/Grammar/GrammarParser.swift:32:17: error: external macro implementation type 'SwiftPEGMacros.ParserMemoizeMacro' could not be found for macro 'memoized(_:cacheTarget:)'; '/Users/admin/builder/spi-builder-workspace/.derivedData/Build/Products/Debug/SwiftPEGMacros' produced malformed response
30 | @memoized("start")
31 | @inlinable
32 | public func __start() throws -> SwiftPEGGrammar.Grammar? {
| `- error: external macro implementation type 'SwiftPEGMacros.ParserMemoizeMacro' could not be found for macro 'memoized(_:cacheTarget:)'; '/Users/admin/builder/spi-builder-workspace/.derivedData/Build/Products/Debug/SwiftPEGMacros' produced malformed response
33 | let _mark: Mark = self.mark()
34 |
/Users/admin/builder/spi-builder-workspace/Sources/SwiftPEG/Macros.swift:6:14: note: 'memoized(_:cacheTarget:)' declared here
4 | /// present, conform to `Hashable`.
5 | @attached(peer, names: arbitrary)
6 | public macro memoized(_ method: String, cacheTarget: String? = nil) =
| `- note: 'memoized(_:cacheTarget:)' declared here
7 | #externalMacro(module: "SwiftPEGMacros", type: "ParserMemoizeMacro")
8 |
SwiftCompile normal arm64_32 Compiling\ SwiftCodeGen.swift,\ Error.swift,\ FileSourceLocation.swift,\ CommonAbstract.swift,\ GrammarParser.swift,\ GrammarParserToken.swift,\ GrammarRawTokenizer.swift /Users/admin/builder/spi-builder-workspace/Sources/SwiftPEG/CodeGen+Swift/SwiftCodeGen.swift /Users/admin/builder/spi-builder-workspace/Sources/SwiftPEG/Error.swift /Users/admin/builder/spi-builder-workspace/Sources/SwiftPEG/FileSourceLocation.swift /Users/admin/builder/spi-builder-workspace/Sources/SwiftPEG/Grammar/CommonAbstract.swift /Users/admin/builder/spi-builder-workspace/Sources/SwiftPEG/Grammar/GrammarParser.swift /Users/admin/builder/spi-builder-workspace/Sources/SwiftPEG/Grammar/GrammarParserToken.swift /Users/admin/builder/spi-builder-workspace/Sources/SwiftPEG/Grammar/GrammarRawTokenizer.swift (in target 'SwiftPEG' from project 'swift-peg')
dyld[1934]: Library not loaded: @rpath/libXCTestSwiftSupport.dylib
Referenced from: <6C516792-BD61-34FE-AC83-4AF90222DBEC> /Users/admin/builder/spi-builder-workspace/.derivedData/Build/Products/Debug/SwiftPEGMacros
Reason: tried: '/usr/lib/swift/libXCTestSwiftSupport.dylib' (no such file, not in dyld cache), '/System/Volumes/Preboot/Cryptexes/OS/usr/lib/swift/libXCTestSwiftSupport.dylib' (no such file), '/Users/admin/builder/spi-builder-workspace/.derivedData/Build/Products/Debug/libXCTestSwiftSupport.dylib' (no such file), '/Users/admin/builder/spi-builder-workspace/.derivedData/Build/Products/Debug/PackageFrameworks/libXCTestSwiftSupport.dylib' (no such file), '/System/Volumes/Preboot/Cryptexes/OS/Users/admin/builder/spi-builder-workspace/.derivedData/Build/Products/Debug/PackageFrameworks/libXCTestSwiftSupport.dylib' (no such file), '/usr/lib/swift/libXCTestSwiftSupport.dylib' (no such file, not in dyld cache), '/System/Volumes/Preboot/Cryptexes/OS/usr/lib/swift/libXCTestSwiftSupport.dylib' (no such file), '/Users/admin/builder/spi-builder-workspace/.derivedData/Build/Products/Debug/libXCTestSwiftSupport.dylib' (no such file), '/Users/admin/builder/spi-builder-workspace/.derivedData/Build/Products/Debug/PackageFrameworks/libXCTestSwiftSupport.dylib' (no such file), '/System/Volumes/Preboot/Cryptexes/OS/Users/admin/builder/spi-builder-workspace/.derivedData/Build/Products/Debug/PackageFrameworks/libXCTestSwiftSupport.dylib' (no such file), '/usr/local/lib/libXCTestSwiftSupport.dylib' (no such file), '/usr/lib/libXCTestSwiftSupport.dylib' (no such file, not in dyld cache)
/Users/admin/builder/spi-builder-workspace/Sources/SwiftPEG/GrammarProcessor/InternalGrammar.swift:385:17: error: external macro implementation type 'SwiftPEGMacros.EnumIsCaseGenerator' could not be found for macro 'GeneratedCaseChecks(accessLevel:)'; '/Users/admin/builder/spi-builder-workspace/.derivedData/Build/Products/Debug/SwiftPEGMacros' produced malformed response
383 |
384 | @GeneratedCaseChecks
385 | public enum NamedItem: Hashable, CustomStringConvertible {
| `- error: external macro implementation type 'SwiftPEGMacros.EnumIsCaseGenerator' could not be found for macro 'GeneratedCaseChecks(accessLevel:)'; '/Users/admin/builder/spi-builder-workspace/.derivedData/Build/Products/Debug/SwiftPEGMacros' produced malformed response
386 | /// `name=IDENT? item ('[' swiftType ']')?`
387 | case item(name: String? = nil, Item, type: CommonAbstract.SwiftType? = nil)
/Users/admin/builder/spi-builder-workspace/Sources/SwiftPEG/InternalMacros.swift:4:7: note: 'GeneratedCaseChecks(accessLevel:)' declared here
2 | /// case element declarations.
3 | @attached(member, names: arbitrary)
4 | macro GeneratedCaseChecks(accessLevel: String = "") =
| `- note: 'GeneratedCaseChecks(accessLevel:)' declared here
5 | #externalMacro(module: "SwiftPEGMacros", type: "EnumIsCaseGenerator")
6 |
/Users/admin/builder/spi-builder-workspace/Sources/SwiftPEG/GrammarProcessor/InternalGrammar.swift:517:17: error: external macro implementation type 'SwiftPEGMacros.EnumIsCaseGenerator' could not be found for macro 'GeneratedCaseChecks(accessLevel:)'; '/Users/admin/builder/spi-builder-workspace/.derivedData/Build/Products/Debug/SwiftPEGMacros' produced malformed response
515 |
516 | @GeneratedCaseChecks
517 | public enum Item: Hashable, CustomStringConvertible {
| `- error: external macro implementation type 'SwiftPEGMacros.EnumIsCaseGenerator' could not be found for macro 'GeneratedCaseChecks(accessLevel:)'; '/Users/admin/builder/spi-builder-workspace/.derivedData/Build/Products/Debug/SwiftPEGMacros' produced malformed response
518 | /// `'[' alts ']'`
519 | case optionalItems([Alt])
/Users/admin/builder/spi-builder-workspace/Sources/SwiftPEG/InternalMacros.swift:4:7: note: 'GeneratedCaseChecks(accessLevel:)' declared here
2 | /// case element declarations.
3 | @attached(member, names: arbitrary)
4 | macro GeneratedCaseChecks(accessLevel: String = "") =
| `- note: 'GeneratedCaseChecks(accessLevel:)' declared here
5 | #externalMacro(module: "SwiftPEGMacros", type: "EnumIsCaseGenerator")
6 |
/Users/admin/builder/spi-builder-workspace/Sources/SwiftPEG/Grammar/CommonAbstract.swift:129:26: error: external macro implementation type 'SwiftPEGMacros.EnumIsCaseGenerator' could not be found for macro 'GeneratedCaseChecks(accessLevel:)'; '/Users/admin/builder/spi-builder-workspace/.derivedData/Build/Products/Debug/SwiftPEGMacros' produced malformed response
127 | /// ```
128 | @GeneratedCaseChecks
129 | public indirect enum SwiftType: Hashable, CustomStringConvertible, ExpressibleByStringLiteral {
| `- error: external macro implementation type 'SwiftPEGMacros.EnumIsCaseGenerator' could not be found for macro 'GeneratedCaseChecks(accessLevel:)'; '/Users/admin/builder/spi-builder-workspace/.derivedData/Build/Products/Debug/SwiftPEGMacros' produced malformed response
130 | /// A Swift tuple type
131 | ///
/Users/admin/builder/spi-builder-workspace/Sources/SwiftPEG/InternalMacros.swift:4:7: note: 'GeneratedCaseChecks(accessLevel:)' declared here
2 | /// case element declarations.
3 | @attached(member, names: arbitrary)
4 | macro GeneratedCaseChecks(accessLevel: String = "") =
| `- note: 'GeneratedCaseChecks(accessLevel:)' declared here
5 | #externalMacro(module: "SwiftPEGMacros", type: "EnumIsCaseGenerator")
6 |
/Users/admin/builder/spi-builder-workspace/Sources/SwiftPEG/Grammar/CommonAbstract.swift:585:17: error: external macro implementation type 'SwiftPEGMacros.EnumIsCaseGenerator' could not be found for macro 'GeneratedCaseChecks(accessLevel:)'; '/Users/admin/builder/spi-builder-workspace/.derivedData/Build/Products/Debug/SwiftPEGMacros' produced malformed response
583 | /// ```
584 | @GeneratedCaseChecks(accessLevel: "public")
585 | public enum TokenItem: Equatable, CustomStringConvertible {
| `- error: external macro implementation type 'SwiftPEGMacros.EnumIsCaseGenerator' could not be found for macro 'GeneratedCaseChecks(accessLevel:)'; '/Users/admin/builder/spi-builder-workspace/.derivedData/Build/Products/Debug/SwiftPEGMacros' produced malformed response
586 | /// `'(' '|'.tokenSyntaxAtom+ ')' '*'`
587 | case zeroOrMore([TokenAtom])
/Users/admin/builder/spi-builder-workspace/Sources/SwiftPEG/InternalMacros.swift:4:7: note: 'GeneratedCaseChecks(accessLevel:)' declared here
2 | /// case element declarations.
3 | @attached(member, names: arbitrary)
4 | macro GeneratedCaseChecks(accessLevel: String = "") =
| `- note: 'GeneratedCaseChecks(accessLevel:)' declared here
5 | #externalMacro(module: "SwiftPEGMacros", type: "EnumIsCaseGenerator")
6 |
/Users/admin/builder/spi-builder-workspace/Sources/SwiftPEG/Grammar/CommonAbstract.swift:991:14: error: external macro implementation type 'SwiftPEGMacros.EnumAsGetterGenerator' could not be found for macro 'generateGetter(accessLevel:)'; '/Users/admin/builder/spi-builder-workspace/.derivedData/Build/Products/Debug/SwiftPEGMacros' produced malformed response
989 | @GeneratedIsCase(accessLevel: "public")
990 | @generateGetter(accessLevel: "public")
991 | case literal(DualString)
| `- error: external macro implementation type 'SwiftPEGMacros.EnumAsGetterGenerator' could not be found for macro 'generateGetter(accessLevel:)'; '/Users/admin/builder/spi-builder-workspace/.derivedData/Build/Products/Debug/SwiftPEGMacros' produced malformed response
992 |
993 | /// IDENTIFIER
/Users/admin/builder/spi-builder-workspace/Sources/SwiftPEG/InternalMacros.swift:44:7: note: 'generateGetter(accessLevel:)' declared here
42 | /// If attached to an enum case that has no associated values, an error is issued.
43 | @attached(peer, names: arbitrary)
44 | macro generateGetter(accessLevel: String? = nil) =
| `- note: 'generateGetter(accessLevel:)' declared here
45 | #externalMacro(module: "SwiftPEGMacros", type: "EnumAsGetterGenerator")
46 |
/Users/admin/builder/spi-builder-workspace/Sources/SwiftPEG/Grammar/CommonAbstract.swift:991:14: error: external macro implementation type 'SwiftPEGMacros.EnumIsCaseGenerator' could not be found for macro 'GeneratedIsCase(accessLevel:)'; '/Users/admin/builder/spi-builder-workspace/.derivedData/Build/Products/Debug/SwiftPEGMacros' produced malformed response
989 | @GeneratedIsCase(accessLevel: "public")
990 | @generateGetter(accessLevel: "public")
991 | case literal(DualString)
| `- error: external macro implementation type 'SwiftPEGMacros.EnumIsCaseGenerator' could not be found for macro 'GeneratedIsCase(accessLevel:)'; '/Users/admin/builder/spi-builder-workspace/.derivedData/Build/Products/Debug/SwiftPEGMacros' produced malformed response
992 |
993 | /// IDENTIFIER
/Users/admin/builder/spi-builder-workspace/Sources/SwiftPEG/InternalMacros.swift:10:7: note: 'GeneratedIsCase(accessLevel:)' declared here
8 | /// element declaration.
9 | @attached(peer, names: arbitrary)
10 | macro GeneratedIsCase(accessLevel: String = "") =
| `- note: 'GeneratedIsCase(accessLevel:)' declared here
11 | #externalMacro(module: "SwiftPEGMacros", type: "EnumIsCaseGenerator")
12 |
/Users/admin/builder/spi-builder-workspace/Sources/SwiftPEG/Grammar/CommonAbstract.swift:998:14: error: external macro implementation type 'SwiftPEGMacros.EnumIsCaseGenerator' could not be found for macro 'GeneratedIsCase(accessLevel:)'; '/Users/admin/builder/spi-builder-workspace/.derivedData/Build/Products/Debug/SwiftPEGMacros' produced malformed response
996 | /// `'.'`
997 | @GeneratedIsCase(accessLevel: "public")
998 | case any
| `- error: external macro implementation type 'SwiftPEGMacros.EnumIsCaseGenerator' could not be found for macro 'GeneratedIsCase(accessLevel:)'; '/Users/admin/builder/spi-builder-workspace/.derivedData/Build/Products/Debug/SwiftPEGMacros' produced malformed response
999 |
1000 | fileprivate var _range: ClosedRange<Character>? {
/Users/admin/builder/spi-builder-workspace/Sources/SwiftPEG/InternalMacros.swift:10:7: note: 'GeneratedIsCase(accessLevel:)' declared here
8 | /// element declaration.
9 | @attached(peer, names: arbitrary)
10 | macro GeneratedIsCase(accessLevel: String = "") =
| `- note: 'GeneratedIsCase(accessLevel:)' declared here
11 | #externalMacro(module: "SwiftPEGMacros", type: "EnumIsCaseGenerator")
12 |
/Users/admin/builder/spi-builder-workspace/Sources/SwiftPEG/Grammar/CommonAbstract.swift:889:17: error: external macro implementation type 'SwiftPEGMacros.EnumIsCaseGenerator' could not be found for macro 'GeneratedCaseChecks(accessLevel:)'; '/Users/admin/builder/spi-builder-workspace/.derivedData/Build/Products/Debug/SwiftPEGMacros' produced malformed response
887 | /// ```
888 | @GeneratedCaseChecks(accessLevel: "public")
889 | public enum TokenExclusion: Hashable, CustomStringConvertible {
| `- error: external macro implementation type 'SwiftPEGMacros.EnumIsCaseGenerator' could not be found for macro 'GeneratedCaseChecks(accessLevel:)'; '/Users/admin/builder/spi-builder-workspace/.derivedData/Build/Products/Debug/SwiftPEGMacros' produced malformed response
890 | case literal(DualString)
891 | case identifier(String)
/Users/admin/builder/spi-builder-workspace/Sources/SwiftPEG/InternalMacros.swift:4:7: note: 'GeneratedCaseChecks(accessLevel:)' declared here
2 | /// case element declarations.
3 | @attached(member, names: arbitrary)
4 | macro GeneratedCaseChecks(accessLevel: String = "") =
| `- note: 'GeneratedCaseChecks(accessLevel:)' declared here
5 | #externalMacro(module: "SwiftPEGMacros", type: "EnumIsCaseGenerator")
6 |
/Users/admin/builder/spi-builder-workspace/Sources/SwiftPEG/Grammar/CommonAbstract.swift:470:65: error: cannot convert value of type '_' to expected argument type 'Bool'
468 | // If the alt is a single group with simple atoms, expand the
469 | // group
470 | if flatAlt.items.count == 1 && flatAlt.items[0].isGroup {
| `- error: cannot convert value of type '_' to expected argument type 'Bool'
471 | flattenedAlts.append(contentsOf:
472 | flatAlt.items[0].atoms.map { atom in
/Users/admin/builder/spi-builder-workspace/Sources/SwiftPEG/Grammar/CommonAbstract.swift:470:65: error: value of type 'CommonAbstract.TokenItem' has no member 'isGroup'
468 | // If the alt is a single group with simple atoms, expand the
469 | // group
470 | if flatAlt.items.count == 1 && flatAlt.items[0].isGroup {
| `- error: value of type 'CommonAbstract.TokenItem' has no member 'isGroup'
471 | flattenedAlts.append(contentsOf:
472 | flatAlt.items[0].atoms.map { atom in
/Users/admin/builder/spi-builder-workspace/Sources/SwiftPEG/Grammar/CommonAbstract.swift:552:50: error: value of type 'CommonAbstract.TokenTerminal' has no member 'asLiteral'
550 |
551 | if
552 | let last = last.terminal.asLiteral,
| `- error: value of type 'CommonAbstract.TokenTerminal' has no member 'asLiteral'
553 | let next = next.terminal.asLiteral
554 | {
/Users/admin/builder/spi-builder-workspace/Sources/SwiftPEG/Grammar/CommonAbstract.swift:553:50: error: value of type 'CommonAbstract.TokenTerminal' has no member 'asLiteral'
551 | if
552 | let last = last.terminal.asLiteral,
553 | let next = next.terminal.asLiteral
| `- error: value of type 'CommonAbstract.TokenTerminal' has no member 'asLiteral'
554 | {
555 | newItems[newItems.count - 1] = .atom(.init(
/Users/admin/builder/spi-builder-workspace/Sources/SwiftPEG/Grammar/CommonAbstract.swift:836:31: error: value of type 'CommonAbstract.TokenTerminal' has no member 'isAny'
834 | return true
835 | }
836 | if other.terminal.isAny && other.excluded.isEmpty {
| `- error: value of type 'CommonAbstract.TokenTerminal' has no member 'isAny'
837 | return true
838 | }
/Users/admin/builder/spi-builder-workspace/Sources/SwiftPEG/Grammar/CommonAbstract.swift:840:45: error: value of type 'CommonAbstract.TokenExclusion' has no member 'isIdentifier'
838 | }
839 |
840 | guard !excluded.contains(where: \.isIdentifier) else {
| `- error: value of type 'CommonAbstract.TokenExclusion' has no member 'isIdentifier'
841 | return false
842 | }
SwiftCompile normal arm64_32 /Users/admin/builder/spi-builder-workspace/Sources/SwiftPEG/CodeGen+Swift/SwiftCodeGen.swift (in target 'SwiftPEG' from project 'swift-peg')
cd /Users/admin/builder/spi-builder-workspace/.swiftpm/xcode
builtin-SwiftPerFileCompile SwiftCodeGen.swift
SwiftCompile normal arm64_32 /Users/admin/builder/spi-builder-workspace/Sources/SwiftPEG/Error.swift (in target 'SwiftPEG' from project 'swift-peg')
cd /Users/admin/builder/spi-builder-workspace/.swiftpm/xcode
builtin-SwiftPerFileCompile Error.swift
SwiftCompile normal arm64_32 /Users/admin/builder/spi-builder-workspace/Sources/SwiftPEG/FileSourceLocation.swift (in target 'SwiftPEG' from project 'swift-peg')
cd /Users/admin/builder/spi-builder-workspace/.swiftpm/xcode
builtin-SwiftPerFileCompile FileSourceLocation.swift
SwiftCompile normal arm64_32 /Users/admin/builder/spi-builder-workspace/Sources/SwiftPEG/Grammar/CommonAbstract.swift (in target 'SwiftPEG' from project 'swift-peg')
cd /Users/admin/builder/spi-builder-workspace/.swiftpm/xcode
builtin-SwiftPerFileCompile CommonAbstract.swift
SwiftCompile normal arm64_32 /Users/admin/builder/spi-builder-workspace/Sources/SwiftPEG/Grammar/GrammarParser.swift (in target 'SwiftPEG' from project 'swift-peg')
cd /Users/admin/builder/spi-builder-workspace/.swiftpm/xcode
builtin-SwiftPerFileCompile GrammarParser.swift
SwiftCompile normal arm64_32 /Users/admin/builder/spi-builder-workspace/Sources/SwiftPEG/Grammar/GrammarParserToken.swift (in target 'SwiftPEG' from project 'swift-peg')
cd /Users/admin/builder/spi-builder-workspace/.swiftpm/xcode
builtin-SwiftPerFileCompile GrammarParserToken.swift
SwiftCompile normal arm64_32 /Users/admin/builder/spi-builder-workspace/Sources/SwiftPEG/Grammar/GrammarRawTokenizer.swift (in target 'SwiftPEG' from project 'swift-peg')
cd /Users/admin/builder/spi-builder-workspace/.swiftpm/xcode
builtin-SwiftPerFileCompile GrammarRawTokenizer.swift
SwiftCompile normal arm64_32 Compiling\ SwiftASTEmitter.swift,\ SwiftCodeGen+Common.swift,\ SwiftCodeGen+Parser.swift,\ SwiftCodeGen+ProducerProtocol.swift,\ SwiftCodeGen+Repetitions.swift,\ SwiftCodeGen+SwiftAST.swift,\ SwiftCodeGen+Token.swift /Users/admin/builder/spi-builder-workspace/Sources/SwiftPEG/CodeGen+Swift/SwiftASTEmitter.swift /Users/admin/builder/spi-builder-workspace/Sources/SwiftPEG/CodeGen+Swift/SwiftCodeGen+Common.swift /Users/admin/builder/spi-builder-workspace/Sources/SwiftPEG/CodeGen+Swift/SwiftCodeGen+Parser.swift /Users/admin/builder/spi-builder-workspace/Sources/SwiftPEG/CodeGen+Swift/SwiftCodeGen+ProducerProtocol.swift /Users/admin/builder/spi-builder-workspace/Sources/SwiftPEG/CodeGen+Swift/SwiftCodeGen+Repetitions.swift /Users/admin/builder/spi-builder-workspace/Sources/SwiftPEG/CodeGen+Swift/SwiftCodeGen+SwiftAST.swift /Users/admin/builder/spi-builder-workspace/Sources/SwiftPEG/CodeGen+Swift/SwiftCodeGen+Token.swift (in target 'SwiftPEG' from project 'swift-peg')
dyld[1939]: Library not loaded: @rpath/libXCTestSwiftSupport.dylib
Referenced from: <6C516792-BD61-34FE-AC83-4AF90222DBEC> /Users/admin/builder/spi-builder-workspace/.derivedData/Build/Products/Debug/SwiftPEGMacros
Reason: tried: '/usr/lib/swift/libXCTestSwiftSupport.dylib' (no such file, not in dyld cache), '/System/Volumes/Preboot/Cryptexes/OS/usr/lib/swift/libXCTestSwiftSupport.dylib' (no such file), '/Users/admin/builder/spi-builder-workspace/.derivedData/Build/Products/Debug/libXCTestSwiftSupport.dylib' (no such file), '/Users/admin/builder/spi-builder-workspace/.derivedData/Build/Products/Debug/PackageFrameworks/libXCTestSwiftSupport.dylib' (no such file), '/System/Volumes/Preboot/Cryptexes/OS/Users/admin/builder/spi-builder-workspace/.derivedData/Build/Products/Debug/PackageFrameworks/libXCTestSwiftSupport.dylib' (no such file), '/usr/lib/swift/libXCTestSwiftSupport.dylib' (no such file, not in dyld cache), '/System/Volumes/Preboot/Cryptexes/OS/usr/lib/swift/libXCTestSwiftSupport.dylib' (no such file), '/Users/admin/builder/spi-builder-workspace/.derivedData/Build/Products/Debug/libXCTestSwiftSupport.dylib' (no such file), '/Users/admin/builder/spi-builder-workspace/.derivedData/Build/Products/Debug/PackageFrameworks/libXCTestSwiftSupport.dylib' (no such file), '/System/Volumes/Preboot/Cryptexes/OS/Users/admin/builder/spi-builder-workspace/.derivedData/Build/Products/Debug/PackageFrameworks/libXCTestSwiftSupport.dylib' (no such file), '/usr/local/lib/libXCTestSwiftSupport.dylib' (no such file), '/usr/lib/libXCTestSwiftSupport.dylib' (no such file, not in dyld cache)
/Users/admin/builder/spi-builder-workspace/Sources/SwiftPEG/Grammar/CommonAbstract.swift:129:26: error: external macro implementation type 'SwiftPEGMacros.EnumIsCaseGenerator' could not be found for macro 'GeneratedCaseChecks(accessLevel:)'; '/Users/admin/builder/spi-builder-workspace/.derivedData/Build/Products/Debug/SwiftPEGMacros' produced malformed response
127 | /// ```
128 | @GeneratedCaseChecks
129 | public indirect enum SwiftType: Hashable, CustomStringConvertible, ExpressibleByStringLiteral {
| `- error: external macro implementation type 'SwiftPEGMacros.EnumIsCaseGenerator' could not be found for macro 'GeneratedCaseChecks(accessLevel:)'; '/Users/admin/builder/spi-builder-workspace/.derivedData/Build/Products/Debug/SwiftPEGMacros' produced malformed response
130 | /// A Swift tuple type
131 | ///
/Users/admin/builder/spi-builder-workspace/Sources/SwiftPEG/InternalMacros.swift:4:7: note: 'GeneratedCaseChecks(accessLevel:)' declared here
2 | /// case element declarations.
3 | @attached(member, names: arbitrary)
4 | macro GeneratedCaseChecks(accessLevel: String = "") =
| `- note: 'GeneratedCaseChecks(accessLevel:)' declared here
5 | #externalMacro(module: "SwiftPEGMacros", type: "EnumIsCaseGenerator")
6 |
/Users/admin/builder/spi-builder-workspace/Sources/SwiftPEG/GrammarProcessor/InternalGrammar.swift:385:17: error: external macro implementation type 'SwiftPEGMacros.EnumIsCaseGenerator' could not be found for macro 'GeneratedCaseChecks(accessLevel:)'; '/Users/admin/builder/spi-builder-workspace/.derivedData/Build/Products/Debug/SwiftPEGMacros' produced malformed response
383 |
384 | @GeneratedCaseChecks
385 | public enum NamedItem: Hashable, CustomStringConvertible {
| `- error: external macro implementation type 'SwiftPEGMacros.EnumIsCaseGenerator' could not be found for macro 'GeneratedCaseChecks(accessLevel:)'; '/Users/admin/builder/spi-builder-workspace/.derivedData/Build/Products/Debug/SwiftPEGMacros' produced malformed response
386 | /// `name=IDENT? item ('[' swiftType ']')?`
387 | case item(name: String? = nil, Item, type: CommonAbstract.SwiftType? = nil)
/Users/admin/builder/spi-builder-workspace/Sources/SwiftPEG/InternalMacros.swift:4:7: note: 'GeneratedCaseChecks(accessLevel:)' declared here
2 | /// case element declarations.
3 | @attached(member, names: arbitrary)
4 | macro GeneratedCaseChecks(accessLevel: String = "") =
| `- note: 'GeneratedCaseChecks(accessLevel:)' declared here
5 | #externalMacro(module: "SwiftPEGMacros", type: "EnumIsCaseGenerator")
6 |
/Users/admin/builder/spi-builder-workspace/Sources/SwiftPEG/GrammarProcessor/InternalGrammar.swift:517:17: error: external macro implementation type 'SwiftPEGMacros.EnumIsCaseGenerator' could not be found for macro 'GeneratedCaseChecks(accessLevel:)'; '/Users/admin/builder/spi-builder-workspace/.derivedData/Build/Products/Debug/SwiftPEGMacros' produced malformed response
515 |
516 | @GeneratedCaseChecks
517 | public enum Item: Hashable, CustomStringConvertible {
| `- error: external macro implementation type 'SwiftPEGMacros.EnumIsCaseGenerator' could not be found for macro 'GeneratedCaseChecks(accessLevel:)'; '/Users/admin/builder/spi-builder-workspace/.derivedData/Build/Products/Debug/SwiftPEGMacros' produced malformed response
518 | /// `'[' alts ']'`
519 | case optionalItems([Alt])
/Users/admin/builder/spi-builder-workspace/Sources/SwiftPEG/InternalMacros.swift:4:7: note: 'GeneratedCaseChecks(accessLevel:)' declared here
2 | /// case element declarations.
3 | @attached(member, names: arbitrary)
4 | macro GeneratedCaseChecks(accessLevel: String = "") =
| `- note: 'GeneratedCaseChecks(accessLevel:)' declared here
5 | #externalMacro(module: "SwiftPEGMacros", type: "EnumIsCaseGenerator")
6 |
SwiftCompile normal arm64_32 /Users/admin/builder/spi-builder-workspace/Sources/SwiftPEG/CodeGen+Swift/SwiftASTEmitter.swift (in target 'SwiftPEG' from project 'swift-peg')
cd /Users/admin/builder/spi-builder-workspace/.swiftpm/xcode
builtin-SwiftPerFileCompile SwiftASTEmitter.swift
SwiftCompile normal arm64_32 /Users/admin/builder/spi-builder-workspace/Sources/SwiftPEG/CodeGen+Swift/SwiftCodeGen+Common.swift (in target 'SwiftPEG' from project 'swift-peg')
cd /Users/admin/builder/spi-builder-workspace/.swiftpm/xcode
builtin-SwiftPerFileCompile SwiftCodeGen+Common.swift
SwiftCompile normal arm64_32 /Users/admin/builder/spi-builder-workspace/Sources/SwiftPEG/CodeGen+Swift/SwiftCodeGen+Parser.swift (in target 'SwiftPEG' from project 'swift-peg')
cd /Users/admin/builder/spi-builder-workspace/.swiftpm/xcode
builtin-SwiftPerFileCompile SwiftCodeGen+Parser.swift
SwiftCompile normal arm64_32 /Users/admin/builder/spi-builder-workspace/Sources/SwiftPEG/CodeGen+Swift/SwiftCodeGen+ProducerProtocol.swift (in target 'SwiftPEG' from project 'swift-peg')
cd /Users/admin/builder/spi-builder-workspace/.swiftpm/xcode
builtin-SwiftPerFileCompile SwiftCodeGen+ProducerProtocol.swift
SwiftCompile normal arm64_32 /Users/admin/builder/spi-builder-workspace/Sources/SwiftPEG/CodeGen+Swift/SwiftCodeGen+Repetitions.swift (in target 'SwiftPEG' from project 'swift-peg')
cd /Users/admin/builder/spi-builder-workspace/.swiftpm/xcode
builtin-SwiftPerFileCompile SwiftCodeGen+Repetitions.swift
SwiftCompile normal arm64_32 /Users/admin/builder/spi-builder-workspace/Sources/SwiftPEG/CodeGen+Swift/SwiftCodeGen+SwiftAST.swift (in target 'SwiftPEG' from project 'swift-peg')
cd /Users/admin/builder/spi-builder-workspace/.swiftpm/xcode
builtin-SwiftPerFileCompile SwiftCodeGen+SwiftAST.swift
SwiftCompile normal arm64_32 /Users/admin/builder/spi-builder-workspace/Sources/SwiftPEG/CodeGen+Swift/SwiftCodeGen+Token.swift (in target 'SwiftPEG' from project 'swift-peg')
cd /Users/admin/builder/spi-builder-workspace/.swiftpm/xcode
builtin-SwiftPerFileCompile SwiftCodeGen+Token.swift
SwiftCompile normal arm64_32 Compiling\ resource_bundle_accessor.swift,\ BindingEngine.swift,\ CodeStringBuffer.swift,\ DeclarationsContext.swift,\ SwiftASTEmitter+Expression.swift,\ SwiftASTEmitter+Statement.swift,\ SwiftASTEmitter+SwiftType.swift /Users/admin/builder/spi-builder-workspace/.derivedData/Build/Intermediates.noindex/swift-peg.build/Debug-watchos/SwiftPEG-t.build/DerivedSources/resource_bundle_accessor.swift /Users/admin/builder/spi-builder-workspace/Sources/SwiftPEG/BindingEngine.swift /Users/admin/builder/spi-builder-workspace/Sources/SwiftPEG/CodeGen+Swift/CodeStringBuffer.swift /Users/admin/builder/spi-builder-workspace/Sources/SwiftPEG/CodeGen+Swift/DeclarationsContext.swift /Users/admin/builder/spi-builder-workspace/Sources/SwiftPEG/CodeGen+Swift/SwiftASTEmitter+Expression.swift /Users/admin/builder/spi-builder-workspace/Sources/SwiftPEG/CodeGen+Swift/SwiftASTEmitter+Statement.swift /Users/admin/builder/spi-builder-workspace/Sources/SwiftPEG/CodeGen+Swift/SwiftASTEmitter+SwiftType.swift (in target 'SwiftPEG' from project 'swift-peg')
dyld[1933]: Library not loaded: @rpath/libXCTestSwiftSupport.dylib
Referenced from: <6C516792-BD61-34FE-AC83-4AF90222DBEC> /Users/admin/builder/spi-builder-workspace/.derivedData/Build/Products/Debug/SwiftPEGMacros
Reason: tried: '/usr/lib/swift/libXCTestSwiftSupport.dylib' (no such file, not in dyld cache), '/System/Volumes/Preboot/Cryptexes/OS/usr/lib/swift/libXCTestSwiftSupport.dylib' (no such file), '/Users/admin/builder/spi-builder-workspace/.derivedData/Build/Products/Debug/libXCTestSwiftSupport.dylib' (no such file), '/Users/admin/builder/spi-builder-workspace/.derivedData/Build/Products/Debug/PackageFrameworks/libXCTestSwiftSupport.dylib' (no such file), '/System/Volumes/Preboot/Cryptexes/OS/Users/admin/builder/spi-builder-workspace/.derivedData/Build/Products/Debug/PackageFrameworks/libXCTestSwiftSupport.dylib' (no such file), '/usr/lib/swift/libXCTestSwiftSupport.dylib' (no such file, not in dyld cache), '/System/Volumes/Preboot/Cryptexes/OS/usr/lib/swift/libXCTestSwiftSupport.dylib' (no such file), '/Users/admin/builder/spi-builder-workspace/.derivedData/Build/Products/Debug/libXCTestSwiftSupport.dylib' (no such file), '/Users/admin/builder/spi-builder-workspace/.derivedData/Build/Products/Debug/PackageFrameworks/libXCTestSwiftSupport.dylib' (no such file), '/System/Volumes/Preboot/Cryptexes/OS/Users/admin/builder/spi-builder-workspace/.derivedData/Build/Products/Debug/PackageFrameworks/libXCTestSwiftSupport.dylib' (no such file), '/usr/local/lib/libXCTestSwiftSupport.dylib' (no such file), '/usr/lib/libXCTestSwiftSupport.dylib' (no such file, not in dyld cache)
/Users/admin/builder/spi-builder-workspace/Sources/SwiftPEG/Grammar/CommonAbstract.swift:129:26: error: external macro implementation type 'SwiftPEGMacros.EnumIsCaseGenerator' could not be found for macro 'GeneratedCaseChecks(accessLevel:)'; '/Users/admin/builder/spi-builder-workspace/.derivedData/Build/Products/Debug/SwiftPEGMacros' produced malformed response
127 | /// ```
128 | @GeneratedCaseChecks
129 | public indirect enum SwiftType: Hashable, CustomStringConvertible, ExpressibleByStringLiteral {
| `- error: external macro implementation type 'SwiftPEGMacros.EnumIsCaseGenerator' could not be found for macro 'GeneratedCaseChecks(accessLevel:)'; '/Users/admin/builder/spi-builder-workspace/.derivedData/Build/Products/Debug/SwiftPEGMacros' produced malformed response
130 | /// A Swift tuple type
131 | ///
/Users/admin/builder/spi-builder-workspace/Sources/SwiftPEG/InternalMacros.swift:4:7: note: 'GeneratedCaseChecks(accessLevel:)' declared here
2 | /// case element declarations.
3 | @attached(member, names: arbitrary)
4 | macro GeneratedCaseChecks(accessLevel: String = "") =
| `- note: 'GeneratedCaseChecks(accessLevel:)' declared here
5 | #externalMacro(module: "SwiftPEGMacros", type: "EnumIsCaseGenerator")
6 |
/Users/admin/builder/spi-builder-workspace/Sources/SwiftPEG/GrammarProcessor/InternalGrammar.swift:385:17: error: external macro implementation type 'SwiftPEGMacros.EnumIsCaseGenerator' could not be found for macro 'GeneratedCaseChecks(accessLevel:)'; '/Users/admin/builder/spi-builder-workspace/.derivedData/Build/Products/Debug/SwiftPEGMacros' produced malformed response
383 |
384 | @GeneratedCaseChecks
385 | public enum NamedItem: Hashable, CustomStringConvertible {
| `- error: external macro implementation type 'SwiftPEGMacros.EnumIsCaseGenerator' could not be found for macro 'GeneratedCaseChecks(accessLevel:)'; '/Users/admin/builder/spi-builder-workspace/.derivedData/Build/Products/Debug/SwiftPEGMacros' produced malformed response
386 | /// `name=IDENT? item ('[' swiftType ']')?`
387 | case item(name: String? = nil, Item, type: CommonAbstract.SwiftType? = nil)
/Users/admin/builder/spi-builder-workspace/Sources/SwiftPEG/InternalMacros.swift:4:7: note: 'GeneratedCaseChecks(accessLevel:)' declared here
2 | /// case element declarations.
3 | @attached(member, names: arbitrary)
4 | macro GeneratedCaseChecks(accessLevel: String = "") =
| `- note: 'GeneratedCaseChecks(accessLevel:)' declared here
5 | #externalMacro(module: "SwiftPEGMacros", type: "EnumIsCaseGenerator")
6 |
/Users/admin/builder/spi-builder-workspace/Sources/SwiftPEG/GrammarProcessor/InternalGrammar.swift:517:17: error: external macro implementation type 'SwiftPEGMacros.EnumIsCaseGenerator' could not be found for macro 'GeneratedCaseChecks(accessLevel:)'; '/Users/admin/builder/spi-builder-workspace/.derivedData/Build/Products/Debug/SwiftPEGMacros' produced malformed response
515 |
516 | @GeneratedCaseChecks
517 | public enum Item: Hashable, CustomStringConvertible {
| `- error: external macro implementation type 'SwiftPEGMacros.EnumIsCaseGenerator' could not be found for macro 'GeneratedCaseChecks(accessLevel:)'; '/Users/admin/builder/spi-builder-workspace/.derivedData/Build/Products/Debug/SwiftPEGMacros' produced malformed response
518 | /// `'[' alts ']'`
519 | case optionalItems([Alt])
/Users/admin/builder/spi-builder-workspace/Sources/SwiftPEG/InternalMacros.swift:4:7: note: 'GeneratedCaseChecks(accessLevel:)' declared here
2 | /// case element declarations.
3 | @attached(member, names: arbitrary)
4 | macro GeneratedCaseChecks(accessLevel: String = "") =
| `- note: 'GeneratedCaseChecks(accessLevel:)' declared here
5 | #externalMacro(module: "SwiftPEGMacros", type: "EnumIsCaseGenerator")
6 |
/Users/admin/builder/spi-builder-workspace/Sources/SwiftPEG/GrammarProcessor/InternalGrammar.swift:895:14: error: external macro implementation type 'SwiftPEGMacros.EnumIsCaseGenerator' could not be found for macro 'GeneratedIsCase(accessLevel:)'; '/Users/admin/builder/spi-builder-workspace/.derivedData/Build/Products/Debug/SwiftPEGMacros' produced malformed response
893 | /// `'(' alts ')'`
894 | @GeneratedIsCase(accessLevel: "public")
895 | case group([Alt])
| `- error: external macro implementation type 'SwiftPEGMacros.EnumIsCaseGenerator' could not be found for macro 'GeneratedIsCase(accessLevel:)'; '/Users/admin/builder/spi-builder-workspace/.derivedData/Build/Products/Debug/SwiftPEGMacros' produced malformed response
896 |
897 | /// `ident`
/Users/admin/builder/spi-builder-workspace/Sources/SwiftPEG/InternalMacros.swift:10:7: note: 'GeneratedIsCase(accessLevel:)' declared here
8 | /// element declaration.
9 | @attached(peer, names: arbitrary)
10 | macro GeneratedIsCase(accessLevel: String = "") =
| `- note: 'GeneratedIsCase(accessLevel:)' declared here
11 | #externalMacro(module: "SwiftPEGMacros", type: "EnumIsCaseGenerator")
12 |
SwiftCompile normal arm64_32 /Users/admin/builder/spi-builder-workspace/.derivedData/Build/Intermediates.noindex/swift-peg.build/Debug-watchos/SwiftPEG-t.build/DerivedSources/resource_bundle_accessor.swift (in target 'SwiftPEG' from project 'swift-peg')
cd /Users/admin/builder/spi-builder-workspace/.swiftpm/xcode
builtin-SwiftPerFileCompile resource_bundle_accessor.swift
SwiftCompile normal arm64_32 /Users/admin/builder/spi-builder-workspace/Sources/SwiftPEG/BindingEngine.swift (in target 'SwiftPEG' from project 'swift-peg')
cd /Users/admin/builder/spi-builder-workspace/.swiftpm/xcode
builtin-SwiftPerFileCompile BindingEngine.swift
SwiftCompile normal arm64_32 /Users/admin/builder/spi-builder-workspace/Sources/SwiftPEG/CodeGen+Swift/CodeStringBuffer.swift (in target 'SwiftPEG' from project 'swift-peg')
cd /Users/admin/builder/spi-builder-workspace/.swiftpm/xcode
builtin-SwiftPerFileCompile CodeStringBuffer.swift
SwiftCompile normal arm64_32 /Users/admin/builder/spi-builder-workspace/Sources/SwiftPEG/CodeGen+Swift/DeclarationsContext.swift (in target 'SwiftPEG' from project 'swift-peg')
cd /Users/admin/builder/spi-builder-workspace/.swiftpm/xcode
builtin-SwiftPerFileCompile DeclarationsContext.swift
SwiftCompile normal arm64_32 /Users/admin/builder/spi-builder-workspace/Sources/SwiftPEG/CodeGen+Swift/SwiftASTEmitter+Expression.swift (in target 'SwiftPEG' from project 'swift-peg')
cd /Users/admin/builder/spi-builder-workspace/.swiftpm/xcode
builtin-SwiftPerFileCompile SwiftASTEmitter+Expression.swift
SwiftCompile normal arm64_32 /Users/admin/builder/spi-builder-workspace/Sources/SwiftPEG/CodeGen+Swift/SwiftASTEmitter+Statement.swift (in target 'SwiftPEG' from project 'swift-peg')
cd /Users/admin/builder/spi-builder-workspace/.swiftpm/xcode
builtin-SwiftPerFileCompile SwiftASTEmitter+Statement.swift
SwiftCompile normal arm64_32 /Users/admin/builder/spi-builder-workspace/Sources/SwiftPEG/CodeGen+Swift/SwiftASTEmitter+SwiftType.swift (in target 'SwiftPEG' from project 'swift-peg')
cd /Users/admin/builder/spi-builder-workspace/.swiftpm/xcode
builtin-SwiftPerFileCompile SwiftASTEmitter+SwiftType.swift
SwiftCompile normal arm64_32 Compiling\ Node.swift,\ NodeVisitorType.swift,\ NodeWalker.swift,\ PrintingNodeVisitor.swift,\ SwiftPEGGrammar+String.swift,\ SwiftPEGGrammar+TokenSequence.swift,\ SwiftPEGGrammar.swift /Users/admin/builder/spi-builder-workspace/Sources/SwiftPEG/Grammar/Node.swift /Users/admin/builder/spi-builder-workspace/Sources/SwiftPEG/Grammar/NodeVisitorType.swift /Users/admin/builder/spi-builder-workspace/Sources/SwiftPEG/Grammar/NodeWalker.swift /Users/admin/builder/spi-builder-workspace/Sources/SwiftPEG/Grammar/PrintingNodeVisitor.swift /Users/admin/builder/spi-builder-workspace/Sources/SwiftPEG/Grammar/SwiftPEGGrammar+String.swift /Users/admin/builder/spi-builder-workspace/Sources/SwiftPEG/Grammar/SwiftPEGGrammar+TokenSequence.swift /Users/admin/builder/spi-builder-workspace/Sources/SwiftPEG/Grammar/SwiftPEGGrammar.swift (in target 'SwiftPEG' from project 'swift-peg')
dyld[1938]: Library not loaded: @rpath/libXCTestSwiftSupport.dylib
Referenced from: <6C516792-BD61-34FE-AC83-4AF90222DBEC> /Users/admin/builder/spi-builder-workspace/.derivedData/Build/Products/Debug/SwiftPEGMacros
Reason: tried: '/usr/lib/swift/libXCTestSwiftSupport.dylib' (no such file, not in dyld cache), '/System/Volumes/Preboot/Cryptexes/OS/usr/lib/swift/libXCTestSwiftSupport.dylib' (no such file), '/Users/admin/builder/spi-builder-workspace/.derivedData/Build/Products/Debug/libXCTestSwiftSupport.dylib' (no such file), '/Users/admin/builder/spi-builder-workspace/.derivedData/Build/Products/Debug/PackageFrameworks/libXCTestSwiftSupport.dylib' (no such file), '/System/Volumes/Preboot/Cryptexes/OS/Users/admin/builder/spi-builder-workspace/.derivedData/Build/Products/Debug/PackageFrameworks/libXCTestSwiftSupport.dylib' (no such file), '/usr/lib/swift/libXCTestSwiftSupport.dylib' (no such file, not in dyld cache), '/System/Volumes/Preboot/Cryptexes/OS/usr/lib/swift/libXCTestSwiftSupport.dylib' (no such file), '/Users/admin/builder/spi-builder-workspace/.derivedData/Build/Products/Debug/libXCTestSwiftSupport.dylib' (no such file), '/Users/admin/builder/spi-builder-workspace/.derivedData/Build/Products/Debug/PackageFrameworks/libXCTestSwiftSupport.dylib' (no such file), '/System/Volumes/Preboot/Cryptexes/OS/Users/admin/builder/spi-builder-workspace/.derivedData/Build/Products/Debug/PackageFrameworks/libXCTestSwiftSupport.dylib' (no such file), '/usr/local/lib/libXCTestSwiftSupport.dylib' (no such file), '/usr/lib/libXCTestSwiftSupport.dylib' (no such file, not in dyld cache)
/Users/admin/builder/spi-builder-workspace/Sources/SwiftPEG/Grammar/SwiftPEGGrammar.swift:36:24: error: external macro implementation type 'SwiftPEGMacros.NodeTypeMacro' could not be found for macro 'GeneratedNodeType(overrideDeepCopyType:)'; '/Users/admin/builder/spi-builder-workspace/.derivedData/Build/Products/Debug/SwiftPEGMacros' produced malformed response
34 | /// ```
35 | @GeneratedNodeType<Node>
36 | public final class Grammar: GrammarNode {
| `- error: external macro implementation type 'SwiftPEGMacros.NodeTypeMacro' could not be found for macro 'GeneratedNodeType(overrideDeepCopyType:)'; '/Users/admin/builder/spi-builder-workspace/.derivedData/Build/Products/Debug/SwiftPEGMacros' produced malformed response
37 | /// List of meta-properties described in the grammar.
38 | @NodeProperty
/Users/admin/builder/spi-builder-workspace/Sources/SwiftPEG/Macros.swift:24:14: note: 'GeneratedNodeType(overrideDeepCopyType:)' declared here
22 | /// wrapped with `@NodeProperty`.
23 | @attached(member, names: arbitrary, named(children), named(init), named(deepCopy))
24 | public macro GeneratedNodeType<T>(overrideDeepCopyType: String? = nil) =
| `- note: 'GeneratedNodeType(overrideDeepCopyType:)' declared here
25 | #externalMacro(module: "SwiftPEGMacros", type: "NodeTypeMacro")
26 |
/Users/admin/builder/spi-builder-workspace/Sources/SwiftPEG/Grammar/SwiftPEGGrammar.swift:60:24: error: external macro implementation type 'SwiftPEGMacros.NodeTypeMacro' could not be found for macro 'GeneratedNodeType(overrideDeepCopyType:)'; '/Users/admin/builder/spi-builder-workspace/.derivedData/Build/Products/Debug/SwiftPEGMacros' produced malformed response
58 | /// ```
59 | @GeneratedNodeType<Node>
60 | public final class Meta: GrammarNode {
| `- error: external macro implementation type 'SwiftPEGMacros.NodeTypeMacro' could not be found for macro 'GeneratedNodeType(overrideDeepCopyType:)'; '/Users/admin/builder/spi-builder-workspace/.derivedData/Build/Products/Debug/SwiftPEGMacros' produced malformed response
61 | /// The name of this meta-property.
62 | @NodeRequired
/Users/admin/builder/spi-builder-workspace/Sources/SwiftPEG/Macros.swift:24:14: note: 'GeneratedNodeType(overrideDeepCopyType:)' declared here
22 | /// wrapped with `@NodeProperty`.
23 | @attached(member, names: arbitrary, named(children), named(init), named(deepCopy))
24 | public macro GeneratedNodeType<T>(overrideDeepCopyType: String? = nil) =
| `- note: 'GeneratedNodeType(overrideDeepCopyType:)' declared here
25 | #externalMacro(module: "SwiftPEGMacros", type: "NodeTypeMacro")
26 |
/Users/admin/builder/spi-builder-workspace/Sources/SwiftPEG/Grammar/SwiftPEGGrammar.swift:113:24: error: external macro implementation type 'SwiftPEGMacros.NodeTypeMacro' could not be found for macro 'GeneratedNodeType(overrideDeepCopyType:)'; '/Users/admin/builder/spi-builder-workspace/.derivedData/Build/Products/Debug/SwiftPEGMacros' produced malformed response
111 | /// ```
112 | @GeneratedNodeType<Node>(overrideDeepCopyType: "MetaValue")
113 | public final class MetaIdentifierValue: MetaValue {
| `- error: external macro implementation type 'SwiftPEGMacros.NodeTypeMacro' could not be found for macro 'GeneratedNodeType(overrideDeepCopyType:)'; '/Users/admin/builder/spi-builder-workspace/.derivedData/Build/Products/Debug/SwiftPEGMacros' produced malformed response
114 | /// The associated identifier value.
115 | @NodeRequired
/Users/admin/builder/spi-builder-workspace/Sources/SwiftPEG/Macros.swift:24:14: note: 'GeneratedNodeType(overrideDeepCopyType:)' declared here
22 | /// wrapped with `@NodeProperty`.
23 | @attached(member, names: arbitrary, named(children), named(init), named(deepCopy))
24 | public macro GeneratedNodeType<T>(overrideDeepCopyType: String? = nil) =
| `- note: 'GeneratedNodeType(overrideDeepCopyType:)' declared here
25 | #externalMacro(module: "SwiftPEGMacros", type: "NodeTypeMacro")
26 |
/Users/admin/builder/spi-builder-workspace/Sources/SwiftPEG/Grammar/SwiftPEGGrammar.swift:113:24: error: class 'SwiftPEGGrammar.MetaIdentifierValue' has no initializers
111 | /// ```
112 | @GeneratedNodeType<Node>(overrideDeepCopyType: "MetaValue")
113 | public final class MetaIdentifierValue: MetaValue {
| `- error: class 'SwiftPEGGrammar.MetaIdentifierValue' has no initializers
114 | /// The associated identifier value.
115 | @NodeRequired
116 | public var identifier: Token
| `- note: stored property 'identifier' without initial value prevents synthesized initializers
117 |
118 | public override var shortDebugDescription: String { String(identifier.string) }
/Users/admin/builder/spi-builder-workspace/Sources/SwiftPEG/Grammar/SwiftPEGGrammar.swift:133:24: error: external macro implementation type 'SwiftPEGMacros.NodeTypeMacro' could not be found for macro 'GeneratedNodeType(overrideDeepCopyType:)'; '/Users/admin/builder/spi-builder-workspace/.derivedData/Build/Products/Debug/SwiftPEGMacros' produced malformed response
131 | /// ```
132 | @GeneratedNodeType<Node>(overrideDeepCopyType: "MetaValue")
133 | public final class MetaStringValue: MetaValue {
| `- error: external macro implementation type 'SwiftPEGMacros.NodeTypeMacro' could not be found for macro 'GeneratedNodeType(overrideDeepCopyType:)'; '/Users/admin/builder/spi-builder-workspace/.derivedData/Build/Products/Debug/SwiftPEGMacros' produced malformed response
134 | /// The associated string value.
135 | @NodeRequired
/Users/admin/builder/spi-builder-workspace/Sources/SwiftPEG/Macros.swift:24:14: note: 'GeneratedNodeType(overrideDeepCopyType:)' declared here
22 | /// wrapped with `@NodeProperty`.
23 | @attached(member, names: arbitrary, named(children), named(init), named(deepCopy))
24 | public macro GeneratedNodeType<T>(overrideDeepCopyType: String? = nil) =
| `- note: 'GeneratedNodeType(overrideDeepCopyType:)' declared here
25 | #externalMacro(module: "SwiftPEGMacros", type: "NodeTypeMacro")
26 |
/Users/admin/builder/spi-builder-workspace/Sources/SwiftPEG/Grammar/SwiftPEGGrammar.swift:133:24: error: class 'SwiftPEGGrammar.MetaStringValue' has no initializers
131 | /// ```
132 | @GeneratedNodeType<Node>(overrideDeepCopyType: "MetaValue")
133 | public final class MetaStringValue: MetaValue {
| `- error: class 'SwiftPEGGrammar.MetaStringValue' has no initializers
134 | /// The associated string value.
135 | @NodeRequired
136 | public var string: GrammarString
| `- note: stored property 'string' without initial value prevents synthesized initializers
137 |
138 | public override var shortDebugDescription: String { string.asStringLiteral() }
/Users/admin/builder/spi-builder-workspace/Sources/SwiftPEG/Grammar/SwiftPEGGrammar.swift:155:24: error: external macro implementation type 'SwiftPEGMacros.NodeTypeMacro' could not be found for macro 'GeneratedNodeType(overrideDeepCopyType:)'; '/Users/admin/builder/spi-builder-workspace/.derivedData/Build/Products/Debug/SwiftPEGMacros' produced malformed response
153 | /// ```
154 | @GeneratedNodeType<Node>
155 | public final class Rule: GrammarNode, CustomStringConvertible {
| `- error: external macro implementation type 'SwiftPEGMacros.NodeTypeMacro' could not be found for macro 'GeneratedNodeType(overrideDeepCopyType:)'; '/Users/admin/builder/spi-builder-workspace/.derivedData/Build/Products/Debug/SwiftPEGMacros' produced malformed response
156 | /// The name of this rule.
157 | @NodeProperty
/Users/admin/builder/spi-builder-workspace/Sources/SwiftPEG/Macros.swift:24:14: note: 'GeneratedNodeType(overrideDeepCopyType:)' declared here
22 | /// wrapped with `@NodeProperty`.
23 | @attached(member, names: arbitrary, named(children), named(init), named(deepCopy))
24 | public macro GeneratedNodeType<T>(overrideDeepCopyType: String? = nil) =
| `- note: 'GeneratedNodeType(overrideDeepCopyType:)' declared here
25 | #externalMacro(module: "SwiftPEGMacros", type: "NodeTypeMacro")
26 |
/Users/admin/builder/spi-builder-workspace/Sources/SwiftPEG/Grammar/SwiftPEGGrammar.swift:155:24: error: class 'SwiftPEGGrammar.Rule' has no initializers
153 | /// ```
154 | @GeneratedNodeType<Node>
155 | public final class Rule: GrammarNode, CustomStringConvertible {
| `- error: class 'SwiftPEGGrammar.Rule' has no initializers
156 | /// The name of this rule.
157 | @NodeProperty
158 | var _name: RuleName
| `- note: stored property '_name' without initial value prevents synthesized initializers
159 |
160 | /// An optional list of parameters associated with this rule.
:
173 | /// List of one or more alts associated with this rule.
174 | @NodeProperty
175 | var _alts: [Alt]
| `- note: stored property '_alts' without initial value prevents synthesized initializers
176 |
177 | /// Flag used by `GrammarProcessor` to indicate whether this rule is left-recursive.
/Users/admin/builder/spi-builder-workspace/Sources/SwiftPEG/Grammar/SwiftPEGGrammar.swift:241:24: error: external macro implementation type 'SwiftPEGMacros.NodeTypeMacro' could not be found for macro 'GeneratedNodeType(overrideDeepCopyType:)'; '/Users/admin/builder/spi-builder-workspace/.derivedData/Build/Products/Debug/SwiftPEGMacros' produced malformed response
239 | /// ```
240 | @GeneratedNodeType<Node>
241 | public final class RuleName: GrammarNode {
| `- error: external macro implementation type 'SwiftPEGMacros.NodeTypeMacro' could not be found for macro 'GeneratedNodeType(overrideDeepCopyType:)'; '/Users/admin/builder/spi-builder-workspace/.derivedData/Build/Products/Debug/SwiftPEGMacros' produced malformed response
242 | /// The rule's name.
243 | @NodeRequired
/Users/admin/builder/spi-builder-workspace/Sources/SwiftPEG/Macros.swift:24:14: note: 'GeneratedNodeType(overrideDeepCopyType:)' declared here
22 | /// wrapped with `@NodeProperty`.
23 | @attached(member, names: arbitrary, named(children), named(init), named(deepCopy))
24 | public macro GeneratedNodeType<T>(overrideDeepCopyType: String? = nil) =
| `- note: 'GeneratedNodeType(overrideDeepCopyType:)' declared here
25 | #externalMacro(module: "SwiftPEGMacros", type: "NodeTypeMacro")
26 |
/Users/admin/builder/spi-builder-workspace/Sources/SwiftPEG/Grammar/SwiftPEGGrammar.swift:241:24: error: class 'SwiftPEGGrammar.RuleName' has no initializers
239 | /// ```
240 | @GeneratedNodeType<Node>
241 | public final class RuleName: GrammarNode {
| `- error: class 'SwiftPEGGrammar.RuleName' has no initializers
242 | /// The rule's name.
243 | @NodeRequired
244 | public var name: Token
| `- note: stored property 'name' without initial value prevents synthesized initializers
245 |
246 | /// A type name directly associated with this rule.
/Users/admin/builder/spi-builder-workspace/Sources/SwiftPEG/Grammar/SwiftPEGGrammar.swift:265:24: error: external macro implementation type 'SwiftPEGMacros.NodeTypeMacro' could not be found for macro 'GeneratedNodeType(overrideDeepCopyType:)'; '/Users/admin/builder/spi-builder-workspace/.derivedData/Build/Products/Debug/SwiftPEGMacros' produced malformed response
263 | /// ```
264 | @GeneratedNodeType<Node>
265 | public final class RuleParameters: GrammarNode {
| `- error: external macro implementation type 'SwiftPEGMacros.NodeTypeMacro' could not be found for macro 'GeneratedNodeType(overrideDeepCopyType:)'; '/Users/admin/builder/spi-builder-workspace/.derivedData/Build/Products/Debug/SwiftPEGMacros' produced malformed response
266 | /// The list of parameters associated with this rule parameter list.
267 | @NodeProperty
/Users/admin/builder/spi-builder-workspace/Sources/SwiftPEG/Macros.swift:24:14: note: 'GeneratedNodeType(overrideDeepCopyType:)' declared here
22 | /// wrapped with `@NodeProperty`.
23 | @attached(member, names: arbitrary, named(children), named(init), named(deepCopy))
24 | public macro GeneratedNodeType<T>(overrideDeepCopyType: String? = nil) =
| `- note: 'GeneratedNodeType(overrideDeepCopyType:)' declared here
25 | #externalMacro(module: "SwiftPEGMacros", type: "NodeTypeMacro")
26 |
/Users/admin/builder/spi-builder-workspace/Sources/SwiftPEG/Grammar/SwiftPEGGrammar.swift:265:24: error: class 'SwiftPEGGrammar.RuleParameters' has no initializers
263 | /// ```
264 | @GeneratedNodeType<Node>
265 | public final class RuleParameters: GrammarNode {
| `- error: class 'SwiftPEGGrammar.RuleParameters' has no initializers
266 | /// The list of parameters associated with this rule parameter list.
267 | @NodeProperty
268 | var _parameters: [RuleParameter]
| `- note: stored property '_parameters' without initial value prevents synthesized initializers
269 |
270 | /// Accepts a given grammar-node visitor into this node.
/Users/admin/builder/spi-builder-workspace/Sources/SwiftPEG/Grammar/SwiftPEGGrammar.swift:283:24: error: external macro implementation type 'SwiftPEGMacros.NodeTypeMacro' could not be found for macro 'GeneratedNodeType(overrideDeepCopyType:)'; '/Users/admin/builder/spi-builder-workspace/.derivedData/Build/Products/Debug/SwiftPEGMacros' produced malformed response
281 | /// ```
282 | @GeneratedNodeType<Node>
283 | public final class RuleParameter: GrammarNode {
| `- error: external macro implementation type 'SwiftPEGMacros.NodeTypeMacro' could not be found for macro 'GeneratedNodeType(overrideDeepCopyType:)'; '/Users/admin/builder/spi-builder-workspace/.derivedData/Build/Products/Debug/SwiftPEGMacros' produced malformed response
284 | /// The name associated with this parameter.
285 | @NodeRequired
/Users/admin/builder/spi-builder-workspace/Sources/SwiftPEG/Macros.swift:24:14: note: 'GeneratedNodeType(overrideDeepCopyType:)' declared here
22 | /// wrapped with `@NodeProperty`.
23 | @attached(member, names: arbitrary, named(children), named(init), named(deepCopy))
24 | public macro GeneratedNodeType<T>(overrideDeepCopyType: String? = nil) =
| `- note: 'GeneratedNodeType(overrideDeepCopyType:)' declared here
25 | #externalMacro(module: "SwiftPEGMacros", type: "NodeTypeMacro")
26 |
/Users/admin/builder/spi-builder-workspace/Sources/SwiftPEG/Grammar/SwiftPEGGrammar.swift:283:24: error: class 'SwiftPEGGrammar.RuleParameter' has no initializers
281 | /// ```
282 | @GeneratedNodeType<Node>
283 | public final class RuleParameter: GrammarNode {
| `- error: class 'SwiftPEGGrammar.RuleParameter' has no initializers
284 | /// The name associated with this parameter.
285 | @NodeRequired
286 | public var name: Token
| `- note: stored property 'name' without initial value prevents synthesized initializers
287 |
288 | /// The type associated with this parameter.
289 | @NodeRequired
290 | public var type: CommonAbstract.SwiftType
| `- note: stored property 'type' without initial value prevents synthesized initializers
291 |
292 | /// Accepts a given grammar-node visitor into this node.
/Users/admin/builder/spi-builder-workspace/Sources/SwiftPEG/Grammar/SwiftPEGGrammar.swift:308:24: error: external macro implementation type 'SwiftPEGMacros.NodeTypeMacro' could not be found for macro 'GeneratedNodeType(overrideDeepCopyType:)'; '/Users/admin/builder/spi-builder-workspace/.derivedData/Build/Products/Debug/SwiftPEGMacros' produced malformed response
306 | /// ```
307 | @GeneratedNodeType<Node>
308 | public final class Alt: GrammarNode {
| `- error: external macro implementation type 'SwiftPEGMacros.NodeTypeMacro' could not be found for macro 'GeneratedNodeType(overrideDeepCopyType:)'; '/Users/admin/builder/spi-builder-workspace/.derivedData/Build/Products/Debug/SwiftPEGMacros' produced malformed response
309 | /// An optional label associated with this alternative.
310 | @NodeProperty
/Users/admin/builder/spi-builder-workspace/Sources/SwiftPEG/Macros.swift:24:14: note: 'GeneratedNodeType(overrideDeepCopyType:)' declared here
22 | /// wrapped with `@NodeProperty`.
23 | @attached(member, names: arbitrary, named(children), named(init), named(deepCopy))
24 | public macro GeneratedNodeType<T>(overrideDeepCopyType: String? = nil) =
| `- note: 'GeneratedNodeType(overrideDeepCopyType:)' declared here
25 | #externalMacro(module: "SwiftPEGMacros", type: "NodeTypeMacro")
26 |
/Users/admin/builder/spi-builder-workspace/Sources/SwiftPEG/Grammar/SwiftPEGGrammar.swift:308:24: error: class 'SwiftPEGGrammar.Alt' has no initializers
306 | /// ```
307 | @GeneratedNodeType<Node>
308 | public final class Alt: GrammarNode {
| `- error: class 'SwiftPEGGrammar.Alt' has no initializers
309 | /// An optional label associated with this alternative.
310 | @NodeProperty
:
313 | /// The items belonging to this alt.
314 | @NodeProperty
315 | var _namedItems: [NamedItem]
| `- note: stored property '_namedItems' without initial value prevents synthesized initializers
316 |
317 | /// An optional action associated with this alt, executed when the alt
/Users/admin/builder/spi-builder-workspace/Sources/SwiftPEG/Grammar/SwiftPEGGrammar.swift:370:24: error: external macro implementation type 'SwiftPEGMacros.NodeTypeMacro' could not be found for macro 'GeneratedNodeType(overrideDeepCopyType:)'; '/Users/admin/builder/spi-builder-workspace/.derivedData/Build/Products/Debug/SwiftPEGMacros' produced malformed response
368 | /// ```
369 | @GeneratedNodeType<Node>
370 | public final class AltLabel: GrammarNode {
| `- error: external macro implementation type 'SwiftPEGMacros.NodeTypeMacro' could not be found for macro 'GeneratedNodeType(overrideDeepCopyType:)'; '/Users/admin/builder/spi-builder-workspace/.derivedData/Build/Products/Debug/SwiftPEGMacros' produced malformed response
371 | /// The identifier associated with this alt label.
372 | @NodeRequired
/Users/admin/builder/spi-builder-workspace/Sources/SwiftPEG/Macros.swift:24:14: note: 'GeneratedNodeType(overrideDeepCopyType:)' declared here
22 | /// wrapped with `@NodeProperty`.
23 | @attached(member, names: arbitrary, named(children), named(init), named(deepCopy))
24 | public macro GeneratedNodeType<T>(overrideDeepCopyType: String? = nil) =
| `- note: 'GeneratedNodeType(overrideDeepCopyType:)' declared here
25 | #externalMacro(module: "SwiftPEGMacros", type: "NodeTypeMacro")
26 |
/Users/admin/builder/spi-builder-workspace/Sources/SwiftPEG/Grammar/SwiftPEGGrammar.swift:370:24: error: class 'SwiftPEGGrammar.AltLabel' has no initializers
368 | /// ```
369 | @GeneratedNodeType<Node>
370 | public final class AltLabel: GrammarNode {
| `- error: class 'SwiftPEGGrammar.AltLabel' has no initializers
371 | /// The identifier associated with this alt label.
372 | @NodeRequired
373 | public var name: Token
| `- note: stored property 'name' without initial value prevents synthesized initializers
374 | }
375 |
/Users/admin/builder/spi-builder-workspace/Sources/SwiftPEG/Grammar/SwiftPEGGrammar.swift:388:24: error: external macro implementation type 'SwiftPEGMacros.NodeTypeMacro' could not be found for macro 'GeneratedNodeType(overrideDeepCopyType:)'; '/Users/admin/builder/spi-builder-workspace/.derivedData/Build/Products/Debug/SwiftPEGMacros' produced malformed response
386 | /// ```
387 | @GeneratedNodeType<Node>
388 | public final class NamedItem: GrammarNode {
| `- error: external macro implementation type 'SwiftPEGMacros.NodeTypeMacro' could not be found for macro 'GeneratedNodeType(overrideDeepCopyType:)'; '/Users/admin/builder/spi-builder-workspace/.derivedData/Build/Products/Debug/SwiftPEGMacros' produced malformed response
389 | /// An optional name associated with this item.
390 | @NodeRequired
/Users/admin/builder/spi-builder-workspace/Sources/SwiftPEG/Macros.swift:24:14: note: 'GeneratedNodeType(overrideDeepCopyType:)' declared here
22 | /// wrapped with `@NodeProperty`.
23 | @attached(member, names: arbitrary, named(children), named(init), named(deepCopy))
24 | public macro GeneratedNodeType<T>(overrideDeepCopyType: String? = nil) =
| `- note: 'GeneratedNodeType(overrideDeepCopyType:)' declared here
25 | #externalMacro(module: "SwiftPEGMacros", type: "NodeTypeMacro")
26 |
/Users/admin/builder/spi-builder-workspace/Sources/SwiftPEG/Grammar/SwiftPEGGrammar.swift:481:24: error: external macro implementation type 'SwiftPEGMacros.NodeTypeMacro' could not be found for macro 'GeneratedNodeType(overrideDeepCopyType:)'; '/Users/admin/builder/spi-builder-workspace/.derivedData/Build/Products/Debug/SwiftPEGMacros' produced malformed response
479 | /// ```
480 | @GeneratedNodeType<Node>(overrideDeepCopyType: "LookaheadOrCut")
481 | public final class Forced: LookaheadOrCut {
| `- error: external macro implementation type 'SwiftPEGMacros.NodeTypeMacro' could not be found for macro 'GeneratedNodeType(overrideDeepCopyType:)'; '/Users/admin/builder/spi-builder-workspace/.derivedData/Build/Products/Debug/SwiftPEGMacros' produced malformed response
482 | @NodeProperty
483 | var _atom: Atom
/Users/admin/builder/spi-builder-workspace/Sources/SwiftPEG/Macros.swift:24:14: note: 'GeneratedNodeType(overrideDeepCopyType:)' declared here
22 | /// wrapped with `@NodeProperty`.
23 | @attached(member, names: arbitrary, named(children), named(init), named(deepCopy))
24 | public macro GeneratedNodeType<T>(overrideDeepCopyType: String? = nil) =
| `- note: 'GeneratedNodeType(overrideDeepCopyType:)' declared here
25 | #externalMacro(module: "SwiftPEGMacros", type: "NodeTypeMacro")
26 |
/Users/admin/builder/spi-builder-workspace/Sources/SwiftPEG/Grammar/SwiftPEGGrammar.swift:481:24: error: class 'SwiftPEGGrammar.Forced' has no initializers
479 | /// ```
480 | @GeneratedNodeType<Node>(overrideDeepCopyType: "LookaheadOrCut")
481 | public final class Forced: LookaheadOrCut {
| `- error: class 'SwiftPEGGrammar.Forced' has no initializers
482 | @NodeProperty
483 | var _atom: Atom
| `- note: stored property '_atom' without initial value prevents synthesized initializers
484 |
485 | public override var shortDebugDescription: String { "&&" }
/Users/admin/builder/spi-builder-workspace/Sources/SwiftPEG/Grammar/SwiftPEGGrammar.swift:509:24: error: external macro implementation type 'SwiftPEGMacros.NodeTypeMacro' could not be found for macro 'GeneratedNodeType(overrideDeepCopyType:)'; '/Users/admin/builder/spi-builder-workspace/.derivedData/Build/Products/Debug/SwiftPEGMacros' produced malformed response
507 | /// ```
508 | @GeneratedNodeType<Node>(overrideDeepCopyType: "LookaheadOrCut")
509 | public final class PositiveLookahead: LookaheadOrCut {
| `- error: external macro implementation type 'SwiftPEGMacros.NodeTypeMacro' could not be found for macro 'GeneratedNodeType(overrideDeepCopyType:)'; '/Users/admin/builder/spi-builder-workspace/.derivedData/Build/Products/Debug/SwiftPEGMacros' produced malformed response
510 | @NodeProperty
511 | var _atom: Atom
/Users/admin/builder/spi-builder-workspace/Sources/SwiftPEG/Macros.swift:24:14: note: 'GeneratedNodeType(overrideDeepCopyType:)' declared here
22 | /// wrapped with `@NodeProperty`.
23 | @attached(member, names: arbitrary, named(children), named(init), named(deepCopy))
24 | public macro GeneratedNodeType<T>(overrideDeepCopyType: String? = nil) =
| `- note: 'GeneratedNodeType(overrideDeepCopyType:)' declared here
25 | #externalMacro(module: "SwiftPEGMacros", type: "NodeTypeMacro")
26 |
/Users/admin/builder/spi-builder-workspace/Sources/SwiftPEG/Grammar/SwiftPEGGrammar.swift:509:24: error: class 'SwiftPEGGrammar.PositiveLookahead' has no initializers
507 | /// ```
508 | @GeneratedNodeType<Node>(overrideDeepCopyType: "LookaheadOrCut")
509 | public final class PositiveLookahead: LookaheadOrCut {
| `- error: class 'SwiftPEGGrammar.PositiveLookahead' has no initializers
510 | @NodeProperty
511 | var _atom: Atom
| `- note: stored property '_atom' without initial value prevents synthesized initializers
512 |
513 | public override var shortDebugDescription: String { "&" }
/Users/admin/builder/spi-builder-workspace/Sources/SwiftPEG/Grammar/SwiftPEGGrammar.swift:536:24: error: external macro implementation type 'SwiftPEGMacros.NodeTypeMacro' could not be found for macro 'GeneratedNodeType(overrideDeepCopyType:)'; '/Users/admin/builder/spi-builder-workspace/.derivedData/Build/Products/Debug/SwiftPEGMacros' produced malformed response
534 | /// ```
535 | @GeneratedNodeType<Node>(overrideDeepCopyType: "LookaheadOrCut")
536 | public final class NegativeLookahead: LookaheadOrCut {
| `- error: external macro implementation type 'SwiftPEGMacros.NodeTypeMacro' could not be found for macro 'GeneratedNodeType(overrideDeepCopyType:)'; '/Users/admin/builder/spi-builder-workspace/.derivedData/Build/Products/Debug/SwiftPEGMacros' produced malformed response
537 | @NodeProperty
538 | var _atom: Atom
/Users/admin/builder/spi-builder-workspace/Sources/SwiftPEG/Macros.swift:24:14: note: 'GeneratedNodeType(overrideDeepCopyType:)' declared here
22 | /// wrapped with `@NodeProperty`.
23 | @attached(member, names: arbitrary, named(children), named(init), named(deepCopy))
24 | public macro GeneratedNodeType<T>(overrideDeepCopyType: String? = nil) =
| `- note: 'GeneratedNodeType(overrideDeepCopyType:)' declared here
25 | #externalMacro(module: "SwiftPEGMacros", type: "NodeTypeMacro")
26 |
/Users/admin/builder/spi-builder-workspace/Sources/SwiftPEG/Grammar/SwiftPEGGrammar.swift:536:24: error: class 'SwiftPEGGrammar.NegativeLookahead' has no initializers
534 | /// ```
535 | @GeneratedNodeType<Node>(overrideDeepCopyType: "LookaheadOrCut")
536 | public final class NegativeLookahead: LookaheadOrCut {
| `- error: class 'SwiftPEGGrammar.NegativeLookahead' has no initializers
537 | @NodeProperty
538 | var _atom: Atom
| `- note: stored property '_atom' without initial value prevents synthesized initializers
539 |
540 | public override var shortDebugDescription: String { "!" }
/Users/admin/builder/spi-builder-workspace/Sources/SwiftPEG/Grammar/SwiftPEGGrammar.swift:617:24: error: external macro implementation type 'SwiftPEGMacros.NodeTypeMacro' could not be found for macro 'GeneratedNodeType(overrideDeepCopyType:)'; '/Users/admin/builder/spi-builder-workspace/.derivedData/Build/Products/Debug/SwiftPEGMacros' produced malformed response
615 | /// ```
616 | @GeneratedNodeType<Node>(overrideDeepCopyType: "Item")
617 | public final class OptionalItems: Item {
| `- error: external macro implementation type 'SwiftPEGMacros.NodeTypeMacro' could not be found for macro 'GeneratedNodeType(overrideDeepCopyType:)'; '/Users/admin/builder/spi-builder-workspace/.derivedData/Build/Products/Debug/SwiftPEGMacros' produced malformed response
618 | /// The alts that are optionally wrapped.
619 | @NodeProperty
/Users/admin/builder/spi-builder-workspace/Sources/SwiftPEG/Macros.swift:24:14: note: 'GeneratedNodeType(overrideDeepCopyType:)' declared here
22 | /// wrapped with `@NodeProperty`.
23 | @attached(member, names: arbitrary, named(children), named(init), named(deepCopy))
24 | public macro GeneratedNodeType<T>(overrideDeepCopyType: String? = nil) =
| `- note: 'GeneratedNodeType(overrideDeepCopyType:)' declared here
25 | #externalMacro(module: "SwiftPEGMacros", type: "NodeTypeMacro")
26 |
/Users/admin/builder/spi-builder-workspace/Sources/SwiftPEG/Grammar/SwiftPEGGrammar.swift:617:24: error: class 'SwiftPEGGrammar.OptionalItems' has no initializers
615 | /// ```
616 | @GeneratedNodeType<Node>(overrideDeepCopyType: "Item")
617 | public final class OptionalItems: Item {
| `- error: class 'SwiftPEGGrammar.OptionalItems' has no initializers
618 | /// The alts that are optionally wrapped.
619 | @NodeProperty
620 | var _alts: [Alt]
| `- note: stored property '_alts' without initial value prevents synthesized initializers
621 |
622 | public override var shortDebugDescription: String { "?" }
/Users/admin/builder/spi-builder-workspace/Sources/SwiftPEG/Grammar/SwiftPEGGrammar.swift:658:24: error: external macro implementation type 'SwiftPEGMacros.NodeTypeMacro' could not be found for macro 'GeneratedNodeType(overrideDeepCopyType:)'; '/Users/admin/builder/spi-builder-workspace/.derivedData/Build/Products/Debug/SwiftPEGMacros' produced malformed response
656 | /// ```
657 | @GeneratedNodeType<Node>(overrideDeepCopyType: "Item")
658 | public final class OptionalItem: Item {
| `- error: external macro implementation type 'SwiftPEGMacros.NodeTypeMacro' could not be found for macro 'GeneratedNodeType(overrideDeepCopyType:)'; '/Users/admin/builder/spi-builder-workspace/.derivedData/Build/Products/Debug/SwiftPEGMacros' produced malformed response
659 | /// The atom that is optionally wrapped.
660 | @NodeProperty
/Users/admin/builder/spi-builder-workspace/Sources/SwiftPEG/Macros.swift:24:14: note: 'GeneratedNodeType(overrideDeepCopyType:)' declared here
22 | /// wrapped with `@NodeProperty`.
23 | @attached(member, names: arbitrary, named(children), named(init), named(deepCopy))
24 | public macro GeneratedNodeType<T>(overrideDeepCopyType: String? = nil) =
| `- note: 'GeneratedNodeType(overrideDeepCopyType:)' declared here
25 | #externalMacro(module: "SwiftPEGMacros", type: "NodeTypeMacro")
26 |
/Users/admin/builder/spi-builder-workspace/Sources/SwiftPEG/Grammar/SwiftPEGGrammar.swift:658:24: error: class 'SwiftPEGGrammar.OptionalItem' has no initializers
656 | /// ```
657 | @GeneratedNodeType<Node>(overrideDeepCopyType: "Item")
658 | public final class OptionalItem: Item {
| `- error: class 'SwiftPEGGrammar.OptionalItem' has no initializers
659 | /// The atom that is optionally wrapped.
660 | @NodeProperty
661 | var _atom: Atom
| `- note: stored property '_atom' without initial value prevents synthesized initializers
662 |
663 | public override var shortDebugDescription: String { "?" }
/Users/admin/builder/spi-builder-workspace/Sources/SwiftPEG/Grammar/SwiftPEGGrammar.swift:694:24: error: external macro implementation type 'SwiftPEGMacros.NodeTypeMacro' could not be found for macro 'GeneratedNodeType(overrideDeepCopyType:)'; '/Users/admin/builder/spi-builder-workspace/.derivedData/Build/Products/Debug/SwiftPEGMacros' produced malformed response
692 | /// ```
693 | @GeneratedNodeType<Node>(overrideDeepCopyType: "Item")
694 | public final class ZeroOrMoreItem: Item {
| `- error: external macro implementation type 'SwiftPEGMacros.NodeTypeMacro' could not be found for macro 'GeneratedNodeType(overrideDeepCopyType:)'; '/Users/admin/builder/spi-builder-workspace/.derivedData/Build/Products/Debug/SwiftPEGMacros' produced malformed response
695 | /// The atom that is wrapped.
696 | @NodeProperty
/Users/admin/builder/spi-builder-workspace/Sources/SwiftPEG/Macros.swift:24:14: note: 'GeneratedNodeType(overrideDeepCopyType:)' declared here
22 | /// wrapped with `@NodeProperty`.
23 | @attached(member, names: arbitrary, named(children), named(init), named(deepCopy))
24 | public macro GeneratedNodeType<T>(overrideDeepCopyType: String? = nil) =
| `- note: 'GeneratedNodeType(overrideDeepCopyType:)' declared here
25 | #externalMacro(module: "SwiftPEGMacros", type: "NodeTypeMacro")
26 |
/Users/admin/builder/spi-builder-workspace/Sources/SwiftPEG/Grammar/SwiftPEGGrammar.swift:694:24: error: class 'SwiftPEGGrammar.ZeroOrMoreItem' has no initializers
692 | /// ```
693 | @GeneratedNodeType<Node>(overrideDeepCopyType: "Item")
694 | public final class ZeroOrMoreItem: Item {
| `- error: class 'SwiftPEGGrammar.ZeroOrMoreItem' has no initializers
695 | /// The atom that is wrapped.
696 | @NodeProperty
697 | var _atom: Atom
| `- note: stored property '_atom' without initial value prevents synthesized initializers
698 |
699 | /// The repetition mode for this one-or-more item.
/Users/admin/builder/spi-builder-workspace/Sources/SwiftPEG/Grammar/SwiftPEGGrammar.swift:734:24: error: external macro implementation type 'SwiftPEGMacros.NodeTypeMacro' could not be found for macro 'GeneratedNodeType(overrideDeepCopyType:)'; '/Users/admin/builder/spi-builder-workspace/.derivedData/Build/Products/Debug/SwiftPEGMacros' produced malformed response
732 | /// ```
733 | @GeneratedNodeType<Node>(overrideDeepCopyType: "Item")
734 | public final class OneOrMoreItem: Item {
| `- error: external macro implementation type 'SwiftPEGMacros.NodeTypeMacro' could not be found for macro 'GeneratedNodeType(overrideDeepCopyType:)'; '/Users/admin/builder/spi-builder-workspace/.derivedData/Build/Products/Debug/SwiftPEGMacros' produced malformed response
735 | /// The atom that is wrapped.
736 | @NodeProperty
/Users/admin/builder/spi-builder-workspace/Sources/SwiftPEG/Macros.swift:24:14: note: 'GeneratedNodeType(overrideDeepCopyType:)' declared here
22 | /// wrapped with `@NodeProperty`.
23 | @attached(member, names: arbitrary, named(children), named(init), named(deepCopy))
24 | public macro GeneratedNodeType<T>(overrideDeepCopyType: String? = nil) =
| `- note: 'GeneratedNodeType(overrideDeepCopyType:)' declared here
25 | #externalMacro(module: "SwiftPEGMacros", type: "NodeTypeMacro")
26 |
/Users/admin/builder/spi-builder-workspace/Sources/SwiftPEG/Grammar/SwiftPEGGrammar.swift:734:24: error: class 'SwiftPEGGrammar.OneOrMoreItem' has no initializers
732 | /// ```
733 | @GeneratedNodeType<Node>(overrideDeepCopyType: "Item")
734 | public final class OneOrMoreItem: Item {
| `- error: class 'SwiftPEGGrammar.OneOrMoreItem' has no initializers
735 | /// The atom that is wrapped.
736 | @NodeProperty
737 | var _atom: Atom
| `- note: stored property '_atom' without initial value prevents synthesized initializers
738 |
739 | /// The repetition mode for this one-or-more item.
/Users/admin/builder/spi-builder-workspace/Sources/SwiftPEG/Grammar/SwiftPEGGrammar.swift:780:24: error: external macro implementation type 'SwiftPEGMacros.NodeTypeMacro' could not be found for macro 'GeneratedNodeType(overrideDeepCopyType:)'; '/Users/admin/builder/spi-builder-workspace/.derivedData/Build/Products/Debug/SwiftPEGMacros' produced malformed response
778 | /// which is cumbersome to handle in code.
779 | @GeneratedNodeType<Node>(overrideDeepCopyType: "Item")
780 | public final class GatherItem: Item {
| `- error: external macro implementation type 'SwiftPEGMacros.NodeTypeMacro' could not be found for macro 'GeneratedNodeType(overrideDeepCopyType:)'; '/Users/admin/builder/spi-builder-workspace/.derivedData/Build/Products/Debug/SwiftPEGMacros' produced malformed response
781 | /// The separator that is matched in between items.
782 | @NodeProperty
/Users/admin/builder/spi-builder-workspace/Sources/SwiftPEG/Macros.swift:24:14: note: 'GeneratedNodeType(overrideDeepCopyType:)' declared here
22 | /// wrapped with `@NodeProperty`.
23 | @attached(member, names: arbitrary, named(children), named(init), named(deepCopy))
24 | public macro GeneratedNodeType<T>(overrideDeepCopyType: String? = nil) =
| `- note: 'GeneratedNodeType(overrideDeepCopyType:)' declared here
25 | #externalMacro(module: "SwiftPEGMacros", type: "NodeTypeMacro")
26 |
/Users/admin/builder/spi-builder-workspace/Sources/SwiftPEG/Grammar/SwiftPEGGrammar.swift:780:24: error: class 'SwiftPEGGrammar.GatherItem' has no initializers
778 | /// which is cumbersome to handle in code.
779 | @GeneratedNodeType<Node>(overrideDeepCopyType: "Item")
780 | public final class GatherItem: Item {
| `- error: class 'SwiftPEGGrammar.GatherItem' has no initializers
781 | /// The separator that is matched in between items.
782 | @NodeProperty
783 | var _sep: Atom
| `- note: stored property '_sep' without initial value prevents synthesized initializers
784 |
785 | /// The item that is separated.
786 | @NodeProperty
787 | var _item: Atom
| `- note: stored property '_item' without initial value prevents synthesized initializers
788 |
789 | /// The repetition mode for this gather item.
/Users/admin/builder/spi-builder-workspace/Sources/SwiftPEG/Grammar/SwiftPEGGrammar.swift:819:24: error: external macro implementation type 'SwiftPEGMacros.NodeTypeMacro' could not be found for macro 'GeneratedNodeType(overrideDeepCopyType:)'; '/Users/admin/builder/spi-builder-workspace/.derivedData/Build/Products/Debug/SwiftPEGMacros' produced malformed response
817 | /// ```
818 | @GeneratedNodeType<Node>(overrideDeepCopyType: "Item")
819 | public final class AtomItem: Item {
| `- error: external macro implementation type 'SwiftPEGMacros.NodeTypeMacro' could not be found for macro 'GeneratedNodeType(overrideDeepCopyType:)'; '/Users/admin/builder/spi-builder-workspace/.derivedData/Build/Products/Debug/SwiftPEGMacros' produced malformed response
820 | @NodeProperty
821 | var _atom: Atom
/Users/admin/builder/spi-builder-workspace/Sources/SwiftPEG/Macros.swift:24:14: note: 'GeneratedNodeType(overrideDeepCopyType:)' declared here
22 | /// wrapped with `@NodeProperty`.
23 | @attached(member, names: arbitrary, named(children), named(init), named(deepCopy))
24 | public macro GeneratedNodeType<T>(overrideDeepCopyType: String? = nil) =
| `- note: 'GeneratedNodeType(overrideDeepCopyType:)' declared here
25 | #externalMacro(module: "SwiftPEGMacros", type: "NodeTypeMacro")
26 |
/Users/admin/builder/spi-builder-workspace/Sources/SwiftPEG/Grammar/SwiftPEGGrammar.swift:819:24: error: class 'SwiftPEGGrammar.AtomItem' has no initializers
817 | /// ```
818 | @GeneratedNodeType<Node>(overrideDeepCopyType: "Item")
819 | public final class AtomItem: Item {
| `- error: class 'SwiftPEGGrammar.AtomItem' has no initializers
820 | @NodeProperty
821 | var _atom: Atom
| `- note: stored property '_atom' without initial value prevents synthesized initializers
822 |
823 | /// Accepts a given grammar-node visitor into this node.
/Users/admin/builder/spi-builder-workspace/Sources/SwiftPEG/Grammar/SwiftPEGGrammar.swift:880:24: error: external macro implementation type 'SwiftPEGMacros.NodeTypeMacro' could not be found for macro 'GeneratedNodeType(overrideDeepCopyType:)'; '/Users/admin/builder/spi-builder-workspace/.derivedData/Build/Products/Debug/SwiftPEGMacros' produced malformed response
878 | /// ```
879 | @GeneratedNodeType<Node>(overrideDeepCopyType: "Atom")
880 | public final class GroupAtom: Atom {
| `- error: external macro implementation type 'SwiftPEGMacros.NodeTypeMacro' could not be found for macro 'GeneratedNodeType(overrideDeepCopyType:)'; '/Users/admin/builder/spi-builder-workspace/.derivedData/Build/Products/Debug/SwiftPEGMacros' produced malformed response
881 | /// The alts that are grouped.
882 | @NodeProperty
/Users/admin/builder/spi-builder-workspace/Sources/SwiftPEG/Macros.swift:24:14: note: 'GeneratedNodeType(overrideDeepCopyType:)' declared here
22 | /// wrapped with `@NodeProperty`.
23 | @attached(member, names: arbitrary, named(children), named(init), named(deepCopy))
24 | public macro GeneratedNodeType<T>(overrideDeepCopyType: String? = nil) =
| `- note: 'GeneratedNodeType(overrideDeepCopyType:)' declared here
25 | #externalMacro(module: "SwiftPEGMacros", type: "NodeTypeMacro")
26 |
/Users/admin/builder/spi-builder-workspace/Sources/SwiftPEG/Grammar/SwiftPEGGrammar.swift:880:24: error: class 'SwiftPEGGrammar.GroupAtom' has no initializers
878 | /// ```
879 | @GeneratedNodeType<Node>(overrideDeepCopyType: "Atom")
880 | public final class GroupAtom: Atom {
| `- error: class 'SwiftPEGGrammar.GroupAtom' has no initializers
881 | /// The alts that are grouped.
882 | @NodeProperty
883 | var _alts: [Alt]
| `- note: stored property '_alts' without initial value prevents synthesized initializers
884 |
885 | /// Accepts a given grammar-node visitor into this node.
/Users/admin/builder/spi-builder-workspace/Sources/SwiftPEG/Grammar/SwiftPEGGrammar.swift:915:24: error: external macro implementation type 'SwiftPEGMacros.NodeTypeMacro' could not be found for macro 'GeneratedNodeType(overrideDeepCopyType:)'; '/Users/admin/builder/spi-builder-workspace/.derivedData/Build/Products/Debug/SwiftPEGMacros' produced malformed response
913 | /// ```
914 | @GeneratedNodeType<Node>(overrideDeepCopyType: "Atom")
915 | public final class StringAtom: Atom {
| `- error: external macro implementation type 'SwiftPEGMacros.NodeTypeMacro' could not be found for macro 'GeneratedNodeType(overrideDeepCopyType:)'; '/Users/admin/builder/spi-builder-workspace/.derivedData/Build/Products/Debug/SwiftPEGMacros' produced malformed response
916 | /// The string associated with this atom.
917 | ///
/Users/admin/builder/spi-builder-workspace/Sources/SwiftPEG/Macros.swift:24:14: note: 'GeneratedNodeType(overrideDeepCopyType:)' declared here
22 | /// wrapped with `@NodeProperty`.
23 | @attached(member, names: arbitrary, named(children), named(init), named(deepCopy))
24 | public macro GeneratedNodeType<T>(overrideDeepCopyType: String? = nil) =
| `- note: 'GeneratedNodeType(overrideDeepCopyType:)' declared here
25 | #externalMacro(module: "SwiftPEGMacros", type: "NodeTypeMacro")
26 |
/Users/admin/builder/spi-builder-workspace/Sources/SwiftPEG/Grammar/SwiftPEGGrammar.swift:915:24: error: class 'SwiftPEGGrammar.StringAtom' has no initializers
913 | /// ```
914 | @GeneratedNodeType<Node>(overrideDeepCopyType: "Atom")
915 | public final class StringAtom: Atom {
| `- error: class 'SwiftPEGGrammar.StringAtom' has no initializers
916 | /// The string associated with this atom.
917 | ///
918 | /// - note: Includes the quotes.
919 | @NodeRequired
920 | public var string: GrammarString
| `- note: stored property 'string' without initial value prevents synthesized initializers
921 |
922 | /// Returns the value of `self.value` with any surrounding string quotes
/Users/admin/builder/spi-builder-workspace/Sources/SwiftPEG/Grammar/SwiftPEGGrammar.swift:949:24: error: external macro implementation type 'SwiftPEGMacros.NodeTypeMacro' could not be found for macro 'GeneratedNodeType(overrideDeepCopyType:)'; '/Users/admin/builder/spi-builder-workspace/.derivedData/Build/Products/Debug/SwiftPEGMacros' produced malformed response
947 | /// ```
948 | @GeneratedNodeType<Node>(overrideDeepCopyType: "Atom")
949 | public final class IdentAtom: Atom {
| `- error: external macro implementation type 'SwiftPEGMacros.NodeTypeMacro' could not be found for macro 'GeneratedNodeType(overrideDeepCopyType:)'; '/Users/admin/builder/spi-builder-workspace/.derivedData/Build/Products/Debug/SwiftPEGMacros' produced malformed response
950 | /// The identifier associated with this atom.
951 | @NodeRequired
/Users/admin/builder/spi-builder-workspace/Sources/SwiftPEG/Macros.swift:24:14: note: 'GeneratedNodeType(overrideDeepCopyType:)' declared here
22 | /// wrapped with `@NodeProperty`.
23 | @attached(member, names: arbitrary, named(children), named(init), named(deepCopy))
24 | public macro GeneratedNodeType<T>(overrideDeepCopyType: String? = nil) =
| `- note: 'GeneratedNodeType(overrideDeepCopyType:)' declared here
25 | #externalMacro(module: "SwiftPEGMacros", type: "NodeTypeMacro")
26 |
/Users/admin/builder/spi-builder-workspace/Sources/SwiftPEG/Grammar/SwiftPEGGrammar.swift:949:24: error: class 'SwiftPEGGrammar.IdentAtom' has no initializers
947 | /// ```
948 | @GeneratedNodeType<Node>(overrideDeepCopyType: "Atom")
949 | public final class IdentAtom: Atom {
| `- error: class 'SwiftPEGGrammar.IdentAtom' has no initializers
950 | /// The identifier associated with this atom.
951 | @NodeRequired
952 | public var identifier: Token
| `- note: stored property 'identifier' without initial value prevents synthesized initializers
953 |
954 | /// An optional list of arguments associated with this atom.
:
958 | /// The identity of this atom.
959 | @NodeRequired
960 | public var identity: Identity
| `- note: stored property 'identity' without initial value prevents synthesized initializers
961 |
962 | /// Convenience for `self.identifier.identifier`.
/Users/admin/builder/spi-builder-workspace/Sources/SwiftPEG/Grammar/SwiftPEGGrammar.swift:1012:24: error: external macro implementation type 'SwiftPEGMacros.NodeTypeMacro' could not be found for macro 'GeneratedNodeType(overrideDeepCopyType:)'; '/Users/admin/builder/spi-builder-workspace/.derivedData/Build/Products/Debug/SwiftPEGMacros' produced malformed response
1010 | /// ```
1011 | @GeneratedNodeType<Node>
1012 | public final class AtomParameters: GrammarNode {
| `- error: external macro implementation type 'SwiftPEGMacros.NodeTypeMacro' could not be found for macro 'GeneratedNodeType(overrideDeepCopyType:)'; '/Users/admin/builder/spi-builder-workspace/.derivedData/Build/Products/Debug/SwiftPEGMacros' produced malformed response
1013 | /// The parameters associated with this parameter list.
1014 | @NodeProperty
/Users/admin/builder/spi-builder-workspace/Sources/SwiftPEG/Macros.swift:24:14: note: 'GeneratedNodeType(overrideDeepCopyType:)' declared here
22 | /// wrapped with `@NodeProperty`.
23 | @attached(member, names: arbitrary, named(children), named(init), named(deepCopy))
24 | public macro GeneratedNodeType<T>(overrideDeepCopyType: String? = nil) =
| `- note: 'GeneratedNodeType(overrideDeepCopyType:)' declared here
25 | #externalMacro(module: "SwiftPEGMacros", type: "NodeTypeMacro")
26 |
/Users/admin/builder/spi-builder-workspace/Sources/SwiftPEG/Grammar/SwiftPEGGrammar.swift:1012:24: error: class 'SwiftPEGGrammar.AtomParameters' has no initializers
1010 | /// ```
1011 | @GeneratedNodeType<Node>
1012 | public final class AtomParameters: GrammarNode {
| `- error: class 'SwiftPEGGrammar.AtomParameters' has no initializers
1013 | /// The parameters associated with this parameter list.
1014 | @NodeProperty
1015 | var _parameters: [AtomParameter]
| `- note: stored property '_parameters' without initial value prevents synthesized initializers
1016 |
1017 | /// Accepts a given grammar-node visitor into this node.
/Users/admin/builder/spi-builder-workspace/Sources/SwiftPEG/Grammar/SwiftPEGGrammar.swift:1030:24: error: external macro implementation type 'SwiftPEGMacros.NodeTypeMacro' could not be found for macro 'GeneratedNodeType(overrideDeepCopyType:)'; '/Users/admin/builder/spi-builder-workspace/.derivedData/Build/Products/Debug/SwiftPEGMacros' produced malformed response
1028 | /// ```
1029 | @GeneratedNodeType<Node>
1030 | public final class AtomParameter: GrammarNode {
| `- error: external macro implementation type 'SwiftPEGMacros.NodeTypeMacro' could not be found for macro 'GeneratedNodeType(overrideDeepCopyType:)'; '/Users/admin/builder/spi-builder-workspace/.derivedData/Build/Products/Debug/SwiftPEGMacros' produced malformed response
1031 | /// The label associated with this atom parameter.
1032 | @NodeRequired
/Users/admin/builder/spi-builder-workspace/Sources/SwiftPEG/Macros.swift:24:14: note: 'GeneratedNodeType(overrideDeepCopyType:)' declared here
22 | /// wrapped with `@NodeProperty`.
23 | @attached(member, names: arbitrary, named(children), named(init), named(deepCopy))
24 | public macro GeneratedNodeType<T>(overrideDeepCopyType: String? = nil) =
| `- note: 'GeneratedNodeType(overrideDeepCopyType:)' declared here
25 | #externalMacro(module: "SwiftPEGMacros", type: "NodeTypeMacro")
26 |
/Users/admin/builder/spi-builder-workspace/Sources/SwiftPEG/Grammar/SwiftPEGGrammar.swift:1030:24: error: class 'SwiftPEGGrammar.AtomParameter' has no initializers
1028 | /// ```
1029 | @GeneratedNodeType<Node>
1030 | public final class AtomParameter: GrammarNode {
| `- error: class 'SwiftPEGGrammar.AtomParameter' has no initializers
1031 | /// The label associated with this atom parameter.
1032 | @NodeRequired
1033 | public var label: Token
| `- note: stored property 'label' without initial value prevents synthesized initializers
1034 |
1035 | /// The action associated with this atom parameter.
1036 | @NodeProperty
1037 | var _action: Action
| `- note: stored property '_action' without initial value prevents synthesized initializers
1038 |
1039 | /// Accepts a given grammar-node visitor into this node.
/Users/admin/builder/spi-builder-workspace/Sources/SwiftPEG/Grammar/SwiftPEGGrammar.swift:1058:24: error: external macro implementation type 'SwiftPEGMacros.NodeTypeMacro' could not be found for macro 'GeneratedNodeType(overrideDeepCopyType:)'; '/Users/admin/builder/spi-builder-workspace/.derivedData/Build/Products/Debug/SwiftPEGMacros' produced malformed response
1056 | /// ```
1057 | @GeneratedNodeType<Node>
1058 | public final class Action: GrammarNode {
| `- error: external macro implementation type 'SwiftPEGMacros.NodeTypeMacro' could not be found for macro 'GeneratedNodeType(overrideDeepCopyType:)'; '/Users/admin/builder/spi-builder-workspace/.derivedData/Build/Products/Debug/SwiftPEGMacros' produced malformed response
1059 | /// An optional list of attributes associated with this action.
1060 | @NodeProperty
/Users/admin/builder/spi-builder-workspace/Sources/SwiftPEG/Macros.swift:24:14: note: 'GeneratedNodeType(overrideDeepCopyType:)' declared here
22 | /// wrapped with `@NodeProperty`.
23 | @attached(member, names: arbitrary, named(children), named(init), named(deepCopy))
24 | public macro GeneratedNodeType<T>(overrideDeepCopyType: String? = nil) =
| `- note: 'GeneratedNodeType(overrideDeepCopyType:)' declared here
25 | #externalMacro(module: "SwiftPEGMacros", type: "NodeTypeMacro")
26 |
/Users/admin/builder/spi-builder-workspace/Sources/SwiftPEG/Grammar/SwiftPEGGrammar.swift:1058:24: error: class 'SwiftPEGGrammar.Action' has no initializers
1056 | /// ```
1057 | @GeneratedNodeType<Node>
1058 | public final class Action: GrammarNode {
| `- error: class 'SwiftPEGGrammar.Action' has no initializers
1059 | /// An optional list of attributes associated with this action.
1060 | @NodeProperty
1061 | var _attributes: [ActionAttribute]
| `- note: stored property '_attributes' without initial value prevents synthesized initializers
1062 |
1063 | /// Balanced tokens contained within this action.
/Users/admin/builder/spi-builder-workspace/Sources/SwiftPEG/Grammar/SwiftPEGGrammar.swift:1095:24: error: external macro implementation type 'SwiftPEGMacros.NodeTypeMacro' could not be found for macro 'GeneratedNodeType(overrideDeepCopyType:)'; '/Users/admin/builder/spi-builder-workspace/.derivedData/Build/Products/Debug/SwiftPEGMacros' produced malformed response
1093 | /// ```
1094 | @GeneratedNodeType<Node>
1095 | public final class ActionAttribute: GrammarNode {
| `- error: external macro implementation type 'SwiftPEGMacros.NodeTypeMacro' could not be found for macro 'GeneratedNodeType(overrideDeepCopyType:)'; '/Users/admin/builder/spi-builder-workspace/.derivedData/Build/Products/Debug/SwiftPEGMacros' produced malformed response
1096 | /// The name of this attribute.
1097 | @NodeRequired
/Users/admin/builder/spi-builder-workspace/Sources/SwiftPEG/Macros.swift:24:14: note: 'GeneratedNodeType(overrideDeepCopyType:)' declared here
22 | /// wrapped with `@NodeProperty`.
23 | @attached(member, names: arbitrary, named(children), named(init), named(deepCopy))
24 | public macro GeneratedNodeType<T>(overrideDeepCopyType: String? = nil) =
| `- note: 'GeneratedNodeType(overrideDeepCopyType:)' declared here
25 | #externalMacro(module: "SwiftPEGMacros", type: "NodeTypeMacro")
26 |
/Users/admin/builder/spi-builder-workspace/Sources/SwiftPEG/Grammar/SwiftPEGGrammar.swift:1095:24: error: class 'SwiftPEGGrammar.ActionAttribute' has no initializers
1093 | /// ```
1094 | @GeneratedNodeType<Node>
1095 | public final class ActionAttribute: GrammarNode {
| `- error: class 'SwiftPEGGrammar.ActionAttribute' has no initializers
1096 | /// The name of this attribute.
1097 | @NodeRequired
1098 | public var name: Token
| `- note: stored property 'name' without initial value prevents synthesized initializers
1099 |
1100 | /// Accepts a given grammar-node visitor into this node.
/Users/admin/builder/spi-builder-workspace/Sources/SwiftPEG/Grammar/SwiftPEGGrammar.swift:1116:18: error: external macro implementation type 'SwiftPEGMacros.NodeTypeMacro' could not be found for macro 'GeneratedNodeType(overrideDeepCopyType:)'; '/Users/admin/builder/spi-builder-workspace/.derivedData/Build/Products/Debug/SwiftPEGMacros' produced malformed response
1114 | /// ```
1115 | @GeneratedNodeType<Node>
1116 | public class TokenFileDeclaration: GrammarNode {
| `- error: external macro implementation type 'SwiftPEGMacros.NodeTypeMacro' could not be found for macro 'GeneratedNodeType(overrideDeepCopyType:)'; '/Users/admin/builder/spi-builder-workspace/.derivedData/Build/Products/Debug/SwiftPEGMacros' produced malformed response
1117 |
1118 | }
/Users/admin/builder/spi-builder-workspace/Sources/SwiftPEG/Macros.swift:24:14: note: 'GeneratedNodeType(overrideDeepCopyType:)' declared here
22 | /// wrapped with `@NodeProperty`.
23 | @attached(member, names: arbitrary, named(children), named(init), named(deepCopy))
24 | public macro GeneratedNodeType<T>(overrideDeepCopyType: String? = nil) =
| `- note: 'GeneratedNodeType(overrideDeepCopyType:)' declared here
25 | #externalMacro(module: "SwiftPEGMacros", type: "NodeTypeMacro")
26 |
/Users/admin/builder/spi-builder-workspace/Sources/SwiftPEG/Grammar/SwiftPEGGrammar.swift:1137:24: error: external macro implementation type 'SwiftPEGMacros.NodeTypeMacro' could not be found for macro 'GeneratedNodeType(overrideDeepCopyType:)'; '/Users/admin/builder/spi-builder-workspace/.derivedData/Build/Products/Debug/SwiftPEGMacros' produced malformed response
1135 | /// ```
1136 | @GeneratedNodeType<Node>(overrideDeepCopyType: "TokenFileDeclaration")
1137 | public final class TokenDefinition: TokenFileDeclaration {
| `- error: external macro implementation type 'SwiftPEGMacros.NodeTypeMacro' could not be found for macro 'GeneratedNodeType(overrideDeepCopyType:)'; '/Users/admin/builder/spi-builder-workspace/.derivedData/Build/Products/Debug/SwiftPEGMacros' produced malformed response
1138 | /// The identifier for the token.
1139 | @NodeRequired
/Users/admin/builder/spi-builder-workspace/Sources/SwiftPEG/Macros.swift:24:14: note: 'GeneratedNodeType(overrideDeepCopyType:)' declared here
22 | /// wrapped with `@NodeProperty`.
23 | @attached(member, names: arbitrary, named(children), named(init), named(deepCopy))
24 | public macro GeneratedNodeType<T>(overrideDeepCopyType: String? = nil) =
| `- note: 'GeneratedNodeType(overrideDeepCopyType:)' declared here
25 | #externalMacro(module: "SwiftPEGMacros", type: "NodeTypeMacro")
26 |
/Users/admin/builder/spi-builder-workspace/Sources/SwiftPEG/Grammar/SwiftPEGGrammar.swift:1137:24: error: class 'SwiftPEGGrammar.TokenDefinition' has no initializers
1135 | /// ```
1136 | @GeneratedNodeType<Node>(overrideDeepCopyType: "TokenFileDeclaration")
1137 | public final class TokenDefinition: TokenFileDeclaration {
| `- error: class 'SwiftPEGGrammar.TokenDefinition' has no initializers
1138 | /// The identifier for the token.
1139 | @NodeRequired
1140 | public var name: Token
| `- note: stored property 'name' without initial value prevents synthesized initializers
1141 |
1142 | @NodeRequired
1143 | public var isFragment: Bool
| `- note: stored property 'isFragment' without initial value prevents synthesized initializers
1144 |
1145 | /// The statically-resolvable reference to the token definition.
SwiftCompile normal arm64_32 /Users/admin/builder/spi-builder-workspace/Sources/SwiftPEG/Grammar/Node.swift (in target 'SwiftPEG' from project 'swift-peg')
cd /Users/admin/builder/spi-builder-workspace/.swiftpm/xcode
builtin-SwiftPerFileCompile Node.swift
SwiftCompile normal arm64_32 /Users/admin/builder/spi-builder-workspace/Sources/SwiftPEG/Grammar/NodeVisitorType.swift (in target 'SwiftPEG' from project 'swift-peg')
cd /Users/admin/builder/spi-builder-workspace/.swiftpm/xcode
builtin-SwiftPerFileCompile NodeVisitorType.swift
SwiftCompile normal arm64_32 /Users/admin/builder/spi-builder-workspace/Sources/SwiftPEG/Grammar/NodeWalker.swift (in target 'SwiftPEG' from project 'swift-peg')
cd /Users/admin/builder/spi-builder-workspace/.swiftpm/xcode
builtin-SwiftPerFileCompile NodeWalker.swift
SwiftCompile normal arm64_32 /Users/admin/builder/spi-builder-workspace/Sources/SwiftPEG/Grammar/PrintingNodeVisitor.swift (in target 'SwiftPEG' from project 'swift-peg')
cd /Users/admin/builder/spi-builder-workspace/.swiftpm/xcode
builtin-SwiftPerFileCompile PrintingNodeVisitor.swift
SwiftCompile normal arm64_32 /Users/admin/builder/spi-builder-workspace/Sources/SwiftPEG/Grammar/SwiftPEGGrammar+String.swift (in target 'SwiftPEG' from project 'swift-peg')
cd /Users/admin/builder/spi-builder-workspace/.swiftpm/xcode
builtin-SwiftPerFileCompile SwiftPEGGrammar+String.swift
SwiftCompile normal arm64_32 /Users/admin/builder/spi-builder-workspace/Sources/SwiftPEG/Grammar/SwiftPEGGrammar+TokenSequence.swift (in target 'SwiftPEG' from project 'swift-peg')
cd /Users/admin/builder/spi-builder-workspace/.swiftpm/xcode
builtin-SwiftPerFileCompile SwiftPEGGrammar+TokenSequence.swift
SwiftCompile normal arm64_32 /Users/admin/builder/spi-builder-workspace/Sources/SwiftPEG/Grammar/SwiftPEGGrammar.swift (in target 'SwiftPEG' from project 'swift-peg')
cd /Users/admin/builder/spi-builder-workspace/.swiftpm/xcode
builtin-SwiftPerFileCompile SwiftPEGGrammar.swift
SwiftCompile normal arm64_32 Compiling\ TokenNode.swift,\ AltReducer.swift,\ GrammarProcessor+AltOrdering.swift,\ GrammarProcessor+Reachability.swift,\ GrammarProcessor+Recursivity.swift,\ GrammarProcessor+TokenSyntax.swift,\ GrammarProcessor.swift /Users/admin/builder/spi-builder-workspace/Sources/SwiftPEG/Grammar/TokenNode.swift /Users/admin/builder/spi-builder-workspace/Sources/SwiftPEG/GrammarProcessor/AltReducer.swift /Users/admin/builder/spi-builder-workspace/Sources/SwiftPEG/GrammarProcessor/GrammarProcessor+AltOrdering.swift /Users/admin/builder/spi-builder-workspace/Sources/SwiftPEG/GrammarProcessor/GrammarProcessor+Reachability.swift /Users/admin/builder/spi-builder-workspace/Sources/SwiftPEG/GrammarProcessor/GrammarProcessor+Recursivity.swift /Users/admin/builder/spi-builder-workspace/Sources/SwiftPEG/GrammarProcessor/GrammarProcessor+TokenSyntax.swift /Users/admin/builder/spi-builder-workspace/Sources/SwiftPEG/GrammarProcessor/GrammarProcessor.swift (in target 'SwiftPEG' from project 'swift-peg')
dyld[1935]: Library not loaded: @rpath/libXCTestSwiftSupport.dylib
Referenced from: <6C516792-BD61-34FE-AC83-4AF90222DBEC> /Users/admin/builder/spi-builder-workspace/.derivedData/Build/Products/Debug/SwiftPEGMacros
Reason: tried: '/usr/lib/swift/libXCTestSwiftSupport.dylib' (no such file, not in dyld cache), '/System/Volumes/Preboot/Cryptexes/OS/usr/lib/swift/libXCTestSwiftSupport.dylib' (no such file), '/Users/admin/builder/spi-builder-workspace/.derivedData/Build/Products/Debug/libXCTestSwiftSupport.dylib' (no such file), '/Users/admin/builder/spi-builder-workspace/.derivedData/Build/Products/Debug/PackageFrameworks/libXCTestSwiftSupport.dylib' (no such file), '/System/Volumes/Preboot/Cryptexes/OS/Users/admin/builder/spi-builder-workspace/.derivedData/Build/Products/Debug/PackageFrameworks/libXCTestSwiftSupport.dylib' (no such file), '/usr/lib/swift/libXCTestSwiftSupport.dylib' (no such file, not in dyld cache), '/System/Volumes/Preboot/Cryptexes/OS/usr/lib/swift/libXCTestSwiftSupport.dylib' (no such file), '/Users/admin/builder/spi-builder-workspace/.derivedData/Build/Products/Debug/libXCTestSwiftSupport.dylib' (no such file), '/Users/admin/builder/spi-builder-workspace/.derivedData/Build/Products/Debug/PackageFrameworks/libXCTestSwiftSupport.dylib' (no such file), '/System/Volumes/Preboot/Cryptexes/OS/Users/admin/builder/spi-builder-workspace/.derivedData/Build/Products/Debug/PackageFrameworks/libXCTestSwiftSupport.dylib' (no such file), '/usr/local/lib/libXCTestSwiftSupport.dylib' (no such file), '/usr/lib/libXCTestSwiftSupport.dylib' (no such file, not in dyld cache)
/Users/admin/builder/spi-builder-workspace/Sources/SwiftPEG/GrammarProcessor/InternalGrammar.swift:385:17: error: external macro implementation type 'SwiftPEGMacros.EnumIsCaseGenerator' could not be found for macro 'GeneratedCaseChecks(accessLevel:)'; '/Users/admin/builder/spi-builder-workspace/.derivedData/Build/Products/Debug/SwiftPEGMacros' produced malformed response
383 |
384 | @GeneratedCaseChecks
385 | public enum NamedItem: Hashable, CustomStringConvertible {
| `- error: external macro implementation type 'SwiftPEGMacros.EnumIsCaseGenerator' could not be found for macro 'GeneratedCaseChecks(accessLevel:)'; '/Users/admin/builder/spi-builder-workspace/.derivedData/Build/Products/Debug/SwiftPEGMacros' produced malformed response
386 | /// `name=IDENT? item ('[' swiftType ']')?`
387 | case item(name: String? = nil, Item, type: CommonAbstract.SwiftType? = nil)
/Users/admin/builder/spi-builder-workspace/Sources/SwiftPEG/InternalMacros.swift:4:7: note: 'GeneratedCaseChecks(accessLevel:)' declared here
2 | /// case element declarations.
3 | @attached(member, names: arbitrary)
4 | macro GeneratedCaseChecks(accessLevel: String = "") =
| `- note: 'GeneratedCaseChecks(accessLevel:)' declared here
5 | #externalMacro(module: "SwiftPEGMacros", type: "EnumIsCaseGenerator")
6 |
/Users/admin/builder/spi-builder-workspace/Sources/SwiftPEG/GrammarProcessor/InternalGrammar.swift:517:17: error: external macro implementation type 'SwiftPEGMacros.EnumIsCaseGenerator' could not be found for macro 'GeneratedCaseChecks(accessLevel:)'; '/Users/admin/builder/spi-builder-workspace/.derivedData/Build/Products/Debug/SwiftPEGMacros' produced malformed response
515 |
516 | @GeneratedCaseChecks
517 | public enum Item: Hashable, CustomStringConvertible {
| `- error: external macro implementation type 'SwiftPEGMacros.EnumIsCaseGenerator' could not be found for macro 'GeneratedCaseChecks(accessLevel:)'; '/Users/admin/builder/spi-builder-workspace/.derivedData/Build/Products/Debug/SwiftPEGMacros' produced malformed response
518 | /// `'[' alts ']'`
519 | case optionalItems([Alt])
/Users/admin/builder/spi-builder-workspace/Sources/SwiftPEG/InternalMacros.swift:4:7: note: 'GeneratedCaseChecks(accessLevel:)' declared here
2 | /// case element declarations.
3 | @attached(member, names: arbitrary)
4 | macro GeneratedCaseChecks(accessLevel: String = "") =
| `- note: 'GeneratedCaseChecks(accessLevel:)' declared here
5 | #externalMacro(module: "SwiftPEGMacros", type: "EnumIsCaseGenerator")
6 |
/Users/admin/builder/spi-builder-workspace/Sources/SwiftPEG/GrammarProcessor/InternalGrammar.swift:895:14: error: external macro implementation type 'SwiftPEGMacros.EnumIsCaseGenerator' could not be found for macro 'GeneratedIsCase(accessLevel:)'; '/Users/admin/builder/spi-builder-workspace/.derivedData/Build/Products/Debug/SwiftPEGMacros' produced malformed response
893 | /// `'(' alts ')'`
894 | @GeneratedIsCase(accessLevel: "public")
895 | case group([Alt])
| `- error: external macro implementation type 'SwiftPEGMacros.EnumIsCaseGenerator' could not be found for macro 'GeneratedIsCase(accessLevel:)'; '/Users/admin/builder/spi-builder-workspace/.derivedData/Build/Products/Debug/SwiftPEGMacros' produced malformed response
896 |
897 | /// `ident`
/Users/admin/builder/spi-builder-workspace/Sources/SwiftPEG/InternalMacros.swift:10:7: note: 'GeneratedIsCase(accessLevel:)' declared here
8 | /// element declaration.
9 | @attached(peer, names: arbitrary)
10 | macro GeneratedIsCase(accessLevel: String = "") =
| `- note: 'GeneratedIsCase(accessLevel:)' declared here
11 | #externalMacro(module: "SwiftPEGMacros", type: "EnumIsCaseGenerator")
12 |
/Users/admin/builder/spi-builder-workspace/Sources/SwiftPEG/Grammar/SwiftPEGGrammar.swift:155:24: error: external macro implementation type 'SwiftPEGMacros.NodeTypeMacro' could not be found for macro 'GeneratedNodeType(overrideDeepCopyType:)'; '/Users/admin/builder/spi-builder-workspace/.derivedData/Build/Products/Debug/SwiftPEGMacros' produced malformed response
153 | /// ```
154 | @GeneratedNodeType<Node>
155 | public final class Rule: GrammarNode, CustomStringConvertible {
| `- error: external macro implementation type 'SwiftPEGMacros.NodeTypeMacro' could not be found for macro 'GeneratedNodeType(overrideDeepCopyType:)'; '/Users/admin/builder/spi-builder-workspace/.derivedData/Build/Products/Debug/SwiftPEGMacros' produced malformed response
156 | /// The name of this rule.
157 | @NodeProperty
/Users/admin/builder/spi-builder-workspace/Sources/SwiftPEG/Macros.swift:24:14: note: 'GeneratedNodeType(overrideDeepCopyType:)' declared here
22 | /// wrapped with `@NodeProperty`.
23 | @attached(member, names: arbitrary, named(children), named(init), named(deepCopy))
24 | public macro GeneratedNodeType<T>(overrideDeepCopyType: String? = nil) =
| `- note: 'GeneratedNodeType(overrideDeepCopyType:)' declared here
25 | #externalMacro(module: "SwiftPEGMacros", type: "NodeTypeMacro")
26 |
/Users/admin/builder/spi-builder-workspace/Sources/SwiftPEG/GrammarProcessor/GrammarProcessor+AltOrdering.swift:87:27: error: value of type 'SwiftPEGGrammar.Rule' has no member 'alts'
85 |
86 | func visit(_ node: SwiftPEGGrammar.Rule) throws -> NodeVisitChildrenResult {
87 | callback(node.alts, node)
| `- error: value of type 'SwiftPEGGrammar.Rule' has no member 'alts'
88 | return .visitChildren
89 | }
/Users/admin/builder/spi-builder-workspace/Sources/SwiftPEG/Grammar/SwiftPEGGrammar.swift:880:24: error: external macro implementation type 'SwiftPEGMacros.NodeTypeMacro' could not be found for macro 'GeneratedNodeType(overrideDeepCopyType:)'; '/Users/admin/builder/spi-builder-workspace/.derivedData/Build/Products/Debug/SwiftPEGMacros' produced malformed response
878 | /// ```
879 | @GeneratedNodeType<Node>(overrideDeepCopyType: "Atom")
880 | public final class GroupAtom: Atom {
| `- error: external macro implementation type 'SwiftPEGMacros.NodeTypeMacro' could not be found for macro 'GeneratedNodeType(overrideDeepCopyType:)'; '/Users/admin/builder/spi-builder-workspace/.derivedData/Build/Products/Debug/SwiftPEGMacros' produced malformed response
881 | /// The alts that are grouped.
882 | @NodeProperty
/Users/admin/builder/spi-builder-workspace/Sources/SwiftPEG/Macros.swift:24:14: note: 'GeneratedNodeType(overrideDeepCopyType:)' declared here
22 | /// wrapped with `@NodeProperty`.
23 | @attached(member, names: arbitrary, named(children), named(init), named(deepCopy))
24 | public macro GeneratedNodeType<T>(overrideDeepCopyType: String? = nil) =
| `- note: 'GeneratedNodeType(overrideDeepCopyType:)' declared here
25 | #externalMacro(module: "SwiftPEGMacros", type: "NodeTypeMacro")
26 |
/Users/admin/builder/spi-builder-workspace/Sources/SwiftPEG/GrammarProcessor/GrammarProcessor+AltOrdering.swift:93:31: error: value of type 'SwiftPEGGrammar.GroupAtom' has no member 'alts'
91 | func visit(_ node: SwiftPEGGrammar.GroupAtom) throws -> NodeVisitChildrenResult {
92 | if let currentRule {
93 | callback(node.alts, currentRule)
| `- error: value of type 'SwiftPEGGrammar.GroupAtom' has no member 'alts'
94 | }
95 | return .visitChildren
/Users/admin/builder/spi-builder-workspace/Sources/SwiftPEG/Grammar/SwiftPEGGrammar.swift:617:24: error: external macro implementation type 'SwiftPEGMacros.NodeTypeMacro' could not be found for macro 'GeneratedNodeType(overrideDeepCopyType:)'; '/Users/admin/builder/spi-builder-workspace/.derivedData/Build/Products/Debug/SwiftPEGMacros' produced malformed response
615 | /// ```
616 | @GeneratedNodeType<Node>(overrideDeepCopyType: "Item")
617 | public final class OptionalItems: Item {
| `- error: external macro implementation type 'SwiftPEGMacros.NodeTypeMacro' could not be found for macro 'GeneratedNodeType(overrideDeepCopyType:)'; '/Users/admin/builder/spi-builder-workspace/.derivedData/Build/Products/Debug/SwiftPEGMacros' produced malformed response
618 | /// The alts that are optionally wrapped.
619 | @NodeProperty
/Users/admin/builder/spi-builder-workspace/Sources/SwiftPEG/Macros.swift:24:14: note: 'GeneratedNodeType(overrideDeepCopyType:)' declared here
22 | /// wrapped with `@NodeProperty`.
23 | @attached(member, names: arbitrary, named(children), named(init), named(deepCopy))
24 | public macro GeneratedNodeType<T>(overrideDeepCopyType: String? = nil) =
| `- note: 'GeneratedNodeType(overrideDeepCopyType:)' declared here
25 | #externalMacro(module: "SwiftPEGMacros", type: "NodeTypeMacro")
26 |
/Users/admin/builder/spi-builder-workspace/Sources/SwiftPEG/GrammarProcessor/GrammarProcessor+AltOrdering.swift:100:31: error: value of type 'SwiftPEGGrammar.OptionalItems' has no member 'alts'
98 | func visit(_ node: SwiftPEGGrammar.OptionalItems) throws -> NodeVisitChildrenResult {
99 | if let currentRule {
100 | callback(node.alts, currentRule)
| `- error: value of type 'SwiftPEGGrammar.OptionalItems' has no member 'alts'
101 | }
102 | return .visitChildren
/Users/admin/builder/spi-builder-workspace/Sources/SwiftPEG/Grammar/SwiftPEGGrammar.swift:36:24: error: external macro implementation type 'SwiftPEGMacros.NodeTypeMacro' could not be found for macro 'GeneratedNodeType(overrideDeepCopyType:)'; '/Users/admin/builder/spi-builder-workspace/.derivedData/Build/Products/Debug/SwiftPEGMacros' produced malformed response
34 | /// ```
35 | @GeneratedNodeType<Node>
36 | public final class Grammar: GrammarNode {
| `- error: external macro implementation type 'SwiftPEGMacros.NodeTypeMacro' could not be found for macro 'GeneratedNodeType(overrideDeepCopyType:)'; '/Users/admin/builder/spi-builder-workspace/.derivedData/Build/Products/Debug/SwiftPEGMacros' produced malformed response
37 | /// List of meta-properties described in the grammar.
38 | @NodeProperty
/Users/admin/builder/spi-builder-workspace/Sources/SwiftPEG/Macros.swift:24:14: note: 'GeneratedNodeType(overrideDeepCopyType:)' declared here
22 | /// wrapped with `@NodeProperty`.
23 | @attached(member, names: arbitrary, named(children), named(init), named(deepCopy))
24 | public macro GeneratedNodeType<T>(overrideDeepCopyType: String? = nil) =
| `- note: 'GeneratedNodeType(overrideDeepCopyType:)' declared here
25 | #externalMacro(module: "SwiftPEGMacros", type: "NodeTypeMacro")
26 |
/Users/admin/builder/spi-builder-workspace/Sources/SwiftPEG/GrammarProcessor/GrammarProcessor+Recursivity.swift:7:29: error: value of type 'SwiftPEGGrammar.Grammar' has no member 'rules'
5 | func computeNullables(in grammar: SwiftPEGGrammar.Grammar, _ rules: [String: SwiftPEGGrammar.Rule]) throws {
6 | let visitor = NullabilityVisitor(rulesMap: rules)
7 | for rule in grammar.rules {
| `- error: value of type 'SwiftPEGGrammar.Grammar' has no member 'rules'
8 | _ = rule.visitNullable(visitor)
9 | }
/Users/admin/builder/spi-builder-workspace/Sources/SwiftPEG/GrammarProcessor/GrammarProcessor+Recursivity.swift:73:33: error: value of type 'SwiftPEGGrammar.Grammar' has no member 'rules'
71 |
72 | if verbose {
73 | for rule in grammar.rules {
| `- error: value of type 'SwiftPEGGrammar.Grammar' has no member 'rules'
74 | guard rule.isLeftRecursive else { continue }
75 |
/Users/admin/builder/spi-builder-workspace/Sources/SwiftPEG/Grammar/SwiftPEGGrammar.swift:1137:24: error: external macro implementation type 'SwiftPEGMacros.NodeTypeMacro' could not be found for macro 'GeneratedNodeType(overrideDeepCopyType:)'; '/Users/admin/builder/spi-builder-workspace/.derivedData/Build/Products/Debug/SwiftPEGMacros' produced malformed response
1135 | /// ```
1136 | @GeneratedNodeType<Node>(overrideDeepCopyType: "TokenFileDeclaration")
1137 | public final class TokenDefinition: TokenFileDeclaration {
| `- error: external macro implementation type 'SwiftPEGMacros.NodeTypeMacro' could not be found for macro 'GeneratedNodeType(overrideDeepCopyType:)'; '/Users/admin/builder/spi-builder-workspace/.derivedData/Build/Products/Debug/SwiftPEGMacros' produced malformed response
1138 | /// The identifier for the token.
1139 | @NodeRequired
/Users/admin/builder/spi-builder-workspace/Sources/SwiftPEG/Macros.swift:24:14: note: 'GeneratedNodeType(overrideDeepCopyType:)' declared here
22 | /// wrapped with `@NodeProperty`.
23 | @attached(member, names: arbitrary, named(children), named(init), named(deepCopy))
24 | public macro GeneratedNodeType<T>(overrideDeepCopyType: String? = nil) =
| `- note: 'GeneratedNodeType(overrideDeepCopyType:)' declared here
25 | #externalMacro(module: "SwiftPEGMacros", type: "NodeTypeMacro")
26 |
/Users/admin/builder/spi-builder-workspace/Sources/SwiftPEG/Grammar/SwiftPEGGrammar.swift:1116:18: error: external macro implementation type 'SwiftPEGMacros.NodeTypeMacro' could not be found for macro 'GeneratedNodeType(overrideDeepCopyType:)'; '/Users/admin/builder/spi-builder-workspace/.derivedData/Build/Products/Debug/SwiftPEGMacros' produced malformed response
1114 | /// ```
1115 | @GeneratedNodeType<Node>
1116 | public class TokenFileDeclaration: GrammarNode {
| `- error: external macro implementation type 'SwiftPEGMacros.NodeTypeMacro' could not be found for macro 'GeneratedNodeType(overrideDeepCopyType:)'; '/Users/admin/builder/spi-builder-workspace/.derivedData/Build/Products/Debug/SwiftPEGMacros' produced malformed response
1117 |
1118 | }
/Users/admin/builder/spi-builder-workspace/Sources/SwiftPEG/Macros.swift:24:14: note: 'GeneratedNodeType(overrideDeepCopyType:)' declared here
22 | /// wrapped with `@NodeProperty`.
23 | @attached(member, names: arbitrary, named(children), named(init), named(deepCopy))
24 | public macro GeneratedNodeType<T>(overrideDeepCopyType: String? = nil) =
| `- note: 'GeneratedNodeType(overrideDeepCopyType:)' declared here
25 | #externalMacro(module: "SwiftPEGMacros", type: "NodeTypeMacro")
26 |
SwiftCompile normal arm64_32 /Users/admin/builder/spi-builder-workspace/Sources/SwiftPEG/Grammar/TokenNode.swift (in target 'SwiftPEG' from project 'swift-peg')
cd /Users/admin/builder/spi-builder-workspace/.swiftpm/xcode
builtin-SwiftPerFileCompile TokenNode.swift
SwiftCompile normal arm64_32 /Users/admin/builder/spi-builder-workspace/Sources/SwiftPEG/GrammarProcessor/AltReducer.swift (in target 'SwiftPEG' from project 'swift-peg')
cd /Users/admin/builder/spi-builder-workspace/.swiftpm/xcode
builtin-SwiftPerFileCompile AltReducer.swift
SwiftCompile normal arm64_32 /Users/admin/builder/spi-builder-workspace/Sources/SwiftPEG/GrammarProcessor/GrammarProcessor+AltOrdering.swift (in target 'SwiftPEG' from project 'swift-peg')
cd /Users/admin/builder/spi-builder-workspace/.swiftpm/xcode
builtin-SwiftPerFileCompile GrammarProcessor+AltOrdering.swift
SwiftCompile normal arm64_32 /Users/admin/builder/spi-builder-workspace/Sources/SwiftPEG/GrammarProcessor/GrammarProcessor+Reachability.swift (in target 'SwiftPEG' from project 'swift-peg')
cd /Users/admin/builder/spi-builder-workspace/.swiftpm/xcode
builtin-SwiftPerFileCompile GrammarProcessor+Reachability.swift
SwiftCompile normal arm64_32 /Users/admin/builder/spi-builder-workspace/Sources/SwiftPEG/GrammarProcessor/GrammarProcessor+Recursivity.swift (in target 'SwiftPEG' from project 'swift-peg')
cd /Users/admin/builder/spi-builder-workspace/.swiftpm/xcode
builtin-SwiftPerFileCompile GrammarProcessor+Recursivity.swift
SwiftCompile normal arm64_32 /Users/admin/builder/spi-builder-workspace/Sources/SwiftPEG/GrammarProcessor/GrammarProcessor+TokenSyntax.swift (in target 'SwiftPEG' from project 'swift-peg')
cd /Users/admin/builder/spi-builder-workspace/.swiftpm/xcode
builtin-SwiftPerFileCompile GrammarProcessor+TokenSyntax.swift
SwiftCompile normal arm64_32 /Users/admin/builder/spi-builder-workspace/Sources/SwiftPEG/GrammarProcessor/GrammarProcessor.swift (in target 'SwiftPEG' from project 'swift-peg')
cd /Users/admin/builder/spi-builder-workspace/.swiftpm/xcode
builtin-SwiftPerFileCompile GrammarProcessor.swift
SwiftCompile normal arm64_32 Compiling\ Macros.swift,\ MetaPropertyManager.swift,\ PEGParser+Tuple.swift,\ PEGParser.swift,\ ParserCache.swift,\ RawTokenType.swift /Users/admin/builder/spi-builder-workspace/Sources/SwiftPEG/Macros.swift /Users/admin/builder/spi-builder-workspace/Sources/SwiftPEG/MetaPropertyManager.swift /Users/admin/builder/spi-builder-workspace/Sources/SwiftPEG/PEGParser+Tuple.swift /Users/admin/builder/spi-builder-workspace/Sources/SwiftPEG/PEGParser.swift /Users/admin/builder/spi-builder-workspace/Sources/SwiftPEG/ParserCache.swift /Users/admin/builder/spi-builder-workspace/Sources/SwiftPEG/RawTokenType.swift (in target 'SwiftPEG' from project 'swift-peg')
dyld[1929]: Library not loaded: @rpath/libXCTestSwiftSupport.dylib
Referenced from: <6C516792-BD61-34FE-AC83-4AF90222DBEC> /Users/admin/builder/spi-builder-workspace/.derivedData/Build/Products/Debug/SwiftPEGMacros
Reason: tried: '/usr/lib/swift/libXCTestSwiftSupport.dylib' (no such file, not in dyld cache), '/System/Volumes/Preboot/Cryptexes/OS/usr/lib/swift/libXCTestSwiftSupport.dylib' (no such file), '/Users/admin/builder/spi-builder-workspace/.derivedData/Build/Products/Debug/libXCTestSwiftSupport.dylib' (no such file), '/Users/admin/builder/spi-builder-workspace/.derivedData/Build/Products/Debug/PackageFrameworks/libXCTestSwiftSupport.dylib' (no such file), '/System/Volumes/Preboot/Cryptexes/OS/Users/admin/builder/spi-builder-workspace/.derivedData/Build/Products/Debug/PackageFrameworks/libXCTestSwiftSupport.dylib' (no such file), '/usr/lib/swift/libXCTestSwiftSupport.dylib' (no such file, not in dyld cache), '/System/Volumes/Preboot/Cryptexes/OS/usr/lib/swift/libXCTestSwiftSupport.dylib' (no such file), '/Users/admin/builder/spi-builder-workspace/.derivedData/Build/Products/Debug/libXCTestSwiftSupport.dylib' (no such file), '/Users/admin/builder/spi-builder-workspace/.derivedData/Build/Products/Debug/PackageFrameworks/libXCTestSwiftSupport.dylib' (no such file), '/System/Volumes/Preboot/Cryptexes/OS/Users/admin/builder/spi-builder-workspace/.derivedData/Build/Products/Debug/PackageFrameworks/libXCTestSwiftSupport.dylib' (no such file), '/usr/local/lib/libXCTestSwiftSupport.dylib' (no such file), '/usr/lib/libXCTestSwiftSupport.dylib' (no such file, not in dyld cache)
/Users/admin/builder/spi-builder-workspace/Sources/SwiftPEG/Macros.swift:6:14: warning: external macro implementation type 'SwiftPEGMacros.ParserMemoizeMacro' could not be found for macro 'memoized(_:cacheTarget:)'; '/Users/admin/builder/spi-builder-workspace/.derivedData/Build/Products/Debug/SwiftPEGMacros' produced malformed response
4 | /// present, conform to `Hashable`.
5 | @attached(peer, names: arbitrary)
6 | public macro memoized(_ method: String, cacheTarget: String? = nil) =
| `- warning: external macro implementation type 'SwiftPEGMacros.ParserMemoizeMacro' could not be found for macro 'memoized(_:cacheTarget:)'; '/Users/admin/builder/spi-builder-workspace/.derivedData/Build/Products/Debug/SwiftPEGMacros' produced malformed response
7 | #externalMacro(module: "SwiftPEGMacros", type: "ParserMemoizeMacro")
8 |
/Users/admin/builder/spi-builder-workspace/Sources/SwiftPEG/Macros.swift:15:14: warning: external macro implementation type 'SwiftPEGMacros.ParserMemoizeLeftRecursiveMacro' could not be found for macro 'memoizedLeftRecursive(_:cacheTarget:)'; '/Users/admin/builder/spi-builder-workspace/.derivedData/Build/Products/Debug/SwiftPEGMacros' produced malformed response
13 | /// present, conform to `Hashable`.
14 | @attached(peer, names: arbitrary)
15 | public macro memoizedLeftRecursive(_ method: String, cacheTarget: String? = nil) =
| `- warning: external macro implementation type 'SwiftPEGMacros.ParserMemoizeLeftRecursiveMacro' could not be found for macro 'memoizedLeftRecursive(_:cacheTarget:)'; '/Users/admin/builder/spi-builder-workspace/.derivedData/Build/Products/Debug/SwiftPEGMacros' produced malformed response
16 | #externalMacro(module: "SwiftPEGMacros", type: "ParserMemoizeLeftRecursiveMacro")
17 |
/Users/admin/builder/spi-builder-workspace/Sources/SwiftPEG/Macros.swift:24:14: warning: external macro implementation type 'SwiftPEGMacros.NodeTypeMacro' could not be found for macro 'GeneratedNodeType(overrideDeepCopyType:)'; '/Users/admin/builder/spi-builder-workspace/.derivedData/Build/Products/Debug/SwiftPEGMacros' produced malformed response
22 | /// wrapped with `@NodeProperty`.
23 | @attached(member, names: arbitrary, named(children), named(init), named(deepCopy))
24 | public macro GeneratedNodeType<T>(overrideDeepCopyType: String? = nil) =
| `- warning: external macro implementation type 'SwiftPEGMacros.NodeTypeMacro' could not be found for macro 'GeneratedNodeType(overrideDeepCopyType:)'; '/Users/admin/builder/spi-builder-workspace/.derivedData/Build/Products/Debug/SwiftPEGMacros' produced malformed response
25 | #externalMacro(module: "SwiftPEGMacros", type: "NodeTypeMacro")
26 |
/Users/admin/builder/spi-builder-workspace/Sources/SwiftPEG/Grammar/SwiftPEGGrammar.swift:60:24: error: external macro implementation type 'SwiftPEGMacros.NodeTypeMacro' could not be found for macro 'GeneratedNodeType(overrideDeepCopyType:)'; '/Users/admin/builder/spi-builder-workspace/.derivedData/Build/Products/Debug/SwiftPEGMacros' produced malformed response
58 | /// ```
59 | @GeneratedNodeType<Node>
60 | public final class Meta: GrammarNode {
| `- error: external macro implementation type 'SwiftPEGMacros.NodeTypeMacro' could not be found for macro 'GeneratedNodeType(overrideDeepCopyType:)'; '/Users/admin/builder/spi-builder-workspace/.derivedData/Build/Products/Debug/SwiftPEGMacros' produced malformed response
61 | /// The name of this meta-property.
62 | @NodeRequired
/Users/admin/builder/spi-builder-workspace/Sources/SwiftPEG/Macros.swift:24:14: note: 'GeneratedNodeType(overrideDeepCopyType:)' declared here
22 | /// wrapped with `@NodeProperty`.
23 | @attached(member, names: arbitrary, named(children), named(init), named(deepCopy))
24 | public macro GeneratedNodeType<T>(overrideDeepCopyType: String? = nil) =
| `- note: 'GeneratedNodeType(overrideDeepCopyType:)' declared here
25 | #externalMacro(module: "SwiftPEGMacros", type: "NodeTypeMacro")
26 |
/Users/admin/builder/spi-builder-workspace/Sources/SwiftPEG/Grammar/SwiftPEGGrammar.swift:36:24: error: external macro implementation type 'SwiftPEGMacros.NodeTypeMacro' could not be found for macro 'GeneratedNodeType(overrideDeepCopyType:)'; '/Users/admin/builder/spi-builder-workspace/.derivedData/Build/Products/Debug/SwiftPEGMacros' produced malformed response
34 | /// ```
35 | @GeneratedNodeType<Node>
36 | public final class Grammar: GrammarNode {
| `- error: external macro implementation type 'SwiftPEGMacros.NodeTypeMacro' could not be found for macro 'GeneratedNodeType(overrideDeepCopyType:)'; '/Users/admin/builder/spi-builder-workspace/.derivedData/Build/Products/Debug/SwiftPEGMacros' produced malformed response
37 | /// List of meta-properties described in the grammar.
38 | @NodeProperty
/Users/admin/builder/spi-builder-workspace/Sources/SwiftPEG/Macros.swift:24:14: note: 'GeneratedNodeType(overrideDeepCopyType:)' declared here
22 | /// wrapped with `@NodeProperty`.
23 | @attached(member, names: arbitrary, named(children), named(init), named(deepCopy))
24 | public macro GeneratedNodeType<T>(overrideDeepCopyType: String? = nil) =
| `- note: 'GeneratedNodeType(overrideDeepCopyType:)' declared here
25 | #externalMacro(module: "SwiftPEGMacros", type: "NodeTypeMacro")
26 |
/Users/admin/builder/spi-builder-workspace/Sources/SwiftPEG/MetaPropertyManager.swift:52:33: error: value of type 'SwiftPEGGrammar.Grammar' has no member 'metas'
50 | /// Resolves meta-properties by loading them from a given grammar.
51 | func add(from grammar: SwiftPEGGrammar.Grammar) {
52 | for property in grammar.metas.map(MetaProperty.from) {
| `- error: value of type 'SwiftPEGGrammar.Grammar' has no member 'metas'
53 | add(property)
54 | }
/Users/admin/builder/spi-builder-workspace/Sources/SwiftPEG/MetaPropertyManager.swift:295:30: error: value of type 'SwiftPEGGrammar.Meta' has no member 'values'
293 | node: node,
294 | name: String(node.name.string),
295 | values: node.values.map(Value.from)
| `- error: value of type 'SwiftPEGGrammar.Meta' has no member 'values'
296 | )
297 | }
/Users/admin/builder/spi-builder-workspace/Sources/SwiftPEG/Grammar/SwiftPEGGrammar.swift:133:24: error: external macro implementation type 'SwiftPEGMacros.NodeTypeMacro' could not be found for macro 'GeneratedNodeType(overrideDeepCopyType:)'; '/Users/admin/builder/spi-builder-workspace/.derivedData/Build/Products/Debug/SwiftPEGMacros' produced malformed response
131 | /// ```
132 | @GeneratedNodeType<Node>(overrideDeepCopyType: "MetaValue")
133 | public final class MetaStringValue: MetaValue {
| `- error: external macro implementation type 'SwiftPEGMacros.NodeTypeMacro' could not be found for macro 'GeneratedNodeType(overrideDeepCopyType:)'; '/Users/admin/builder/spi-builder-workspace/.derivedData/Build/Products/Debug/SwiftPEGMacros' produced malformed response
134 | /// The associated string value.
135 | @NodeRequired
/Users/admin/builder/spi-builder-workspace/Sources/SwiftPEG/Macros.swift:24:14: note: 'GeneratedNodeType(overrideDeepCopyType:)' declared here
22 | /// wrapped with `@NodeProperty`.
23 | @attached(member, names: arbitrary, named(children), named(init), named(deepCopy))
24 | public macro GeneratedNodeType<T>(overrideDeepCopyType: String? = nil) =
| `- note: 'GeneratedNodeType(overrideDeepCopyType:)' declared here
25 | #externalMacro(module: "SwiftPEGMacros", type: "NodeTypeMacro")
26 |
/Users/admin/builder/spi-builder-workspace/Sources/SwiftPEG/Grammar/SwiftPEGGrammar.swift:113:24: error: external macro implementation type 'SwiftPEGMacros.NodeTypeMacro' could not be found for macro 'GeneratedNodeType(overrideDeepCopyType:)'; '/Users/admin/builder/spi-builder-workspace/.derivedData/Build/Products/Debug/SwiftPEGMacros' produced malformed response
111 | /// ```
112 | @GeneratedNodeType<Node>(overrideDeepCopyType: "MetaValue")
113 | public final class MetaIdentifierValue: MetaValue {
| `- error: external macro implementation type 'SwiftPEGMacros.NodeTypeMacro' could not be found for macro 'GeneratedNodeType(overrideDeepCopyType:)'; '/Users/admin/builder/spi-builder-workspace/.derivedData/Build/Products/Debug/SwiftPEGMacros' produced malformed response
114 | /// The associated identifier value.
115 | @NodeRequired
/Users/admin/builder/spi-builder-workspace/Sources/SwiftPEG/Macros.swift:24:14: note: 'GeneratedNodeType(overrideDeepCopyType:)' declared here
22 | /// wrapped with `@NodeProperty`.
23 | @attached(member, names: arbitrary, named(children), named(init), named(deepCopy))
24 | public macro GeneratedNodeType<T>(overrideDeepCopyType: String? = nil) =
| `- note: 'GeneratedNodeType(overrideDeepCopyType:)' declared here
25 | #externalMacro(module: "SwiftPEGMacros", type: "NodeTypeMacro")
26 |
Failed frontend command:
/Applications/Xcode-27.0.0-Release.Candidate.app/Contents/Developer/Toolchains/XcodeDefault.xctoolchain/usr/bin/swift-frontend -frontend -c /Users/admin/builder/spi-builder-workspace/.derivedData/Build/Intermediates.noindex/swift-peg.build/Debug-watchos/SwiftPEG-t.build/DerivedSources/resource_bundle_accessor.swift /Users/admin/builder/spi-builder-workspace/Sources/SwiftPEG/BindingEngine.swift /Users/admin/builder/spi-builder-workspace/Sources/SwiftPEG/CodeGen+Swift/CodeStringBuffer.swift /Users/admin/builder/spi-builder-workspace/Sources/SwiftPEG/CodeGen+Swift/DeclarationsContext.swift /Users/admin/builder/spi-builder-workspace/Sources/SwiftPEG/CodeGen+Swift/SwiftASTEmitter+Expression.swift /Users/admin/builder/spi-builder-workspace/Sources/SwiftPEG/CodeGen+Swift/SwiftASTEmitter+Statement.swift /Users/admin/builder/spi-builder-workspace/Sources/SwiftPEG/CodeGen+Swift/SwiftASTEmitter+SwiftType.swift /Users/admin/builder/spi-builder-workspace/Sources/SwiftPEG/CodeGen+Swift/SwiftASTEmitter.swift /Users/admin/builder/spi-builder-workspace/Sources/SwiftPEG/CodeGen+Swift/SwiftCodeGen+Common.swift /Users/admin/builder/spi-builder-workspace/Sources/SwiftPEG/CodeGen+Swift/SwiftCodeGen+Parser.swift /Users/admin/builder/spi-builder-workspace/Sources/SwiftPEG/CodeGen+Swift/SwiftCodeGen+ProducerProtocol.swift /Users/admin/builder/spi-builder-workspace/Sources/SwiftPEG/CodeGen+Swift/SwiftCodeGen+Repetitions.swift /Users/admin/builder/spi-builder-workspace/Sources/SwiftPEG/CodeGen+Swift/SwiftCodeGen+SwiftAST.swift /Users/admin/builder/spi-builder-workspace/Sources/SwiftPEG/CodeGen+Swift/SwiftCodeGen+Token.swift /Users/admin/builder/spi-builder-workspace/Sources/SwiftPEG/CodeGen+Swift/SwiftCodeGen.swift /Users/admin/builder/spi-builder-workspace/Sources/SwiftPEG/Error.swift /Users/admin/builder/spi-builder-workspace/Sources/SwiftPEG/FileSourceLocation.swift /Users/admin/builder/spi-builder-workspace/Sources/SwiftPEG/Grammar/CommonAbstract.swift /Users/admin/builder/spi-builder-workspace/Sources/SwiftPEG/Grammar/GrammarParser.swift /Users/admin/builder/spi-builder-workspace/Sources/SwiftPEG/Grammar/GrammarParserToken.swift /Users/admin/builder/spi-builder-workspace/Sources/SwiftPEG/Grammar/GrammarRawTokenizer.swift /Users/admin/builder/spi-builder-workspace/Sources/SwiftPEG/Grammar/Node.swift /Users/admin/builder/spi-builder-workspace/Sources/SwiftPEG/Grammar/NodeVisitorType.swift /Users/admin/builder/spi-builder-workspace/Sources/SwiftPEG/Grammar/NodeWalker.swift /Users/admin/builder/spi-builder-workspace/Sources/SwiftPEG/Grammar/PrintingNodeVisitor.swift /Users/admin/builder/spi-builder-workspace/Sources/SwiftPEG/Grammar/SwiftPEGGrammar+String.swift /Users/admin/builder/spi-builder-workspace/Sources/SwiftPEG/Grammar/SwiftPEGGrammar+TokenSequence.swift /Users/admin/builder/spi-builder-workspace/Sources/SwiftPEG/Grammar/SwiftPEGGrammar.swift /Users/admin/builder/spi-builder-workspace/Sources/SwiftPEG/Grammar/TokenNode.swift /Users/admin/builder/spi-builder-workspace/Sources/SwiftPEG/GrammarProcessor/AltReducer.swift /Users/admin/builder/spi-builder-workspace/Sources/SwiftPEG/GrammarProcessor/GrammarProcessor+AltOrdering.swift /Users/admin/builder/spi-builder-workspace/Sources/SwiftPEG/GrammarProcessor/GrammarProcessor+Reachability.swift /Users/admin/builder/spi-builder-workspace/Sources/SwiftPEG/GrammarProcessor/GrammarProcessor+Recursivity.swift /Users/admin/builder/spi-builder-workspace/Sources/SwiftPEG/GrammarProcessor/GrammarProcessor+TokenSyntax.swift /Users/admin/builder/spi-builder-workspace/Sources/SwiftPEG/GrammarProcessor/GrammarProcessor.swift /Users/admin/builder/spi-builder-workspace/Sources/SwiftPEG/GrammarProcessor/InternalGrammar.swift /Users/admin/builder/spi-builder-workspace/Sources/SwiftPEG/GrammarProcessor/ProcessedGrammar.swift /Users/admin/builder/spi-builder-workspace/Sources/SwiftPEG/Graphing/IntDirectedGraph.swift /Users/admin/builder/spi-builder-workspace/Sources/SwiftPEG/Graphing/InternalCachingGraph.swift /Users/admin/builder/spi-builder-workspace/Sources/SwiftPEG/Graphing/RuleDependencyGraph.swift /Users/admin/builder/spi-builder-workspace/Sources/SwiftPEG/Graphing/StringDirectedGraph.swift /Users/admin/builder/spi-builder-workspace/Sources/SwiftPEG/Graphing/TokenOcclusionGraph.swift /Users/admin/builder/spi-builder-workspace/Sources/SwiftPEG/InternalMacros.swift /Users/admin/builder/spi-builder-workspace/Sources/SwiftPEG/Interpreter/GrammarInterpreter.swift /Users/admin/builder/spi-builder-workspace/Sources/SwiftPEG/Interpreter/InterpreterCache.swift /Users/admin/builder/spi-builder-workspace/Sources/SwiftPEG/Interpreter/TokenSyntaxInterpreter+Regex.swift /Users/admin/builder/spi-builder-workspace/Sources/SwiftPEG/Interpreter/TokenSyntaxInterpreter+TokenDelegate.swift /Users/admin/builder/spi-builder-workspace/Sources/SwiftPEG/Interpreter/TokenSyntaxInterpreter.swift -primary-file /Users/admin/builder/spi-builder-workspace/Sources/SwiftPEG/Macros.swift -primary-file /Users/admin/builder/spi-builder-workspace/Sources/SwiftPEG/MetaPropertyManager.swift -primary-file /Users/admin/builder/spi-builder-workspace/Sources/SwiftPEG/PEGParser+Tuple.swift -primary-file /Users/admin/builder/spi-builder-workspace/Sources/SwiftPEG/PEGParser.swift -primary-file /Users/admin/builder/spi-builder-workspace/Sources/SwiftPEG/ParserCache.swift -primary-file /Users/admin/builder/spi-builder-workspace/Sources/SwiftPEG/RawTokenType.swift /Users/admin/builder/spi-builder-workspace/Sources/SwiftPEG/RawTokenizerType.swift /Users/admin/builder/spi-builder-workspace/Sources/SwiftPEG/Resources.swift /Users/admin/builder/spi-builder-workspace/Sources/SwiftPEG/StringStream+CodeGen.swift /Users/admin/builder/spi-builder-workspace/Sources/SwiftPEG/StringStream.swift /Users/admin/builder/spi-builder-workspace/Sources/SwiftPEG/Syntax/StringEscaping.swift /Users/admin/builder/spi-builder-workspace/Sources/SwiftPEG/Syntax/SwiftKeywords.swift /Users/admin/builder/spi-builder-workspace/Sources/SwiftPEG/Syntax/SwiftSyntaxExt.swift /Users/admin/builder/spi-builder-workspace/Sources/SwiftPEG/SyntaxNodeLayout/SyntaxNodeLayout.swift /Users/admin/builder/spi-builder-workspace/Sources/SwiftPEG/SyntaxNodeLayout/SyntaxNodeLayoutGen.swift /Users/admin/builder/spi-builder-workspace/Sources/SwiftPEG/Tokenizer.swift /Users/admin/builder/spi-builder-workspace/Sources/SwiftPEG/Utils/Collection+Ext.swift /Users/admin/builder/spi-builder-workspace/Sources/SwiftPEG/Utils/String+Ext.swift -supplementary-output-file-map /Users/admin/builder/spi-builder-workspace/.derivedData/Build/Intermediates.noindex/swift-peg.build/Debug-watchos/SwiftPEG-t.build/Objects-normal/arm64_32/supplementaryOutputs-8 -target arm64_32-apple-watchos9.0 -disable-cross-import-overlay-search -load-resolved-plugin /Applications/Xcode-27.0.0-Release.Candidate.app/Contents/Developer/Platforms/WatchOS.platform/Developer/usr/lib/swift/host/plugins/libFoundationMacros.dylib\#/Applications/Xcode-27.0.0-Release.Candidate.app/Contents/Developer/Platforms/WatchOS.platform/Developer/usr/bin/swift-plugin-server\#FoundationMacros -load-resolved-plugin /Applications/Xcode-27.0.0-Release.Candidate.app/Contents/Developer/Platforms/WatchOS.platform/Developer/usr/lib/swift/host/plugins/libObservationMacros.dylib\#/Applications/Xcode-27.0.0-Release.Candidate.app/Contents/Developer/Platforms/WatchOS.platform/Developer/usr/bin/swift-plugin-server\#ObservationMacros -load-resolved-plugin /Applications/Xcode-27.0.0-Release.Candidate.app/Contents/Developer/Platforms/WatchOS.platform/Developer/usr/lib/swift/host/plugins/libSwiftMacros.dylib\#/Applications/Xcode-27.0.0-Release.Candidate.app/Contents/Developer/Platforms/WatchOS.platform/Developer/usr/bin/swift-plugin-server\#SwiftMacros -load-resolved-plugin \#/Users/admin/builder/spi-builder-workspace/.derivedData/Build/Products/Debug/SwiftPEGMacros\#SwiftPEGMacros -disable-implicit-swift-modules -Xcc -fno-implicit-modules -Xcc -fno-implicit-module-maps -explicit-swift-module-map-file /Users/admin/builder/spi-builder-workspace/.derivedData/Build/Intermediates.noindex/swift-peg.build/Debug-watchos/SwiftPEG-t.build/Objects-normal/arm64_32/SwiftPEG-dependencies-2.json -enable-objc-interop -sdk /Applications/Xcode-27.0.0-Release.Candidate.app/Contents/Developer/Platforms/WatchOS.platform/Developer/SDKs/WatchOS27.0.sdk -I /Users/admin/builder/spi-builder-workspace/.derivedData/Build/Products/Debug-watchos -Isystem /Applications/Xcode-27.0.0-Release.Candidate.app/Contents/Developer/Platforms/WatchOS.platform/Developer/usr/lib -F /Users/admin/builder/spi-builder-workspace/.derivedData/Build/Products/Debug-watchos/PackageFrameworks -F /Users/admin/builder/spi-builder-workspace/.derivedData/Build/Products/Debug-watchos -F /Applications/Xcode-27.0.0-Release.Candidate.app/Contents/Developer/Platforms/WatchOS.platform/Developer/Library/Frameworks -F /Applications/Xcode-27.0.0-Release.Candidate.app/Contents/Developer/Platforms/WatchOS.platform/Developer/SDKs/WatchOS27.0.sdk/Developer/Library/Frameworks -module-cache-path /Users/admin/builder/spi-builder-workspace/.derivedData/Build/Intermediates.noindex/SwiftExplicitPrecompiledModules -no-color-diagnostics -Xcc -fno-color-diagnostics -enable-testing -g -debug-info-format\=dwarf -dwarf-version\=4 -profile-generate -profile-coverage-mapping -swift-version 5 -Onone -D SWIFT_PACKAGE -D DEBUG -D SWIFT_MODULE_RESOURCE_BUNDLE_AVAILABLE -D Xcode -serialize-debugging-options -load-plugin-executable /Users/admin/builder/spi-builder-workspace/.derivedData/Build/Products/Debug/SwiftASTMacros\#SwiftASTMacros -load-plugin-executable /Users/admin/builder/spi-builder-workspace/.derivedData/Build/Products/Debug/SwiftPEGMacros\#SwiftPEGMacros -enable-experimental-feature DebugDescriptionMacro -empty-abi-descriptor -validate-clang-modules-once -clang-build-session-file /Users/admin/builder/spi-builder-workspace/.derivedData/ModuleCache.noindex/Session.modulevalidation -Xcc -working-directory -Xcc /Users/admin/builder/spi-builder-workspace/.swiftpm/xcode -enable-anonymous-context-mangled-names -file-compilation-dir /Users/admin/builder/spi-builder-workspace/.swiftpm/xcode -Xcc -D_LIBCPP_HARDENING_MODE\=_LIBCPP_HARDENING_MODE_DEBUG -Xcc -ivfsstatcache -Xcc /Users/admin/builder/spi-builder-workspace/.derivedData/SDKStatCaches.noindex/watchos27.0-24R360-e829b21a6f8c9b70876ba0858053c04477534ef55a1706bf4c1112bbb242f0a2.sdkstatcache -Xcc -fmodules-prune-interval\=86400 -Xcc -fmodules-prune-after\=345600 -Xcc -I/Users/admin/builder/spi-builder-workspace/.derivedData/Build/Products/Debug-watchos/include -Xcc -I/Users/admin/builder/spi-builder-workspace/.derivedData/Build/Intermediates.noindex/swift-peg.build/Debug-watchos/SwiftPEG-t.build/DerivedSources-normal/arm64_32 -Xcc -I/Users/admin/builder/spi-builder-workspace/.derivedData/Build/Intermediates.noindex/swift-peg.build/Debug-watchos/SwiftPEG-t.build/DerivedSources/arm64_32 -Xcc -I/Users/admin/builder/spi-builder-workspace/.derivedData/Build/Intermediates.noindex/swift-peg.build/Debug-watchos/SwiftPEG-t.build/DerivedSources -Xcc -DSWIFT_PACKAGE -Xcc -DDEBUG\=1 -no-auto-bridging-header-chaining -module-name SwiftPEG -package-name spi_builder_workspace -const-gather-protocols-file /Users/admin/builder/spi-builder-workspace/.derivedData/Build/Intermediates.noindex/swift-peg.build/Debug-watchos/SwiftPEG-t.build/Objects-normal/arm64_32/SwiftPEG_const_extract_protocols.json -disable-clang-spi -clang-target arm64_32-apple-watchos27.0 -target-sdk-version 27.0 -target-sdk-name watchos27.0 -in-process-plugin-server-path /Applications/Xcode-27.0.0-Release.Candidate.app/Contents/Developer/Toolchains/XcodeDefault.xctoolchain/usr/lib/swift/host/libSwiftInProcPluginServer.dylib -parse-as-library -o /Users/admin/builder/spi-builder-workspace/.derivedData/Build/Intermediates.noindex/swift-peg.build/Debug-watchos/SwiftPEG-t.build/Objects-normal/arm64_32/Macros.o -o /Users/admin/builder/spi-builder-workspace/.derivedData/Build/Intermediates.noindex/swift-peg.build/Debug-watchos/SwiftPEG-t.build/Objects-normal/arm64_32/MetaPropertyManager.o -o /Users/admin/builder/spi-builder-workspace/.derivedData/Build/Intermediates.noindex/swift-peg.build/Debug-watchos/SwiftPEG-t.build/Objects-normal/arm64_32/PEGParser+Tuple.o -o /Users/admin/builder/spi-builder-workspace/.derivedData/Build/Intermediates.noindex/swift-peg.build/Debug-watchos/SwiftPEG-t.build/Objects-normal/arm64_32/PEGParser.o -o /Users/admin/builder/spi-builder-workspace/.derivedData/Build/Intermediates.noindex/swift-peg.build/Debug-watchos/SwiftPEG-t.build/Objects-normal/arm64_32/ParserCache.o -o /Users/admin/builder/spi-builder-workspace/.derivedData/Build/Intermediates.noindex/swift-peg.build/Debug-watchos/SwiftPEG-t.build/Objects-normal/arm64_32/RawTokenType.o -debug-module-path /Users/admin/builder/spi-builder-workspace/.derivedData/Build/Intermediates.noindex/swift-peg.build/Debug-watchos/SwiftPEG-t.build/Objects-normal/arm64_32/SwiftPEG.swiftmodule -index-unit-output-path /swift-peg.build/Debug-watchos/SwiftPEG-t.build/Objects-normal/arm64_32/Macros.o -index-unit-output-path /swift-peg.build/Debug-watchos/SwiftPEG-t.build/Objects-normal/arm64_32/MetaPropertyManager.o -index-unit-output-path /swift-peg.build/Debug-watchos/SwiftPEG-t.build/Objects-normal/arm64_32/PEGParser+Tuple.o -index-unit-output-path /swift-peg.build/Debug-watchos/SwiftPEG-t.build/Objects-normal/arm64_32/PEGParser.o -index-unit-output-path /swift-peg.build/Debug-watchos/SwiftPEG-t.build/Objects-normal/arm64_32/ParserCache.o -index-unit-output-path /swift-peg.build/Debug-watchos/SwiftPEG-t.build/Objects-normal/arm64_32/RawTokenType.o -index-store-path /Users/admin/builder/spi-builder-workspace/.derivedData/Index.noindex/DataStore -index-system-modules
SwiftCompile normal arm64_32 /Users/admin/builder/spi-builder-workspace/Sources/SwiftPEG/Macros.swift (in target 'SwiftPEG' from project 'swift-peg')
cd /Users/admin/builder/spi-builder-workspace/.swiftpm/xcode
builtin-SwiftPerFileCompile Macros.swift
SwiftCompile normal arm64_32 /Users/admin/builder/spi-builder-workspace/Sources/SwiftPEG/MetaPropertyManager.swift (in target 'SwiftPEG' from project 'swift-peg')
cd /Users/admin/builder/spi-builder-workspace/.swiftpm/xcode
builtin-SwiftPerFileCompile MetaPropertyManager.swift
SwiftCompile normal arm64_32 /Users/admin/builder/spi-builder-workspace/Sources/SwiftPEG/PEGParser+Tuple.swift (in target 'SwiftPEG' from project 'swift-peg')
cd /Users/admin/builder/spi-builder-workspace/.swiftpm/xcode
builtin-SwiftPerFileCompile PEGParser+Tuple.swift
SwiftCompile normal arm64_32 /Users/admin/builder/spi-builder-workspace/Sources/SwiftPEG/PEGParser.swift (in target 'SwiftPEG' from project 'swift-peg')
cd /Users/admin/builder/spi-builder-workspace/.swiftpm/xcode
builtin-SwiftPerFileCompile PEGParser.swift
SwiftCompile normal arm64_32 /Users/admin/builder/spi-builder-workspace/Sources/SwiftPEG/ParserCache.swift (in target 'SwiftPEG' from project 'swift-peg')
cd /Users/admin/builder/spi-builder-workspace/.swiftpm/xcode
builtin-SwiftPerFileCompile ParserCache.swift
SwiftCompile normal arm64_32 /Users/admin/builder/spi-builder-workspace/Sources/SwiftPEG/RawTokenType.swift (in target 'SwiftPEG' from project 'swift-peg')
cd /Users/admin/builder/spi-builder-workspace/.swiftpm/xcode
builtin-SwiftPerFileCompile RawTokenType.swift
SwiftCompile normal arm64_32 Compiling\ InternalMacros.swift,\ GrammarInterpreter.swift,\ InterpreterCache.swift,\ TokenSyntaxInterpreter+Regex.swift,\ TokenSyntaxInterpreter+TokenDelegate.swift,\ TokenSyntaxInterpreter.swift /Users/admin/builder/spi-builder-workspace/Sources/SwiftPEG/InternalMacros.swift /Users/admin/builder/spi-builder-workspace/Sources/SwiftPEG/Interpreter/GrammarInterpreter.swift /Users/admin/builder/spi-builder-workspace/Sources/SwiftPEG/Interpreter/InterpreterCache.swift /Users/admin/builder/spi-builder-workspace/Sources/SwiftPEG/Interpreter/TokenSyntaxInterpreter+Regex.swift /Users/admin/builder/spi-builder-workspace/Sources/SwiftPEG/Interpreter/TokenSyntaxInterpreter+TokenDelegate.swift /Users/admin/builder/spi-builder-workspace/Sources/SwiftPEG/Interpreter/TokenSyntaxInterpreter.swift (in target 'SwiftPEG' from project 'swift-peg')
dyld[1931]: Library not loaded: @rpath/libXCTestSwiftSupport.dylib
Referenced from: <6C516792-BD61-34FE-AC83-4AF90222DBEC> /Users/admin/builder/spi-builder-workspace/.derivedData/Build/Products/Debug/SwiftPEGMacros
Reason: tried: '/usr/lib/swift/libXCTestSwiftSupport.dylib' (no such file, not in dyld cache), '/System/Volumes/Preboot/Cryptexes/OS/usr/lib/swift/libXCTestSwiftSupport.dylib' (no such file), '/Users/admin/builder/spi-builder-workspace/.derivedData/Build/Products/Debug/libXCTestSwiftSupport.dylib' (no such file), '/Users/admin/builder/spi-builder-workspace/.derivedData/Build/Products/Debug/PackageFrameworks/libXCTestSwiftSupport.dylib' (no such file), '/System/Volumes/Preboot/Cryptexes/OS/Users/admin/builder/spi-builder-workspace/.derivedData/Build/Products/Debug/PackageFrameworks/libXCTestSwiftSupport.dylib' (no such file), '/usr/lib/swift/libXCTestSwiftSupport.dylib' (no such file, not in dyld cache), '/System/Volumes/Preboot/Cryptexes/OS/usr/lib/swift/libXCTestSwiftSupport.dylib' (no such file), '/Users/admin/builder/spi-builder-workspace/.derivedData/Build/Products/Debug/libXCTestSwiftSupport.dylib' (no such file), '/Users/admin/builder/spi-builder-workspace/.derivedData/Build/Products/Debug/PackageFrameworks/libXCTestSwiftSupport.dylib' (no such file), '/System/Volumes/Preboot/Cryptexes/OS/Users/admin/builder/spi-builder-workspace/.derivedData/Build/Products/Debug/PackageFrameworks/libXCTestSwiftSupport.dylib' (no such file), '/usr/local/lib/libXCTestSwiftSupport.dylib' (no such file), '/usr/lib/libXCTestSwiftSupport.dylib' (no such file, not in dyld cache)
/Users/admin/builder/spi-builder-workspace/Sources/SwiftPEG/InternalMacros.swift:4:7: warning: external macro implementation type 'SwiftPEGMacros.EnumIsCaseGenerator' could not be found for macro 'GeneratedCaseChecks(accessLevel:)'; '/Users/admin/builder/spi-builder-workspace/.derivedData/Build/Products/Debug/SwiftPEGMacros' produced malformed response
2 | /// case element declarations.
3 | @attached(member, names: arbitrary)
4 | macro GeneratedCaseChecks(accessLevel: String = "") =
| `- warning: external macro implementation type 'SwiftPEGMacros.EnumIsCaseGenerator' could not be found for macro 'GeneratedCaseChecks(accessLevel:)'; '/Users/admin/builder/spi-builder-workspace/.derivedData/Build/Products/Debug/SwiftPEGMacros' produced malformed response
5 | #externalMacro(module: "SwiftPEGMacros", type: "EnumIsCaseGenerator")
6 |
/Users/admin/builder/spi-builder-workspace/Sources/SwiftPEG/InternalMacros.swift:10:7: warning: external macro implementation type 'SwiftPEGMacros.EnumIsCaseGenerator' could not be found for macro 'GeneratedIsCase(accessLevel:)'; '/Users/admin/builder/spi-builder-workspace/.derivedData/Build/Products/Debug/SwiftPEGMacros' produced malformed response
8 | /// element declaration.
9 | @attached(peer, names: arbitrary)
10 | macro GeneratedIsCase(accessLevel: String = "") =
| `- warning: external macro implementation type 'SwiftPEGMacros.EnumIsCaseGenerator' could not be found for macro 'GeneratedIsCase(accessLevel:)'; '/Users/admin/builder/spi-builder-workspace/.derivedData/Build/Products/Debug/SwiftPEGMacros' produced malformed response
11 | #externalMacro(module: "SwiftPEGMacros", type: "EnumIsCaseGenerator")
12 |
/Users/admin/builder/spi-builder-workspace/Sources/SwiftPEG/InternalMacros.swift:27:7: warning: external macro implementation type 'SwiftPEGMacros.EnumAsGetterGenerator' could not be found for macro 'generateGetters(accessLevel:)'; '/Users/admin/builder/spi-builder-workspace/.derivedData/Build/Products/Debug/SwiftPEGMacros' produced malformed response
25 | /// If no case of the enumeration has an associated value, a warning is issued.
26 | @attached(member, names: arbitrary)
27 | macro generateGetters(accessLevel: String? = nil) =
| `- warning: external macro implementation type 'SwiftPEGMacros.EnumAsGetterGenerator' could not be found for macro 'generateGetters(accessLevel:)'; '/Users/admin/builder/spi-builder-workspace/.derivedData/Build/Products/Debug/SwiftPEGMacros' produced malformed response
28 | #externalMacro(module: "SwiftPEGMacros", type: "EnumAsGetterGenerator")
29 |
/Users/admin/builder/spi-builder-workspace/Sources/SwiftPEG/InternalMacros.swift:44:7: warning: external macro implementation type 'SwiftPEGMacros.EnumAsGetterGenerator' could not be found for macro 'generateGetter(accessLevel:)'; '/Users/admin/builder/spi-builder-workspace/.derivedData/Build/Products/Debug/SwiftPEGMacros' produced malformed response
42 | /// If attached to an enum case that has no associated values, an error is issued.
43 | @attached(peer, names: arbitrary)
44 | macro generateGetter(accessLevel: String? = nil) =
| `- warning: external macro implementation type 'SwiftPEGMacros.EnumAsGetterGenerator' could not be found for macro 'generateGetter(accessLevel:)'; '/Users/admin/builder/spi-builder-workspace/.derivedData/Build/Products/Debug/SwiftPEGMacros' produced malformed response
45 | #externalMacro(module: "SwiftPEGMacros", type: "EnumAsGetterGenerator")
46 |
/Users/admin/builder/spi-builder-workspace/Sources/SwiftPEG/GrammarProcessor/InternalGrammar.swift:385:17: error: external macro implementation type 'SwiftPEGMacros.EnumIsCaseGenerator' could not be found for macro 'GeneratedCaseChecks(accessLevel:)'; '/Users/admin/builder/spi-builder-workspace/.derivedData/Build/Products/Debug/SwiftPEGMacros' produced malformed response
383 |
384 | @GeneratedCaseChecks
385 | public enum NamedItem: Hashable, CustomStringConvertible {
| `- error: external macro implementation type 'SwiftPEGMacros.EnumIsCaseGenerator' could not be found for macro 'GeneratedCaseChecks(accessLevel:)'; '/Users/admin/builder/spi-builder-workspace/.derivedData/Build/Products/Debug/SwiftPEGMacros' produced malformed response
386 | /// `name=IDENT? item ('[' swiftType ']')?`
387 | case item(name: String? = nil, Item, type: CommonAbstract.SwiftType? = nil)
/Users/admin/builder/spi-builder-workspace/Sources/SwiftPEG/InternalMacros.swift:4:7: note: 'GeneratedCaseChecks(accessLevel:)' declared here
2 | /// case element declarations.
3 | @attached(member, names: arbitrary)
4 | macro GeneratedCaseChecks(accessLevel: String = "") =
| `- note: 'GeneratedCaseChecks(accessLevel:)' declared here
5 | #externalMacro(module: "SwiftPEGMacros", type: "EnumIsCaseGenerator")
6 |
/Users/admin/builder/spi-builder-workspace/Sources/SwiftPEG/GrammarProcessor/InternalGrammar.swift:517:17: error: external macro implementation type 'SwiftPEGMacros.EnumIsCaseGenerator' could not be found for macro 'GeneratedCaseChecks(accessLevel:)'; '/Users/admin/builder/spi-builder-workspace/.derivedData/Build/Products/Debug/SwiftPEGMacros' produced malformed response
515 |
516 | @GeneratedCaseChecks
517 | public enum Item: Hashable, CustomStringConvertible {
| `- error: external macro implementation type 'SwiftPEGMacros.EnumIsCaseGenerator' could not be found for macro 'GeneratedCaseChecks(accessLevel:)'; '/Users/admin/builder/spi-builder-workspace/.derivedData/Build/Products/Debug/SwiftPEGMacros' produced malformed response
518 | /// `'[' alts ']'`
519 | case optionalItems([Alt])
/Users/admin/builder/spi-builder-workspace/Sources/SwiftPEG/InternalMacros.swift:4:7: note: 'GeneratedCaseChecks(accessLevel:)' declared here
2 | /// case element declarations.
3 | @attached(member, names: arbitrary)
4 | macro GeneratedCaseChecks(accessLevel: String = "") =
| `- note: 'GeneratedCaseChecks(accessLevel:)' declared here
5 | #externalMacro(module: "SwiftPEGMacros", type: "EnumIsCaseGenerator")
6 |
/Users/admin/builder/spi-builder-workspace/Sources/SwiftPEG/GrammarProcessor/InternalGrammar.swift:895:14: error: external macro implementation type 'SwiftPEGMacros.EnumIsCaseGenerator' could not be found for macro 'GeneratedIsCase(accessLevel:)'; '/Users/admin/builder/spi-builder-workspace/.derivedData/Build/Products/Debug/SwiftPEGMacros' produced malformed response
893 | /// `'(' alts ')'`
894 | @GeneratedIsCase(accessLevel: "public")
895 | case group([Alt])
| `- error: external macro implementation type 'SwiftPEGMacros.EnumIsCaseGenerator' could not be found for macro 'GeneratedIsCase(accessLevel:)'; '/Users/admin/builder/spi-builder-workspace/.derivedData/Build/Products/Debug/SwiftPEGMacros' produced malformed response
896 |
897 | /// `ident`
/Users/admin/builder/spi-builder-workspace/Sources/SwiftPEG/InternalMacros.swift:10:7: note: 'GeneratedIsCase(accessLevel:)' declared here
8 | /// element declaration.
9 | @attached(peer, names: arbitrary)
10 | macro GeneratedIsCase(accessLevel: String = "") =
| `- note: 'GeneratedIsCase(accessLevel:)' declared here
11 | #externalMacro(module: "SwiftPEGMacros", type: "EnumIsCaseGenerator")
12 |
/Users/admin/builder/spi-builder-workspace/Sources/SwiftPEG/Grammar/CommonAbstract.swift:585:17: error: external macro implementation type 'SwiftPEGMacros.EnumIsCaseGenerator' could not be found for macro 'GeneratedCaseChecks(accessLevel:)'; '/Users/admin/builder/spi-builder-workspace/.derivedData/Build/Products/Debug/SwiftPEGMacros' produced malformed response
583 | /// ```
584 | @GeneratedCaseChecks(accessLevel: "public")
585 | public enum TokenItem: Equatable, CustomStringConvertible {
| `- error: external macro implementation type 'SwiftPEGMacros.EnumIsCaseGenerator' could not be found for macro 'GeneratedCaseChecks(accessLevel:)'; '/Users/admin/builder/spi-builder-workspace/.derivedData/Build/Products/Debug/SwiftPEGMacros' produced malformed response
586 | /// `'(' '|'.tokenSyntaxAtom+ ')' '*'`
587 | case zeroOrMore([TokenAtom])
/Users/admin/builder/spi-builder-workspace/Sources/SwiftPEG/InternalMacros.swift:4:7: note: 'GeneratedCaseChecks(accessLevel:)' declared here
2 | /// case element declarations.
3 | @attached(member, names: arbitrary)
4 | macro GeneratedCaseChecks(accessLevel: String = "") =
| `- note: 'GeneratedCaseChecks(accessLevel:)' declared here
5 | #externalMacro(module: "SwiftPEGMacros", type: "EnumIsCaseGenerator")
6 |
/Users/admin/builder/spi-builder-workspace/Sources/SwiftPEG/Grammar/CommonAbstract.swift:889:17: error: external macro implementation type 'SwiftPEGMacros.EnumIsCaseGenerator' could not be found for macro 'GeneratedCaseChecks(accessLevel:)'; '/Users/admin/builder/spi-builder-workspace/.derivedData/Build/Products/Debug/SwiftPEGMacros' produced malformed response
887 | /// ```
888 | @GeneratedCaseChecks(accessLevel: "public")
889 | public enum TokenExclusion: Hashable, CustomStringConvertible {
| `- error: external macro implementation type 'SwiftPEGMacros.EnumIsCaseGenerator' could not be found for macro 'GeneratedCaseChecks(accessLevel:)'; '/Users/admin/builder/spi-builder-workspace/.derivedData/Build/Products/Debug/SwiftPEGMacros' produced malformed response
890 | case literal(DualString)
891 | case identifier(String)
/Users/admin/builder/spi-builder-workspace/Sources/SwiftPEG/InternalMacros.swift:4:7: note: 'GeneratedCaseChecks(accessLevel:)' declared here
2 | /// case element declarations.
3 | @attached(member, names: arbitrary)
4 | macro GeneratedCaseChecks(accessLevel: String = "") =
| `- note: 'GeneratedCaseChecks(accessLevel:)' declared here
5 | #externalMacro(module: "SwiftPEGMacros", type: "EnumIsCaseGenerator")
6 |
/Users/admin/builder/spi-builder-workspace/Sources/SwiftPEG/Grammar/CommonAbstract.swift:991:14: error: external macro implementation type 'SwiftPEGMacros.EnumAsGetterGenerator' could not be found for macro 'generateGetter(accessLevel:)'; '/Users/admin/builder/spi-builder-workspace/.derivedData/Build/Products/Debug/SwiftPEGMacros' produced malformed response
989 | @GeneratedIsCase(accessLevel: "public")
990 | @generateGetter(accessLevel: "public")
991 | case literal(DualString)
| `- error: external macro implementation type 'SwiftPEGMacros.EnumAsGetterGenerator' could not be found for macro 'generateGetter(accessLevel:)'; '/Users/admin/builder/spi-builder-workspace/.derivedData/Build/Products/Debug/SwiftPEGMacros' produced malformed response
992 |
993 | /// IDENTIFIER
/Users/admin/builder/spi-builder-workspace/Sources/SwiftPEG/InternalMacros.swift:44:7: note: 'generateGetter(accessLevel:)' declared here
42 | /// If attached to an enum case that has no associated values, an error is issued.
43 | @attached(peer, names: arbitrary)
44 | macro generateGetter(accessLevel: String? = nil) =
| `- note: 'generateGetter(accessLevel:)' declared here
45 | #externalMacro(module: "SwiftPEGMacros", type: "EnumAsGetterGenerator")
46 |
/Users/admin/builder/spi-builder-workspace/Sources/SwiftPEG/Grammar/CommonAbstract.swift:991:14: error: external macro implementation type 'SwiftPEGMacros.EnumIsCaseGenerator' could not be found for macro 'GeneratedIsCase(accessLevel:)'; '/Users/admin/builder/spi-builder-workspace/.derivedData/Build/Products/Debug/SwiftPEGMacros' produced malformed response
989 | @GeneratedIsCase(accessLevel: "public")
990 | @generateGetter(accessLevel: "public")
991 | case literal(DualString)
| `- error: external macro implementation type 'SwiftPEGMacros.EnumIsCaseGenerator' could not be found for macro 'GeneratedIsCase(accessLevel:)'; '/Users/admin/builder/spi-builder-workspace/.derivedData/Build/Products/Debug/SwiftPEGMacros' produced malformed response
992 |
993 | /// IDENTIFIER
/Users/admin/builder/spi-builder-workspace/Sources/SwiftPEG/InternalMacros.swift:10:7: note: 'GeneratedIsCase(accessLevel:)' declared here
8 | /// element declaration.
9 | @attached(peer, names: arbitrary)
10 | macro GeneratedIsCase(accessLevel: String = "") =
| `- note: 'GeneratedIsCase(accessLevel:)' declared here
11 | #externalMacro(module: "SwiftPEGMacros", type: "EnumIsCaseGenerator")
12 |
SwiftCompile normal arm64_32 /Users/admin/builder/spi-builder-workspace/Sources/SwiftPEG/InternalMacros.swift (in target 'SwiftPEG' from project 'swift-peg')
cd /Users/admin/builder/spi-builder-workspace/.swiftpm/xcode
builtin-SwiftPerFileCompile InternalMacros.swift
SwiftCompile normal arm64_32 /Users/admin/builder/spi-builder-workspace/Sources/SwiftPEG/Interpreter/GrammarInterpreter.swift (in target 'SwiftPEG' from project 'swift-peg')
cd /Users/admin/builder/spi-builder-workspace/.swiftpm/xcode
builtin-SwiftPerFileCompile GrammarInterpreter.swift
SwiftCompile normal arm64_32 /Users/admin/builder/spi-builder-workspace/Sources/SwiftPEG/Interpreter/InterpreterCache.swift (in target 'SwiftPEG' from project 'swift-peg')
cd /Users/admin/builder/spi-builder-workspace/.swiftpm/xcode
builtin-SwiftPerFileCompile InterpreterCache.swift
SwiftCompile normal arm64_32 /Users/admin/builder/spi-builder-workspace/Sources/SwiftPEG/Interpreter/TokenSyntaxInterpreter+Regex.swift (in target 'SwiftPEG' from project 'swift-peg')
cd /Users/admin/builder/spi-builder-workspace/.swiftpm/xcode
builtin-SwiftPerFileCompile TokenSyntaxInterpreter+Regex.swift
SwiftCompile normal arm64_32 /Users/admin/builder/spi-builder-workspace/Sources/SwiftPEG/Interpreter/TokenSyntaxInterpreter+TokenDelegate.swift (in target 'SwiftPEG' from project 'swift-peg')
cd /Users/admin/builder/spi-builder-workspace/.swiftpm/xcode
builtin-SwiftPerFileCompile TokenSyntaxInterpreter+TokenDelegate.swift
SwiftCompile normal arm64_32 /Users/admin/builder/spi-builder-workspace/Sources/SwiftPEG/Interpreter/TokenSyntaxInterpreter.swift (in target 'SwiftPEG' from project 'swift-peg')
cd /Users/admin/builder/spi-builder-workspace/.swiftpm/xcode
builtin-SwiftPerFileCompile TokenSyntaxInterpreter.swift
SwiftEmitModule normal arm64 Emitting\ module\ for\ SwiftPEG (in target 'SwiftPEG' from project 'swift-peg')
dyld[1937]: Library not loaded: @rpath/libXCTestSwiftSupport.dylib
Referenced from: <6C516792-BD61-34FE-AC83-4AF90222DBEC> /Users/admin/builder/spi-builder-workspace/.derivedData/Build/Products/Debug/SwiftPEGMacros
Reason: tried: '/usr/lib/swift/libXCTestSwiftSupport.dylib' (no such file, not in dyld cache), '/System/Volumes/Preboot/Cryptexes/OS/usr/lib/swift/libXCTestSwiftSupport.dylib' (no such file), '/Users/admin/builder/spi-builder-workspace/.derivedData/Build/Products/Debug/libXCTestSwiftSupport.dylib' (no such file), '/Users/admin/builder/spi-builder-workspace/.derivedData/Build/Products/Debug/PackageFrameworks/libXCTestSwiftSupport.dylib' (no such file), '/System/Volumes/Preboot/Cryptexes/OS/Users/admin/builder/spi-builder-workspace/.derivedData/Build/Products/Debug/PackageFrameworks/libXCTestSwiftSupport.dylib' (no such file), '/usr/lib/swift/libXCTestSwiftSupport.dylib' (no such file, not in dyld cache), '/System/Volumes/Preboot/Cryptexes/OS/usr/lib/swift/libXCTestSwiftSupport.dylib' (no such file), '/Users/admin/builder/spi-builder-workspace/.derivedData/Build/Products/Debug/libXCTestSwiftSupport.dylib' (no such file), '/Users/admin/builder/spi-builder-workspace/.derivedData/Build/Products/Debug/PackageFrameworks/libXCTestSwiftSupport.dylib' (no such file), '/System/Volumes/Preboot/Cryptexes/OS/Users/admin/builder/spi-builder-workspace/.derivedData/Build/Products/Debug/PackageFrameworks/libXCTestSwiftSupport.dylib' (no such file), '/usr/local/lib/libXCTestSwiftSupport.dylib' (no such file), '/usr/lib/libXCTestSwiftSupport.dylib' (no such file, not in dyld cache)
/Users/admin/builder/spi-builder-workspace/Sources/SwiftPEG/Grammar/CommonAbstract.swift:129:26: error: external macro implementation type 'SwiftPEGMacros.EnumIsCaseGenerator' could not be found for macro 'GeneratedCaseChecks(accessLevel:)'; '/Users/admin/builder/spi-builder-workspace/.derivedData/Build/Products/Debug/SwiftPEGMacros' produced malformed response
127 | /// ```
128 | @GeneratedCaseChecks
129 | public indirect enum SwiftType: Hashable, CustomStringConvertible, ExpressibleByStringLiteral {
| `- error: external macro implementation type 'SwiftPEGMacros.EnumIsCaseGenerator' could not be found for macro 'GeneratedCaseChecks(accessLevel:)'; '/Users/admin/builder/spi-builder-workspace/.derivedData/Build/Products/Debug/SwiftPEGMacros' produced malformed response
130 | /// A Swift tuple type
131 | ///
/Users/admin/builder/spi-builder-workspace/Sources/SwiftPEG/InternalMacros.swift:4:7: note: 'GeneratedCaseChecks(accessLevel:)' declared here
2 | /// case element declarations.
3 | @attached(member, names: arbitrary)
4 | macro GeneratedCaseChecks(accessLevel: String = "") =
| `- note: 'GeneratedCaseChecks(accessLevel:)' declared here
5 | #externalMacro(module: "SwiftPEGMacros", type: "EnumIsCaseGenerator")
6 |
/Users/admin/builder/spi-builder-workspace/Sources/SwiftPEG/GrammarProcessor/InternalGrammar.swift:385:17: error: external macro implementation type 'SwiftPEGMacros.EnumIsCaseGenerator' could not be found for macro 'GeneratedCaseChecks(accessLevel:)'; '/Users/admin/builder/spi-builder-workspace/.derivedData/Build/Products/Debug/SwiftPEGMacros' produced malformed response
383 |
384 | @GeneratedCaseChecks
385 | public enum NamedItem: Hashable, CustomStringConvertible {
| `- error: external macro implementation type 'SwiftPEGMacros.EnumIsCaseGenerator' could not be found for macro 'GeneratedCaseChecks(accessLevel:)'; '/Users/admin/builder/spi-builder-workspace/.derivedData/Build/Products/Debug/SwiftPEGMacros' produced malformed response
386 | /// `name=IDENT? item ('[' swiftType ']')?`
387 | case item(name: String? = nil, Item, type: CommonAbstract.SwiftType? = nil)
/Users/admin/builder/spi-builder-workspace/Sources/SwiftPEG/InternalMacros.swift:4:7: note: 'GeneratedCaseChecks(accessLevel:)' declared here
2 | /// case element declarations.
3 | @attached(member, names: arbitrary)
4 | macro GeneratedCaseChecks(accessLevel: String = "") =
| `- note: 'GeneratedCaseChecks(accessLevel:)' declared here
5 | #externalMacro(module: "SwiftPEGMacros", type: "EnumIsCaseGenerator")
6 |
SwiftCompile normal arm64 (in target 'SwiftPEG' from project 'swift-peg')
cd /Users/admin/builder/spi-builder-workspace/.swiftpm/xcode
SwiftCompile normal arm64 Compiling\ InternalMacros.swift,\ GrammarInterpreter.swift,\ InterpreterCache.swift,\ TokenSyntaxInterpreter+Regex.swift,\ TokenSyntaxInterpreter+TokenDelegate.swift,\ TokenSyntaxInterpreter.swift /Users/admin/builder/spi-builder-workspace/Sources/SwiftPEG/InternalMacros.swift /Users/admin/builder/spi-builder-workspace/Sources/SwiftPEG/Interpreter/GrammarInterpreter.swift /Users/admin/builder/spi-builder-workspace/Sources/SwiftPEG/Interpreter/InterpreterCache.swift /Users/admin/builder/spi-builder-workspace/Sources/SwiftPEG/Interpreter/TokenSyntaxInterpreter+Regex.swift /Users/admin/builder/spi-builder-workspace/Sources/SwiftPEG/Interpreter/TokenSyntaxInterpreter+TokenDelegate.swift /Users/admin/builder/spi-builder-workspace/Sources/SwiftPEG/Interpreter/TokenSyntaxInterpreter.swift (in target 'SwiftPEG' from project 'swift-peg')
dyld[1936]: Library not loaded: @rpath/libXCTestSwiftSupport.dylib
Referenced from: <6C516792-BD61-34FE-AC83-4AF90222DBEC> /Users/admin/builder/spi-builder-workspace/.derivedData/Build/Products/Debug/SwiftPEGMacros
Reason: tried: '/usr/lib/swift/libXCTestSwiftSupport.dylib' (no such file, not in dyld cache), '/System/Volumes/Preboot/Cryptexes/OS/usr/lib/swift/libXCTestSwiftSupport.dylib' (no such file), '/Users/admin/builder/spi-builder-workspace/.derivedData/Build/Products/Debug/libXCTestSwiftSupport.dylib' (no such file), '/Users/admin/builder/spi-builder-workspace/.derivedData/Build/Products/Debug/PackageFrameworks/libXCTestSwiftSupport.dylib' (no such file), '/System/Volumes/Preboot/Cryptexes/OS/Users/admin/builder/spi-builder-workspace/.derivedData/Build/Products/Debug/PackageFrameworks/libXCTestSwiftSupport.dylib' (no such file), '/usr/lib/swift/libXCTestSwiftSupport.dylib' (no such file, not in dyld cache), '/System/Volumes/Preboot/Cryptexes/OS/usr/lib/swift/libXCTestSwiftSupport.dylib' (no such file), '/Users/admin/builder/spi-builder-workspace/.derivedData/Build/Products/Debug/libXCTestSwiftSupport.dylib' (no such file), '/Users/admin/builder/spi-builder-workspace/.derivedData/Build/Products/Debug/PackageFrameworks/libXCTestSwiftSupport.dylib' (no such file), '/System/Volumes/Preboot/Cryptexes/OS/Users/admin/builder/spi-builder-workspace/.derivedData/Build/Products/Debug/PackageFrameworks/libXCTestSwiftSupport.dylib' (no such file), '/usr/local/lib/libXCTestSwiftSupport.dylib' (no such file), '/usr/lib/libXCTestSwiftSupport.dylib' (no such file, not in dyld cache)
/Users/admin/builder/spi-builder-workspace/Sources/SwiftPEG/InternalMacros.swift:4:7: warning: external macro implementation type 'SwiftPEGMacros.EnumIsCaseGenerator' could not be found for macro 'GeneratedCaseChecks(accessLevel:)'; '/Users/admin/builder/spi-builder-workspace/.derivedData/Build/Products/Debug/SwiftPEGMacros' produced malformed response
2 | /// case element declarations.
3 | @attached(member, names: arbitrary)
4 | macro GeneratedCaseChecks(accessLevel: String = "") =
| `- warning: external macro implementation type 'SwiftPEGMacros.EnumIsCaseGenerator' could not be found for macro 'GeneratedCaseChecks(accessLevel:)'; '/Users/admin/builder/spi-builder-workspace/.derivedData/Build/Products/Debug/SwiftPEGMacros' produced malformed response
5 | #externalMacro(module: "SwiftPEGMacros", type: "EnumIsCaseGenerator")
6 |
/Users/admin/builder/spi-builder-workspace/Sources/SwiftPEG/InternalMacros.swift:10:7: warning: external macro implementation type 'SwiftPEGMacros.EnumIsCaseGenerator' could not be found for macro 'GeneratedIsCase(accessLevel:)'; '/Users/admin/builder/spi-builder-workspace/.derivedData/Build/Products/Debug/SwiftPEGMacros' produced malformed response
8 | /// element declaration.
9 | @attached(peer, names: arbitrary)
10 | macro GeneratedIsCase(accessLevel: String = "") =
| `- warning: external macro implementation type 'SwiftPEGMacros.EnumIsCaseGenerator' could not be found for macro 'GeneratedIsCase(accessLevel:)'; '/Users/admin/builder/spi-builder-workspace/.derivedData/Build/Products/Debug/SwiftPEGMacros' produced malformed response
11 | #externalMacro(module: "SwiftPEGMacros", type: "EnumIsCaseGenerator")
12 |
/Users/admin/builder/spi-builder-workspace/Sources/SwiftPEG/InternalMacros.swift:27:7: warning: external macro implementation type 'SwiftPEGMacros.EnumAsGetterGenerator' could not be found for macro 'generateGetters(accessLevel:)'; '/Users/admin/builder/spi-builder-workspace/.derivedData/Build/Products/Debug/SwiftPEGMacros' produced malformed response
25 | /// If no case of the enumeration has an associated value, a warning is issued.
26 | @attached(member, names: arbitrary)
27 | macro generateGetters(accessLevel: String? = nil) =
| `- warning: external macro implementation type 'SwiftPEGMacros.EnumAsGetterGenerator' could not be found for macro 'generateGetters(accessLevel:)'; '/Users/admin/builder/spi-builder-workspace/.derivedData/Build/Products/Debug/SwiftPEGMacros' produced malformed response
28 | #externalMacro(module: "SwiftPEGMacros", type: "EnumAsGetterGenerator")
29 |
/Users/admin/builder/spi-builder-workspace/Sources/SwiftPEG/InternalMacros.swift:44:7: warning: external macro implementation type 'SwiftPEGMacros.EnumAsGetterGenerator' could not be found for macro 'generateGetter(accessLevel:)'; '/Users/admin/builder/spi-builder-workspace/.derivedData/Build/Products/Debug/SwiftPEGMacros' produced malformed response
42 | /// If attached to an enum case that has no associated values, an error is issued.
43 | @attached(peer, names: arbitrary)
44 | macro generateGetter(accessLevel: String? = nil) =
| `- warning: external macro implementation type 'SwiftPEGMacros.EnumAsGetterGenerator' could not be found for macro 'generateGetter(accessLevel:)'; '/Users/admin/builder/spi-builder-workspace/.derivedData/Build/Products/Debug/SwiftPEGMacros' produced malformed response
45 | #externalMacro(module: "SwiftPEGMacros", type: "EnumAsGetterGenerator")
46 |
/Users/admin/builder/spi-builder-workspace/Sources/SwiftPEG/GrammarProcessor/InternalGrammar.swift:385:17: error: external macro implementation type 'SwiftPEGMacros.EnumIsCaseGenerator' could not be found for macro 'GeneratedCaseChecks(accessLevel:)'; '/Users/admin/builder/spi-builder-workspace/.derivedData/Build/Products/Debug/SwiftPEGMacros' produced malformed response
383 |
384 | @GeneratedCaseChecks
385 | public enum NamedItem: Hashable, CustomStringConvertible {
| `- error: external macro implementation type 'SwiftPEGMacros.EnumIsCaseGenerator' could not be found for macro 'GeneratedCaseChecks(accessLevel:)'; '/Users/admin/builder/spi-builder-workspace/.derivedData/Build/Products/Debug/SwiftPEGMacros' produced malformed response
386 | /// `name=IDENT? item ('[' swiftType ']')?`
387 | case item(name: String? = nil, Item, type: CommonAbstract.SwiftType? = nil)
/Users/admin/builder/spi-builder-workspace/Sources/SwiftPEG/InternalMacros.swift:4:7: note: 'GeneratedCaseChecks(accessLevel:)' declared here
2 | /// case element declarations.
3 | @attached(member, names: arbitrary)
4 | macro GeneratedCaseChecks(accessLevel: String = "") =
| `- note: 'GeneratedCaseChecks(accessLevel:)' declared here
5 | #externalMacro(module: "SwiftPEGMacros", type: "EnumIsCaseGenerator")
6 |
/Users/admin/builder/spi-builder-workspace/Sources/SwiftPEG/GrammarProcessor/InternalGrammar.swift:517:17: error: external macro implementation type 'SwiftPEGMacros.EnumIsCaseGenerator' could not be found for macro 'GeneratedCaseChecks(accessLevel:)'; '/Users/admin/builder/spi-builder-workspace/.derivedData/Build/Products/Debug/SwiftPEGMacros' produced malformed response
515 |
516 | @GeneratedCaseChecks
517 | public enum Item: Hashable, CustomStringConvertible {
| `- error: external macro implementation type 'SwiftPEGMacros.EnumIsCaseGenerator' could not be found for macro 'GeneratedCaseChecks(accessLevel:)'; '/Users/admin/builder/spi-builder-workspace/.derivedData/Build/Products/Debug/SwiftPEGMacros' produced malformed response
518 | /// `'[' alts ']'`
519 | case optionalItems([Alt])
/Users/admin/builder/spi-builder-workspace/Sources/SwiftPEG/InternalMacros.swift:4:7: note: 'GeneratedCaseChecks(accessLevel:)' declared here
2 | /// case element declarations.
3 | @attached(member, names: arbitrary)
4 | macro GeneratedCaseChecks(accessLevel: String = "") =
| `- note: 'GeneratedCaseChecks(accessLevel:)' declared here
5 | #externalMacro(module: "SwiftPEGMacros", type: "EnumIsCaseGenerator")
6 |
SwiftCompile normal arm64 /Users/admin/builder/spi-builder-workspace/Sources/SwiftPEG/InternalMacros.swift (in target 'SwiftPEG' from project 'swift-peg')
cd /Users/admin/builder/spi-builder-workspace/.swiftpm/xcode
builtin-SwiftPerFileCompile InternalMacros.swift
SwiftCompile normal arm64 /Users/admin/builder/spi-builder-workspace/Sources/SwiftPEG/Interpreter/GrammarInterpreter.swift (in target 'SwiftPEG' from project 'swift-peg')
cd /Users/admin/builder/spi-builder-workspace/.swiftpm/xcode
builtin-SwiftPerFileCompile GrammarInterpreter.swift
SwiftCompile normal arm64 /Users/admin/builder/spi-builder-workspace/Sources/SwiftPEG/Interpreter/InterpreterCache.swift (in target 'SwiftPEG' from project 'swift-peg')
cd /Users/admin/builder/spi-builder-workspace/.swiftpm/xcode
builtin-SwiftPerFileCompile InterpreterCache.swift
SwiftCompile normal arm64 /Users/admin/builder/spi-builder-workspace/Sources/SwiftPEG/Interpreter/TokenSyntaxInterpreter+Regex.swift (in target 'SwiftPEG' from project 'swift-peg')
cd /Users/admin/builder/spi-builder-workspace/.swiftpm/xcode
builtin-SwiftPerFileCompile TokenSyntaxInterpreter+Regex.swift
SwiftCompile normal arm64 /Users/admin/builder/spi-builder-workspace/Sources/SwiftPEG/Interpreter/TokenSyntaxInterpreter+TokenDelegate.swift (in target 'SwiftPEG' from project 'swift-peg')
cd /Users/admin/builder/spi-builder-workspace/.swiftpm/xcode
builtin-SwiftPerFileCompile TokenSyntaxInterpreter+TokenDelegate.swift
SwiftCompile normal arm64 /Users/admin/builder/spi-builder-workspace/Sources/SwiftPEG/Interpreter/TokenSyntaxInterpreter.swift (in target 'SwiftPEG' from project 'swift-peg')
cd /Users/admin/builder/spi-builder-workspace/.swiftpm/xcode
builtin-SwiftPerFileCompile TokenSyntaxInterpreter.swift
SwiftCompile normal arm64 Compiling\ resource_bundle_accessor.swift,\ BindingEngine.swift,\ CodeStringBuffer.swift,\ DeclarationsContext.swift,\ SwiftASTEmitter+Expression.swift,\ SwiftASTEmitter+Statement.swift,\ SwiftASTEmitter+SwiftType.swift /Users/admin/builder/spi-builder-workspace/.derivedData/Build/Intermediates.noindex/swift-peg.build/Debug-watchos/SwiftPEG-t.build/DerivedSources/resource_bundle_accessor.swift /Users/admin/builder/spi-builder-workspace/Sources/SwiftPEG/BindingEngine.swift /Users/admin/builder/spi-builder-workspace/Sources/SwiftPEG/CodeGen+Swift/CodeStringBuffer.swift /Users/admin/builder/spi-builder-workspace/Sources/SwiftPEG/CodeGen+Swift/DeclarationsContext.swift /Users/admin/builder/spi-builder-workspace/Sources/SwiftPEG/CodeGen+Swift/SwiftASTEmitter+Expression.swift /Users/admin/builder/spi-builder-workspace/Sources/SwiftPEG/CodeGen+Swift/SwiftASTEmitter+Statement.swift /Users/admin/builder/spi-builder-workspace/Sources/SwiftPEG/CodeGen+Swift/SwiftASTEmitter+SwiftType.swift (in target 'SwiftPEG' from project 'swift-peg')
SwiftCompile normal arm64 /Users/admin/builder/spi-builder-workspace/.derivedData/Build/Intermediates.noindex/swift-peg.build/Debug-watchos/SwiftPEG-t.build/DerivedSources/resource_bundle_accessor.swift (in target 'SwiftPEG' from project 'swift-peg')
cd /Users/admin/builder/spi-builder-workspace/.swiftpm/xcode
builtin-SwiftPerFileCompile resource_bundle_accessor.swift
SwiftCompile normal arm64 /Users/admin/builder/spi-builder-workspace/Sources/SwiftPEG/BindingEngine.swift (in target 'SwiftPEG' from project 'swift-peg')
cd /Users/admin/builder/spi-builder-workspace/.swiftpm/xcode
builtin-SwiftPerFileCompile BindingEngine.swift
SwiftCompile normal arm64 /Users/admin/builder/spi-builder-workspace/Sources/SwiftPEG/CodeGen+Swift/CodeStringBuffer.swift (in target 'SwiftPEG' from project 'swift-peg')
cd /Users/admin/builder/spi-builder-workspace/.swiftpm/xcode
builtin-SwiftPerFileCompile CodeStringBuffer.swift
SwiftCompile normal arm64 /Users/admin/builder/spi-builder-workspace/Sources/SwiftPEG/CodeGen+Swift/DeclarationsContext.swift (in target 'SwiftPEG' from project 'swift-peg')
cd /Users/admin/builder/spi-builder-workspace/.swiftpm/xcode
builtin-SwiftPerFileCompile DeclarationsContext.swift
SwiftCompile normal arm64 /Users/admin/builder/spi-builder-workspace/Sources/SwiftPEG/CodeGen+Swift/SwiftASTEmitter+Expression.swift (in target 'SwiftPEG' from project 'swift-peg')
cd /Users/admin/builder/spi-builder-workspace/.swiftpm/xcode
builtin-SwiftPerFileCompile SwiftASTEmitter+Expression.swift
SwiftCompile normal arm64 /Users/admin/builder/spi-builder-workspace/Sources/SwiftPEG/CodeGen+Swift/SwiftASTEmitter+Statement.swift (in target 'SwiftPEG' from project 'swift-peg')
cd /Users/admin/builder/spi-builder-workspace/.swiftpm/xcode
builtin-SwiftPerFileCompile SwiftASTEmitter+Statement.swift
SwiftCompile normal arm64 /Users/admin/builder/spi-builder-workspace/Sources/SwiftPEG/CodeGen+Swift/SwiftASTEmitter+SwiftType.swift (in target 'SwiftPEG' from project 'swift-peg')
cd /Users/admin/builder/spi-builder-workspace/.swiftpm/xcode
builtin-SwiftPerFileCompile SwiftASTEmitter+SwiftType.swift
PruneExplicitPrecompiledModules /Users/admin/builder/spi-builder-workspace/.derivedData/SDKExplicitPrecompiledModules
PruneExplicitPrecompiledModules /Users/admin/builder/spi-builder-workspace/.derivedData/Build/Intermediates.noindex/ExplicitPrecompiledModules
PruneExplicitPrecompiledModules /Users/admin/builder/spi-builder-workspace/.derivedData/Build/Intermediates.noindex/SwiftExplicitPrecompiledModules
2026-09-21 14:10:14.828 xcodebuild[1911:10785] [MT] IDERunDestination: Supported platforms for the buildables in the current scheme is empty.
** BUILD FAILED **
The following build commands failed:
SwiftCompile normal arm64_32 Compiling\ Macros.swift,\ MetaPropertyManager.swift,\ PEGParser+Tuple.swift,\ PEGParser.swift,\ ParserCache.swift,\ RawTokenType.swift /Users/admin/builder/spi-builder-workspace/Sources/SwiftPEG/Macros.swift /Users/admin/builder/spi-builder-workspace/Sources/SwiftPEG/MetaPropertyManager.swift /Users/admin/builder/spi-builder-workspace/Sources/SwiftPEG/PEGParser+Tuple.swift /Users/admin/builder/spi-builder-workspace/Sources/SwiftPEG/PEGParser.swift /Users/admin/builder/spi-builder-workspace/Sources/SwiftPEG/ParserCache.swift /Users/admin/builder/spi-builder-workspace/Sources/SwiftPEG/RawTokenType.swift (in target 'SwiftPEG' from project 'swift-peg')
SwiftCompile normal arm64_32 /Users/admin/builder/spi-builder-workspace/Sources/SwiftPEG/MetaPropertyManager.swift (in target 'SwiftPEG' from project 'swift-peg')
Building workspace swift-peg with scheme swift-peg-Package
(3 failures)
BUILD FAILURE 6.4 watchOS