The Swift Package Index logo.Swift Package Index

Build Information

Failed to build GraphiteClient, reference 0.1.1 (2333d2), with Swift 6.4 for watchOS using Xcode 27.0 on 17 Sep 2026 08:53:37 UTC.

Build Command

env DEVELOPER_DIR=/Applications/Xcode-27.0.0-Release.Candidate.app xcrun xcodebuild -IDEClonedSourcePackagesDirPathOverride=$PWD/.dependencies -skipMacroValidation -skipPackagePluginValidation -derivedDataPath $PWD/.derivedData build -scheme GraphiteClient-Package -destination generic/platform=watchOS

Build Log

========================================
RunAll
========================================
Builder version: 5.1.0
Interrupt handler set up.
========================================
Checkout
========================================
Clone URL: https://github.com/avito-tech/GraphiteClient.git
Reference: 0.1.1
Initialized empty Git repository in /Users/admin/builder/spi-builder-workspace/.git/
From https://github.com/avito-tech/GraphiteClient
 * tag               0.1.1      -> FETCH_HEAD
HEAD is now at 2333d2c Merge pull request #1 in MA/graphite-client from exclusive-access-return-work-result to master
Cloned https://github.com/avito-tech/GraphiteClient.git
Revision (git rev-parse @):
2333d2c4a73c19db636939033cbe2b5ba3fc9f8c
SUCCESS checkout https://github.com/avito-tech/GraphiteClient.git at 0.1.1
========================================
Build
========================================
Selected platform:         watchOS
Swift version:             6.4
Building package at path:  $PWD
https://github.com/avito-tech/GraphiteClient.git
Command line invocation:
    /Applications/Xcode-27.0.0-Release.Candidate.app/Contents/Developer/usr/bin/xcodebuild -IDEClonedSourcePackagesDirPathOverride=/Users/admin/builder/spi-builder-workspace/.dependencies -resolvePackageDependencies
Resolve Package Graph
Resolve Package Graph
Resolved source packages:
  GraphiteClient: /Users/admin/builder/spi-builder-workspace
resolved source packages: GraphiteClient
2026-09-17 04:52:46.536 xcodebuild[529:3007] [MT] IDERunDestination: Supported platforms for the buildables in the current scheme is empty.
{
  "dependencies" : [
  ],
  "manifest_display_name" : "GraphiteClient",
  "name" : "GraphiteClient",
  "path" : "/Users/admin/builder/spi-builder-workspace",
  "platforms" : [
  ],
  "products" : [
    {
      "name" : "AtomicModels",
      "targets" : [
        "AtomicModels"
      ],
      "type" : {
        "library" : [
          "automatic"
        ]
      }
    },
    {
      "name" : "GraphiteClient",
      "targets" : [
        "GraphiteClient"
      ],
      "type" : {
        "library" : [
          "automatic"
        ]
      }
    },
    {
      "name" : "IO",
      "targets" : [
        "IO"
      ],
      "type" : {
        "library" : [
          "automatic"
        ]
      }
    }
  ],
  "swift_languages_versions" : [
    "4.2"
  ],
  "targets" : [
    {
      "c99name" : "IOTests",
      "module_type" : "SwiftTarget",
      "name" : "IOTests",
      "path" : "Tests/IOTests",
      "sources" : [
        "BoundStreamsOutputStreamProvider.swift",
        "EasyOutputStreamTests.swift",
        "FakeBufferedOutputStreamProvider.swift",
        "FakeInMemoryOutputStreamProvider.swift"
      ],
      "target_dependencies" : [
        "IO"
      ],
      "type" : "test"
    },
    {
      "c99name" : "IO",
      "module_type" : "SwiftTarget",
      "name" : "IO",
      "path" : "Sources/IO",
      "product_memberships" : [
        "GraphiteClient",
        "IO"
      ],
      "sources" : [
        "EasyOutputStream.swift",
        "EasyOutputStreamError.swift",
        "NetworkSocketOutputStreamProvider.swift",
        "OutputStreamProvider.swift"
      ],
      "target_dependencies" : [
        "AtomicModels"
      ],
      "type" : "library"
    },
    {
      "c99name" : "GraphiteClientTests",
      "module_type" : "SwiftTarget",
      "name" : "GraphiteClientTests",
      "path" : "Tests/GraphiteClientTests",
      "sources" : [
        "GraphiteClientTests.swift",
        "GraphiteMetricTests.swift"
      ],
      "target_dependencies" : [
        "GraphiteClient"
      ],
      "type" : "test"
    },
    {
      "c99name" : "GraphiteClient",
      "module_type" : "SwiftTarget",
      "name" : "GraphiteClient",
      "path" : "Sources/GraphiteClient",
      "product_memberships" : [
        "GraphiteClient"
      ],
      "sources" : [
        "GraphiteClient.swift",
        "GraphiteClientError.swift",
        "GraphiteMetric.swift"
      ],
      "target_dependencies" : [
        "IO"
      ],
      "type" : "library"
    },
    {
      "c99name" : "AtomicModels",
      "module_type" : "SwiftTarget",
      "name" : "AtomicModels",
      "path" : "Sources/AtomicModels",
      "product_memberships" : [
        "AtomicModels",
        "GraphiteClient",
        "IO"
      ],
      "sources" : [
        "AtomicCollection.swift",
        "AtomicValue.swift",
        "ConditionLock.swift"
      ],
      "type" : "library"
    }
  ],
  "tools_version" : "4.2"
}
{
  "workspace" : {
    "name" : "GraphiteClient",
    "schemes" : [
      "AtomicModels",
      "GraphiteClient",
      "GraphiteClient-Package",
      "IO"
    ]
  }
}
2026-09-17 04:53:27.947 xcodebuild[648:4120] [MT] IDERunDestination: Supported platforms for the buildables in the current scheme is empty.
Running build ...
env DEVELOPER_DIR=/Applications/Xcode-27.0.0-Release.Candidate.app xcrun xcodebuild -IDEClonedSourcePackagesDirPathOverride=$PWD/.dependencies -skipMacroValidation -skipPackagePluginValidation -derivedDataPath $PWD/.derivedData build -scheme GraphiteClient-Package -destination generic/platform=watchOS
Command line invocation:
    /Applications/Xcode-27.0.0-Release.Candidate.app/Contents/Developer/usr/bin/xcodebuild -IDEClonedSourcePackagesDirPathOverride=/Users/admin/builder/spi-builder-workspace/.dependencies -skipMacroValidation -skipPackagePluginValidation -derivedDataPath /Users/admin/builder/spi-builder-workspace/.derivedData build -scheme GraphiteClient-Package -destination generic/platform=watchOS
Resolve Package Graph
Resolved source packages:
  GraphiteClient: /Users/admin/builder/spi-builder-workspace
ComputePackagePrebuildTargetDependencyGraph
Prepare packages
CreateBuildRequest
SendProjectDescription
CreateBuildOperation
ComputeTargetDependencyGraph
note: Building targets in dependency order
note: Target dependency graph (6 targets)
    Target 'IO-product' in project 'GraphiteClient'
        ➜ Explicit dependency on target 'IO' in project 'GraphiteClient'
        ➜ Explicit dependency on target 'AtomicModels' in project 'GraphiteClient'
    Target 'GraphiteClient-product' in project 'GraphiteClient'
        ➜ Explicit dependency on target 'GraphiteClient' in project 'GraphiteClient'
        ➜ Explicit dependency on target 'AtomicModels' in project 'GraphiteClient'
        ➜ Explicit dependency on target 'IO' in project 'GraphiteClient'
    Target 'GraphiteClient' in project 'GraphiteClient'
        ➜ Explicit dependency on target 'AtomicModels' in project 'GraphiteClient'
        ➜ Explicit dependency on target 'IO' in project 'GraphiteClient'
    Target 'IO' in project 'GraphiteClient'
        ➜ Explicit dependency on target 'AtomicModels' in project 'GraphiteClient'
    Target 'AtomicModels-product' in project 'GraphiteClient'
        ➜ Explicit dependency on target 'AtomicModels' in project 'GraphiteClient'
    Target 'AtomicModels' in project 'GraphiteClient' (no dependencies)
GatherProvisioningInputs
CreateBuildDescription
ExecuteExternalTool /Applications/Xcode-27.0.0-Release.Candidate.app/Contents/Developer/Toolchains/XcodeDefault.xctoolchain/usr/bin/swiftc --version
ExecuteExternalTool /Applications/Xcode-27.0.0-Release.Candidate.app/Contents/Developer/Toolchains/XcodeDefault.xctoolchain/usr/bin/clang -v -E -dM -isysroot /Applications/Xcode-27.0.0-Release.Candidate.app/Contents/Developer/Platforms/WatchOS.platform/Developer/SDKs/WatchOS27.0.sdk -x c -c /dev/null
ExecuteExternalTool /Applications/Xcode-27.0.0-Release.Candidate.app/Contents/Developer/Toolchains/XcodeDefault.xctoolchain/usr/bin/ld -version_details
Build description signature: 5fa069d00f6eb38a414af8f1a0248383
Build description path: /Users/admin/builder/spi-builder-workspace/.derivedData/Build/Intermediates.noindex/XCBuildData/5fa069d00f6eb38a414af8f1a0248383.xcbuilddata
CreateBuildDirectory /Users/admin/builder/spi-builder-workspace/.derivedData/SDKExplicitPrecompiledModules
    cd /Users/admin/builder/spi-builder-workspace/.swiftpm/xcode
    builtin-create-build-directory /Users/admin/builder/spi-builder-workspace/.derivedData/SDKExplicitPrecompiledModules
CreateBuildDirectory /Users/admin/builder/spi-builder-workspace/.derivedData/CompilationCache.noindex
    cd /Users/admin/builder/spi-builder-workspace/.swiftpm/xcode
    builtin-create-build-directory /Users/admin/builder/spi-builder-workspace/.derivedData/CompilationCache.noindex
CreateBuildDirectory /Users/admin/builder/spi-builder-workspace/.derivedData/ModuleCache.noindex
    cd /Users/admin/builder/spi-builder-workspace/.swiftpm/xcode
    builtin-create-build-directory /Users/admin/builder/spi-builder-workspace/.derivedData/ModuleCache.noindex
CreateBuildDirectory /Users/admin/builder/spi-builder-workspace/.derivedData/Build/Products
    cd /Users/admin/builder/spi-builder-workspace/.swiftpm/xcode
    builtin-create-build-directory /Users/admin/builder/spi-builder-workspace/.derivedData/Build/Products
CreateBuildDirectory /Users/admin/builder/spi-builder-workspace/.derivedData/Build/Intermediates.noindex
    cd /Users/admin/builder/spi-builder-workspace/.swiftpm/xcode
    builtin-create-build-directory /Users/admin/builder/spi-builder-workspace/.derivedData/Build/Intermediates.noindex
ClangStatCache /Applications/Xcode-27.0.0-Release.Candidate.app/Contents/Developer/Toolchains/XcodeDefault.xctoolchain/usr/bin/clang-stat-cache /Applications/Xcode-27.0.0-Release.Candidate.app/Contents/Developer/Platforms/WatchOS.platform/Developer/SDKs/WatchOS27.0.sdk /Users/admin/builder/spi-builder-workspace/.derivedData/SDKStatCaches.noindex/watchos27.0-24R360-e829b21a6f8c9b70876ba0858053c04477534ef55a1706bf4c1112bbb242f0a2.sdkstatcache
    cd /Users/admin/builder/spi-builder-workspace/.swiftpm/xcode
    /Applications/Xcode-27.0.0-Release.Candidate.app/Contents/Developer/Toolchains/XcodeDefault.xctoolchain/usr/bin/clang-stat-cache /Applications/Xcode-27.0.0-Release.Candidate.app/Contents/Developer/Platforms/WatchOS.platform/Developer/SDKs/WatchOS27.0.sdk -o /Users/admin/builder/spi-builder-workspace/.derivedData/SDKStatCaches.noindex/watchos27.0-24R360-e829b21a6f8c9b70876ba0858053c04477534ef55a1706bf4c1112bbb242f0a2.sdkstatcache
CreateBuildDirectory /Users/admin/builder/spi-builder-workspace/.derivedData/Build/Intermediates.noindex/SwiftExplicitPrecompiledModules
    cd /Users/admin/builder/spi-builder-workspace/.swiftpm/xcode
    builtin-create-build-directory /Users/admin/builder/spi-builder-workspace/.derivedData/Build/Intermediates.noindex/SwiftExplicitPrecompiledModules
CreateBuildDirectory /Users/admin/builder/spi-builder-workspace/.derivedData/Build/Intermediates.noindex/PrecompiledHeaders
    cd /Users/admin/builder/spi-builder-workspace/.swiftpm/xcode
    builtin-create-build-directory /Users/admin/builder/spi-builder-workspace/.derivedData/Build/Intermediates.noindex/PrecompiledHeaders
CreateBuildDirectory /Users/admin/builder/spi-builder-workspace/.derivedData/Build/Intermediates.noindex/ExplicitPrecompiledModules
    cd /Users/admin/builder/spi-builder-workspace/.swiftpm/xcode
    builtin-create-build-directory /Users/admin/builder/spi-builder-workspace/.derivedData/Build/Intermediates.noindex/ExplicitPrecompiledModules
CreateBuildDirectory /Users/admin/builder/spi-builder-workspace/.derivedData/Build/Products/Debug-watchos
    cd /Users/admin/builder/spi-builder-workspace/.swiftpm/xcode
    builtin-create-build-directory /Users/admin/builder/spi-builder-workspace/.derivedData/Build/Products/Debug-watchos
CreateBuildDirectory /Users/admin/builder/spi-builder-workspace/.derivedData/Build/Intermediates.noindex/EagerLinkingTBDs/Debug-watchos
    cd /Users/admin/builder/spi-builder-workspace/.swiftpm/xcode
    builtin-create-build-directory /Users/admin/builder/spi-builder-workspace/.derivedData/Build/Intermediates.noindex/EagerLinkingTBDs/Debug-watchos
CreateBuildDirectory /Users/admin/builder/spi-builder-workspace/.derivedData/Build/Products/Debug-watchos/PackageFrameworks
    cd /Users/admin/builder/spi-builder-workspace/.swiftpm/xcode
    builtin-create-build-directory /Users/admin/builder/spi-builder-workspace/.derivedData/Build/Products/Debug-watchos/PackageFrameworks
WriteAuxiliaryFile /Users/admin/builder/spi-builder-workspace/.derivedData/Build/Intermediates.noindex/GraphiteClient.build/Debug-watchos/IO-t.build/Objects-normal/arm64_32/IO.SwiftConstValuesFileList (in target 'IO' from project 'GraphiteClient')
    cd /Users/admin/builder/spi-builder-workspace
    write-file /Users/admin/builder/spi-builder-workspace/.derivedData/Build/Intermediates.noindex/GraphiteClient.build/Debug-watchos/IO-t.build/Objects-normal/arm64_32/IO.SwiftConstValuesFileList
WriteAuxiliaryFile /Users/admin/builder/spi-builder-workspace/.derivedData/Build/Intermediates.noindex/GraphiteClient.build/Debug-watchos/IO-t.build/Objects-normal/arm64_32/IO.LinkFileList (in target 'IO' from project 'GraphiteClient')
    cd /Users/admin/builder/spi-builder-workspace
    write-file /Users/admin/builder/spi-builder-workspace/.derivedData/Build/Intermediates.noindex/GraphiteClient.build/Debug-watchos/IO-t.build/Objects-normal/arm64_32/IO.LinkFileList
WriteAuxiliaryFile /Users/admin/builder/spi-builder-workspace/.derivedData/Build/Intermediates.noindex/GraphiteClient.build/Debug-watchos/IO-t.build/Objects-normal/arm64_32/IO-OutputFileMap.json (in target 'IO' from project 'GraphiteClient')
    cd /Users/admin/builder/spi-builder-workspace
    write-file /Users/admin/builder/spi-builder-workspace/.derivedData/Build/Intermediates.noindex/GraphiteClient.build/Debug-watchos/IO-t.build/Objects-normal/arm64_32/IO-OutputFileMap.json
WriteAuxiliaryFile /Users/admin/builder/spi-builder-workspace/.derivedData/Build/Intermediates.noindex/GraphiteClient.build/Debug-watchos/IO-t.build/Objects-normal/arm64_32/IO_const_extract_protocols.json (in target 'IO' from project 'GraphiteClient')
    cd /Users/admin/builder/spi-builder-workspace
    write-file /Users/admin/builder/spi-builder-workspace/.derivedData/Build/Intermediates.noindex/GraphiteClient.build/Debug-watchos/IO-t.build/Objects-normal/arm64_32/IO_const_extract_protocols.json
WriteAuxiliaryFile /Users/admin/builder/spi-builder-workspace/.derivedData/Build/Intermediates.noindex/GraphiteClient.build/Debug-watchos/IO-t.build/Objects-normal/arm64/IO_const_extract_protocols.json (in target 'IO' from project 'GraphiteClient')
    cd /Users/admin/builder/spi-builder-workspace
    write-file /Users/admin/builder/spi-builder-workspace/.derivedData/Build/Intermediates.noindex/GraphiteClient.build/Debug-watchos/IO-t.build/Objects-normal/arm64/IO_const_extract_protocols.json
WriteAuxiliaryFile /Users/admin/builder/spi-builder-workspace/.derivedData/Build/Intermediates.noindex/GraphiteClient.build/Debug-watchos/IO-t.build/Objects-normal/arm64/IO.SwiftFileList (in target 'IO' from project 'GraphiteClient')
    cd /Users/admin/builder/spi-builder-workspace
    write-file /Users/admin/builder/spi-builder-workspace/.derivedData/Build/Intermediates.noindex/GraphiteClient.build/Debug-watchos/IO-t.build/Objects-normal/arm64/IO.SwiftFileList
WriteAuxiliaryFile /Users/admin/builder/spi-builder-workspace/.derivedData/Build/Intermediates.noindex/GraphiteClient.build/Debug-watchos/IO-t.build/Objects-normal/arm64/IO.SwiftConstValuesFileList (in target 'IO' from project 'GraphiteClient')
    cd /Users/admin/builder/spi-builder-workspace
    write-file /Users/admin/builder/spi-builder-workspace/.derivedData/Build/Intermediates.noindex/GraphiteClient.build/Debug-watchos/IO-t.build/Objects-normal/arm64/IO.SwiftConstValuesFileList
WriteAuxiliaryFile /Users/admin/builder/spi-builder-workspace/.derivedData/Build/Intermediates.noindex/GraphiteClient.build/Debug-watchos/IO-t.build/Objects-normal/arm64_32/IO.SwiftFileList (in target 'IO' from project 'GraphiteClient')
    cd /Users/admin/builder/spi-builder-workspace
    write-file /Users/admin/builder/spi-builder-workspace/.derivedData/Build/Intermediates.noindex/GraphiteClient.build/Debug-watchos/IO-t.build/Objects-normal/arm64_32/IO.SwiftFileList
WriteAuxiliaryFile /Users/admin/builder/spi-builder-workspace/.derivedData/Build/Intermediates.noindex/GraphiteClient.build/Debug-watchos/IO-t.build/Objects-normal/arm64/IO-OutputFileMap.json (in target 'IO' from project 'GraphiteClient')
    cd /Users/admin/builder/spi-builder-workspace
    write-file /Users/admin/builder/spi-builder-workspace/.derivedData/Build/Intermediates.noindex/GraphiteClient.build/Debug-watchos/IO-t.build/Objects-normal/arm64/IO-OutputFileMap.json
WriteAuxiliaryFile /Users/admin/builder/spi-builder-workspace/.derivedData/Build/Intermediates.noindex/GraphiteClient.build/Debug-watchos/IO-t.build/Objects-normal/arm64/IO.LinkFileList (in target 'IO' from project 'GraphiteClient')
    cd /Users/admin/builder/spi-builder-workspace
    write-file /Users/admin/builder/spi-builder-workspace/.derivedData/Build/Intermediates.noindex/GraphiteClient.build/Debug-watchos/IO-t.build/Objects-normal/arm64/IO.LinkFileList
WriteAuxiliaryFile /Users/admin/builder/spi-builder-workspace/.derivedData/Build/Intermediates.noindex/GraphiteClient.build/Debug-watchos/IO-t.build/IO.modulemap (in target 'IO' from project 'GraphiteClient')
    cd /Users/admin/builder/spi-builder-workspace
    write-file /Users/admin/builder/spi-builder-workspace/.derivedData/Build/Intermediates.noindex/GraphiteClient.build/Debug-watchos/IO-t.build/IO.modulemap
WriteAuxiliaryFile /Users/admin/builder/spi-builder-workspace/.derivedData/Build/Intermediates.noindex/GraphiteClient.build/Debug-watchos/IO-t.build/IO.DependencyStaticMetadataFileList (in target 'IO' from project 'GraphiteClient')
    cd /Users/admin/builder/spi-builder-workspace
    write-file /Users/admin/builder/spi-builder-workspace/.derivedData/Build/Intermediates.noindex/GraphiteClient.build/Debug-watchos/IO-t.build/IO.DependencyStaticMetadataFileList
WriteAuxiliaryFile /Users/admin/builder/spi-builder-workspace/.derivedData/Build/Intermediates.noindex/GraphiteClient.build/Debug-watchos/IO-t.build/IO.DependencyMetadataFileList (in target 'IO' from project 'GraphiteClient')
    cd /Users/admin/builder/spi-builder-workspace
    write-file /Users/admin/builder/spi-builder-workspace/.derivedData/Build/Intermediates.noindex/GraphiteClient.build/Debug-watchos/IO-t.build/IO.DependencyMetadataFileList
WriteAuxiliaryFile /Users/admin/builder/spi-builder-workspace/.derivedData/Build/Intermediates.noindex/GraphiteClient.build/Debug-watchos/GraphiteClient-t.build/Objects-normal/arm64_32/GraphiteClient.SwiftConstValuesFileList (in target 'GraphiteClient' from project 'GraphiteClient')
    cd /Users/admin/builder/spi-builder-workspace
    write-file /Users/admin/builder/spi-builder-workspace/.derivedData/Build/Intermediates.noindex/GraphiteClient.build/Debug-watchos/GraphiteClient-t.build/Objects-normal/arm64_32/GraphiteClient.SwiftConstValuesFileList
WriteAuxiliaryFile /Users/admin/builder/spi-builder-workspace/.derivedData/Build/Intermediates.noindex/GraphiteClient.build/Debug-watchos/GraphiteClient-t.build/Objects-normal/arm64_32/GraphiteClient.LinkFileList (in target 'GraphiteClient' from project 'GraphiteClient')
    cd /Users/admin/builder/spi-builder-workspace
    write-file /Users/admin/builder/spi-builder-workspace/.derivedData/Build/Intermediates.noindex/GraphiteClient.build/Debug-watchos/GraphiteClient-t.build/Objects-normal/arm64_32/GraphiteClient.LinkFileList
WriteAuxiliaryFile /Users/admin/builder/spi-builder-workspace/.derivedData/Build/Intermediates.noindex/GraphiteClient.build/Debug-watchos/GraphiteClient-t.build/Objects-normal/arm64_32/GraphiteClient_const_extract_protocols.json (in target 'GraphiteClient' from project 'GraphiteClient')
    cd /Users/admin/builder/spi-builder-workspace
    write-file /Users/admin/builder/spi-builder-workspace/.derivedData/Build/Intermediates.noindex/GraphiteClient.build/Debug-watchos/GraphiteClient-t.build/Objects-normal/arm64_32/GraphiteClient_const_extract_protocols.json
WriteAuxiliaryFile /Users/admin/builder/spi-builder-workspace/.derivedData/Build/Intermediates.noindex/GraphiteClient.build/Debug-watchos/GraphiteClient-t.build/Objects-normal/arm64_32/GraphiteClient.SwiftFileList (in target 'GraphiteClient' from project 'GraphiteClient')
    cd /Users/admin/builder/spi-builder-workspace
    write-file /Users/admin/builder/spi-builder-workspace/.derivedData/Build/Intermediates.noindex/GraphiteClient.build/Debug-watchos/GraphiteClient-t.build/Objects-normal/arm64_32/GraphiteClient.SwiftFileList
WriteAuxiliaryFile /Users/admin/builder/spi-builder-workspace/.derivedData/Build/Intermediates.noindex/GraphiteClient.build/Debug-watchos/GraphiteClient-t.build/Objects-normal/arm64_32/GraphiteClient-OutputFileMap.json (in target 'GraphiteClient' from project 'GraphiteClient')
    cd /Users/admin/builder/spi-builder-workspace
    write-file /Users/admin/builder/spi-builder-workspace/.derivedData/Build/Intermediates.noindex/GraphiteClient.build/Debug-watchos/GraphiteClient-t.build/Objects-normal/arm64_32/GraphiteClient-OutputFileMap.json
Copy /Users/admin/builder/spi-builder-workspace/.derivedData/Build/Intermediates.noindex/GeneratedModuleMaps-watchos/IO.modulemap /Users/admin/builder/spi-builder-workspace/.derivedData/Build/Intermediates.noindex/GraphiteClient.build/Debug-watchos/IO-t.build/IO.modulemap (in target 'IO' from project 'GraphiteClient')
    cd /Users/admin/builder/spi-builder-workspace
    builtin-copy -exclude .DS_Store -exclude CVS -exclude .svn -exclude .git -exclude .hg -resolve-src-symlinks /Users/admin/builder/spi-builder-workspace/.derivedData/Build/Intermediates.noindex/GraphiteClient.build/Debug-watchos/IO-t.build/IO.modulemap /Users/admin/builder/spi-builder-workspace/.derivedData/Build/Intermediates.noindex/GeneratedModuleMaps-watchos
WriteAuxiliaryFile /Users/admin/builder/spi-builder-workspace/.derivedData/Build/Intermediates.noindex/GraphiteClient.build/Debug-watchos/GraphiteClient-t.build/Objects-normal/arm64/GraphiteClient_const_extract_protocols.json (in target 'GraphiteClient' from project 'GraphiteClient')
    cd /Users/admin/builder/spi-builder-workspace
    write-file /Users/admin/builder/spi-builder-workspace/.derivedData/Build/Intermediates.noindex/GraphiteClient.build/Debug-watchos/GraphiteClient-t.build/Objects-normal/arm64/GraphiteClient_const_extract_protocols.json
WriteAuxiliaryFile /Users/admin/builder/spi-builder-workspace/.derivedData/Build/Intermediates.noindex/GraphiteClient.build/Debug-watchos/GraphiteClient-t.build/Objects-normal/arm64/GraphiteClient.SwiftFileList (in target 'GraphiteClient' from project 'GraphiteClient')
    cd /Users/admin/builder/spi-builder-workspace
    write-file /Users/admin/builder/spi-builder-workspace/.derivedData/Build/Intermediates.noindex/GraphiteClient.build/Debug-watchos/GraphiteClient-t.build/Objects-normal/arm64/GraphiteClient.SwiftFileList
WriteAuxiliaryFile /Users/admin/builder/spi-builder-workspace/.derivedData/Build/Intermediates.noindex/GraphiteClient.build/Debug-watchos/GraphiteClient-t.build/Objects-normal/arm64/GraphiteClient.SwiftConstValuesFileList (in target 'GraphiteClient' from project 'GraphiteClient')
    cd /Users/admin/builder/spi-builder-workspace
    write-file /Users/admin/builder/spi-builder-workspace/.derivedData/Build/Intermediates.noindex/GraphiteClient.build/Debug-watchos/GraphiteClient-t.build/Objects-normal/arm64/GraphiteClient.SwiftConstValuesFileList
WriteAuxiliaryFile /Users/admin/builder/spi-builder-workspace/.derivedData/Build/Intermediates.noindex/GraphiteClient.build/Debug-watchos/GraphiteClient-t.build/Objects-normal/arm64/GraphiteClient.LinkFileList (in target 'GraphiteClient' from project 'GraphiteClient')
    cd /Users/admin/builder/spi-builder-workspace
    write-file /Users/admin/builder/spi-builder-workspace/.derivedData/Build/Intermediates.noindex/GraphiteClient.build/Debug-watchos/GraphiteClient-t.build/Objects-normal/arm64/GraphiteClient.LinkFileList
WriteAuxiliaryFile /Users/admin/builder/spi-builder-workspace/.derivedData/Build/Intermediates.noindex/GraphiteClient.build/Debug-watchos/GraphiteClient-t.build/Objects-normal/arm64/GraphiteClient-OutputFileMap.json (in target 'GraphiteClient' from project 'GraphiteClient')
    cd /Users/admin/builder/spi-builder-workspace
    write-file /Users/admin/builder/spi-builder-workspace/.derivedData/Build/Intermediates.noindex/GraphiteClient.build/Debug-watchos/GraphiteClient-t.build/Objects-normal/arm64/GraphiteClient-OutputFileMap.json
WriteAuxiliaryFile /Users/admin/builder/spi-builder-workspace/.derivedData/Build/Intermediates.noindex/GraphiteClient.build/Debug-watchos/GraphiteClient-t.build/GraphiteClient.modulemap (in target 'GraphiteClient' from project 'GraphiteClient')
    cd /Users/admin/builder/spi-builder-workspace
    write-file /Users/admin/builder/spi-builder-workspace/.derivedData/Build/Intermediates.noindex/GraphiteClient.build/Debug-watchos/GraphiteClient-t.build/GraphiteClient.modulemap
WriteAuxiliaryFile /Users/admin/builder/spi-builder-workspace/.derivedData/Build/Intermediates.noindex/GraphiteClient.build/Debug-watchos/GraphiteClient-t.build/GraphiteClient.DependencyStaticMetadataFileList (in target 'GraphiteClient' from project 'GraphiteClient')
    cd /Users/admin/builder/spi-builder-workspace
    write-file /Users/admin/builder/spi-builder-workspace/.derivedData/Build/Intermediates.noindex/GraphiteClient.build/Debug-watchos/GraphiteClient-t.build/GraphiteClient.DependencyStaticMetadataFileList
WriteAuxiliaryFile /Users/admin/builder/spi-builder-workspace/.derivedData/Build/Intermediates.noindex/GraphiteClient.build/Debug-watchos/GraphiteClient-t.build/GraphiteClient.DependencyMetadataFileList (in target 'GraphiteClient' from project 'GraphiteClient')
    cd /Users/admin/builder/spi-builder-workspace
    write-file /Users/admin/builder/spi-builder-workspace/.derivedData/Build/Intermediates.noindex/GraphiteClient.build/Debug-watchos/GraphiteClient-t.build/GraphiteClient.DependencyMetadataFileList
WriteAuxiliaryFile /Users/admin/builder/spi-builder-workspace/.derivedData/Build/Intermediates.noindex/GraphiteClient.build/Debug-watchos/AtomicModels-t.build/Objects-normal/arm64_32/AtomicModels_const_extract_protocols.json (in target 'AtomicModels' from project 'GraphiteClient')
    cd /Users/admin/builder/spi-builder-workspace
    write-file /Users/admin/builder/spi-builder-workspace/.derivedData/Build/Intermediates.noindex/GraphiteClient.build/Debug-watchos/AtomicModels-t.build/Objects-normal/arm64_32/AtomicModels_const_extract_protocols.json
WriteAuxiliaryFile /Users/admin/builder/spi-builder-workspace/.derivedData/Build/Intermediates.noindex/GraphiteClient.build/Debug-watchos/AtomicModels-t.build/Objects-normal/arm64_32/AtomicModels.SwiftFileList (in target 'AtomicModels' from project 'GraphiteClient')
    cd /Users/admin/builder/spi-builder-workspace
    write-file /Users/admin/builder/spi-builder-workspace/.derivedData/Build/Intermediates.noindex/GraphiteClient.build/Debug-watchos/AtomicModels-t.build/Objects-normal/arm64_32/AtomicModels.SwiftFileList
WriteAuxiliaryFile /Users/admin/builder/spi-builder-workspace/.derivedData/Build/Intermediates.noindex/GraphiteClient.build/Debug-watchos/AtomicModels-t.build/Objects-normal/arm64_32/AtomicModels.SwiftConstValuesFileList (in target 'AtomicModels' from project 'GraphiteClient')
    cd /Users/admin/builder/spi-builder-workspace
    write-file /Users/admin/builder/spi-builder-workspace/.derivedData/Build/Intermediates.noindex/GraphiteClient.build/Debug-watchos/AtomicModels-t.build/Objects-normal/arm64_32/AtomicModels.SwiftConstValuesFileList
WriteAuxiliaryFile /Users/admin/builder/spi-builder-workspace/.derivedData/Build/Intermediates.noindex/GraphiteClient.build/Debug-watchos/AtomicModels-t.build/Objects-normal/arm64_32/AtomicModels.LinkFileList (in target 'AtomicModels' from project 'GraphiteClient')
    cd /Users/admin/builder/spi-builder-workspace
    write-file /Users/admin/builder/spi-builder-workspace/.derivedData/Build/Intermediates.noindex/GraphiteClient.build/Debug-watchos/AtomicModels-t.build/Objects-normal/arm64_32/AtomicModels.LinkFileList
WriteAuxiliaryFile /Users/admin/builder/spi-builder-workspace/.derivedData/Build/Intermediates.noindex/GraphiteClient.build/Debug-watchos/AtomicModels-t.build/Objects-normal/arm64_32/AtomicModels-OutputFileMap.json (in target 'AtomicModels' from project 'GraphiteClient')
    cd /Users/admin/builder/spi-builder-workspace
    write-file /Users/admin/builder/spi-builder-workspace/.derivedData/Build/Intermediates.noindex/GraphiteClient.build/Debug-watchos/AtomicModels-t.build/Objects-normal/arm64_32/AtomicModels-OutputFileMap.json
WriteAuxiliaryFile /Users/admin/builder/spi-builder-workspace/.derivedData/Build/Intermediates.noindex/GraphiteClient.build/Debug-watchos/AtomicModels-t.build/Objects-normal/arm64/AtomicModels_const_extract_protocols.json (in target 'AtomicModels' from project 'GraphiteClient')
    cd /Users/admin/builder/spi-builder-workspace
    write-file /Users/admin/builder/spi-builder-workspace/.derivedData/Build/Intermediates.noindex/GraphiteClient.build/Debug-watchos/AtomicModels-t.build/Objects-normal/arm64/AtomicModels_const_extract_protocols.json
WriteAuxiliaryFile /Users/admin/builder/spi-builder-workspace/.derivedData/Build/Intermediates.noindex/GraphiteClient.build/Debug-watchos/AtomicModels-t.build/Objects-normal/arm64/AtomicModels.SwiftFileList (in target 'AtomicModels' from project 'GraphiteClient')
    cd /Users/admin/builder/spi-builder-workspace
    write-file /Users/admin/builder/spi-builder-workspace/.derivedData/Build/Intermediates.noindex/GraphiteClient.build/Debug-watchos/AtomicModels-t.build/Objects-normal/arm64/AtomicModels.SwiftFileList
WriteAuxiliaryFile /Users/admin/builder/spi-builder-workspace/.derivedData/Build/Intermediates.noindex/GraphiteClient.build/Debug-watchos/AtomicModels-t.build/Objects-normal/arm64/AtomicModels.SwiftConstValuesFileList (in target 'AtomicModels' from project 'GraphiteClient')
    cd /Users/admin/builder/spi-builder-workspace
    write-file /Users/admin/builder/spi-builder-workspace/.derivedData/Build/Intermediates.noindex/GraphiteClient.build/Debug-watchos/AtomicModels-t.build/Objects-normal/arm64/AtomicModels.SwiftConstValuesFileList
Copy /Users/admin/builder/spi-builder-workspace/.derivedData/Build/Intermediates.noindex/GeneratedModuleMaps-watchos/GraphiteClient.modulemap /Users/admin/builder/spi-builder-workspace/.derivedData/Build/Intermediates.noindex/GraphiteClient.build/Debug-watchos/GraphiteClient-t.build/GraphiteClient.modulemap (in target 'GraphiteClient' from project 'GraphiteClient')
    cd /Users/admin/builder/spi-builder-workspace
    builtin-copy -exclude .DS_Store -exclude CVS -exclude .svn -exclude .git -exclude .hg -resolve-src-symlinks /Users/admin/builder/spi-builder-workspace/.derivedData/Build/Intermediates.noindex/GraphiteClient.build/Debug-watchos/GraphiteClient-t.build/GraphiteClient.modulemap /Users/admin/builder/spi-builder-workspace/.derivedData/Build/Intermediates.noindex/GeneratedModuleMaps-watchos
WriteAuxiliaryFile /Users/admin/builder/spi-builder-workspace/.derivedData/Build/Intermediates.noindex/GraphiteClient.build/Debug-watchos/AtomicModels-t.build/Objects-normal/arm64/AtomicModels.LinkFileList (in target 'AtomicModels' from project 'GraphiteClient')
    cd /Users/admin/builder/spi-builder-workspace
    write-file /Users/admin/builder/spi-builder-workspace/.derivedData/Build/Intermediates.noindex/GraphiteClient.build/Debug-watchos/AtomicModels-t.build/Objects-normal/arm64/AtomicModels.LinkFileList
WriteAuxiliaryFile /Users/admin/builder/spi-builder-workspace/.derivedData/Build/Intermediates.noindex/GraphiteClient.build/Debug-watchos/AtomicModels-t.build/Objects-normal/arm64/AtomicModels-OutputFileMap.json (in target 'AtomicModels' from project 'GraphiteClient')
    cd /Users/admin/builder/spi-builder-workspace
    write-file /Users/admin/builder/spi-builder-workspace/.derivedData/Build/Intermediates.noindex/GraphiteClient.build/Debug-watchos/AtomicModels-t.build/Objects-normal/arm64/AtomicModels-OutputFileMap.json
WriteAuxiliaryFile /Users/admin/builder/spi-builder-workspace/.derivedData/Build/Intermediates.noindex/GraphiteClient.build/Debug-watchos/AtomicModels-t.build/AtomicModels.modulemap (in target 'AtomicModels' from project 'GraphiteClient')
    cd /Users/admin/builder/spi-builder-workspace
    write-file /Users/admin/builder/spi-builder-workspace/.derivedData/Build/Intermediates.noindex/GraphiteClient.build/Debug-watchos/AtomicModels-t.build/AtomicModels.modulemap
WriteAuxiliaryFile /Users/admin/builder/spi-builder-workspace/.derivedData/Build/Intermediates.noindex/GraphiteClient.build/Debug-watchos/AtomicModels-t.build/AtomicModels.DependencyMetadataFileList (in target 'AtomicModels' from project 'GraphiteClient')
    cd /Users/admin/builder/spi-builder-workspace
    write-file /Users/admin/builder/spi-builder-workspace/.derivedData/Build/Intermediates.noindex/GraphiteClient.build/Debug-watchos/AtomicModels-t.build/AtomicModels.DependencyMetadataFileList
WriteAuxiliaryFile /Users/admin/builder/spi-builder-workspace/.derivedData/Build/Intermediates.noindex/GraphiteClient.build/Debug-watchos/AtomicModels-t.build/AtomicModels.DependencyStaticMetadataFileList (in target 'AtomicModels' from project 'GraphiteClient')
    cd /Users/admin/builder/spi-builder-workspace
    write-file /Users/admin/builder/spi-builder-workspace/.derivedData/Build/Intermediates.noindex/GraphiteClient.build/Debug-watchos/AtomicModels-t.build/AtomicModels.DependencyStaticMetadataFileList
Copy /Users/admin/builder/spi-builder-workspace/.derivedData/Build/Intermediates.noindex/GeneratedModuleMaps-watchos/AtomicModels.modulemap /Users/admin/builder/spi-builder-workspace/.derivedData/Build/Intermediates.noindex/GraphiteClient.build/Debug-watchos/AtomicModels-t.build/AtomicModels.modulemap (in target 'AtomicModels' from project 'GraphiteClient')
    cd /Users/admin/builder/spi-builder-workspace
    builtin-copy -exclude .DS_Store -exclude CVS -exclude .svn -exclude .git -exclude .hg -resolve-src-symlinks /Users/admin/builder/spi-builder-workspace/.derivedData/Build/Intermediates.noindex/GraphiteClient.build/Debug-watchos/AtomicModels-t.build/AtomicModels.modulemap /Users/admin/builder/spi-builder-workspace/.derivedData/Build/Intermediates.noindex/GeneratedModuleMaps-watchos
SwiftDriver AtomicModels normal arm64 com.apple.xcode.tools.swift.compiler (in target 'AtomicModels' from project 'GraphiteClient')
    cd /Users/admin/builder/spi-builder-workspace/.swiftpm/xcode
    builtin-SwiftDriver -- /Applications/Xcode-27.0.0-Release.Candidate.app/Contents/Developer/Toolchains/XcodeDefault.xctoolchain/usr/bin/swiftc -parse-as-library -module-name AtomicModels -Onone @/Users/admin/builder/spi-builder-workspace/.derivedData/Build/Intermediates.noindex/GraphiteClient.build/Debug-watchos/AtomicModels-t.build/Objects-normal/arm64/AtomicModels.SwiftFileList -DSWIFT_PACKAGE -DDEBUG -DSWIFT_MODULE_RESOURCE_BUNDLE_UNAVAILABLE -DXcode -plugin-path /Applications/Xcode-27.0.0-Release.Candidate.app/Contents/Developer/Toolchains/XcodeDefault.xctoolchain/usr/lib/swift/host/plugins/testing -enable-experimental-feature DebugDescriptionMacro -sdk /Applications/Xcode-27.0.0-Release.Candidate.app/Contents/Developer/Platforms/WatchOS.platform/Developer/SDKs/WatchOS27.0.sdk -target arm64-apple-watchos9.0 -g -module-cache-path /Users/admin/builder/spi-builder-workspace/.derivedData/ModuleCache.noindex -Xfrontend -serialize-debugging-options -profile-coverage-mapping -profile-generate -enable-testing -index-store-path /Users/admin/builder/spi-builder-workspace/.derivedData/Index.noindex/DataStore -Xcc -D_LIBCPP_HARDENING_MODE\=_LIBCPP_HARDENING_MODE_DEBUG -swift-version 4.2 -I /Users/admin/builder/spi-builder-workspace/.derivedData/Build/Products/Debug-watchos -Isystem /Applications/Xcode-27.0.0-Release.Candidate.app/Contents/Developer/Platforms/WatchOS.platform/Developer/usr/lib -F /Users/admin/builder/spi-builder-workspace/.derivedData/Build/Products/Debug-watchos -F /Applications/Xcode-27.0.0-Release.Candidate.app/Contents/Developer/Platforms/WatchOS.platform/Developer/Library/Frameworks -F /Applications/Xcode-27.0.0-Release.Candidate.app/Contents/Developer/Platforms/WatchOS.platform/Developer/SDKs/WatchOS27.0.sdk/Developer/Library/Frameworks -c -j10 -enable-batch-mode -incremental -Xcc -ivfsstatcache -Xcc /Users/admin/builder/spi-builder-workspace/.derivedData/SDKStatCaches.noindex/watchos27.0-24R360-e829b21a6f8c9b70876ba0858053c04477534ef55a1706bf4c1112bbb242f0a2.sdkstatcache -output-file-map /Users/admin/builder/spi-builder-workspace/.derivedData/Build/Intermediates.noindex/GraphiteClient.build/Debug-watchos/AtomicModels-t.build/Objects-normal/arm64/AtomicModels-OutputFileMap.json -save-temps -no-color-diagnostics -emit-dependencies -emit-module -emit-module-path /Users/admin/builder/spi-builder-workspace/.derivedData/Build/Intermediates.noindex/GraphiteClient.build/Debug-watchos/AtomicModels-t.build/Objects-normal/arm64/AtomicModels.swiftmodule -serialize-diagnostics -validate-clang-modules-once -clang-build-session-file /Users/admin/builder/spi-builder-workspace/.derivedData/ModuleCache.noindex/Session.modulevalidation -Xcc -fmodules-prune-interval\=86400 -Xcc -fmodules-prune-after\=345600 -emit-const-values -const-gather-protocols-list /Users/admin/builder/spi-builder-workspace/.derivedData/Build/Intermediates.noindex/GraphiteClient.build/Debug-watchos/AtomicModels-t.build/Objects-normal/arm64/AtomicModels_const_extract_protocols.json -Xcc -I/Users/admin/builder/spi-builder-workspace/.derivedData/Build/Products/Debug-watchos/include -Xcc -I/Users/admin/builder/spi-builder-workspace/.derivedData/Build/Intermediates.noindex/GraphiteClient.build/Debug-watchos/AtomicModels-t.build/DerivedSources-normal/arm64 -Xcc -I/Users/admin/builder/spi-builder-workspace/.derivedData/Build/Intermediates.noindex/GraphiteClient.build/Debug-watchos/AtomicModels-t.build/DerivedSources/arm64 -Xcc -I/Users/admin/builder/spi-builder-workspace/.derivedData/Build/Intermediates.noindex/GraphiteClient.build/Debug-watchos/AtomicModels-t.build/DerivedSources -Xcc -DSWIFT_PACKAGE -Xcc -DDEBUG\=1 -emit-objc-header -emit-objc-header-path /Users/admin/builder/spi-builder-workspace/.derivedData/Build/Intermediates.noindex/GraphiteClient.build/Debug-watchos/AtomicModels-t.build/Objects-normal/arm64/AtomicModels-Swift.h -working-directory /Users/admin/builder/spi-builder-workspace/.swiftpm/xcode -experimental-emit-module-separately -disable-cmo
SwiftDriver AtomicModels normal arm64_32 com.apple.xcode.tools.swift.compiler (in target 'AtomicModels' from project 'GraphiteClient')
    cd /Users/admin/builder/spi-builder-workspace/.swiftpm/xcode
    builtin-SwiftDriver -- /Applications/Xcode-27.0.0-Release.Candidate.app/Contents/Developer/Toolchains/XcodeDefault.xctoolchain/usr/bin/swiftc -parse-as-library -module-name AtomicModels -Onone @/Users/admin/builder/spi-builder-workspace/.derivedData/Build/Intermediates.noindex/GraphiteClient.build/Debug-watchos/AtomicModels-t.build/Objects-normal/arm64_32/AtomicModels.SwiftFileList -DSWIFT_PACKAGE -DDEBUG -DSWIFT_MODULE_RESOURCE_BUNDLE_UNAVAILABLE -DXcode -plugin-path /Applications/Xcode-27.0.0-Release.Candidate.app/Contents/Developer/Toolchains/XcodeDefault.xctoolchain/usr/lib/swift/host/plugins/testing -enable-experimental-feature DebugDescriptionMacro -sdk /Applications/Xcode-27.0.0-Release.Candidate.app/Contents/Developer/Platforms/WatchOS.platform/Developer/SDKs/WatchOS27.0.sdk -target arm64_32-apple-watchos9.0 -g -module-cache-path /Users/admin/builder/spi-builder-workspace/.derivedData/ModuleCache.noindex -Xfrontend -serialize-debugging-options -profile-coverage-mapping -profile-generate -enable-testing -index-store-path /Users/admin/builder/spi-builder-workspace/.derivedData/Index.noindex/DataStore -Xcc -D_LIBCPP_HARDENING_MODE\=_LIBCPP_HARDENING_MODE_DEBUG -swift-version 4.2 -I /Users/admin/builder/spi-builder-workspace/.derivedData/Build/Products/Debug-watchos -Isystem /Applications/Xcode-27.0.0-Release.Candidate.app/Contents/Developer/Platforms/WatchOS.platform/Developer/usr/lib -F /Users/admin/builder/spi-builder-workspace/.derivedData/Build/Products/Debug-watchos -F /Applications/Xcode-27.0.0-Release.Candidate.app/Contents/Developer/Platforms/WatchOS.platform/Developer/Library/Frameworks -F /Applications/Xcode-27.0.0-Release.Candidate.app/Contents/Developer/Platforms/WatchOS.platform/Developer/SDKs/WatchOS27.0.sdk/Developer/Library/Frameworks -c -j10 -enable-batch-mode -incremental -Xcc -ivfsstatcache -Xcc /Users/admin/builder/spi-builder-workspace/.derivedData/SDKStatCaches.noindex/watchos27.0-24R360-e829b21a6f8c9b70876ba0858053c04477534ef55a1706bf4c1112bbb242f0a2.sdkstatcache -output-file-map /Users/admin/builder/spi-builder-workspace/.derivedData/Build/Intermediates.noindex/GraphiteClient.build/Debug-watchos/AtomicModels-t.build/Objects-normal/arm64_32/AtomicModels-OutputFileMap.json -save-temps -no-color-diagnostics -emit-dependencies -emit-module -emit-module-path /Users/admin/builder/spi-builder-workspace/.derivedData/Build/Intermediates.noindex/GraphiteClient.build/Debug-watchos/AtomicModels-t.build/Objects-normal/arm64_32/AtomicModels.swiftmodule -serialize-diagnostics -validate-clang-modules-once -clang-build-session-file /Users/admin/builder/spi-builder-workspace/.derivedData/ModuleCache.noindex/Session.modulevalidation -Xcc -fmodules-prune-interval\=86400 -Xcc -fmodules-prune-after\=345600 -emit-const-values -const-gather-protocols-list /Users/admin/builder/spi-builder-workspace/.derivedData/Build/Intermediates.noindex/GraphiteClient.build/Debug-watchos/AtomicModels-t.build/Objects-normal/arm64_32/AtomicModels_const_extract_protocols.json -Xcc -I/Users/admin/builder/spi-builder-workspace/.derivedData/Build/Products/Debug-watchos/include -Xcc -I/Users/admin/builder/spi-builder-workspace/.derivedData/Build/Intermediates.noindex/GraphiteClient.build/Debug-watchos/AtomicModels-t.build/DerivedSources-normal/arm64_32 -Xcc -I/Users/admin/builder/spi-builder-workspace/.derivedData/Build/Intermediates.noindex/GraphiteClient.build/Debug-watchos/AtomicModels-t.build/DerivedSources/arm64_32 -Xcc -I/Users/admin/builder/spi-builder-workspace/.derivedData/Build/Intermediates.noindex/GraphiteClient.build/Debug-watchos/AtomicModels-t.build/DerivedSources -Xcc -DSWIFT_PACKAGE -Xcc -DDEBUG\=1 -emit-objc-header -emit-objc-header-path /Users/admin/builder/spi-builder-workspace/.derivedData/Build/Intermediates.noindex/GraphiteClient.build/Debug-watchos/AtomicModels-t.build/Objects-normal/arm64_32/AtomicModels-Swift.h -working-directory /Users/admin/builder/spi-builder-workspace/.swiftpm/xcode -experimental-emit-module-separately -disable-cmo
SwiftCompile normal arm64 Compiling\ AtomicCollection.swift /Users/admin/builder/spi-builder-workspace/Sources/AtomicModels/AtomicCollection.swift (in target 'AtomicModels' from project 'GraphiteClient')
SwiftCompile normal arm64 /Users/admin/builder/spi-builder-workspace/Sources/AtomicModels/AtomicCollection.swift (in target 'AtomicModels' from project 'GraphiteClient')
    cd /Users/admin/builder/spi-builder-workspace/.swiftpm/xcode
    builtin-SwiftPerFileCompile AtomicCollection.swift
SwiftEmitModule normal arm64 Emitting\ module\ for\ AtomicModels (in target 'AtomicModels' from project 'GraphiteClient')
SwiftCompile normal arm64 (in target 'AtomicModels' from project 'GraphiteClient')
    cd /Users/admin/builder/spi-builder-workspace/.swiftpm/xcode

SwiftCompile normal arm64 Compiling\ ConditionLock.swift /Users/admin/builder/spi-builder-workspace/Sources/AtomicModels/ConditionLock.swift (in target 'AtomicModels' from project 'GraphiteClient')
SwiftCompile normal arm64 /Users/admin/builder/spi-builder-workspace/Sources/AtomicModels/ConditionLock.swift (in target 'AtomicModels' from project 'GraphiteClient')
    cd /Users/admin/builder/spi-builder-workspace/.swiftpm/xcode
    builtin-SwiftPerFileCompile ConditionLock.swift
SwiftCompile normal arm64 Compiling\ AtomicValue.swift /Users/admin/builder/spi-builder-workspace/Sources/AtomicModels/AtomicValue.swift (in target 'AtomicModels' from project 'GraphiteClient')
SwiftCompile normal arm64 /Users/admin/builder/spi-builder-workspace/Sources/AtomicModels/AtomicValue.swift (in target 'AtomicModels' from project 'GraphiteClient')
    cd /Users/admin/builder/spi-builder-workspace/.swiftpm/xcode
    builtin-SwiftPerFileCompile AtomicValue.swift
SwiftEmitModule normal arm64_32 Emitting\ module\ for\ AtomicModels (in target 'AtomicModels' from project 'GraphiteClient')
SwiftCompile normal arm64_32 (in target 'AtomicModels' from project 'GraphiteClient')
    cd /Users/admin/builder/spi-builder-workspace/.swiftpm/xcode

SwiftCompile normal arm64_32 Compiling\ AtomicValue.swift /Users/admin/builder/spi-builder-workspace/Sources/AtomicModels/AtomicValue.swift (in target 'AtomicModels' from project 'GraphiteClient')
SwiftCompile normal arm64_32 /Users/admin/builder/spi-builder-workspace/Sources/AtomicModels/AtomicValue.swift (in target 'AtomicModels' from project 'GraphiteClient')
    cd /Users/admin/builder/spi-builder-workspace/.swiftpm/xcode
    builtin-SwiftPerFileCompile AtomicValue.swift
SwiftCompile normal arm64_32 Compiling\ ConditionLock.swift /Users/admin/builder/spi-builder-workspace/Sources/AtomicModels/ConditionLock.swift (in target 'AtomicModels' from project 'GraphiteClient')
SwiftCompile normal arm64_32 /Users/admin/builder/spi-builder-workspace/Sources/AtomicModels/ConditionLock.swift (in target 'AtomicModels' from project 'GraphiteClient')
    cd /Users/admin/builder/spi-builder-workspace/.swiftpm/xcode
    builtin-SwiftPerFileCompile ConditionLock.swift
SwiftCompile normal arm64_32 Compiling\ AtomicCollection.swift /Users/admin/builder/spi-builder-workspace/Sources/AtomicModels/AtomicCollection.swift (in target 'AtomicModels' from project 'GraphiteClient')
SwiftCompile normal arm64_32 /Users/admin/builder/spi-builder-workspace/Sources/AtomicModels/AtomicCollection.swift (in target 'AtomicModels' from project 'GraphiteClient')
    cd /Users/admin/builder/spi-builder-workspace/.swiftpm/xcode
    builtin-SwiftPerFileCompile AtomicCollection.swift
SwiftDriverJobDiscovery normal arm64_32 Emitting module for AtomicModels (in target 'AtomicModels' from project 'GraphiteClient')
SwiftDriverJobDiscovery normal arm64 Emitting module for AtomicModels (in target 'AtomicModels' from project 'GraphiteClient')
SwiftDriver\ Compilation\ Requirements AtomicModels normal arm64 com.apple.xcode.tools.swift.compiler (in target 'AtomicModels' from project 'GraphiteClient')
    cd /Users/admin/builder/spi-builder-workspace/.swiftpm/xcode
    builtin-Swift-Compilation-Requirements -- /Applications/Xcode-27.0.0-Release.Candidate.app/Contents/Developer/Toolchains/XcodeDefault.xctoolchain/usr/bin/swiftc -parse-as-library -module-name AtomicModels -Onone @/Users/admin/builder/spi-builder-workspace/.derivedData/Build/Intermediates.noindex/GraphiteClient.build/Debug-watchos/AtomicModels-t.build/Objects-normal/arm64/AtomicModels.SwiftFileList -DSWIFT_PACKAGE -DDEBUG -DSWIFT_MODULE_RESOURCE_BUNDLE_UNAVAILABLE -DXcode -plugin-path /Applications/Xcode-27.0.0-Release.Candidate.app/Contents/Developer/Toolchains/XcodeDefault.xctoolchain/usr/lib/swift/host/plugins/testing -enable-experimental-feature DebugDescriptionMacro -sdk /Applications/Xcode-27.0.0-Release.Candidate.app/Contents/Developer/Platforms/WatchOS.platform/Developer/SDKs/WatchOS27.0.sdk -target arm64-apple-watchos9.0 -g -module-cache-path /Users/admin/builder/spi-builder-workspace/.derivedData/ModuleCache.noindex -Xfrontend -serialize-debugging-options -profile-coverage-mapping -profile-generate -enable-testing -index-store-path /Users/admin/builder/spi-builder-workspace/.derivedData/Index.noindex/DataStore -Xcc -D_LIBCPP_HARDENING_MODE\=_LIBCPP_HARDENING_MODE_DEBUG -swift-version 4.2 -I /Users/admin/builder/spi-builder-workspace/.derivedData/Build/Products/Debug-watchos -Isystem /Applications/Xcode-27.0.0-Release.Candidate.app/Contents/Developer/Platforms/WatchOS.platform/Developer/usr/lib -F /Users/admin/builder/spi-builder-workspace/.derivedData/Build/Products/Debug-watchos -F /Applications/Xcode-27.0.0-Release.Candidate.app/Contents/Developer/Platforms/WatchOS.platform/Developer/Library/Frameworks -F /Applications/Xcode-27.0.0-Release.Candidate.app/Contents/Developer/Platforms/WatchOS.platform/Developer/SDKs/WatchOS27.0.sdk/Developer/Library/Frameworks -c -j10 -enable-batch-mode -incremental -Xcc -ivfsstatcache -Xcc /Users/admin/builder/spi-builder-workspace/.derivedData/SDKStatCaches.noindex/watchos27.0-24R360-e829b21a6f8c9b70876ba0858053c04477534ef55a1706bf4c1112bbb242f0a2.sdkstatcache -output-file-map /Users/admin/builder/spi-builder-workspace/.derivedData/Build/Intermediates.noindex/GraphiteClient.build/Debug-watchos/AtomicModels-t.build/Objects-normal/arm64/AtomicModels-OutputFileMap.json -save-temps -no-color-diagnostics -emit-dependencies -emit-module -emit-module-path /Users/admin/builder/spi-builder-workspace/.derivedData/Build/Intermediates.noindex/GraphiteClient.build/Debug-watchos/AtomicModels-t.build/Objects-normal/arm64/AtomicModels.swiftmodule -serialize-diagnostics -validate-clang-modules-once -clang-build-session-file /Users/admin/builder/spi-builder-workspace/.derivedData/ModuleCache.noindex/Session.modulevalidation -Xcc -fmodules-prune-interval\=86400 -Xcc -fmodules-prune-after\=345600 -emit-const-values -const-gather-protocols-list /Users/admin/builder/spi-builder-workspace/.derivedData/Build/Intermediates.noindex/GraphiteClient.build/Debug-watchos/AtomicModels-t.build/Objects-normal/arm64/AtomicModels_const_extract_protocols.json -Xcc -I/Users/admin/builder/spi-builder-workspace/.derivedData/Build/Products/Debug-watchos/include -Xcc -I/Users/admin/builder/spi-builder-workspace/.derivedData/Build/Intermediates.noindex/GraphiteClient.build/Debug-watchos/AtomicModels-t.build/DerivedSources-normal/arm64 -Xcc -I/Users/admin/builder/spi-builder-workspace/.derivedData/Build/Intermediates.noindex/GraphiteClient.build/Debug-watchos/AtomicModels-t.build/DerivedSources/arm64 -Xcc -I/Users/admin/builder/spi-builder-workspace/.derivedData/Build/Intermediates.noindex/GraphiteClient.build/Debug-watchos/AtomicModels-t.build/DerivedSources -Xcc -DSWIFT_PACKAGE -Xcc -DDEBUG\=1 -emit-objc-header -emit-objc-header-path /Users/admin/builder/spi-builder-workspace/.derivedData/Build/Intermediates.noindex/GraphiteClient.build/Debug-watchos/AtomicModels-t.build/Objects-normal/arm64/AtomicModels-Swift.h -working-directory /Users/admin/builder/spi-builder-workspace/.swiftpm/xcode -experimental-emit-module-separately -disable-cmo
SwiftDriver\ Compilation\ Requirements AtomicModels normal arm64_32 com.apple.xcode.tools.swift.compiler (in target 'AtomicModels' from project 'GraphiteClient')
    cd /Users/admin/builder/spi-builder-workspace/.swiftpm/xcode
    builtin-Swift-Compilation-Requirements -- /Applications/Xcode-27.0.0-Release.Candidate.app/Contents/Developer/Toolchains/XcodeDefault.xctoolchain/usr/bin/swiftc -parse-as-library -module-name AtomicModels -Onone @/Users/admin/builder/spi-builder-workspace/.derivedData/Build/Intermediates.noindex/GraphiteClient.build/Debug-watchos/AtomicModels-t.build/Objects-normal/arm64_32/AtomicModels.SwiftFileList -DSWIFT_PACKAGE -DDEBUG -DSWIFT_MODULE_RESOURCE_BUNDLE_UNAVAILABLE -DXcode -plugin-path /Applications/Xcode-27.0.0-Release.Candidate.app/Contents/Developer/Toolchains/XcodeDefault.xctoolchain/usr/lib/swift/host/plugins/testing -enable-experimental-feature DebugDescriptionMacro -sdk /Applications/Xcode-27.0.0-Release.Candidate.app/Contents/Developer/Platforms/WatchOS.platform/Developer/SDKs/WatchOS27.0.sdk -target arm64_32-apple-watchos9.0 -g -module-cache-path /Users/admin/builder/spi-builder-workspace/.derivedData/ModuleCache.noindex -Xfrontend -serialize-debugging-options -profile-coverage-mapping -profile-generate -enable-testing -index-store-path /Users/admin/builder/spi-builder-workspace/.derivedData/Index.noindex/DataStore -Xcc -D_LIBCPP_HARDENING_MODE\=_LIBCPP_HARDENING_MODE_DEBUG -swift-version 4.2 -I /Users/admin/builder/spi-builder-workspace/.derivedData/Build/Products/Debug-watchos -Isystem /Applications/Xcode-27.0.0-Release.Candidate.app/Contents/Developer/Platforms/WatchOS.platform/Developer/usr/lib -F /Users/admin/builder/spi-builder-workspace/.derivedData/Build/Products/Debug-watchos -F /Applications/Xcode-27.0.0-Release.Candidate.app/Contents/Developer/Platforms/WatchOS.platform/Developer/Library/Frameworks -F /Applications/Xcode-27.0.0-Release.Candidate.app/Contents/Developer/Platforms/WatchOS.platform/Developer/SDKs/WatchOS27.0.sdk/Developer/Library/Frameworks -c -j10 -enable-batch-mode -incremental -Xcc -ivfsstatcache -Xcc /Users/admin/builder/spi-builder-workspace/.derivedData/SDKStatCaches.noindex/watchos27.0-24R360-e829b21a6f8c9b70876ba0858053c04477534ef55a1706bf4c1112bbb242f0a2.sdkstatcache -output-file-map /Users/admin/builder/spi-builder-workspace/.derivedData/Build/Intermediates.noindex/GraphiteClient.build/Debug-watchos/AtomicModels-t.build/Objects-normal/arm64_32/AtomicModels-OutputFileMap.json -save-temps -no-color-diagnostics -emit-dependencies -emit-module -emit-module-path /Users/admin/builder/spi-builder-workspace/.derivedData/Build/Intermediates.noindex/GraphiteClient.build/Debug-watchos/AtomicModels-t.build/Objects-normal/arm64_32/AtomicModels.swiftmodule -serialize-diagnostics -validate-clang-modules-once -clang-build-session-file /Users/admin/builder/spi-builder-workspace/.derivedData/ModuleCache.noindex/Session.modulevalidation -Xcc -fmodules-prune-interval\=86400 -Xcc -fmodules-prune-after\=345600 -emit-const-values -const-gather-protocols-list /Users/admin/builder/spi-builder-workspace/.derivedData/Build/Intermediates.noindex/GraphiteClient.build/Debug-watchos/AtomicModels-t.build/Objects-normal/arm64_32/AtomicModels_const_extract_protocols.json -Xcc -I/Users/admin/builder/spi-builder-workspace/.derivedData/Build/Products/Debug-watchos/include -Xcc -I/Users/admin/builder/spi-builder-workspace/.derivedData/Build/Intermediates.noindex/GraphiteClient.build/Debug-watchos/AtomicModels-t.build/DerivedSources-normal/arm64_32 -Xcc -I/Users/admin/builder/spi-builder-workspace/.derivedData/Build/Intermediates.noindex/GraphiteClient.build/Debug-watchos/AtomicModels-t.build/DerivedSources/arm64_32 -Xcc -I/Users/admin/builder/spi-builder-workspace/.derivedData/Build/Intermediates.noindex/GraphiteClient.build/Debug-watchos/AtomicModels-t.build/DerivedSources -Xcc -DSWIFT_PACKAGE -Xcc -DDEBUG\=1 -emit-objc-header -emit-objc-header-path /Users/admin/builder/spi-builder-workspace/.derivedData/Build/Intermediates.noindex/GraphiteClient.build/Debug-watchos/AtomicModels-t.build/Objects-normal/arm64_32/AtomicModels-Swift.h -working-directory /Users/admin/builder/spi-builder-workspace/.swiftpm/xcode -experimental-emit-module-separately -disable-cmo
SwiftMergeGeneratedHeaders /Users/admin/builder/spi-builder-workspace/.derivedData/Build/Intermediates.noindex/GeneratedModuleMaps-watchos/AtomicModels-Swift.h /Users/admin/builder/spi-builder-workspace/.derivedData/Build/Intermediates.noindex/GraphiteClient.build/Debug-watchos/AtomicModels-t.build/Objects-normal/arm64/AtomicModels-Swift.h /Users/admin/builder/spi-builder-workspace/.derivedData/Build/Intermediates.noindex/GraphiteClient.build/Debug-watchos/AtomicModels-t.build/Objects-normal/arm64_32/AtomicModels-Swift.h (in target 'AtomicModels' from project 'GraphiteClient')
    cd /Users/admin/builder/spi-builder-workspace
    builtin-swiftHeaderTool -arch arm64 /Users/admin/builder/spi-builder-workspace/.derivedData/Build/Intermediates.noindex/GraphiteClient.build/Debug-watchos/AtomicModels-t.build/Objects-normal/arm64/AtomicModels-Swift.h -arch arm64_32 /Users/admin/builder/spi-builder-workspace/.derivedData/Build/Intermediates.noindex/GraphiteClient.build/Debug-watchos/AtomicModels-t.build/Objects-normal/arm64_32/AtomicModels-Swift.h -o /Users/admin/builder/spi-builder-workspace/.derivedData/Build/Intermediates.noindex/GeneratedModuleMaps-watchos/AtomicModels-Swift.h
Copy /Users/admin/builder/spi-builder-workspace/.derivedData/Build/Products/Debug-watchos/AtomicModels.swiftmodule/arm64_32-apple-watchos.swiftdoc /Users/admin/builder/spi-builder-workspace/.derivedData/Build/Intermediates.noindex/GraphiteClient.build/Debug-watchos/AtomicModels-t.build/Objects-normal/arm64_32/AtomicModels.swiftdoc (in target 'AtomicModels' from project 'GraphiteClient')
    cd /Users/admin/builder/spi-builder-workspace
    builtin-copy -exclude .DS_Store -exclude CVS -exclude .svn -exclude .git -exclude .hg -resolve-src-symlinks -rename /Users/admin/builder/spi-builder-workspace/.derivedData/Build/Intermediates.noindex/GraphiteClient.build/Debug-watchos/AtomicModels-t.build/Objects-normal/arm64_32/AtomicModels.swiftdoc /Users/admin/builder/spi-builder-workspace/.derivedData/Build/Products/Debug-watchos/AtomicModels.swiftmodule/arm64_32-apple-watchos.swiftdoc
Copy /Users/admin/builder/spi-builder-workspace/.derivedData/Build/Products/Debug-watchos/AtomicModels.swiftmodule/arm64_32-apple-watchos.swiftmodule /Users/admin/builder/spi-builder-workspace/.derivedData/Build/Intermediates.noindex/GraphiteClient.build/Debug-watchos/AtomicModels-t.build/Objects-normal/arm64_32/AtomicModels.swiftmodule (in target 'AtomicModels' from project 'GraphiteClient')
    cd /Users/admin/builder/spi-builder-workspace
    builtin-copy -exclude .DS_Store -exclude CVS -exclude .svn -exclude .git -exclude .hg -resolve-src-symlinks -rename /Users/admin/builder/spi-builder-workspace/.derivedData/Build/Intermediates.noindex/GraphiteClient.build/Debug-watchos/AtomicModels-t.build/Objects-normal/arm64_32/AtomicModels.swiftmodule /Users/admin/builder/spi-builder-workspace/.derivedData/Build/Products/Debug-watchos/AtomicModels.swiftmodule/arm64_32-apple-watchos.swiftmodule
Copy /Users/admin/builder/spi-builder-workspace/.derivedData/Build/Products/Debug-watchos/AtomicModels.swiftmodule/arm64_32-apple-watchos.abi.json /Users/admin/builder/spi-builder-workspace/.derivedData/Build/Intermediates.noindex/GraphiteClient.build/Debug-watchos/AtomicModels-t.build/Objects-normal/arm64_32/AtomicModels.abi.json (in target 'AtomicModels' from project 'GraphiteClient')
    cd /Users/admin/builder/spi-builder-workspace
    builtin-copy -exclude .DS_Store -exclude CVS -exclude .svn -exclude .git -exclude .hg -resolve-src-symlinks -rename /Users/admin/builder/spi-builder-workspace/.derivedData/Build/Intermediates.noindex/GraphiteClient.build/Debug-watchos/AtomicModels-t.build/Objects-normal/arm64_32/AtomicModels.abi.json /Users/admin/builder/spi-builder-workspace/.derivedData/Build/Products/Debug-watchos/AtomicModels.swiftmodule/arm64_32-apple-watchos.abi.json
Copy /Users/admin/builder/spi-builder-workspace/.derivedData/Build/Products/Debug-watchos/AtomicModels.swiftmodule/arm64-apple-watchos.swiftmodule /Users/admin/builder/spi-builder-workspace/.derivedData/Build/Intermediates.noindex/GraphiteClient.build/Debug-watchos/AtomicModels-t.build/Objects-normal/arm64/AtomicModels.swiftmodule (in target 'AtomicModels' from project 'GraphiteClient')
    cd /Users/admin/builder/spi-builder-workspace
    builtin-copy -exclude .DS_Store -exclude CVS -exclude .svn -exclude .git -exclude .hg -resolve-src-symlinks -rename /Users/admin/builder/spi-builder-workspace/.derivedData/Build/Intermediates.noindex/GraphiteClient.build/Debug-watchos/AtomicModels-t.build/Objects-normal/arm64/AtomicModels.swiftmodule /Users/admin/builder/spi-builder-workspace/.derivedData/Build/Products/Debug-watchos/AtomicModels.swiftmodule/arm64-apple-watchos.swiftmodule
Copy /Users/admin/builder/spi-builder-workspace/.derivedData/Build/Products/Debug-watchos/AtomicModels.swiftmodule/arm64-apple-watchos.swiftdoc /Users/admin/builder/spi-builder-workspace/.derivedData/Build/Intermediates.noindex/GraphiteClient.build/Debug-watchos/AtomicModels-t.build/Objects-normal/arm64/AtomicModels.swiftdoc (in target 'AtomicModels' from project 'GraphiteClient')
    cd /Users/admin/builder/spi-builder-workspace
    builtin-copy -exclude .DS_Store -exclude CVS -exclude .svn -exclude .git -exclude .hg -resolve-src-symlinks -rename /Users/admin/builder/spi-builder-workspace/.derivedData/Build/Intermediates.noindex/GraphiteClient.build/Debug-watchos/AtomicModels-t.build/Objects-normal/arm64/AtomicModels.swiftdoc /Users/admin/builder/spi-builder-workspace/.derivedData/Build/Products/Debug-watchos/AtomicModels.swiftmodule/arm64-apple-watchos.swiftdoc
Copy /Users/admin/builder/spi-builder-workspace/.derivedData/Build/Products/Debug-watchos/AtomicModels.swiftmodule/arm64-apple-watchos.abi.json /Users/admin/builder/spi-builder-workspace/.derivedData/Build/Intermediates.noindex/GraphiteClient.build/Debug-watchos/AtomicModels-t.build/Objects-normal/arm64/AtomicModels.abi.json (in target 'AtomicModels' from project 'GraphiteClient')
    cd /Users/admin/builder/spi-builder-workspace
    builtin-copy -exclude .DS_Store -exclude CVS -exclude .svn -exclude .git -exclude .hg -resolve-src-symlinks -rename /Users/admin/builder/spi-builder-workspace/.derivedData/Build/Intermediates.noindex/GraphiteClient.build/Debug-watchos/AtomicModels-t.build/Objects-normal/arm64/AtomicModels.abi.json /Users/admin/builder/spi-builder-workspace/.derivedData/Build/Products/Debug-watchos/AtomicModels.swiftmodule/arm64-apple-watchos.abi.json
Copy /Users/admin/builder/spi-builder-workspace/.derivedData/Build/Products/Debug-watchos/AtomicModels.swiftmodule/Project/arm64-apple-watchos.swiftsourceinfo /Users/admin/builder/spi-builder-workspace/.derivedData/Build/Intermediates.noindex/GraphiteClient.build/Debug-watchos/AtomicModels-t.build/Objects-normal/arm64/AtomicModels.swiftsourceinfo (in target 'AtomicModels' from project 'GraphiteClient')
    cd /Users/admin/builder/spi-builder-workspace
    builtin-copy -exclude .DS_Store -exclude CVS -exclude .svn -exclude .git -exclude .hg -resolve-src-symlinks -rename /Users/admin/builder/spi-builder-workspace/.derivedData/Build/Intermediates.noindex/GraphiteClient.build/Debug-watchos/AtomicModels-t.build/Objects-normal/arm64/AtomicModels.swiftsourceinfo /Users/admin/builder/spi-builder-workspace/.derivedData/Build/Products/Debug-watchos/AtomicModels.swiftmodule/Project/arm64-apple-watchos.swiftsourceinfo
Copy /Users/admin/builder/spi-builder-workspace/.derivedData/Build/Products/Debug-watchos/AtomicModels.swiftmodule/Project/arm64_32-apple-watchos.swiftsourceinfo /Users/admin/builder/spi-builder-workspace/.derivedData/Build/Intermediates.noindex/GraphiteClient.build/Debug-watchos/AtomicModels-t.build/Objects-normal/arm64_32/AtomicModels.swiftsourceinfo (in target 'AtomicModels' from project 'GraphiteClient')
    cd /Users/admin/builder/spi-builder-workspace
    builtin-copy -exclude .DS_Store -exclude CVS -exclude .svn -exclude .git -exclude .hg -resolve-src-symlinks -rename /Users/admin/builder/spi-builder-workspace/.derivedData/Build/Intermediates.noindex/GraphiteClient.build/Debug-watchos/AtomicModels-t.build/Objects-normal/arm64_32/AtomicModels.swiftsourceinfo /Users/admin/builder/spi-builder-workspace/.derivedData/Build/Products/Debug-watchos/AtomicModels.swiftmodule/Project/arm64_32-apple-watchos.swiftsourceinfo
SwiftDriver IO normal arm64_32 com.apple.xcode.tools.swift.compiler (in target 'IO' from project 'GraphiteClient')
    cd /Users/admin/builder/spi-builder-workspace/.swiftpm/xcode
    builtin-SwiftDriver -- /Applications/Xcode-27.0.0-Release.Candidate.app/Contents/Developer/Toolchains/XcodeDefault.xctoolchain/usr/bin/swiftc -parse-as-library -module-name IO -Onone @/Users/admin/builder/spi-builder-workspace/.derivedData/Build/Intermediates.noindex/GraphiteClient.build/Debug-watchos/IO-t.build/Objects-normal/arm64_32/IO.SwiftFileList -DSWIFT_PACKAGE -DDEBUG -DSWIFT_MODULE_RESOURCE_BUNDLE_UNAVAILABLE -DXcode -plugin-path /Applications/Xcode-27.0.0-Release.Candidate.app/Contents/Developer/Toolchains/XcodeDefault.xctoolchain/usr/lib/swift/host/plugins/testing -enable-experimental-feature DebugDescriptionMacro -sdk /Applications/Xcode-27.0.0-Release.Candidate.app/Contents/Developer/Platforms/WatchOS.platform/Developer/SDKs/WatchOS27.0.sdk -target arm64_32-apple-watchos9.0 -g -module-cache-path /Users/admin/builder/spi-builder-workspace/.derivedData/ModuleCache.noindex -Xfrontend -serialize-debugging-options -profile-coverage-mapping -profile-generate -enable-testing -index-store-path /Users/admin/builder/spi-builder-workspace/.derivedData/Index.noindex/DataStore -Xcc -D_LIBCPP_HARDENING_MODE\=_LIBCPP_HARDENING_MODE_DEBUG -swift-version 4.2 -I /Users/admin/builder/spi-builder-workspace/.derivedData/Build/Products/Debug-watchos -Isystem /Applications/Xcode-27.0.0-Release.Candidate.app/Contents/Developer/Platforms/WatchOS.platform/Developer/usr/lib -F /Users/admin/builder/spi-builder-workspace/.derivedData/Build/Products/Debug-watchos/PackageFrameworks -F /Users/admin/builder/spi-builder-workspace/.derivedData/Build/Products/Debug-watchos -F /Applications/Xcode-27.0.0-Release.Candidate.app/Contents/Developer/Platforms/WatchOS.platform/Developer/Library/Frameworks -F /Applications/Xcode-27.0.0-Release.Candidate.app/Contents/Developer/Platforms/WatchOS.platform/Developer/SDKs/WatchOS27.0.sdk/Developer/Library/Frameworks -c -j10 -enable-batch-mode -incremental -Xcc -ivfsstatcache -Xcc /Users/admin/builder/spi-builder-workspace/.derivedData/SDKStatCaches.noindex/watchos27.0-24R360-e829b21a6f8c9b70876ba0858053c04477534ef55a1706bf4c1112bbb242f0a2.sdkstatcache -output-file-map /Users/admin/builder/spi-builder-workspace/.derivedData/Build/Intermediates.noindex/GraphiteClient.build/Debug-watchos/IO-t.build/Objects-normal/arm64_32/IO-OutputFileMap.json -save-temps -no-color-diagnostics -emit-dependencies -emit-module -emit-module-path /Users/admin/builder/spi-builder-workspace/.derivedData/Build/Intermediates.noindex/GraphiteClient.build/Debug-watchos/IO-t.build/Objects-normal/arm64_32/IO.swiftmodule -serialize-diagnostics -validate-clang-modules-once -clang-build-session-file /Users/admin/builder/spi-builder-workspace/.derivedData/ModuleCache.noindex/Session.modulevalidation -Xcc -fmodules-prune-interval\=86400 -Xcc -fmodules-prune-after\=345600 -emit-const-values -const-gather-protocols-list /Users/admin/builder/spi-builder-workspace/.derivedData/Build/Intermediates.noindex/GraphiteClient.build/Debug-watchos/IO-t.build/Objects-normal/arm64_32/IO_const_extract_protocols.json -Xcc -I/Users/admin/builder/spi-builder-workspace/.derivedData/Build/Products/Debug-watchos/include -Xcc -I/Users/admin/builder/spi-builder-workspace/.derivedData/Build/Intermediates.noindex/GraphiteClient.build/Debug-watchos/IO-t.build/DerivedSources-normal/arm64_32 -Xcc -I/Users/admin/builder/spi-builder-workspace/.derivedData/Build/Intermediates.noindex/GraphiteClient.build/Debug-watchos/IO-t.build/DerivedSources/arm64_32 -Xcc -I/Users/admin/builder/spi-builder-workspace/.derivedData/Build/Intermediates.noindex/GraphiteClient.build/Debug-watchos/IO-t.build/DerivedSources -Xcc -DSWIFT_PACKAGE -Xcc -DDEBUG\=1 -emit-objc-header -emit-objc-header-path /Users/admin/builder/spi-builder-workspace/.derivedData/Build/Intermediates.noindex/GraphiteClient.build/Debug-watchos/IO-t.build/Objects-normal/arm64_32/IO-Swift.h -working-directory /Users/admin/builder/spi-builder-workspace/.swiftpm/xcode -experimental-emit-module-separately -disable-cmo
SwiftDriver IO normal arm64 com.apple.xcode.tools.swift.compiler (in target 'IO' from project 'GraphiteClient')
    cd /Users/admin/builder/spi-builder-workspace/.swiftpm/xcode
    builtin-SwiftDriver -- /Applications/Xcode-27.0.0-Release.Candidate.app/Contents/Developer/Toolchains/XcodeDefault.xctoolchain/usr/bin/swiftc -parse-as-library -module-name IO -Onone @/Users/admin/builder/spi-builder-workspace/.derivedData/Build/Intermediates.noindex/GraphiteClient.build/Debug-watchos/IO-t.build/Objects-normal/arm64/IO.SwiftFileList -DSWIFT_PACKAGE -DDEBUG -DSWIFT_MODULE_RESOURCE_BUNDLE_UNAVAILABLE -DXcode -plugin-path /Applications/Xcode-27.0.0-Release.Candidate.app/Contents/Developer/Toolchains/XcodeDefault.xctoolchain/usr/lib/swift/host/plugins/testing -enable-experimental-feature DebugDescriptionMacro -sdk /Applications/Xcode-27.0.0-Release.Candidate.app/Contents/Developer/Platforms/WatchOS.platform/Developer/SDKs/WatchOS27.0.sdk -target arm64-apple-watchos9.0 -g -module-cache-path /Users/admin/builder/spi-builder-workspace/.derivedData/ModuleCache.noindex -Xfrontend -serialize-debugging-options -profile-coverage-mapping -profile-generate -enable-testing -index-store-path /Users/admin/builder/spi-builder-workspace/.derivedData/Index.noindex/DataStore -Xcc -D_LIBCPP_HARDENING_MODE\=_LIBCPP_HARDENING_MODE_DEBUG -swift-version 4.2 -I /Users/admin/builder/spi-builder-workspace/.derivedData/Build/Products/Debug-watchos -Isystem /Applications/Xcode-27.0.0-Release.Candidate.app/Contents/Developer/Platforms/WatchOS.platform/Developer/usr/lib -F /Users/admin/builder/spi-builder-workspace/.derivedData/Build/Products/Debug-watchos/PackageFrameworks -F /Users/admin/builder/spi-builder-workspace/.derivedData/Build/Products/Debug-watchos -F /Applications/Xcode-27.0.0-Release.Candidate.app/Contents/Developer/Platforms/WatchOS.platform/Developer/Library/Frameworks -F /Applications/Xcode-27.0.0-Release.Candidate.app/Contents/Developer/Platforms/WatchOS.platform/Developer/SDKs/WatchOS27.0.sdk/Developer/Library/Frameworks -c -j10 -enable-batch-mode -incremental -Xcc -ivfsstatcache -Xcc /Users/admin/builder/spi-builder-workspace/.derivedData/SDKStatCaches.noindex/watchos27.0-24R360-e829b21a6f8c9b70876ba0858053c04477534ef55a1706bf4c1112bbb242f0a2.sdkstatcache -output-file-map /Users/admin/builder/spi-builder-workspace/.derivedData/Build/Intermediates.noindex/GraphiteClient.build/Debug-watchos/IO-t.build/Objects-normal/arm64/IO-OutputFileMap.json -save-temps -no-color-diagnostics -emit-dependencies -emit-module -emit-module-path /Users/admin/builder/spi-builder-workspace/.derivedData/Build/Intermediates.noindex/GraphiteClient.build/Debug-watchos/IO-t.build/Objects-normal/arm64/IO.swiftmodule -serialize-diagnostics -validate-clang-modules-once -clang-build-session-file /Users/admin/builder/spi-builder-workspace/.derivedData/ModuleCache.noindex/Session.modulevalidation -Xcc -fmodules-prune-interval\=86400 -Xcc -fmodules-prune-after\=345600 -emit-const-values -const-gather-protocols-list /Users/admin/builder/spi-builder-workspace/.derivedData/Build/Intermediates.noindex/GraphiteClient.build/Debug-watchos/IO-t.build/Objects-normal/arm64/IO_const_extract_protocols.json -Xcc -I/Users/admin/builder/spi-builder-workspace/.derivedData/Build/Products/Debug-watchos/include -Xcc -I/Users/admin/builder/spi-builder-workspace/.derivedData/Build/Intermediates.noindex/GraphiteClient.build/Debug-watchos/IO-t.build/DerivedSources-normal/arm64 -Xcc -I/Users/admin/builder/spi-builder-workspace/.derivedData/Build/Intermediates.noindex/GraphiteClient.build/Debug-watchos/IO-t.build/DerivedSources/arm64 -Xcc -I/Users/admin/builder/spi-builder-workspace/.derivedData/Build/Intermediates.noindex/GraphiteClient.build/Debug-watchos/IO-t.build/DerivedSources -Xcc -DSWIFT_PACKAGE -Xcc -DDEBUG\=1 -emit-objc-header -emit-objc-header-path /Users/admin/builder/spi-builder-workspace/.derivedData/Build/Intermediates.noindex/GraphiteClient.build/Debug-watchos/IO-t.build/Objects-normal/arm64/IO-Swift.h -working-directory /Users/admin/builder/spi-builder-workspace/.swiftpm/xcode -experimental-emit-module-separately -disable-cmo
SwiftCompile normal arm64 Compiling\ EasyOutputStream.swift /Users/admin/builder/spi-builder-workspace/Sources/IO/EasyOutputStream.swift (in target 'IO' from project 'GraphiteClient')
SwiftCompile normal arm64 /Users/admin/builder/spi-builder-workspace/Sources/IO/EasyOutputStream.swift (in target 'IO' from project 'GraphiteClient')
    cd /Users/admin/builder/spi-builder-workspace/.swiftpm/xcode
    builtin-SwiftPerFileCompile EasyOutputStream.swift
SwiftEmitModule normal arm64 Emitting\ module\ for\ IO (in target 'IO' from project 'GraphiteClient')
SwiftCompile normal arm64 (in target 'IO' from project 'GraphiteClient')
    cd /Users/admin/builder/spi-builder-workspace/.swiftpm/xcode

SwiftEmitModule normal arm64_32 Emitting\ module\ for\ IO (in target 'IO' from project 'GraphiteClient')
SwiftCompile normal arm64_32 (in target 'IO' from project 'GraphiteClient')
    cd /Users/admin/builder/spi-builder-workspace/.swiftpm/xcode

SwiftCompile normal arm64_32 Compiling\ NetworkSocketOutputStreamProvider.swift /Users/admin/builder/spi-builder-workspace/Sources/IO/NetworkSocketOutputStreamProvider.swift (in target 'IO' from project 'GraphiteClient')
/Users/admin/builder/spi-builder-workspace/Sources/IO/NetworkSocketOutputStreamProvider.swift:25:16: error: 'getStreamsToHost(withName:port:inputStream:outputStream:)' is unavailable in watchOS
23 |     public func createOutputStream() throws -> OutputStream {
24 |         var generatedOutputStream: OutputStream?
25 |         Stream.getStreamsToHost(
   |                `- error: 'getStreamsToHost(withName:port:inputStream:outputStream:)' is unavailable in watchOS
26 |             withName: host,
27 |             port: port,
/Applications/Xcode-27.0.0-Release.Candidate.app/Contents/Developer/Platforms/WatchOS.platform/Developer/SDKs/WatchOS27.0.sdk/System/Library/Frameworks/Foundation.framework/Headers/NSStream.h:257:1: note: 'getStreamsToHost(withName:port:inputStream:outputStream:)' has been explicitly marked unavailable here
255 | ///   - inputStream: Upon return, contains the input stream. If `nil` is passed, the stream object is not created.
256 | ///   - outputStream: Upon return, contains the output stream. If `nil` is passed, the stream object is not created.
257 | + (void)getStreamsToHostWithName:(NSString *)hostname port:(NSInteger)port inputStream:(NSInputStream * _Nullable * _Nullable)inputStream outputStream:(NSOutputStream * _Nullable * _Nullable)outputStream API_DEPRECATED("Use nw_connection_t in Network framework instead", macos(10.10, API_TO_BE_DEPRECATED), ios(8.0, API_TO_BE_DEPRECATED), tvos(9.0, API_TO_BE_DEPRECATED)) API_UNAVAILABLE(watchos);
    | `- note: 'getStreamsToHost(withName:port:inputStream:outputStream:)' has been explicitly marked unavailable here
258 |
259 | #if TARGET_OS_OSX
Failed frontend command:
/Applications/Xcode-27.0.0-Release.Candidate.app/Contents/Developer/Toolchains/XcodeDefault.xctoolchain/usr/bin/swift-frontend -frontend -c /Users/admin/builder/spi-builder-workspace/Sources/IO/EasyOutputStream.swift /Users/admin/builder/spi-builder-workspace/Sources/IO/EasyOutputStreamError.swift -primary-file /Users/admin/builder/spi-builder-workspace/Sources/IO/NetworkSocketOutputStreamProvider.swift /Users/admin/builder/spi-builder-workspace/Sources/IO/OutputStreamProvider.swift -emit-dependencies-path /Users/admin/builder/spi-builder-workspace/.derivedData/Build/Intermediates.noindex/GraphiteClient.build/Debug-watchos/IO-t.build/Objects-normal/arm64_32/NetworkSocketOutputStreamProvider.d -emit-const-values-path /Users/admin/builder/spi-builder-workspace/.derivedData/Build/Intermediates.noindex/GraphiteClient.build/Debug-watchos/IO-t.build/Objects-normal/arm64_32/NetworkSocketOutputStreamProvider.swiftconstvalues -emit-reference-dependencies-path /Users/admin/builder/spi-builder-workspace/.derivedData/Build/Intermediates.noindex/GraphiteClient.build/Debug-watchos/IO-t.build/Objects-normal/arm64_32/NetworkSocketOutputStreamProvider.swiftdeps -serialize-diagnostics-path /Users/admin/builder/spi-builder-workspace/.derivedData/Build/Intermediates.noindex/GraphiteClient.build/Debug-watchos/IO-t.build/Objects-normal/arm64_32/NetworkSocketOutputStreamProvider.dia -target arm64_32-apple-watchos9.0 -enable-objc-interop -sdk /Applications/Xcode-27.0.0-Release.Candidate.app/Contents/Developer/Platforms/WatchOS.platform/Developer/SDKs/WatchOS27.0.sdk -I /Users/admin/builder/spi-builder-workspace/.derivedData/Build/Products/Debug-watchos -Isystem /Applications/Xcode-27.0.0-Release.Candidate.app/Contents/Developer/Platforms/WatchOS.platform/Developer/usr/lib -F /Users/admin/builder/spi-builder-workspace/.derivedData/Build/Products/Debug-watchos/PackageFrameworks -F /Users/admin/builder/spi-builder-workspace/.derivedData/Build/Products/Debug-watchos -F /Applications/Xcode-27.0.0-Release.Candidate.app/Contents/Developer/Platforms/WatchOS.platform/Developer/Library/Frameworks -F /Applications/Xcode-27.0.0-Release.Candidate.app/Contents/Developer/Platforms/WatchOS.platform/Developer/SDKs/WatchOS27.0.sdk/Developer/Library/Frameworks -module-cache-path /Users/admin/builder/spi-builder-workspace/.derivedData/ModuleCache.noindex -no-color-diagnostics -Xcc -fno-color-diagnostics -enable-testing -g -debug-info-format\=dwarf -dwarf-version\=4 -profile-generate -profile-coverage-mapping -swift-version 4.2 -Onone -D SWIFT_PACKAGE -D DEBUG -D SWIFT_MODULE_RESOURCE_BUNDLE_UNAVAILABLE -D Xcode -serialize-debugging-options -enable-experimental-feature DebugDescriptionMacro -empty-abi-descriptor -plugin-path /Applications/Xcode-27.0.0-Release.Candidate.app/Contents/Developer/Toolchains/XcodeDefault.xctoolchain/usr/lib/swift/host/plugins/testing -validate-clang-modules-once -clang-build-session-file /Users/admin/builder/spi-builder-workspace/.derivedData/ModuleCache.noindex/Session.modulevalidation -Xcc -working-directory -Xcc /Users/admin/builder/spi-builder-workspace/.swiftpm/xcode -enable-anonymous-context-mangled-names -file-compilation-dir /Users/admin/builder/spi-builder-workspace/.swiftpm/xcode -Xcc -D_LIBCPP_HARDENING_MODE\=_LIBCPP_HARDENING_MODE_DEBUG -Xcc -ivfsstatcache -Xcc /Users/admin/builder/spi-builder-workspace/.derivedData/SDKStatCaches.noindex/watchos27.0-24R360-e829b21a6f8c9b70876ba0858053c04477534ef55a1706bf4c1112bbb242f0a2.sdkstatcache -Xcc -fmodules-prune-interval\=86400 -Xcc -fmodules-prune-after\=345600 -Xcc -I/Users/admin/builder/spi-builder-workspace/.derivedData/Build/Products/Debug-watchos/include -Xcc -I/Users/admin/builder/spi-builder-workspace/.derivedData/Build/Intermediates.noindex/GraphiteClient.build/Debug-watchos/IO-t.build/DerivedSources-normal/arm64_32 -Xcc -I/Users/admin/builder/spi-builder-workspace/.derivedData/Build/Intermediates.noindex/GraphiteClient.build/Debug-watchos/IO-t.build/DerivedSources/arm64_32 -Xcc -I/Users/admin/builder/spi-builder-workspace/.derivedData/Build/Intermediates.noindex/GraphiteClient.build/Debug-watchos/IO-t.build/DerivedSources -Xcc -DSWIFT_PACKAGE -Xcc -DDEBUG\=1 -no-auto-bridging-header-chaining -module-name IO -const-gather-protocols-file /Users/admin/builder/spi-builder-workspace/.derivedData/Build/Intermediates.noindex/GraphiteClient.build/Debug-watchos/IO-t.build/Objects-normal/arm64_32/IO_const_extract_protocols.json -disable-clang-spi -target-sdk-version 27.0 -target-sdk-name watchos27.0 -external-plugin-path /Applications/Xcode-27.0.0-Release.Candidate.app/Contents/Developer/Platforms/WatchOS.platform/Developer/usr/lib/swift/host/plugins\#/Applications/Xcode-27.0.0-Release.Candidate.app/Contents/Developer/Platforms/WatchOS.platform/Developer/usr/bin/swift-plugin-server -external-plugin-path /Applications/Xcode-27.0.0-Release.Candidate.app/Contents/Developer/Platforms/WatchOS.platform/Developer/usr/local/lib/swift/host/plugins\#/Applications/Xcode-27.0.0-Release.Candidate.app/Contents/Developer/Platforms/WatchOS.platform/Developer/usr/bin/swift-plugin-server -in-process-plugin-server-path /Applications/Xcode-27.0.0-Release.Candidate.app/Contents/Developer/Toolchains/XcodeDefault.xctoolchain/usr/lib/swift/host/libSwiftInProcPluginServer.dylib -plugin-path /Applications/Xcode-27.0.0-Release.Candidate.app/Contents/Developer/Toolchains/XcodeDefault.xctoolchain/usr/lib/swift/host/plugins -plugin-path /Applications/Xcode-27.0.0-Release.Candidate.app/Contents/Developer/Toolchains/XcodeDefault.xctoolchain/usr/local/lib/swift/host/plugins -parse-as-library -o /Users/admin/builder/spi-builder-workspace/.derivedData/Build/Intermediates.noindex/GraphiteClient.build/Debug-watchos/IO-t.build/Objects-normal/arm64_32/NetworkSocketOutputStreamProvider.o -index-unit-output-path /GraphiteClient.build/Debug-watchos/IO-t.build/Objects-normal/arm64_32/NetworkSocketOutputStreamProvider.o -index-store-path /Users/admin/builder/spi-builder-workspace/.derivedData/Index.noindex/DataStore -index-system-modules
SwiftCompile normal arm64_32 /Users/admin/builder/spi-builder-workspace/Sources/IO/NetworkSocketOutputStreamProvider.swift (in target 'IO' from project 'GraphiteClient')
    cd /Users/admin/builder/spi-builder-workspace/.swiftpm/xcode
    builtin-SwiftPerFileCompile NetworkSocketOutputStreamProvider.swift
SwiftCompile normal arm64 Compiling\ EasyOutputStreamError.swift /Users/admin/builder/spi-builder-workspace/Sources/IO/EasyOutputStreamError.swift (in target 'IO' from project 'GraphiteClient')
SwiftCompile normal arm64 /Users/admin/builder/spi-builder-workspace/Sources/IO/EasyOutputStreamError.swift (in target 'IO' from project 'GraphiteClient')
    cd /Users/admin/builder/spi-builder-workspace/.swiftpm/xcode
    builtin-SwiftPerFileCompile EasyOutputStreamError.swift
SwiftDriverJobDiscovery normal arm64 Emitting module for IO (in target 'IO' from project 'GraphiteClient')
SwiftDriver\ Compilation\ Requirements IO normal arm64 com.apple.xcode.tools.swift.compiler (in target 'IO' from project 'GraphiteClient')
    cd /Users/admin/builder/spi-builder-workspace/.swiftpm/xcode
    builtin-Swift-Compilation-Requirements -- /Applications/Xcode-27.0.0-Release.Candidate.app/Contents/Developer/Toolchains/XcodeDefault.xctoolchain/usr/bin/swiftc -parse-as-library -module-name IO -Onone @/Users/admin/builder/spi-builder-workspace/.derivedData/Build/Intermediates.noindex/GraphiteClient.build/Debug-watchos/IO-t.build/Objects-normal/arm64/IO.SwiftFileList -DSWIFT_PACKAGE -DDEBUG -DSWIFT_MODULE_RESOURCE_BUNDLE_UNAVAILABLE -DXcode -plugin-path /Applications/Xcode-27.0.0-Release.Candidate.app/Contents/Developer/Toolchains/XcodeDefault.xctoolchain/usr/lib/swift/host/plugins/testing -enable-experimental-feature DebugDescriptionMacro -sdk /Applications/Xcode-27.0.0-Release.Candidate.app/Contents/Developer/Platforms/WatchOS.platform/Developer/SDKs/WatchOS27.0.sdk -target arm64-apple-watchos9.0 -g -module-cache-path /Users/admin/builder/spi-builder-workspace/.derivedData/ModuleCache.noindex -Xfrontend -serialize-debugging-options -profile-coverage-mapping -profile-generate -enable-testing -index-store-path /Users/admin/builder/spi-builder-workspace/.derivedData/Index.noindex/DataStore -Xcc -D_LIBCPP_HARDENING_MODE\=_LIBCPP_HARDENING_MODE_DEBUG -swift-version 4.2 -I /Users/admin/builder/spi-builder-workspace/.derivedData/Build/Products/Debug-watchos -Isystem /Applications/Xcode-27.0.0-Release.Candidate.app/Contents/Developer/Platforms/WatchOS.platform/Developer/usr/lib -F /Users/admin/builder/spi-builder-workspace/.derivedData/Build/Products/Debug-watchos/PackageFrameworks -F /Users/admin/builder/spi-builder-workspace/.derivedData/Build/Products/Debug-watchos -F /Applications/Xcode-27.0.0-Release.Candidate.app/Contents/Developer/Platforms/WatchOS.platform/Developer/Library/Frameworks -F /Applications/Xcode-27.0.0-Release.Candidate.app/Contents/Developer/Platforms/WatchOS.platform/Developer/SDKs/WatchOS27.0.sdk/Developer/Library/Frameworks -c -j10 -enable-batch-mode -incremental -Xcc -ivfsstatcache -Xcc /Users/admin/builder/spi-builder-workspace/.derivedData/SDKStatCaches.noindex/watchos27.0-24R360-e829b21a6f8c9b70876ba0858053c04477534ef55a1706bf4c1112bbb242f0a2.sdkstatcache -output-file-map /Users/admin/builder/spi-builder-workspace/.derivedData/Build/Intermediates.noindex/GraphiteClient.build/Debug-watchos/IO-t.build/Objects-normal/arm64/IO-OutputFileMap.json -save-temps -no-color-diagnostics -emit-dependencies -emit-module -emit-module-path /Users/admin/builder/spi-builder-workspace/.derivedData/Build/Intermediates.noindex/GraphiteClient.build/Debug-watchos/IO-t.build/Objects-normal/arm64/IO.swiftmodule -serialize-diagnostics -validate-clang-modules-once -clang-build-session-file /Users/admin/builder/spi-builder-workspace/.derivedData/ModuleCache.noindex/Session.modulevalidation -Xcc -fmodules-prune-interval\=86400 -Xcc -fmodules-prune-after\=345600 -emit-const-values -const-gather-protocols-list /Users/admin/builder/spi-builder-workspace/.derivedData/Build/Intermediates.noindex/GraphiteClient.build/Debug-watchos/IO-t.build/Objects-normal/arm64/IO_const_extract_protocols.json -Xcc -I/Users/admin/builder/spi-builder-workspace/.derivedData/Build/Products/Debug-watchos/include -Xcc -I/Users/admin/builder/spi-builder-workspace/.derivedData/Build/Intermediates.noindex/GraphiteClient.build/Debug-watchos/IO-t.build/DerivedSources-normal/arm64 -Xcc -I/Users/admin/builder/spi-builder-workspace/.derivedData/Build/Intermediates.noindex/GraphiteClient.build/Debug-watchos/IO-t.build/DerivedSources/arm64 -Xcc -I/Users/admin/builder/spi-builder-workspace/.derivedData/Build/Intermediates.noindex/GraphiteClient.build/Debug-watchos/IO-t.build/DerivedSources -Xcc -DSWIFT_PACKAGE -Xcc -DDEBUG\=1 -emit-objc-header -emit-objc-header-path /Users/admin/builder/spi-builder-workspace/.derivedData/Build/Intermediates.noindex/GraphiteClient.build/Debug-watchos/IO-t.build/Objects-normal/arm64/IO-Swift.h -working-directory /Users/admin/builder/spi-builder-workspace/.swiftpm/xcode -experimental-emit-module-separately -disable-cmo
SwiftDriverJobDiscovery normal arm64_32 Emitting module for IO (in target 'IO' from project 'GraphiteClient')
SwiftDriver\ Compilation\ Requirements IO normal arm64_32 com.apple.xcode.tools.swift.compiler (in target 'IO' from project 'GraphiteClient')
    cd /Users/admin/builder/spi-builder-workspace/.swiftpm/xcode
    builtin-Swift-Compilation-Requirements -- /Applications/Xcode-27.0.0-Release.Candidate.app/Contents/Developer/Toolchains/XcodeDefault.xctoolchain/usr/bin/swiftc -parse-as-library -module-name IO -Onone @/Users/admin/builder/spi-builder-workspace/.derivedData/Build/Intermediates.noindex/GraphiteClient.build/Debug-watchos/IO-t.build/Objects-normal/arm64_32/IO.SwiftFileList -DSWIFT_PACKAGE -DDEBUG -DSWIFT_MODULE_RESOURCE_BUNDLE_UNAVAILABLE -DXcode -plugin-path /Applications/Xcode-27.0.0-Release.Candidate.app/Contents/Developer/Toolchains/XcodeDefault.xctoolchain/usr/lib/swift/host/plugins/testing -enable-experimental-feature DebugDescriptionMacro -sdk /Applications/Xcode-27.0.0-Release.Candidate.app/Contents/Developer/Platforms/WatchOS.platform/Developer/SDKs/WatchOS27.0.sdk -target arm64_32-apple-watchos9.0 -g -module-cache-path /Users/admin/builder/spi-builder-workspace/.derivedData/ModuleCache.noindex -Xfrontend -serialize-debugging-options -profile-coverage-mapping -profile-generate -enable-testing -index-store-path /Users/admin/builder/spi-builder-workspace/.derivedData/Index.noindex/DataStore -Xcc -D_LIBCPP_HARDENING_MODE\=_LIBCPP_HARDENING_MODE_DEBUG -swift-version 4.2 -I /Users/admin/builder/spi-builder-workspace/.derivedData/Build/Products/Debug-watchos -Isystem /Applications/Xcode-27.0.0-Release.Candidate.app/Contents/Developer/Platforms/WatchOS.platform/Developer/usr/lib -F /Users/admin/builder/spi-builder-workspace/.derivedData/Build/Products/Debug-watchos/PackageFrameworks -F /Users/admin/builder/spi-builder-workspace/.derivedData/Build/Products/Debug-watchos -F /Applications/Xcode-27.0.0-Release.Candidate.app/Contents/Developer/Platforms/WatchOS.platform/Developer/Library/Frameworks -F /Applications/Xcode-27.0.0-Release.Candidate.app/Contents/Developer/Platforms/WatchOS.platform/Developer/SDKs/WatchOS27.0.sdk/Developer/Library/Frameworks -c -j10 -enable-batch-mode -incremental -Xcc -ivfsstatcache -Xcc /Users/admin/builder/spi-builder-workspace/.derivedData/SDKStatCaches.noindex/watchos27.0-24R360-e829b21a6f8c9b70876ba0858053c04477534ef55a1706bf4c1112bbb242f0a2.sdkstatcache -output-file-map /Users/admin/builder/spi-builder-workspace/.derivedData/Build/Intermediates.noindex/GraphiteClient.build/Debug-watchos/IO-t.build/Objects-normal/arm64_32/IO-OutputFileMap.json -save-temps -no-color-diagnostics -emit-dependencies -emit-module -emit-module-path /Users/admin/builder/spi-builder-workspace/.derivedData/Build/Intermediates.noindex/GraphiteClient.build/Debug-watchos/IO-t.build/Objects-normal/arm64_32/IO.swiftmodule -serialize-diagnostics -validate-clang-modules-once -clang-build-session-file /Users/admin/builder/spi-builder-workspace/.derivedData/ModuleCache.noindex/Session.modulevalidation -Xcc -fmodules-prune-interval\=86400 -Xcc -fmodules-prune-after\=345600 -emit-const-values -const-gather-protocols-list /Users/admin/builder/spi-builder-workspace/.derivedData/Build/Intermediates.noindex/GraphiteClient.build/Debug-watchos/IO-t.build/Objects-normal/arm64_32/IO_const_extract_protocols.json -Xcc -I/Users/admin/builder/spi-builder-workspace/.derivedData/Build/Products/Debug-watchos/include -Xcc -I/Users/admin/builder/spi-builder-workspace/.derivedData/Build/Intermediates.noindex/GraphiteClient.build/Debug-watchos/IO-t.build/DerivedSources-normal/arm64_32 -Xcc -I/Users/admin/builder/spi-builder-workspace/.derivedData/Build/Intermediates.noindex/GraphiteClient.build/Debug-watchos/IO-t.build/DerivedSources/arm64_32 -Xcc -I/Users/admin/builder/spi-builder-workspace/.derivedData/Build/Intermediates.noindex/GraphiteClient.build/Debug-watchos/IO-t.build/DerivedSources -Xcc -DSWIFT_PACKAGE -Xcc -DDEBUG\=1 -emit-objc-header -emit-objc-header-path /Users/admin/builder/spi-builder-workspace/.derivedData/Build/Intermediates.noindex/GraphiteClient.build/Debug-watchos/IO-t.build/Objects-normal/arm64_32/IO-Swift.h -working-directory /Users/admin/builder/spi-builder-workspace/.swiftpm/xcode -experimental-emit-module-separately -disable-cmo
Copy /Users/admin/builder/spi-builder-workspace/.derivedData/Build/Products/Debug-watchos/IO.swiftmodule/arm64-apple-watchos.swiftmodule /Users/admin/builder/spi-builder-workspace/.derivedData/Build/Intermediates.noindex/GraphiteClient.build/Debug-watchos/IO-t.build/Objects-normal/arm64/IO.swiftmodule (in target 'IO' from project 'GraphiteClient')
    cd /Users/admin/builder/spi-builder-workspace
    builtin-copy -exclude .DS_Store -exclude CVS -exclude .svn -exclude .git -exclude .hg -resolve-src-symlinks -rename /Users/admin/builder/spi-builder-workspace/.derivedData/Build/Intermediates.noindex/GraphiteClient.build/Debug-watchos/IO-t.build/Objects-normal/arm64/IO.swiftmodule /Users/admin/builder/spi-builder-workspace/.derivedData/Build/Products/Debug-watchos/IO.swiftmodule/arm64-apple-watchos.swiftmodule
SwiftMergeGeneratedHeaders /Users/admin/builder/spi-builder-workspace/.derivedData/Build/Intermediates.noindex/GeneratedModuleMaps-watchos/IO-Swift.h /Users/admin/builder/spi-builder-workspace/.derivedData/Build/Intermediates.noindex/GraphiteClient.build/Debug-watchos/IO-t.build/Objects-normal/arm64/IO-Swift.h /Users/admin/builder/spi-builder-workspace/.derivedData/Build/Intermediates.noindex/GraphiteClient.build/Debug-watchos/IO-t.build/Objects-normal/arm64_32/IO-Swift.h (in target 'IO' from project 'GraphiteClient')
    cd /Users/admin/builder/spi-builder-workspace
    builtin-swiftHeaderTool -arch arm64 /Users/admin/builder/spi-builder-workspace/.derivedData/Build/Intermediates.noindex/GraphiteClient.build/Debug-watchos/IO-t.build/Objects-normal/arm64/IO-Swift.h -arch arm64_32 /Users/admin/builder/spi-builder-workspace/.derivedData/Build/Intermediates.noindex/GraphiteClient.build/Debug-watchos/IO-t.build/Objects-normal/arm64_32/IO-Swift.h -o /Users/admin/builder/spi-builder-workspace/.derivedData/Build/Intermediates.noindex/GeneratedModuleMaps-watchos/IO-Swift.h
Copy /Users/admin/builder/spi-builder-workspace/.derivedData/Build/Products/Debug-watchos/IO.swiftmodule/arm64_32-apple-watchos.swiftmodule /Users/admin/builder/spi-builder-workspace/.derivedData/Build/Intermediates.noindex/GraphiteClient.build/Debug-watchos/IO-t.build/Objects-normal/arm64_32/IO.swiftmodule (in target 'IO' from project 'GraphiteClient')
    cd /Users/admin/builder/spi-builder-workspace
    builtin-copy -exclude .DS_Store -exclude CVS -exclude .svn -exclude .git -exclude .hg -resolve-src-symlinks -rename /Users/admin/builder/spi-builder-workspace/.derivedData/Build/Intermediates.noindex/GraphiteClient.build/Debug-watchos/IO-t.build/Objects-normal/arm64_32/IO.swiftmodule /Users/admin/builder/spi-builder-workspace/.derivedData/Build/Products/Debug-watchos/IO.swiftmodule/arm64_32-apple-watchos.swiftmodule
Copy /Users/admin/builder/spi-builder-workspace/.derivedData/Build/Products/Debug-watchos/IO.swiftmodule/arm64_32-apple-watchos.swiftdoc /Users/admin/builder/spi-builder-workspace/.derivedData/Build/Intermediates.noindex/GraphiteClient.build/Debug-watchos/IO-t.build/Objects-normal/arm64_32/IO.swiftdoc (in target 'IO' from project 'GraphiteClient')
    cd /Users/admin/builder/spi-builder-workspace
    builtin-copy -exclude .DS_Store -exclude CVS -exclude .svn -exclude .git -exclude .hg -resolve-src-symlinks -rename /Users/admin/builder/spi-builder-workspace/.derivedData/Build/Intermediates.noindex/GraphiteClient.build/Debug-watchos/IO-t.build/Objects-normal/arm64_32/IO.swiftdoc /Users/admin/builder/spi-builder-workspace/.derivedData/Build/Products/Debug-watchos/IO.swiftmodule/arm64_32-apple-watchos.swiftdoc
Copy /Users/admin/builder/spi-builder-workspace/.derivedData/Build/Products/Debug-watchos/IO.swiftmodule/arm64_32-apple-watchos.abi.json /Users/admin/builder/spi-builder-workspace/.derivedData/Build/Intermediates.noindex/GraphiteClient.build/Debug-watchos/IO-t.build/Objects-normal/arm64_32/IO.abi.json (in target 'IO' from project 'GraphiteClient')
    cd /Users/admin/builder/spi-builder-workspace
    builtin-copy -exclude .DS_Store -exclude CVS -exclude .svn -exclude .git -exclude .hg -resolve-src-symlinks -rename /Users/admin/builder/spi-builder-workspace/.derivedData/Build/Intermediates.noindex/GraphiteClient.build/Debug-watchos/IO-t.build/Objects-normal/arm64_32/IO.abi.json /Users/admin/builder/spi-builder-workspace/.derivedData/Build/Products/Debug-watchos/IO.swiftmodule/arm64_32-apple-watchos.abi.json
Copy /Users/admin/builder/spi-builder-workspace/.derivedData/Build/Products/Debug-watchos/IO.swiftmodule/arm64-apple-watchos.swiftdoc /Users/admin/builder/spi-builder-workspace/.derivedData/Build/Intermediates.noindex/GraphiteClient.build/Debug-watchos/IO-t.build/Objects-normal/arm64/IO.swiftdoc (in target 'IO' from project 'GraphiteClient')
    cd /Users/admin/builder/spi-builder-workspace
    builtin-copy -exclude .DS_Store -exclude CVS -exclude .svn -exclude .git -exclude .hg -resolve-src-symlinks -rename /Users/admin/builder/spi-builder-workspace/.derivedData/Build/Intermediates.noindex/GraphiteClient.build/Debug-watchos/IO-t.build/Objects-normal/arm64/IO.swiftdoc /Users/admin/builder/spi-builder-workspace/.derivedData/Build/Products/Debug-watchos/IO.swiftmodule/arm64-apple-watchos.swiftdoc
Copy /Users/admin/builder/spi-builder-workspace/.derivedData/Build/Products/Debug-watchos/IO.swiftmodule/arm64-apple-watchos.abi.json /Users/admin/builder/spi-builder-workspace/.derivedData/Build/Intermediates.noindex/GraphiteClient.build/Debug-watchos/IO-t.build/Objects-normal/arm64/IO.abi.json (in target 'IO' from project 'GraphiteClient')
    cd /Users/admin/builder/spi-builder-workspace
    builtin-copy -exclude .DS_Store -exclude CVS -exclude .svn -exclude .git -exclude .hg -resolve-src-symlinks -rename /Users/admin/builder/spi-builder-workspace/.derivedData/Build/Intermediates.noindex/GraphiteClient.build/Debug-watchos/IO-t.build/Objects-normal/arm64/IO.abi.json /Users/admin/builder/spi-builder-workspace/.derivedData/Build/Products/Debug-watchos/IO.swiftmodule/arm64-apple-watchos.abi.json
Copy /Users/admin/builder/spi-builder-workspace/.derivedData/Build/Products/Debug-watchos/IO.swiftmodule/Project/arm64_32-apple-watchos.swiftsourceinfo /Users/admin/builder/spi-builder-workspace/.derivedData/Build/Intermediates.noindex/GraphiteClient.build/Debug-watchos/IO-t.build/Objects-normal/arm64_32/IO.swiftsourceinfo (in target 'IO' from project 'GraphiteClient')
    cd /Users/admin/builder/spi-builder-workspace
    builtin-copy -exclude .DS_Store -exclude CVS -exclude .svn -exclude .git -exclude .hg -resolve-src-symlinks -rename /Users/admin/builder/spi-builder-workspace/.derivedData/Build/Intermediates.noindex/GraphiteClient.build/Debug-watchos/IO-t.build/Objects-normal/arm64_32/IO.swiftsourceinfo /Users/admin/builder/spi-builder-workspace/.derivedData/Build/Products/Debug-watchos/IO.swiftmodule/Project/arm64_32-apple-watchos.swiftsourceinfo
Copy /Users/admin/builder/spi-builder-workspace/.derivedData/Build/Products/Debug-watchos/IO.swiftmodule/Project/arm64-apple-watchos.swiftsourceinfo /Users/admin/builder/spi-builder-workspace/.derivedData/Build/Intermediates.noindex/GraphiteClient.build/Debug-watchos/IO-t.build/Objects-normal/arm64/IO.swiftsourceinfo (in target 'IO' from project 'GraphiteClient')
    cd /Users/admin/builder/spi-builder-workspace
    builtin-copy -exclude .DS_Store -exclude CVS -exclude .svn -exclude .git -exclude .hg -resolve-src-symlinks -rename /Users/admin/builder/spi-builder-workspace/.derivedData/Build/Intermediates.noindex/GraphiteClient.build/Debug-watchos/IO-t.build/Objects-normal/arm64/IO.swiftsourceinfo /Users/admin/builder/spi-builder-workspace/.derivedData/Build/Products/Debug-watchos/IO.swiftmodule/Project/arm64-apple-watchos.swiftsourceinfo
SwiftCompile normal arm64_32 Compiling\ EasyOutputStream.swift /Users/admin/builder/spi-builder-workspace/Sources/IO/EasyOutputStream.swift (in target 'IO' from project 'GraphiteClient')
SwiftCompile normal arm64_32 /Users/admin/builder/spi-builder-workspace/Sources/IO/EasyOutputStream.swift (in target 'IO' from project 'GraphiteClient')
    cd /Users/admin/builder/spi-builder-workspace/.swiftpm/xcode
    builtin-SwiftPerFileCompile EasyOutputStream.swift
PruneExplicitPrecompiledModules /Users/admin/builder/spi-builder-workspace/.derivedData/Build/Intermediates.noindex/SwiftExplicitPrecompiledModules
PruneExplicitPrecompiledModules /Users/admin/builder/spi-builder-workspace/.derivedData/Build/Intermediates.noindex/ExplicitPrecompiledModules
PruneExplicitPrecompiledModules /Users/admin/builder/spi-builder-workspace/.derivedData/SDKExplicitPrecompiledModules
2026-09-17 04:53:29.484 xcodebuild[649:4161] [MT] IDERunDestination: Supported platforms for the buildables in the current scheme is empty.
** BUILD FAILED **
The following build commands failed:
	SwiftCompile normal arm64_32 Compiling\ NetworkSocketOutputStreamProvider.swift /Users/admin/builder/spi-builder-workspace/Sources/IO/NetworkSocketOutputStreamProvider.swift (in target 'IO' from project 'GraphiteClient')
	SwiftCompile normal arm64_32 /Users/admin/builder/spi-builder-workspace/Sources/IO/NetworkSocketOutputStreamProvider.swift (in target 'IO' from project 'GraphiteClient')
	Building workspace GraphiteClient with scheme GraphiteClient-Package
(3 failures)
Command line invocation:
    /Applications/Xcode-27.0.0-Release.Candidate.app/Contents/Developer/usr/bin/xcodebuild -IDEClonedSourcePackagesDirPathOverride=/Users/admin/builder/spi-builder-workspace/.dependencies -resolvePackageDependencies
Resolve Package Graph
Resolved source packages:
  GraphiteClient: /Users/admin/builder/spi-builder-workspace
resolved source packages: GraphiteClient
2026-09-17 04:53:34.322 xcodebuild[678:4381] [MT] IDERunDestination: Supported platforms for the buildables in the current scheme is empty.
{
  "dependencies" : [
  ],
  "manifest_display_name" : "GraphiteClient",
  "name" : "GraphiteClient",
  "path" : "/Users/admin/builder/spi-builder-workspace",
  "platforms" : [
  ],
  "products" : [
    {
      "name" : "AtomicModels",
      "targets" : [
        "AtomicModels"
      ],
      "type" : {
        "library" : [
          "automatic"
        ]
      }
    },
    {
      "name" : "GraphiteClient",
      "targets" : [
        "GraphiteClient"
      ],
      "type" : {
        "library" : [
          "automatic"
        ]
      }
    },
    {
      "name" : "IO",
      "targets" : [
        "IO"
      ],
      "type" : {
        "library" : [
          "automatic"
        ]
      }
    }
  ],
  "swift_languages_versions" : [
    "4.2"
  ],
  "targets" : [
    {
      "c99name" : "IOTests",
      "module_type" : "SwiftTarget",
      "name" : "IOTests",
      "path" : "Tests/IOTests",
      "sources" : [
        "BoundStreamsOutputStreamProvider.swift",
        "EasyOutputStreamTests.swift",
        "FakeBufferedOutputStreamProvider.swift",
        "FakeInMemoryOutputStreamProvider.swift"
      ],
      "target_dependencies" : [
        "IO"
      ],
      "type" : "test"
    },
    {
      "c99name" : "IO",
      "module_type" : "SwiftTarget",
      "name" : "IO",
      "path" : "Sources/IO",
      "product_memberships" : [
        "GraphiteClient",
        "IO"
      ],
      "sources" : [
        "EasyOutputStream.swift",
        "EasyOutputStreamError.swift",
        "NetworkSocketOutputStreamProvider.swift",
        "OutputStreamProvider.swift"
      ],
      "target_dependencies" : [
        "AtomicModels"
      ],
      "type" : "library"
    },
    {
      "c99name" : "GraphiteClientTests",
      "module_type" : "SwiftTarget",
      "name" : "GraphiteClientTests",
      "path" : "Tests/GraphiteClientTests",
      "sources" : [
        "GraphiteClientTests.swift",
        "GraphiteMetricTests.swift"
      ],
      "target_dependencies" : [
        "GraphiteClient"
      ],
      "type" : "test"
    },
    {
      "c99name" : "GraphiteClient",
      "module_type" : "SwiftTarget",
      "name" : "GraphiteClient",
      "path" : "Sources/GraphiteClient",
      "product_memberships" : [
        "GraphiteClient"
      ],
      "sources" : [
        "GraphiteClient.swift",
        "GraphiteClientError.swift",
        "GraphiteMetric.swift"
      ],
      "target_dependencies" : [
        "IO"
      ],
      "type" : "library"
    },
    {
      "c99name" : "AtomicModels",
      "module_type" : "SwiftTarget",
      "name" : "AtomicModels",
      "path" : "Sources/AtomicModels",
      "product_memberships" : [
        "AtomicModels",
        "GraphiteClient",
        "IO"
      ],
      "sources" : [
        "AtomicCollection.swift",
        "AtomicValue.swift",
        "ConditionLock.swift"
      ],
      "type" : "library"
    }
  ],
  "tools_version" : "4.2"
}
{
  "workspace" : {
    "name" : "GraphiteClient",
    "schemes" : [
      "AtomicModels",
      "GraphiteClient",
      "GraphiteClient-Package",
      "IO"
    ]
  }
}
2026-09-17 04:53:35.500 xcodebuild[686:4447] [MT] IDERunDestination: Supported platforms for the buildables in the current scheme is empty.
Running build ...
env DEVELOPER_DIR=/Applications/Xcode-27.0.0-Release.Candidate.app xcrun xcodebuild -IDEClonedSourcePackagesDirPathOverride=$PWD/.dependencies -skipMacroValidation -skipPackagePluginValidation -derivedDataPath $PWD/.derivedData build -scheme GraphiteClient-Package -destination generic/platform=watchOS
Command line invocation:
    /Applications/Xcode-27.0.0-Release.Candidate.app/Contents/Developer/usr/bin/xcodebuild -IDEClonedSourcePackagesDirPathOverride=/Users/admin/builder/spi-builder-workspace/.dependencies -skipMacroValidation -skipPackagePluginValidation -derivedDataPath /Users/admin/builder/spi-builder-workspace/.derivedData build -scheme GraphiteClient-Package -destination generic/platform=watchOS
Resolve Package Graph
Resolved source packages:
  GraphiteClient: /Users/admin/builder/spi-builder-workspace
ComputePackagePrebuildTargetDependencyGraph
Prepare packages
CreateBuildRequest
SendProjectDescription
CreateBuildOperation
ComputeTargetDependencyGraph
note: Building targets in dependency order
note: Target dependency graph (6 targets)
    Target 'IO-product' in project 'GraphiteClient'
        ➜ Explicit dependency on target 'IO' in project 'GraphiteClient'
        ➜ Explicit dependency on target 'AtomicModels' in project 'GraphiteClient'
    Target 'GraphiteClient-product' in project 'GraphiteClient'
        ➜ Explicit dependency on target 'GraphiteClient' in project 'GraphiteClient'
        ➜ Explicit dependency on target 'AtomicModels' in project 'GraphiteClient'
        ➜ Explicit dependency on target 'IO' in project 'GraphiteClient'
    Target 'GraphiteClient' in project 'GraphiteClient'
        ➜ Explicit dependency on target 'AtomicModels' in project 'GraphiteClient'
        ➜ Explicit dependency on target 'IO' in project 'GraphiteClient'
    Target 'IO' in project 'GraphiteClient'
        ➜ Explicit dependency on target 'AtomicModels' in project 'GraphiteClient'
    Target 'AtomicModels-product' in project 'GraphiteClient'
        ➜ Explicit dependency on target 'AtomicModels' in project 'GraphiteClient'
    Target 'AtomicModels' in project 'GraphiteClient' (no dependencies)
GatherProvisioningInputs
CreateBuildDescription
ClangStatCache /Applications/Xcode-27.0.0-Release.Candidate.app/Contents/Developer/Toolchains/XcodeDefault.xctoolchain/usr/bin/clang-stat-cache /Applications/Xcode-27.0.0-Release.Candidate.app/Contents/Developer/Platforms/WatchOS.platform/Developer/SDKs/WatchOS27.0.sdk /Users/admin/builder/spi-builder-workspace/.derivedData/SDKStatCaches.noindex/watchos27.0-24R360-e829b21a6f8c9b70876ba0858053c04477534ef55a1706bf4c1112bbb242f0a2.sdkstatcache
    cd /Users/admin/builder/spi-builder-workspace/.swiftpm/xcode
    /Applications/Xcode-27.0.0-Release.Candidate.app/Contents/Developer/Toolchains/XcodeDefault.xctoolchain/usr/bin/clang-stat-cache /Applications/Xcode-27.0.0-Release.Candidate.app/Contents/Developer/Platforms/WatchOS.platform/Developer/SDKs/WatchOS27.0.sdk -o /Users/admin/builder/spi-builder-workspace/.derivedData/SDKStatCaches.noindex/watchos27.0-24R360-e829b21a6f8c9b70876ba0858053c04477534ef55a1706bf4c1112bbb242f0a2.sdkstatcache
SwiftDriver IO normal arm64_32 com.apple.xcode.tools.swift.compiler (in target 'IO' from project 'GraphiteClient')
    cd /Users/admin/builder/spi-builder-workspace/.swiftpm/xcode
    builtin-SwiftDriver -- /Applications/Xcode-27.0.0-Release.Candidate.app/Contents/Developer/Toolchains/XcodeDefault.xctoolchain/usr/bin/swiftc -parse-as-library -module-name IO -Onone @/Users/admin/builder/spi-builder-workspace/.derivedData/Build/Intermediates.noindex/GraphiteClient.build/Debug-watchos/IO-t.build/Objects-normal/arm64_32/IO.SwiftFileList -DSWIFT_PACKAGE -DDEBUG -DSWIFT_MODULE_RESOURCE_BUNDLE_UNAVAILABLE -DXcode -plugin-path /Applications/Xcode-27.0.0-Release.Candidate.app/Contents/Developer/Toolchains/XcodeDefault.xctoolchain/usr/lib/swift/host/plugins/testing -enable-experimental-feature DebugDescriptionMacro -sdk /Applications/Xcode-27.0.0-Release.Candidate.app/Contents/Developer/Platforms/WatchOS.platform/Developer/SDKs/WatchOS27.0.sdk -target arm64_32-apple-watchos9.0 -g -module-cache-path /Users/admin/builder/spi-builder-workspace/.derivedData/ModuleCache.noindex -Xfrontend -serialize-debugging-options -profile-coverage-mapping -profile-generate -enable-testing -index-store-path /Users/admin/builder/spi-builder-workspace/.derivedData/Index.noindex/DataStore -Xcc -D_LIBCPP_HARDENING_MODE\=_LIBCPP_HARDENING_MODE_DEBUG -swift-version 4.2 -I /Users/admin/builder/spi-builder-workspace/.derivedData/Build/Products/Debug-watchos -Isystem /Applications/Xcode-27.0.0-Release.Candidate.app/Contents/Developer/Platforms/WatchOS.platform/Developer/usr/lib -F /Users/admin/builder/spi-builder-workspace/.derivedData/Build/Products/Debug-watchos/PackageFrameworks -F /Users/admin/builder/spi-builder-workspace/.derivedData/Build/Products/Debug-watchos -F /Applications/Xcode-27.0.0-Release.Candidate.app/Contents/Developer/Platforms/WatchOS.platform/Developer/Library/Frameworks -F /Applications/Xcode-27.0.0-Release.Candidate.app/Contents/Developer/Platforms/WatchOS.platform/Developer/SDKs/WatchOS27.0.sdk/Developer/Library/Frameworks -c -j10 -enable-batch-mode -incremental -Xcc -ivfsstatcache -Xcc /Users/admin/builder/spi-builder-workspace/.derivedData/SDKStatCaches.noindex/watchos27.0-24R360-e829b21a6f8c9b70876ba0858053c04477534ef55a1706bf4c1112bbb242f0a2.sdkstatcache -output-file-map /Users/admin/builder/spi-builder-workspace/.derivedData/Build/Intermediates.noindex/GraphiteClient.build/Debug-watchos/IO-t.build/Objects-normal/arm64_32/IO-OutputFileMap.json -save-temps -no-color-diagnostics -emit-dependencies -emit-module -emit-module-path /Users/admin/builder/spi-builder-workspace/.derivedData/Build/Intermediates.noindex/GraphiteClient.build/Debug-watchos/IO-t.build/Objects-normal/arm64_32/IO.swiftmodule -serialize-diagnostics -validate-clang-modules-once -clang-build-session-file /Users/admin/builder/spi-builder-workspace/.derivedData/ModuleCache.noindex/Session.modulevalidation -Xcc -fmodules-prune-interval\=86400 -Xcc -fmodules-prune-after\=345600 -emit-const-values -const-gather-protocols-list /Users/admin/builder/spi-builder-workspace/.derivedData/Build/Intermediates.noindex/GraphiteClient.build/Debug-watchos/IO-t.build/Objects-normal/arm64_32/IO_const_extract_protocols.json -Xcc -I/Users/admin/builder/spi-builder-workspace/.derivedData/Build/Products/Debug-watchos/include -Xcc -I/Users/admin/builder/spi-builder-workspace/.derivedData/Build/Intermediates.noindex/GraphiteClient.build/Debug-watchos/IO-t.build/DerivedSources-normal/arm64_32 -Xcc -I/Users/admin/builder/spi-builder-workspace/.derivedData/Build/Intermediates.noindex/GraphiteClient.build/Debug-watchos/IO-t.build/DerivedSources/arm64_32 -Xcc -I/Users/admin/builder/spi-builder-workspace/.derivedData/Build/Intermediates.noindex/GraphiteClient.build/Debug-watchos/IO-t.build/DerivedSources -Xcc -DSWIFT_PACKAGE -Xcc -DDEBUG\=1 -emit-objc-header -emit-objc-header-path /Users/admin/builder/spi-builder-workspace/.derivedData/Build/Intermediates.noindex/GraphiteClient.build/Debug-watchos/IO-t.build/Objects-normal/arm64_32/IO-Swift.h -working-directory /Users/admin/builder/spi-builder-workspace/.swiftpm/xcode -experimental-emit-module-separately -disable-cmo
SwiftDriver AtomicModels normal arm64_32 com.apple.xcode.tools.swift.compiler (in target 'AtomicModels' from project 'GraphiteClient')
    cd /Users/admin/builder/spi-builder-workspace/.swiftpm/xcode
    builtin-SwiftDriver -- /Applications/Xcode-27.0.0-Release.Candidate.app/Contents/Developer/Toolchains/XcodeDefault.xctoolchain/usr/bin/swiftc -parse-as-library -module-name AtomicModels -Onone @/Users/admin/builder/spi-builder-workspace/.derivedData/Build/Intermediates.noindex/GraphiteClient.build/Debug-watchos/AtomicModels-t.build/Objects-normal/arm64_32/AtomicModels.SwiftFileList -DSWIFT_PACKAGE -DDEBUG -DSWIFT_MODULE_RESOURCE_BUNDLE_UNAVAILABLE -DXcode -plugin-path /Applications/Xcode-27.0.0-Release.Candidate.app/Contents/Developer/Toolchains/XcodeDefault.xctoolchain/usr/lib/swift/host/plugins/testing -enable-experimental-feature DebugDescriptionMacro -sdk /Applications/Xcode-27.0.0-Release.Candidate.app/Contents/Developer/Platforms/WatchOS.platform/Developer/SDKs/WatchOS27.0.sdk -target arm64_32-apple-watchos9.0 -g -module-cache-path /Users/admin/builder/spi-builder-workspace/.derivedData/ModuleCache.noindex -Xfrontend -serialize-debugging-options -profile-coverage-mapping -profile-generate -enable-testing -index-store-path /Users/admin/builder/spi-builder-workspace/.derivedData/Index.noindex/DataStore -Xcc -D_LIBCPP_HARDENING_MODE\=_LIBCPP_HARDENING_MODE_DEBUG -swift-version 4.2 -I /Users/admin/builder/spi-builder-workspace/.derivedData/Build/Products/Debug-watchos -Isystem /Applications/Xcode-27.0.0-Release.Candidate.app/Contents/Developer/Platforms/WatchOS.platform/Developer/usr/lib -F /Users/admin/builder/spi-builder-workspace/.derivedData/Build/Products/Debug-watchos -F /Applications/Xcode-27.0.0-Release.Candidate.app/Contents/Developer/Platforms/WatchOS.platform/Developer/Library/Frameworks -F /Applications/Xcode-27.0.0-Release.Candidate.app/Contents/Developer/Platforms/WatchOS.platform/Developer/SDKs/WatchOS27.0.sdk/Developer/Library/Frameworks -c -j10 -enable-batch-mode -incremental -Xcc -ivfsstatcache -Xcc /Users/admin/builder/spi-builder-workspace/.derivedData/SDKStatCaches.noindex/watchos27.0-24R360-e829b21a6f8c9b70876ba0858053c04477534ef55a1706bf4c1112bbb242f0a2.sdkstatcache -output-file-map /Users/admin/builder/spi-builder-workspace/.derivedData/Build/Intermediates.noindex/GraphiteClient.build/Debug-watchos/AtomicModels-t.build/Objects-normal/arm64_32/AtomicModels-OutputFileMap.json -save-temps -no-color-diagnostics -emit-dependencies -emit-module -emit-module-path /Users/admin/builder/spi-builder-workspace/.derivedData/Build/Intermediates.noindex/GraphiteClient.build/Debug-watchos/AtomicModels-t.build/Objects-normal/arm64_32/AtomicModels.swiftmodule -serialize-diagnostics -validate-clang-modules-once -clang-build-session-file /Users/admin/builder/spi-builder-workspace/.derivedData/ModuleCache.noindex/Session.modulevalidation -Xcc -fmodules-prune-interval\=86400 -Xcc -fmodules-prune-after\=345600 -emit-const-values -const-gather-protocols-list /Users/admin/builder/spi-builder-workspace/.derivedData/Build/Intermediates.noindex/GraphiteClient.build/Debug-watchos/AtomicModels-t.build/Objects-normal/arm64_32/AtomicModels_const_extract_protocols.json -Xcc -I/Users/admin/builder/spi-builder-workspace/.derivedData/Build/Products/Debug-watchos/include -Xcc -I/Users/admin/builder/spi-builder-workspace/.derivedData/Build/Intermediates.noindex/GraphiteClient.build/Debug-watchos/AtomicModels-t.build/DerivedSources-normal/arm64_32 -Xcc -I/Users/admin/builder/spi-builder-workspace/.derivedData/Build/Intermediates.noindex/GraphiteClient.build/Debug-watchos/AtomicModels-t.build/DerivedSources/arm64_32 -Xcc -I/Users/admin/builder/spi-builder-workspace/.derivedData/Build/Intermediates.noindex/GraphiteClient.build/Debug-watchos/AtomicModels-t.build/DerivedSources -Xcc -DSWIFT_PACKAGE -Xcc -DDEBUG\=1 -emit-objc-header -emit-objc-header-path /Users/admin/builder/spi-builder-workspace/.derivedData/Build/Intermediates.noindex/GraphiteClient.build/Debug-watchos/AtomicModels-t.build/Objects-normal/arm64_32/AtomicModels-Swift.h -working-directory /Users/admin/builder/spi-builder-workspace/.swiftpm/xcode -experimental-emit-module-separately -disable-cmo
SwiftDriver IO normal arm64 com.apple.xcode.tools.swift.compiler (in target 'IO' from project 'GraphiteClient')
    cd /Users/admin/builder/spi-builder-workspace/.swiftpm/xcode
    builtin-SwiftDriver -- /Applications/Xcode-27.0.0-Release.Candidate.app/Contents/Developer/Toolchains/XcodeDefault.xctoolchain/usr/bin/swiftc -parse-as-library -module-name IO -Onone @/Users/admin/builder/spi-builder-workspace/.derivedData/Build/Intermediates.noindex/GraphiteClient.build/Debug-watchos/IO-t.build/Objects-normal/arm64/IO.SwiftFileList -DSWIFT_PACKAGE -DDEBUG -DSWIFT_MODULE_RESOURCE_BUNDLE_UNAVAILABLE -DXcode -plugin-path /Applications/Xcode-27.0.0-Release.Candidate.app/Contents/Developer/Toolchains/XcodeDefault.xctoolchain/usr/lib/swift/host/plugins/testing -enable-experimental-feature DebugDescriptionMacro -sdk /Applications/Xcode-27.0.0-Release.Candidate.app/Contents/Developer/Platforms/WatchOS.platform/Developer/SDKs/WatchOS27.0.sdk -target arm64-apple-watchos9.0 -g -module-cache-path /Users/admin/builder/spi-builder-workspace/.derivedData/ModuleCache.noindex -Xfrontend -serialize-debugging-options -profile-coverage-mapping -profile-generate -enable-testing -index-store-path /Users/admin/builder/spi-builder-workspace/.derivedData/Index.noindex/DataStore -Xcc -D_LIBCPP_HARDENING_MODE\=_LIBCPP_HARDENING_MODE_DEBUG -swift-version 4.2 -I /Users/admin/builder/spi-builder-workspace/.derivedData/Build/Products/Debug-watchos -Isystem /Applications/Xcode-27.0.0-Release.Candidate.app/Contents/Developer/Platforms/WatchOS.platform/Developer/usr/lib -F /Users/admin/builder/spi-builder-workspace/.derivedData/Build/Products/Debug-watchos/PackageFrameworks -F /Users/admin/builder/spi-builder-workspace/.derivedData/Build/Products/Debug-watchos -F /Applications/Xcode-27.0.0-Release.Candidate.app/Contents/Developer/Platforms/WatchOS.platform/Developer/Library/Frameworks -F /Applications/Xcode-27.0.0-Release.Candidate.app/Contents/Developer/Platforms/WatchOS.platform/Developer/SDKs/WatchOS27.0.sdk/Developer/Library/Frameworks -c -j10 -enable-batch-mode -incremental -Xcc -ivfsstatcache -Xcc /Users/admin/builder/spi-builder-workspace/.derivedData/SDKStatCaches.noindex/watchos27.0-24R360-e829b21a6f8c9b70876ba0858053c04477534ef55a1706bf4c1112bbb242f0a2.sdkstatcache -output-file-map /Users/admin/builder/spi-builder-workspace/.derivedData/Build/Intermediates.noindex/GraphiteClient.build/Debug-watchos/IO-t.build/Objects-normal/arm64/IO-OutputFileMap.json -save-temps -no-color-diagnostics -emit-dependencies -emit-module -emit-module-path /Users/admin/builder/spi-builder-workspace/.derivedData/Build/Intermediates.noindex/GraphiteClient.build/Debug-watchos/IO-t.build/Objects-normal/arm64/IO.swiftmodule -serialize-diagnostics -validate-clang-modules-once -clang-build-session-file /Users/admin/builder/spi-builder-workspace/.derivedData/ModuleCache.noindex/Session.modulevalidation -Xcc -fmodules-prune-interval\=86400 -Xcc -fmodules-prune-after\=345600 -emit-const-values -const-gather-protocols-list /Users/admin/builder/spi-builder-workspace/.derivedData/Build/Intermediates.noindex/GraphiteClient.build/Debug-watchos/IO-t.build/Objects-normal/arm64/IO_const_extract_protocols.json -Xcc -I/Users/admin/builder/spi-builder-workspace/.derivedData/Build/Products/Debug-watchos/include -Xcc -I/Users/admin/builder/spi-builder-workspace/.derivedData/Build/Intermediates.noindex/GraphiteClient.build/Debug-watchos/IO-t.build/DerivedSources-normal/arm64 -Xcc -I/Users/admin/builder/spi-builder-workspace/.derivedData/Build/Intermediates.noindex/GraphiteClient.build/Debug-watchos/IO-t.build/DerivedSources/arm64 -Xcc -I/Users/admin/builder/spi-builder-workspace/.derivedData/Build/Intermediates.noindex/GraphiteClient.build/Debug-watchos/IO-t.build/DerivedSources -Xcc -DSWIFT_PACKAGE -Xcc -DDEBUG\=1 -emit-objc-header -emit-objc-header-path /Users/admin/builder/spi-builder-workspace/.derivedData/Build/Intermediates.noindex/GraphiteClient.build/Debug-watchos/IO-t.build/Objects-normal/arm64/IO-Swift.h -working-directory /Users/admin/builder/spi-builder-workspace/.swiftpm/xcode -experimental-emit-module-separately -disable-cmo
SwiftDriver AtomicModels normal arm64 com.apple.xcode.tools.swift.compiler (in target 'AtomicModels' from project 'GraphiteClient')
    cd /Users/admin/builder/spi-builder-workspace/.swiftpm/xcode
    builtin-SwiftDriver -- /Applications/Xcode-27.0.0-Release.Candidate.app/Contents/Developer/Toolchains/XcodeDefault.xctoolchain/usr/bin/swiftc -parse-as-library -module-name AtomicModels -Onone @/Users/admin/builder/spi-builder-workspace/.derivedData/Build/Intermediates.noindex/GraphiteClient.build/Debug-watchos/AtomicModels-t.build/Objects-normal/arm64/AtomicModels.SwiftFileList -DSWIFT_PACKAGE -DDEBUG -DSWIFT_MODULE_RESOURCE_BUNDLE_UNAVAILABLE -DXcode -plugin-path /Applications/Xcode-27.0.0-Release.Candidate.app/Contents/Developer/Toolchains/XcodeDefault.xctoolchain/usr/lib/swift/host/plugins/testing -enable-experimental-feature DebugDescriptionMacro -sdk /Applications/Xcode-27.0.0-Release.Candidate.app/Contents/Developer/Platforms/WatchOS.platform/Developer/SDKs/WatchOS27.0.sdk -target arm64-apple-watchos9.0 -g -module-cache-path /Users/admin/builder/spi-builder-workspace/.derivedData/ModuleCache.noindex -Xfrontend -serialize-debugging-options -profile-coverage-mapping -profile-generate -enable-testing -index-store-path /Users/admin/builder/spi-builder-workspace/.derivedData/Index.noindex/DataStore -Xcc -D_LIBCPP_HARDENING_MODE\=_LIBCPP_HARDENING_MODE_DEBUG -swift-version 4.2 -I /Users/admin/builder/spi-builder-workspace/.derivedData/Build/Products/Debug-watchos -Isystem /Applications/Xcode-27.0.0-Release.Candidate.app/Contents/Developer/Platforms/WatchOS.platform/Developer/usr/lib -F /Users/admin/builder/spi-builder-workspace/.derivedData/Build/Products/Debug-watchos -F /Applications/Xcode-27.0.0-Release.Candidate.app/Contents/Developer/Platforms/WatchOS.platform/Developer/Library/Frameworks -F /Applications/Xcode-27.0.0-Release.Candidate.app/Contents/Developer/Platforms/WatchOS.platform/Developer/SDKs/WatchOS27.0.sdk/Developer/Library/Frameworks -c -j10 -enable-batch-mode -incremental -Xcc -ivfsstatcache -Xcc /Users/admin/builder/spi-builder-workspace/.derivedData/SDKStatCaches.noindex/watchos27.0-24R360-e829b21a6f8c9b70876ba0858053c04477534ef55a1706bf4c1112bbb242f0a2.sdkstatcache -output-file-map /Users/admin/builder/spi-builder-workspace/.derivedData/Build/Intermediates.noindex/GraphiteClient.build/Debug-watchos/AtomicModels-t.build/Objects-normal/arm64/AtomicModels-OutputFileMap.json -save-temps -no-color-diagnostics -emit-dependencies -emit-module -emit-module-path /Users/admin/builder/spi-builder-workspace/.derivedData/Build/Intermediates.noindex/GraphiteClient.build/Debug-watchos/AtomicModels-t.build/Objects-normal/arm64/AtomicModels.swiftmodule -serialize-diagnostics -validate-clang-modules-once -clang-build-session-file /Users/admin/builder/spi-builder-workspace/.derivedData/ModuleCache.noindex/Session.modulevalidation -Xcc -fmodules-prune-interval\=86400 -Xcc -fmodules-prune-after\=345600 -emit-const-values -const-gather-protocols-list /Users/admin/builder/spi-builder-workspace/.derivedData/Build/Intermediates.noindex/GraphiteClient.build/Debug-watchos/AtomicModels-t.build/Objects-normal/arm64/AtomicModels_const_extract_protocols.json -Xcc -I/Users/admin/builder/spi-builder-workspace/.derivedData/Build/Products/Debug-watchos/include -Xcc -I/Users/admin/builder/spi-builder-workspace/.derivedData/Build/Intermediates.noindex/GraphiteClient.build/Debug-watchos/AtomicModels-t.build/DerivedSources-normal/arm64 -Xcc -I/Users/admin/builder/spi-builder-workspace/.derivedData/Build/Intermediates.noindex/GraphiteClient.build/Debug-watchos/AtomicModels-t.build/DerivedSources/arm64 -Xcc -I/Users/admin/builder/spi-builder-workspace/.derivedData/Build/Intermediates.noindex/GraphiteClient.build/Debug-watchos/AtomicModels-t.build/DerivedSources -Xcc -DSWIFT_PACKAGE -Xcc -DDEBUG\=1 -emit-objc-header -emit-objc-header-path /Users/admin/builder/spi-builder-workspace/.derivedData/Build/Intermediates.noindex/GraphiteClient.build/Debug-watchos/AtomicModels-t.build/Objects-normal/arm64/AtomicModels-Swift.h -working-directory /Users/admin/builder/spi-builder-workspace/.swiftpm/xcode -experimental-emit-module-separately -disable-cmo
SwiftDriver GraphiteClient normal arm64 com.apple.xcode.tools.swift.compiler (in target 'GraphiteClient' from project 'GraphiteClient')
    cd /Users/admin/builder/spi-builder-workspace/.swiftpm/xcode
    builtin-SwiftDriver -- /Applications/Xcode-27.0.0-Release.Candidate.app/Contents/Developer/Toolchains/XcodeDefault.xctoolchain/usr/bin/swiftc -parse-as-library -module-name GraphiteClient -Onone @/Users/admin/builder/spi-builder-workspace/.derivedData/Build/Intermediates.noindex/GraphiteClient.build/Debug-watchos/GraphiteClient-t.build/Objects-normal/arm64/GraphiteClient.SwiftFileList -DSWIFT_PACKAGE -DDEBUG -DSWIFT_MODULE_RESOURCE_BUNDLE_UNAVAILABLE -DXcode -plugin-path /Applications/Xcode-27.0.0-Release.Candidate.app/Contents/Developer/Toolchains/XcodeDefault.xctoolchain/usr/lib/swift/host/plugins/testing -enable-experimental-feature DebugDescriptionMacro -sdk /Applications/Xcode-27.0.0-Release.Candidate.app/Contents/Developer/Platforms/WatchOS.platform/Developer/SDKs/WatchOS27.0.sdk -target arm64-apple-watchos9.0 -g -module-cache-path /Users/admin/builder/spi-builder-workspace/.derivedData/ModuleCache.noindex -Xfrontend -serialize-debugging-options -profile-coverage-mapping -profile-generate -enable-testing -index-store-path /Users/admin/builder/spi-builder-workspace/.derivedData/Index.noindex/DataStore -Xcc -D_LIBCPP_HARDENING_MODE\=_LIBCPP_HARDENING_MODE_DEBUG -swift-version 4.2 -I /Users/admin/builder/spi-builder-workspace/.derivedData/Build/Products/Debug-watchos -Isystem /Applications/Xcode-27.0.0-Release.Candidate.app/Contents/Developer/Platforms/WatchOS.platform/Developer/usr/lib -F /Users/admin/builder/spi-builder-workspace/.derivedData/Build/Products/Debug-watchos/PackageFrameworks -F /Users/admin/builder/spi-builder-workspace/.derivedData/Build/Products/Debug-watchos -F /Applications/Xcode-27.0.0-Release.Candidate.app/Contents/Developer/Platforms/WatchOS.platform/Developer/Library/Frameworks -F /Applications/Xcode-27.0.0-Release.Candidate.app/Contents/Developer/Platforms/WatchOS.platform/Developer/SDKs/WatchOS27.0.sdk/Developer/Library/Frameworks -c -j10 -enable-batch-mode -incremental -Xcc -ivfsstatcache -Xcc /Users/admin/builder/spi-builder-workspace/.derivedData/SDKStatCaches.noindex/watchos27.0-24R360-e829b21a6f8c9b70876ba0858053c04477534ef55a1706bf4c1112bbb242f0a2.sdkstatcache -output-file-map /Users/admin/builder/spi-builder-workspace/.derivedData/Build/Intermediates.noindex/GraphiteClient.build/Debug-watchos/GraphiteClient-t.build/Objects-normal/arm64/GraphiteClient-OutputFileMap.json -save-temps -no-color-diagnostics -emit-dependencies -emit-module -emit-module-path /Users/admin/builder/spi-builder-workspace/.derivedData/Build/Intermediates.noindex/GraphiteClient.build/Debug-watchos/GraphiteClient-t.build/Objects-normal/arm64/GraphiteClient.swiftmodule -serialize-diagnostics -validate-clang-modules-once -clang-build-session-file /Users/admin/builder/spi-builder-workspace/.derivedData/ModuleCache.noindex/Session.modulevalidation -Xcc -fmodules-prune-interval\=86400 -Xcc -fmodules-prune-after\=345600 -emit-const-values -const-gather-protocols-list /Users/admin/builder/spi-builder-workspace/.derivedData/Build/Intermediates.noindex/GraphiteClient.build/Debug-watchos/GraphiteClient-t.build/Objects-normal/arm64/GraphiteClient_const_extract_protocols.json -Xcc -I/Users/admin/builder/spi-builder-workspace/.derivedData/Build/Products/Debug-watchos/include -Xcc -I/Users/admin/builder/spi-builder-workspace/.derivedData/Build/Intermediates.noindex/GraphiteClient.build/Debug-watchos/GraphiteClient-t.build/DerivedSources-normal/arm64 -Xcc -I/Users/admin/builder/spi-builder-workspace/.derivedData/Build/Intermediates.noindex/GraphiteClient.build/Debug-watchos/GraphiteClient-t.build/DerivedSources/arm64 -Xcc -I/Users/admin/builder/spi-builder-workspace/.derivedData/Build/Intermediates.noindex/GraphiteClient.build/Debug-watchos/GraphiteClient-t.build/DerivedSources -Xcc -DSWIFT_PACKAGE -Xcc -DDEBUG\=1 -emit-objc-header -emit-objc-header-path /Users/admin/builder/spi-builder-workspace/.derivedData/Build/Intermediates.noindex/GraphiteClient.build/Debug-watchos/GraphiteClient-t.build/Objects-normal/arm64/GraphiteClient-Swift.h -working-directory /Users/admin/builder/spi-builder-workspace/.swiftpm/xcode -experimental-emit-module-separately -disable-cmo
SwiftDriver GraphiteClient normal arm64_32 com.apple.xcode.tools.swift.compiler (in target 'GraphiteClient' from project 'GraphiteClient')
    cd /Users/admin/builder/spi-builder-workspace/.swiftpm/xcode
    builtin-SwiftDriver -- /Applications/Xcode-27.0.0-Release.Candidate.app/Contents/Developer/Toolchains/XcodeDefault.xctoolchain/usr/bin/swiftc -parse-as-library -module-name GraphiteClient -Onone @/Users/admin/builder/spi-builder-workspace/.derivedData/Build/Intermediates.noindex/GraphiteClient.build/Debug-watchos/GraphiteClient-t.build/Objects-normal/arm64_32/GraphiteClient.SwiftFileList -DSWIFT_PACKAGE -DDEBUG -DSWIFT_MODULE_RESOURCE_BUNDLE_UNAVAILABLE -DXcode -plugin-path /Applications/Xcode-27.0.0-Release.Candidate.app/Contents/Developer/Toolchains/XcodeDefault.xctoolchain/usr/lib/swift/host/plugins/testing -enable-experimental-feature DebugDescriptionMacro -sdk /Applications/Xcode-27.0.0-Release.Candidate.app/Contents/Developer/Platforms/WatchOS.platform/Developer/SDKs/WatchOS27.0.sdk -target arm64_32-apple-watchos9.0 -g -module-cache-path /Users/admin/builder/spi-builder-workspace/.derivedData/ModuleCache.noindex -Xfrontend -serialize-debugging-options -profile-coverage-mapping -profile-generate -enable-testing -index-store-path /Users/admin/builder/spi-builder-workspace/.derivedData/Index.noindex/DataStore -Xcc -D_LIBCPP_HARDENING_MODE\=_LIBCPP_HARDENING_MODE_DEBUG -swift-version 4.2 -I /Users/admin/builder/spi-builder-workspace/.derivedData/Build/Products/Debug-watchos -Isystem /Applications/Xcode-27.0.0-Release.Candidate.app/Contents/Developer/Platforms/WatchOS.platform/Developer/usr/lib -F /Users/admin/builder/spi-builder-workspace/.derivedData/Build/Products/Debug-watchos/PackageFrameworks -F /Users/admin/builder/spi-builder-workspace/.derivedData/Build/Products/Debug-watchos -F /Applications/Xcode-27.0.0-Release.Candidate.app/Contents/Developer/Platforms/WatchOS.platform/Developer/Library/Frameworks -F /Applications/Xcode-27.0.0-Release.Candidate.app/Contents/Developer/Platforms/WatchOS.platform/Developer/SDKs/WatchOS27.0.sdk/Developer/Library/Frameworks -c -j10 -enable-batch-mode -incremental -Xcc -ivfsstatcache -Xcc /Users/admin/builder/spi-builder-workspace/.derivedData/SDKStatCaches.noindex/watchos27.0-24R360-e829b21a6f8c9b70876ba0858053c04477534ef55a1706bf4c1112bbb242f0a2.sdkstatcache -output-file-map /Users/admin/builder/spi-builder-workspace/.derivedData/Build/Intermediates.noindex/GraphiteClient.build/Debug-watchos/GraphiteClient-t.build/Objects-normal/arm64_32/GraphiteClient-OutputFileMap.json -save-temps -no-color-diagnostics -emit-dependencies -emit-module -emit-module-path /Users/admin/builder/spi-builder-workspace/.derivedData/Build/Intermediates.noindex/GraphiteClient.build/Debug-watchos/GraphiteClient-t.build/Objects-normal/arm64_32/GraphiteClient.swiftmodule -serialize-diagnostics -validate-clang-modules-once -clang-build-session-file /Users/admin/builder/spi-builder-workspace/.derivedData/ModuleCache.noindex/Session.modulevalidation -Xcc -fmodules-prune-interval\=86400 -Xcc -fmodules-prune-after\=345600 -emit-const-values -const-gather-protocols-list /Users/admin/builder/spi-builder-workspace/.derivedData/Build/Intermediates.noindex/GraphiteClient.build/Debug-watchos/GraphiteClient-t.build/Objects-normal/arm64_32/GraphiteClient_const_extract_protocols.json -Xcc -I/Users/admin/builder/spi-builder-workspace/.derivedData/Build/Products/Debug-watchos/include -Xcc -I/Users/admin/builder/spi-builder-workspace/.derivedData/Build/Intermediates.noindex/GraphiteClient.build/Debug-watchos/GraphiteClient-t.build/DerivedSources-normal/arm64_32 -Xcc -I/Users/admin/builder/spi-builder-workspace/.derivedData/Build/Intermediates.noindex/GraphiteClient.build/Debug-watchos/GraphiteClient-t.build/DerivedSources/arm64_32 -Xcc -I/Users/admin/builder/spi-builder-workspace/.derivedData/Build/Intermediates.noindex/GraphiteClient.build/Debug-watchos/GraphiteClient-t.build/DerivedSources -Xcc -DSWIFT_PACKAGE -Xcc -DDEBUG\=1 -emit-objc-header -emit-objc-header-path /Users/admin/builder/spi-builder-workspace/.derivedData/Build/Intermediates.noindex/GraphiteClient.build/Debug-watchos/GraphiteClient-t.build/Objects-normal/arm64_32/GraphiteClient-Swift.h -working-directory /Users/admin/builder/spi-builder-workspace/.swiftpm/xcode -experimental-emit-module-separately -disable-cmo
SwiftEmitModule normal arm64 Emitting\ module\ for\ GraphiteClient (in target 'GraphiteClient' from project 'GraphiteClient')
SwiftCompile normal arm64 (in target 'GraphiteClient' from project 'GraphiteClient')
    cd /Users/admin/builder/spi-builder-workspace/.swiftpm/xcode

SwiftCompile normal arm64 Compiling\ GraphiteClientError.swift /Users/admin/builder/spi-builder-workspace/Sources/GraphiteClient/GraphiteClientError.swift (in target 'GraphiteClient' from project 'GraphiteClient')
SwiftCompile normal arm64 /Users/admin/builder/spi-builder-workspace/Sources/GraphiteClient/GraphiteClientError.swift (in target 'GraphiteClient' from project 'GraphiteClient')
    cd /Users/admin/builder/spi-builder-workspace/.swiftpm/xcode
    builtin-SwiftPerFileCompile GraphiteClientError.swift
SwiftCompile normal arm64 Compiling\ GraphiteClient.swift /Users/admin/builder/spi-builder-workspace/Sources/GraphiteClient/GraphiteClient.swift (in target 'GraphiteClient' from project 'GraphiteClient')
SwiftCompile normal arm64 /Users/admin/builder/spi-builder-workspace/Sources/GraphiteClient/GraphiteClient.swift (in target 'GraphiteClient' from project 'GraphiteClient')
    cd /Users/admin/builder/spi-builder-workspace/.swiftpm/xcode
    builtin-SwiftPerFileCompile GraphiteClient.swift
SwiftCompile normal arm64 Compiling\ GraphiteMetric.swift /Users/admin/builder/spi-builder-workspace/Sources/GraphiteClient/GraphiteMetric.swift (in target 'GraphiteClient' from project 'GraphiteClient')
SwiftCompile normal arm64 /Users/admin/builder/spi-builder-workspace/Sources/GraphiteClient/GraphiteMetric.swift (in target 'GraphiteClient' from project 'GraphiteClient')
    cd /Users/admin/builder/spi-builder-workspace/.swiftpm/xcode
    builtin-SwiftPerFileCompile GraphiteMetric.swift
SwiftEmitModule normal arm64_32 Emitting\ module\ for\ GraphiteClient (in target 'GraphiteClient' from project 'GraphiteClient')
SwiftCompile normal arm64_32 (in target 'GraphiteClient' from project 'GraphiteClient')
    cd /Users/admin/builder/spi-builder-workspace/.swiftpm/xcode

SwiftCompile normal arm64_32 Compiling\ GraphiteClient.swift /Users/admin/builder/spi-builder-workspace/Sources/GraphiteClient/GraphiteClient.swift (in target 'GraphiteClient' from project 'GraphiteClient')
SwiftCompile normal arm64_32 /Users/admin/builder/spi-builder-workspace/Sources/GraphiteClient/GraphiteClient.swift (in target 'GraphiteClient' from project 'GraphiteClient')
    cd /Users/admin/builder/spi-builder-workspace/.swiftpm/xcode
    builtin-SwiftPerFileCompile GraphiteClient.swift
SwiftCompile normal arm64_32 Compiling\ GraphiteClientError.swift /Users/admin/builder/spi-builder-workspace/Sources/GraphiteClient/GraphiteClientError.swift (in target 'GraphiteClient' from project 'GraphiteClient')
SwiftCompile normal arm64_32 /Users/admin/builder/spi-builder-workspace/Sources/GraphiteClient/GraphiteClientError.swift (in target 'GraphiteClient' from project 'GraphiteClient')
    cd /Users/admin/builder/spi-builder-workspace/.swiftpm/xcode
    builtin-SwiftPerFileCompile GraphiteClientError.swift
SwiftCompile normal arm64_32 Compiling\ GraphiteMetric.swift /Users/admin/builder/spi-builder-workspace/Sources/GraphiteClient/GraphiteMetric.swift (in target 'GraphiteClient' from project 'GraphiteClient')
SwiftCompile normal arm64_32 /Users/admin/builder/spi-builder-workspace/Sources/GraphiteClient/GraphiteMetric.swift (in target 'GraphiteClient' from project 'GraphiteClient')
    cd /Users/admin/builder/spi-builder-workspace/.swiftpm/xcode
    builtin-SwiftPerFileCompile GraphiteMetric.swift
SwiftEmitModule normal arm64_32 Emitting\ module\ for\ AtomicModels (in target 'AtomicModels' from project 'GraphiteClient')
SwiftCompile normal arm64_32 (in target 'AtomicModels' from project 'GraphiteClient')
    cd /Users/admin/builder/spi-builder-workspace/.swiftpm/xcode

SwiftEmitModule normal arm64_32 Emitting\ module\ for\ IO (in target 'IO' from project 'GraphiteClient')
SwiftCompile normal arm64_32 (in target 'IO' from project 'GraphiteClient')
    cd /Users/admin/builder/spi-builder-workspace/.swiftpm/xcode

SwiftEmitModule normal arm64 Emitting\ module\ for\ IO (in target 'IO' from project 'GraphiteClient')
SwiftCompile normal arm64 (in target 'IO' from project 'GraphiteClient')
    cd /Users/admin/builder/spi-builder-workspace/.swiftpm/xcode

SwiftEmitModule normal arm64 Emitting\ module\ for\ AtomicModels (in target 'AtomicModels' from project 'GraphiteClient')
SwiftCompile normal arm64 (in target 'AtomicModels' from project 'GraphiteClient')
    cd /Users/admin/builder/spi-builder-workspace/.swiftpm/xcode

SwiftDriverJobDiscovery normal arm64 Emitting module for GraphiteClient (in target 'GraphiteClient' from project 'GraphiteClient')
SwiftDriver\ Compilation\ Requirements GraphiteClient normal arm64 com.apple.xcode.tools.swift.compiler (in target 'GraphiteClient' from project 'GraphiteClient')
    cd /Users/admin/builder/spi-builder-workspace/.swiftpm/xcode
    builtin-Swift-Compilation-Requirements -- /Applications/Xcode-27.0.0-Release.Candidate.app/Contents/Developer/Toolchains/XcodeDefault.xctoolchain/usr/bin/swiftc -parse-as-library -module-name GraphiteClient -Onone @/Users/admin/builder/spi-builder-workspace/.derivedData/Build/Intermediates.noindex/GraphiteClient.build/Debug-watchos/GraphiteClient-t.build/Objects-normal/arm64/GraphiteClient.SwiftFileList -DSWIFT_PACKAGE -DDEBUG -DSWIFT_MODULE_RESOURCE_BUNDLE_UNAVAILABLE -DXcode -plugin-path /Applications/Xcode-27.0.0-Release.Candidate.app/Contents/Developer/Toolchains/XcodeDefault.xctoolchain/usr/lib/swift/host/plugins/testing -enable-experimental-feature DebugDescriptionMacro -sdk /Applications/Xcode-27.0.0-Release.Candidate.app/Contents/Developer/Platforms/WatchOS.platform/Developer/SDKs/WatchOS27.0.sdk -target arm64-apple-watchos9.0 -g -module-cache-path /Users/admin/builder/spi-builder-workspace/.derivedData/ModuleCache.noindex -Xfrontend -serialize-debugging-options -profile-coverage-mapping -profile-generate -enable-testing -index-store-path /Users/admin/builder/spi-builder-workspace/.derivedData/Index.noindex/DataStore -Xcc -D_LIBCPP_HARDENING_MODE\=_LIBCPP_HARDENING_MODE_DEBUG -swift-version 4.2 -I /Users/admin/builder/spi-builder-workspace/.derivedData/Build/Products/Debug-watchos -Isystem /Applications/Xcode-27.0.0-Release.Candidate.app/Contents/Developer/Platforms/WatchOS.platform/Developer/usr/lib -F /Users/admin/builder/spi-builder-workspace/.derivedData/Build/Products/Debug-watchos/PackageFrameworks -F /Users/admin/builder/spi-builder-workspace/.derivedData/Build/Products/Debug-watchos -F /Applications/Xcode-27.0.0-Release.Candidate.app/Contents/Developer/Platforms/WatchOS.platform/Developer/Library/Frameworks -F /Applications/Xcode-27.0.0-Release.Candidate.app/Contents/Developer/Platforms/WatchOS.platform/Developer/SDKs/WatchOS27.0.sdk/Developer/Library/Frameworks -c -j10 -enable-batch-mode -incremental -Xcc -ivfsstatcache -Xcc /Users/admin/builder/spi-builder-workspace/.derivedData/SDKStatCaches.noindex/watchos27.0-24R360-e829b21a6f8c9b70876ba0858053c04477534ef55a1706bf4c1112bbb242f0a2.sdkstatcache -output-file-map /Users/admin/builder/spi-builder-workspace/.derivedData/Build/Intermediates.noindex/GraphiteClient.build/Debug-watchos/GraphiteClient-t.build/Objects-normal/arm64/GraphiteClient-OutputFileMap.json -save-temps -no-color-diagnostics -emit-dependencies -emit-module -emit-module-path /Users/admin/builder/spi-builder-workspace/.derivedData/Build/Intermediates.noindex/GraphiteClient.build/Debug-watchos/GraphiteClient-t.build/Objects-normal/arm64/GraphiteClient.swiftmodule -serialize-diagnostics -validate-clang-modules-once -clang-build-session-file /Users/admin/builder/spi-builder-workspace/.derivedData/ModuleCache.noindex/Session.modulevalidation -Xcc -fmodules-prune-interval\=86400 -Xcc -fmodules-prune-after\=345600 -emit-const-values -const-gather-protocols-list /Users/admin/builder/spi-builder-workspace/.derivedData/Build/Intermediates.noindex/GraphiteClient.build/Debug-watchos/GraphiteClient-t.build/Objects-normal/arm64/GraphiteClient_const_extract_protocols.json -Xcc -I/Users/admin/builder/spi-builder-workspace/.derivedData/Build/Products/Debug-watchos/include -Xcc -I/Users/admin/builder/spi-builder-workspace/.derivedData/Build/Intermediates.noindex/GraphiteClient.build/Debug-watchos/GraphiteClient-t.build/DerivedSources-normal/arm64 -Xcc -I/Users/admin/builder/spi-builder-workspace/.derivedData/Build/Intermediates.noindex/GraphiteClient.build/Debug-watchos/GraphiteClient-t.build/DerivedSources/arm64 -Xcc -I/Users/admin/builder/spi-builder-workspace/.derivedData/Build/Intermediates.noindex/GraphiteClient.build/Debug-watchos/GraphiteClient-t.build/DerivedSources -Xcc -DSWIFT_PACKAGE -Xcc -DDEBUG\=1 -emit-objc-header -emit-objc-header-path /Users/admin/builder/spi-builder-workspace/.derivedData/Build/Intermediates.noindex/GraphiteClient.build/Debug-watchos/GraphiteClient-t.build/Objects-normal/arm64/GraphiteClient-Swift.h -working-directory /Users/admin/builder/spi-builder-workspace/.swiftpm/xcode -experimental-emit-module-separately -disable-cmo
SwiftDriverJobDiscovery normal arm64_32 Emitting module for GraphiteClient (in target 'GraphiteClient' from project 'GraphiteClient')
SwiftDriver\ Compilation\ Requirements GraphiteClient normal arm64_32 com.apple.xcode.tools.swift.compiler (in target 'GraphiteClient' from project 'GraphiteClient')
    cd /Users/admin/builder/spi-builder-workspace/.swiftpm/xcode
    builtin-Swift-Compilation-Requirements -- /Applications/Xcode-27.0.0-Release.Candidate.app/Contents/Developer/Toolchains/XcodeDefault.xctoolchain/usr/bin/swiftc -parse-as-library -module-name GraphiteClient -Onone @/Users/admin/builder/spi-builder-workspace/.derivedData/Build/Intermediates.noindex/GraphiteClient.build/Debug-watchos/GraphiteClient-t.build/Objects-normal/arm64_32/GraphiteClient.SwiftFileList -DSWIFT_PACKAGE -DDEBUG -DSWIFT_MODULE_RESOURCE_BUNDLE_UNAVAILABLE -DXcode -plugin-path /Applications/Xcode-27.0.0-Release.Candidate.app/Contents/Developer/Toolchains/XcodeDefault.xctoolchain/usr/lib/swift/host/plugins/testing -enable-experimental-feature DebugDescriptionMacro -sdk /Applications/Xcode-27.0.0-Release.Candidate.app/Contents/Developer/Platforms/WatchOS.platform/Developer/SDKs/WatchOS27.0.sdk -target arm64_32-apple-watchos9.0 -g -module-cache-path /Users/admin/builder/spi-builder-workspace/.derivedData/ModuleCache.noindex -Xfrontend -serialize-debugging-options -profile-coverage-mapping -profile-generate -enable-testing -index-store-path /Users/admin/builder/spi-builder-workspace/.derivedData/Index.noindex/DataStore -Xcc -D_LIBCPP_HARDENING_MODE\=_LIBCPP_HARDENING_MODE_DEBUG -swift-version 4.2 -I /Users/admin/builder/spi-builder-workspace/.derivedData/Build/Products/Debug-watchos -Isystem /Applications/Xcode-27.0.0-Release.Candidate.app/Contents/Developer/Platforms/WatchOS.platform/Developer/usr/lib -F /Users/admin/builder/spi-builder-workspace/.derivedData/Build/Products/Debug-watchos/PackageFrameworks -F /Users/admin/builder/spi-builder-workspace/.derivedData/Build/Products/Debug-watchos -F /Applications/Xcode-27.0.0-Release.Candidate.app/Contents/Developer/Platforms/WatchOS.platform/Developer/Library/Frameworks -F /Applications/Xcode-27.0.0-Release.Candidate.app/Contents/Developer/Platforms/WatchOS.platform/Developer/SDKs/WatchOS27.0.sdk/Developer/Library/Frameworks -c -j10 -enable-batch-mode -incremental -Xcc -ivfsstatcache -Xcc /Users/admin/builder/spi-builder-workspace/.derivedData/SDKStatCaches.noindex/watchos27.0-24R360-e829b21a6f8c9b70876ba0858053c04477534ef55a1706bf4c1112bbb242f0a2.sdkstatcache -output-file-map /Users/admin/builder/spi-builder-workspace/.derivedData/Build/Intermediates.noindex/GraphiteClient.build/Debug-watchos/GraphiteClient-t.build/Objects-normal/arm64_32/GraphiteClient-OutputFileMap.json -save-temps -no-color-diagnostics -emit-dependencies -emit-module -emit-module-path /Users/admin/builder/spi-builder-workspace/.derivedData/Build/Intermediates.noindex/GraphiteClient.build/Debug-watchos/GraphiteClient-t.build/Objects-normal/arm64_32/GraphiteClient.swiftmodule -serialize-diagnostics -validate-clang-modules-once -clang-build-session-file /Users/admin/builder/spi-builder-workspace/.derivedData/ModuleCache.noindex/Session.modulevalidation -Xcc -fmodules-prune-interval\=86400 -Xcc -fmodules-prune-after\=345600 -emit-const-values -const-gather-protocols-list /Users/admin/builder/spi-builder-workspace/.derivedData/Build/Intermediates.noindex/GraphiteClient.build/Debug-watchos/GraphiteClient-t.build/Objects-normal/arm64_32/GraphiteClient_const_extract_protocols.json -Xcc -I/Users/admin/builder/spi-builder-workspace/.derivedData/Build/Products/Debug-watchos/include -Xcc -I/Users/admin/builder/spi-builder-workspace/.derivedData/Build/Intermediates.noindex/GraphiteClient.build/Debug-watchos/GraphiteClient-t.build/DerivedSources-normal/arm64_32 -Xcc -I/Users/admin/builder/spi-builder-workspace/.derivedData/Build/Intermediates.noindex/GraphiteClient.build/Debug-watchos/GraphiteClient-t.build/DerivedSources/arm64_32 -Xcc -I/Users/admin/builder/spi-builder-workspace/.derivedData/Build/Intermediates.noindex/GraphiteClient.build/Debug-watchos/GraphiteClient-t.build/DerivedSources -Xcc -DSWIFT_PACKAGE -Xcc -DDEBUG\=1 -emit-objc-header -emit-objc-header-path /Users/admin/builder/spi-builder-workspace/.derivedData/Build/Intermediates.noindex/GraphiteClient.build/Debug-watchos/GraphiteClient-t.build/Objects-normal/arm64_32/GraphiteClient-Swift.h -working-directory /Users/admin/builder/spi-builder-workspace/.swiftpm/xcode -experimental-emit-module-separately -disable-cmo
Copy /Users/admin/builder/spi-builder-workspace/.derivedData/Build/Products/Debug-watchos/GraphiteClient.swiftmodule/arm64-apple-watchos.swiftmodule /Users/admin/builder/spi-builder-workspace/.derivedData/Build/Intermediates.noindex/GraphiteClient.build/Debug-watchos/GraphiteClient-t.build/Objects-normal/arm64/GraphiteClient.swiftmodule (in target 'GraphiteClient' from project 'GraphiteClient')
    cd /Users/admin/builder/spi-builder-workspace
    builtin-copy -exclude .DS_Store -exclude CVS -exclude .svn -exclude .git -exclude .hg -resolve-src-symlinks -rename /Users/admin/builder/spi-builder-workspace/.derivedData/Build/Intermediates.noindex/GraphiteClient.build/Debug-watchos/GraphiteClient-t.build/Objects-normal/arm64/GraphiteClient.swiftmodule /Users/admin/builder/spi-builder-workspace/.derivedData/Build/Products/Debug-watchos/GraphiteClient.swiftmodule/arm64-apple-watchos.swiftmodule
SwiftMergeGeneratedHeaders /Users/admin/builder/spi-builder-workspace/.derivedData/Build/Intermediates.noindex/GeneratedModuleMaps-watchos/GraphiteClient-Swift.h /Users/admin/builder/spi-builder-workspace/.derivedData/Build/Intermediates.noindex/GraphiteClient.build/Debug-watchos/GraphiteClient-t.build/Objects-normal/arm64/GraphiteClient-Swift.h /Users/admin/builder/spi-builder-workspace/.derivedData/Build/Intermediates.noindex/GraphiteClient.build/Debug-watchos/GraphiteClient-t.build/Objects-normal/arm64_32/GraphiteClient-Swift.h (in target 'GraphiteClient' from project 'GraphiteClient')
    cd /Users/admin/builder/spi-builder-workspace
    builtin-swiftHeaderTool -arch arm64 /Users/admin/builder/spi-builder-workspace/.derivedData/Build/Intermediates.noindex/GraphiteClient.build/Debug-watchos/GraphiteClient-t.build/Objects-normal/arm64/GraphiteClient-Swift.h -arch arm64_32 /Users/admin/builder/spi-builder-workspace/.derivedData/Build/Intermediates.noindex/GraphiteClient.build/Debug-watchos/GraphiteClient-t.build/Objects-normal/arm64_32/GraphiteClient-Swift.h -o /Users/admin/builder/spi-builder-workspace/.derivedData/Build/Intermediates.noindex/GeneratedModuleMaps-watchos/GraphiteClient-Swift.h
SwiftDriverJobDiscovery normal arm64 Compiling GraphiteClientError.swift (in target 'GraphiteClient' from project 'GraphiteClient')
Copy /Users/admin/builder/spi-builder-workspace/.derivedData/Build/Products/Debug-watchos/GraphiteClient.swiftmodule/arm64_32-apple-watchos.swiftmodule /Users/admin/builder/spi-builder-workspace/.derivedData/Build/Intermediates.noindex/GraphiteClient.build/Debug-watchos/GraphiteClient-t.build/Objects-normal/arm64_32/GraphiteClient.swiftmodule (in target 'GraphiteClient' from project 'GraphiteClient')
    cd /Users/admin/builder/spi-builder-workspace
    builtin-copy -exclude .DS_Store -exclude CVS -exclude .svn -exclude .git -exclude .hg -resolve-src-symlinks -rename /Users/admin/builder/spi-builder-workspace/.derivedData/Build/Intermediates.noindex/GraphiteClient.build/Debug-watchos/GraphiteClient-t.build/Objects-normal/arm64_32/GraphiteClient.swiftmodule /Users/admin/builder/spi-builder-workspace/.derivedData/Build/Products/Debug-watchos/GraphiteClient.swiftmodule/arm64_32-apple-watchos.swiftmodule
Copy /Users/admin/builder/spi-builder-workspace/.derivedData/Build/Products/Debug-watchos/GraphiteClient.swiftmodule/arm64_32-apple-watchos.swiftdoc /Users/admin/builder/spi-builder-workspace/.derivedData/Build/Intermediates.noindex/GraphiteClient.build/Debug-watchos/GraphiteClient-t.build/Objects-normal/arm64_32/GraphiteClient.swiftdoc (in target 'GraphiteClient' from project 'GraphiteClient')
    cd /Users/admin/builder/spi-builder-workspace
    builtin-copy -exclude .DS_Store -exclude CVS -exclude .svn -exclude .git -exclude .hg -resolve-src-symlinks -rename /Users/admin/builder/spi-builder-workspace/.derivedData/Build/Intermediates.noindex/GraphiteClient.build/Debug-watchos/GraphiteClient-t.build/Objects-normal/arm64_32/GraphiteClient.swiftdoc /Users/admin/builder/spi-builder-workspace/.derivedData/Build/Products/Debug-watchos/GraphiteClient.swiftmodule/arm64_32-apple-watchos.swiftdoc
Copy /Users/admin/builder/spi-builder-workspace/.derivedData/Build/Products/Debug-watchos/GraphiteClient.swiftmodule/arm64_32-apple-watchos.abi.json /Users/admin/builder/spi-builder-workspace/.derivedData/Build/Intermediates.noindex/GraphiteClient.build/Debug-watchos/GraphiteClient-t.build/Objects-normal/arm64_32/GraphiteClient.abi.json (in target 'GraphiteClient' from project 'GraphiteClient')
    cd /Users/admin/builder/spi-builder-workspace
    builtin-copy -exclude .DS_Store -exclude CVS -exclude .svn -exclude .git -exclude .hg -resolve-src-symlinks -rename /Users/admin/builder/spi-builder-workspace/.derivedData/Build/Intermediates.noindex/GraphiteClient.build/Debug-watchos/GraphiteClient-t.build/Objects-normal/arm64_32/GraphiteClient.abi.json /Users/admin/builder/spi-builder-workspace/.derivedData/Build/Products/Debug-watchos/GraphiteClient.swiftmodule/arm64_32-apple-watchos.abi.json
SwiftDriverJobDiscovery normal arm64_32 Compiling GraphiteClientError.swift (in target 'GraphiteClient' from project 'GraphiteClient')
Copy /Users/admin/builder/spi-builder-workspace/.derivedData/Build/Products/Debug-watchos/GraphiteClient.swiftmodule/arm64-apple-watchos.swiftdoc /Users/admin/builder/spi-builder-workspace/.derivedData/Build/Intermediates.noindex/GraphiteClient.build/Debug-watchos/GraphiteClient-t.build/Objects-normal/arm64/GraphiteClient.swiftdoc (in target 'GraphiteClient' from project 'GraphiteClient')
    cd /Users/admin/builder/spi-builder-workspace
    builtin-copy -exclude .DS_Store -exclude CVS -exclude .svn -exclude .git -exclude .hg -resolve-src-symlinks -rename /Users/admin/builder/spi-builder-workspace/.derivedData/Build/Intermediates.noindex/GraphiteClient.build/Debug-watchos/GraphiteClient-t.build/Objects-normal/arm64/GraphiteClient.swiftdoc /Users/admin/builder/spi-builder-workspace/.derivedData/Build/Products/Debug-watchos/GraphiteClient.swiftmodule/arm64-apple-watchos.swiftdoc
Copy /Users/admin/builder/spi-builder-workspace/.derivedData/Build/Products/Debug-watchos/GraphiteClient.swiftmodule/arm64-apple-watchos.abi.json /Users/admin/builder/spi-builder-workspace/.derivedData/Build/Intermediates.noindex/GraphiteClient.build/Debug-watchos/GraphiteClient-t.build/Objects-normal/arm64/GraphiteClient.abi.json (in target 'GraphiteClient' from project 'GraphiteClient')
    cd /Users/admin/builder/spi-builder-workspace
    builtin-copy -exclude .DS_Store -exclude CVS -exclude .svn -exclude .git -exclude .hg -resolve-src-symlinks -rename /Users/admin/builder/spi-builder-workspace/.derivedData/Build/Intermediates.noindex/GraphiteClient.build/Debug-watchos/GraphiteClient-t.build/Objects-normal/arm64/GraphiteClient.abi.json /Users/admin/builder/spi-builder-workspace/.derivedData/Build/Products/Debug-watchos/GraphiteClient.swiftmodule/arm64-apple-watchos.abi.json
Copy /Users/admin/builder/spi-builder-workspace/.derivedData/Build/Products/Debug-watchos/GraphiteClient.swiftmodule/Project/arm64_32-apple-watchos.swiftsourceinfo /Users/admin/builder/spi-builder-workspace/.derivedData/Build/Intermediates.noindex/GraphiteClient.build/Debug-watchos/GraphiteClient-t.build/Objects-normal/arm64_32/GraphiteClient.swiftsourceinfo (in target 'GraphiteClient' from project 'GraphiteClient')
    cd /Users/admin/builder/spi-builder-workspace
    builtin-copy -exclude .DS_Store -exclude CVS -exclude .svn -exclude .git -exclude .hg -resolve-src-symlinks -rename /Users/admin/builder/spi-builder-workspace/.derivedData/Build/Intermediates.noindex/GraphiteClient.build/Debug-watchos/GraphiteClient-t.build/Objects-normal/arm64_32/GraphiteClient.swiftsourceinfo /Users/admin/builder/spi-builder-workspace/.derivedData/Build/Products/Debug-watchos/GraphiteClient.swiftmodule/Project/arm64_32-apple-watchos.swiftsourceinfo
Copy /Users/admin/builder/spi-builder-workspace/.derivedData/Build/Products/Debug-watchos/GraphiteClient.swiftmodule/Project/arm64-apple-watchos.swiftsourceinfo /Users/admin/builder/spi-builder-workspace/.derivedData/Build/Intermediates.noindex/GraphiteClient.build/Debug-watchos/GraphiteClient-t.build/Objects-normal/arm64/GraphiteClient.swiftsourceinfo (in target 'GraphiteClient' from project 'GraphiteClient')
    cd /Users/admin/builder/spi-builder-workspace
    builtin-copy -exclude .DS_Store -exclude CVS -exclude .svn -exclude .git -exclude .hg -resolve-src-symlinks -rename /Users/admin/builder/spi-builder-workspace/.derivedData/Build/Intermediates.noindex/GraphiteClient.build/Debug-watchos/GraphiteClient-t.build/Objects-normal/arm64/GraphiteClient.swiftsourceinfo /Users/admin/builder/spi-builder-workspace/.derivedData/Build/Products/Debug-watchos/GraphiteClient.swiftmodule/Project/arm64-apple-watchos.swiftsourceinfo
SwiftCompile normal arm64 Compiling\ OutputStreamProvider.swift /Users/admin/builder/spi-builder-workspace/Sources/IO/OutputStreamProvider.swift (in target 'IO' from project 'GraphiteClient')
SwiftCompile normal arm64 /Users/admin/builder/spi-builder-workspace/Sources/IO/OutputStreamProvider.swift (in target 'IO' from project 'GraphiteClient')
    cd /Users/admin/builder/spi-builder-workspace/.swiftpm/xcode
    builtin-SwiftPerFileCompile OutputStreamProvider.swift
SwiftCompile normal arm64_32 Compiling\ NetworkSocketOutputStreamProvider.swift /Users/admin/builder/spi-builder-workspace/Sources/IO/NetworkSocketOutputStreamProvider.swift (in target 'IO' from project 'GraphiteClient')
/Users/admin/builder/spi-builder-workspace/Sources/IO/NetworkSocketOutputStreamProvider.swift:25:16: error: 'getStreamsToHost(withName:port:inputStream:outputStream:)' is unavailable in watchOS
23 |     public func createOutputStream() throws -> OutputStream {
24 |         var generatedOutputStream: OutputStream?
25 |         Stream.getStreamsToHost(
   |                `- error: 'getStreamsToHost(withName:port:inputStream:outputStream:)' is unavailable in watchOS
26 |             withName: host,
27 |             port: port,
/Applications/Xcode-27.0.0-Release.Candidate.app/Contents/Developer/Platforms/WatchOS.platform/Developer/SDKs/WatchOS27.0.sdk/System/Library/Frameworks/Foundation.framework/Headers/NSStream.h:257:1: note: 'getStreamsToHost(withName:port:inputStream:outputStream:)' has been explicitly marked unavailable here
255 | ///   - inputStream: Upon return, contains the input stream. If `nil` is passed, the stream object is not created.
256 | ///   - outputStream: Upon return, contains the output stream. If `nil` is passed, the stream object is not created.
257 | + (void)getStreamsToHostWithName:(NSString *)hostname port:(NSInteger)port inputStream:(NSInputStream * _Nullable * _Nullable)inputStream outputStream:(NSOutputStream * _Nullable * _Nullable)outputStream API_DEPRECATED("Use nw_connection_t in Network framework instead", macos(10.10, API_TO_BE_DEPRECATED), ios(8.0, API_TO_BE_DEPRECATED), tvos(9.0, API_TO_BE_DEPRECATED)) API_UNAVAILABLE(watchos);
    | `- note: 'getStreamsToHost(withName:port:inputStream:outputStream:)' has been explicitly marked unavailable here
258 |
259 | #if TARGET_OS_OSX
Failed frontend command:
/Applications/Xcode-27.0.0-Release.Candidate.app/Contents/Developer/Toolchains/XcodeDefault.xctoolchain/usr/bin/swift-frontend -frontend -c /Users/admin/builder/spi-builder-workspace/Sources/IO/EasyOutputStream.swift /Users/admin/builder/spi-builder-workspace/Sources/IO/EasyOutputStreamError.swift -primary-file /Users/admin/builder/spi-builder-workspace/Sources/IO/NetworkSocketOutputStreamProvider.swift /Users/admin/builder/spi-builder-workspace/Sources/IO/OutputStreamProvider.swift -emit-dependencies-path /Users/admin/builder/spi-builder-workspace/.derivedData/Build/Intermediates.noindex/GraphiteClient.build/Debug-watchos/IO-t.build/Objects-normal/arm64_32/NetworkSocketOutputStreamProvider.d -emit-const-values-path /Users/admin/builder/spi-builder-workspace/.derivedData/Build/Intermediates.noindex/GraphiteClient.build/Debug-watchos/IO-t.build/Objects-normal/arm64_32/NetworkSocketOutputStreamProvider.swiftconstvalues -emit-reference-dependencies-path /Users/admin/builder/spi-builder-workspace/.derivedData/Build/Intermediates.noindex/GraphiteClient.build/Debug-watchos/IO-t.build/Objects-normal/arm64_32/NetworkSocketOutputStreamProvider.swiftdeps -serialize-diagnostics-path /Users/admin/builder/spi-builder-workspace/.derivedData/Build/Intermediates.noindex/GraphiteClient.build/Debug-watchos/IO-t.build/Objects-normal/arm64_32/NetworkSocketOutputStreamProvider.dia -target arm64_32-apple-watchos9.0 -enable-objc-interop -sdk /Applications/Xcode-27.0.0-Release.Candidate.app/Contents/Developer/Platforms/WatchOS.platform/Developer/SDKs/WatchOS27.0.sdk -I /Users/admin/builder/spi-builder-workspace/.derivedData/Build/Products/Debug-watchos -Isystem /Applications/Xcode-27.0.0-Release.Candidate.app/Contents/Developer/Platforms/WatchOS.platform/Developer/usr/lib -F /Users/admin/builder/spi-builder-workspace/.derivedData/Build/Products/Debug-watchos/PackageFrameworks -F /Users/admin/builder/spi-builder-workspace/.derivedData/Build/Products/Debug-watchos -F /Applications/Xcode-27.0.0-Release.Candidate.app/Contents/Developer/Platforms/WatchOS.platform/Developer/Library/Frameworks -F /Applications/Xcode-27.0.0-Release.Candidate.app/Contents/Developer/Platforms/WatchOS.platform/Developer/SDKs/WatchOS27.0.sdk/Developer/Library/Frameworks -module-cache-path /Users/admin/builder/spi-builder-workspace/.derivedData/ModuleCache.noindex -no-color-diagnostics -Xcc -fno-color-diagnostics -enable-testing -g -debug-info-format\=dwarf -dwarf-version\=4 -profile-generate -profile-coverage-mapping -swift-version 4.2 -Onone -D SWIFT_PACKAGE -D DEBUG -D SWIFT_MODULE_RESOURCE_BUNDLE_UNAVAILABLE -D Xcode -serialize-debugging-options -enable-experimental-feature DebugDescriptionMacro -empty-abi-descriptor -plugin-path /Applications/Xcode-27.0.0-Release.Candidate.app/Contents/Developer/Toolchains/XcodeDefault.xctoolchain/usr/lib/swift/host/plugins/testing -validate-clang-modules-once -clang-build-session-file /Users/admin/builder/spi-builder-workspace/.derivedData/ModuleCache.noindex/Session.modulevalidation -Xcc -working-directory -Xcc /Users/admin/builder/spi-builder-workspace/.swiftpm/xcode -enable-anonymous-context-mangled-names -file-compilation-dir /Users/admin/builder/spi-builder-workspace/.swiftpm/xcode -Xcc -D_LIBCPP_HARDENING_MODE\=_LIBCPP_HARDENING_MODE_DEBUG -Xcc -ivfsstatcache -Xcc /Users/admin/builder/spi-builder-workspace/.derivedData/SDKStatCaches.noindex/watchos27.0-24R360-e829b21a6f8c9b70876ba0858053c04477534ef55a1706bf4c1112bbb242f0a2.sdkstatcache -Xcc -fmodules-prune-interval\=86400 -Xcc -fmodules-prune-after\=345600 -Xcc -I/Users/admin/builder/spi-builder-workspace/.derivedData/Build/Products/Debug-watchos/include -Xcc -I/Users/admin/builder/spi-builder-workspace/.derivedData/Build/Intermediates.noindex/GraphiteClient.build/Debug-watchos/IO-t.build/DerivedSources-normal/arm64_32 -Xcc -I/Users/admin/builder/spi-builder-workspace/.derivedData/Build/Intermediates.noindex/GraphiteClient.build/Debug-watchos/IO-t.build/DerivedSources/arm64_32 -Xcc -I/Users/admin/builder/spi-builder-workspace/.derivedData/Build/Intermediates.noindex/GraphiteClient.build/Debug-watchos/IO-t.build/DerivedSources -Xcc -DSWIFT_PACKAGE -Xcc -DDEBUG\=1 -no-auto-bridging-header-chaining -module-name IO -const-gather-protocols-file /Users/admin/builder/spi-builder-workspace/.derivedData/Build/Intermediates.noindex/GraphiteClient.build/Debug-watchos/IO-t.build/Objects-normal/arm64_32/IO_const_extract_protocols.json -disable-clang-spi -target-sdk-version 27.0 -target-sdk-name watchos27.0 -external-plugin-path /Applications/Xcode-27.0.0-Release.Candidate.app/Contents/Developer/Platforms/WatchOS.platform/Developer/usr/lib/swift/host/plugins\#/Applications/Xcode-27.0.0-Release.Candidate.app/Contents/Developer/Platforms/WatchOS.platform/Developer/usr/bin/swift-plugin-server -external-plugin-path /Applications/Xcode-27.0.0-Release.Candidate.app/Contents/Developer/Platforms/WatchOS.platform/Developer/usr/local/lib/swift/host/plugins\#/Applications/Xcode-27.0.0-Release.Candidate.app/Contents/Developer/Platforms/WatchOS.platform/Developer/usr/bin/swift-plugin-server -in-process-plugin-server-path /Applications/Xcode-27.0.0-Release.Candidate.app/Contents/Developer/Toolchains/XcodeDefault.xctoolchain/usr/lib/swift/host/libSwiftInProcPluginServer.dylib -plugin-path /Applications/Xcode-27.0.0-Release.Candidate.app/Contents/Developer/Toolchains/XcodeDefault.xctoolchain/usr/lib/swift/host/plugins -plugin-path /Applications/Xcode-27.0.0-Release.Candidate.app/Contents/Developer/Toolchains/XcodeDefault.xctoolchain/usr/local/lib/swift/host/plugins -parse-as-library -o /Users/admin/builder/spi-builder-workspace/.derivedData/Build/Intermediates.noindex/GraphiteClient.build/Debug-watchos/IO-t.build/Objects-normal/arm64_32/NetworkSocketOutputStreamProvider.o -index-unit-output-path /GraphiteClient.build/Debug-watchos/IO-t.build/Objects-normal/arm64_32/NetworkSocketOutputStreamProvider.o -index-store-path /Users/admin/builder/spi-builder-workspace/.derivedData/Index.noindex/DataStore -index-system-modules
SwiftCompile normal arm64_32 /Users/admin/builder/spi-builder-workspace/Sources/IO/NetworkSocketOutputStreamProvider.swift (in target 'IO' from project 'GraphiteClient')
    cd /Users/admin/builder/spi-builder-workspace/.swiftpm/xcode
    builtin-SwiftPerFileCompile NetworkSocketOutputStreamProvider.swift
SwiftCompile normal arm64_32 Compiling\ EasyOutputStream.swift /Users/admin/builder/spi-builder-workspace/Sources/IO/EasyOutputStream.swift (in target 'IO' from project 'GraphiteClient')
SwiftCompile normal arm64_32 /Users/admin/builder/spi-builder-workspace/Sources/IO/EasyOutputStream.swift (in target 'IO' from project 'GraphiteClient')
    cd /Users/admin/builder/spi-builder-workspace/.swiftpm/xcode
    builtin-SwiftPerFileCompile EasyOutputStream.swift
SwiftCompile normal arm64 Compiling\ NetworkSocketOutputStreamProvider.swift /Users/admin/builder/spi-builder-workspace/Sources/IO/NetworkSocketOutputStreamProvider.swift (in target 'IO' from project 'GraphiteClient')
/Users/admin/builder/spi-builder-workspace/Sources/IO/NetworkSocketOutputStreamProvider.swift:25:16: error: 'getStreamsToHost(withName:port:inputStream:outputStream:)' is unavailable in watchOS
23 |     public func createOutputStream() throws -> OutputStream {
24 |         var generatedOutputStream: OutputStream?
25 |         Stream.getStreamsToHost(
   |                `- error: 'getStreamsToHost(withName:port:inputStream:outputStream:)' is unavailable in watchOS
26 |             withName: host,
27 |             port: port,
/Applications/Xcode-27.0.0-Release.Candidate.app/Contents/Developer/Platforms/WatchOS.platform/Developer/SDKs/WatchOS27.0.sdk/System/Library/Frameworks/Foundation.framework/Headers/NSStream.h:257:1: note: 'getStreamsToHost(withName:port:inputStream:outputStream:)' has been explicitly marked unavailable here
255 | ///   - inputStream: Upon return, contains the input stream. If `nil` is passed, the stream object is not created.
256 | ///   - outputStream: Upon return, contains the output stream. If `nil` is passed, the stream object is not created.
257 | + (void)getStreamsToHostWithName:(NSString *)hostname port:(NSInteger)port inputStream:(NSInputStream * _Nullable * _Nullable)inputStream outputStream:(NSOutputStream * _Nullable * _Nullable)outputStream API_DEPRECATED("Use nw_connection_t in Network framework instead", macos(10.10, API_TO_BE_DEPRECATED), ios(8.0, API_TO_BE_DEPRECATED), tvos(9.0, API_TO_BE_DEPRECATED)) API_UNAVAILABLE(watchos);
    | `- note: 'getStreamsToHost(withName:port:inputStream:outputStream:)' has been explicitly marked unavailable here
258 |
259 | #if TARGET_OS_OSX
SwiftCompile normal arm64 /Users/admin/builder/spi-builder-workspace/Sources/IO/NetworkSocketOutputStreamProvider.swift (in target 'IO' from project 'GraphiteClient')
    cd /Users/admin/builder/spi-builder-workspace/.swiftpm/xcode
    builtin-SwiftPerFileCompile NetworkSocketOutputStreamProvider.swift
SwiftCompile normal arm64_32 Compiling\ EasyOutputStreamError.swift /Users/admin/builder/spi-builder-workspace/Sources/IO/EasyOutputStreamError.swift (in target 'IO' from project 'GraphiteClient')
SwiftCompile normal arm64_32 /Users/admin/builder/spi-builder-workspace/Sources/IO/EasyOutputStreamError.swift (in target 'IO' from project 'GraphiteClient')
    cd /Users/admin/builder/spi-builder-workspace/.swiftpm/xcode
    builtin-SwiftPerFileCompile EasyOutputStreamError.swift
SwiftDriverJobDiscovery normal arm64 Compiling GraphiteClient.swift (in target 'GraphiteClient' from project 'GraphiteClient')
SwiftCompile normal arm64_32 Compiling\ OutputStreamProvider.swift /Users/admin/builder/spi-builder-workspace/Sources/IO/OutputStreamProvider.swift (in target 'IO' from project 'GraphiteClient')
SwiftCompile normal arm64_32 /Users/admin/builder/spi-builder-workspace/Sources/IO/OutputStreamProvider.swift (in target 'IO' from project 'GraphiteClient')
    cd /Users/admin/builder/spi-builder-workspace/.swiftpm/xcode
    builtin-SwiftPerFileCompile OutputStreamProvider.swift
SwiftDriverJobDiscovery normal arm64_32 Compiling GraphiteClient.swift (in target 'GraphiteClient' from project 'GraphiteClient')
SwiftCompile normal arm64 Compiling\ EasyOutputStream.swift /Users/admin/builder/spi-builder-workspace/Sources/IO/EasyOutputStream.swift (in target 'IO' from project 'GraphiteClient')
SwiftCompile normal arm64 /Users/admin/builder/spi-builder-workspace/Sources/IO/EasyOutputStream.swift (in target 'IO' from project 'GraphiteClient')
    cd /Users/admin/builder/spi-builder-workspace/.swiftpm/xcode
    builtin-SwiftPerFileCompile EasyOutputStream.swift
SwiftDriverJobDiscovery normal arm64 Compiling GraphiteMetric.swift (in target 'GraphiteClient' from project 'GraphiteClient')
SwiftCompile normal arm64 Compiling\ EasyOutputStreamError.swift /Users/admin/builder/spi-builder-workspace/Sources/IO/EasyOutputStreamError.swift (in target 'IO' from project 'GraphiteClient')
SwiftCompile normal arm64 /Users/admin/builder/spi-builder-workspace/Sources/IO/EasyOutputStreamError.swift (in target 'IO' from project 'GraphiteClient')
    cd /Users/admin/builder/spi-builder-workspace/.swiftpm/xcode
    builtin-SwiftPerFileCompile EasyOutputStreamError.swift
SwiftDriverJobDiscovery normal arm64_32 Compiling GraphiteMetric.swift (in target 'GraphiteClient' from project 'GraphiteClient')
SwiftDriver\ Compilation GraphiteClient normal arm64_32 com.apple.xcode.tools.swift.compiler (in target 'GraphiteClient' from project 'GraphiteClient')
    cd /Users/admin/builder/spi-builder-workspace/.swiftpm/xcode
    builtin-Swift-Compilation -- /Applications/Xcode-27.0.0-Release.Candidate.app/Contents/Developer/Toolchains/XcodeDefault.xctoolchain/usr/bin/swiftc -parse-as-library -module-name GraphiteClient -Onone @/Users/admin/builder/spi-builder-workspace/.derivedData/Build/Intermediates.noindex/GraphiteClient.build/Debug-watchos/GraphiteClient-t.build/Objects-normal/arm64_32/GraphiteClient.SwiftFileList -DSWIFT_PACKAGE -DDEBUG -DSWIFT_MODULE_RESOURCE_BUNDLE_UNAVAILABLE -DXcode -plugin-path /Applications/Xcode-27.0.0-Release.Candidate.app/Contents/Developer/Toolchains/XcodeDefault.xctoolchain/usr/lib/swift/host/plugins/testing -enable-experimental-feature DebugDescriptionMacro -sdk /Applications/Xcode-27.0.0-Release.Candidate.app/Contents/Developer/Platforms/WatchOS.platform/Developer/SDKs/WatchOS27.0.sdk -target arm64_32-apple-watchos9.0 -g -module-cache-path /Users/admin/builder/spi-builder-workspace/.derivedData/ModuleCache.noindex -Xfrontend -serialize-debugging-options -profile-coverage-mapping -profile-generate -enable-testing -index-store-path /Users/admin/builder/spi-builder-workspace/.derivedData/Index.noindex/DataStore -Xcc -D_LIBCPP_HARDENING_MODE\=_LIBCPP_HARDENING_MODE_DEBUG -swift-version 4.2 -I /Users/admin/builder/spi-builder-workspace/.derivedData/Build/Products/Debug-watchos -Isystem /Applications/Xcode-27.0.0-Release.Candidate.app/Contents/Developer/Platforms/WatchOS.platform/Developer/usr/lib -F /Users/admin/builder/spi-builder-workspace/.derivedData/Build/Products/Debug-watchos/PackageFrameworks -F /Users/admin/builder/spi-builder-workspace/.derivedData/Build/Products/Debug-watchos -F /Applications/Xcode-27.0.0-Release.Candidate.app/Contents/Developer/Platforms/WatchOS.platform/Developer/Library/Frameworks -F /Applications/Xcode-27.0.0-Release.Candidate.app/Contents/Developer/Platforms/WatchOS.platform/Developer/SDKs/WatchOS27.0.sdk/Developer/Library/Frameworks -c -j10 -enable-batch-mode -incremental -Xcc -ivfsstatcache -Xcc /Users/admin/builder/spi-builder-workspace/.derivedData/SDKStatCaches.noindex/watchos27.0-24R360-e829b21a6f8c9b70876ba0858053c04477534ef55a1706bf4c1112bbb242f0a2.sdkstatcache -output-file-map /Users/admin/builder/spi-builder-workspace/.derivedData/Build/Intermediates.noindex/GraphiteClient.build/Debug-watchos/GraphiteClient-t.build/Objects-normal/arm64_32/GraphiteClient-OutputFileMap.json -save-temps -no-color-diagnostics -emit-dependencies -emit-module -emit-module-path /Users/admin/builder/spi-builder-workspace/.derivedData/Build/Intermediates.noindex/GraphiteClient.build/Debug-watchos/GraphiteClient-t.build/Objects-normal/arm64_32/GraphiteClient.swiftmodule -serialize-diagnostics -validate-clang-modules-once -clang-build-session-file /Users/admin/builder/spi-builder-workspace/.derivedData/ModuleCache.noindex/Session.modulevalidation -Xcc -fmodules-prune-interval\=86400 -Xcc -fmodules-prune-after\=345600 -emit-const-values -const-gather-protocols-list /Users/admin/builder/spi-builder-workspace/.derivedData/Build/Intermediates.noindex/GraphiteClient.build/Debug-watchos/GraphiteClient-t.build/Objects-normal/arm64_32/GraphiteClient_const_extract_protocols.json -Xcc -I/Users/admin/builder/spi-builder-workspace/.derivedData/Build/Products/Debug-watchos/include -Xcc -I/Users/admin/builder/spi-builder-workspace/.derivedData/Build/Intermediates.noindex/GraphiteClient.build/Debug-watchos/GraphiteClient-t.build/DerivedSources-normal/arm64_32 -Xcc -I/Users/admin/builder/spi-builder-workspace/.derivedData/Build/Intermediates.noindex/GraphiteClient.build/Debug-watchos/GraphiteClient-t.build/DerivedSources/arm64_32 -Xcc -I/Users/admin/builder/spi-builder-workspace/.derivedData/Build/Intermediates.noindex/GraphiteClient.build/Debug-watchos/GraphiteClient-t.build/DerivedSources -Xcc -DSWIFT_PACKAGE -Xcc -DDEBUG\=1 -emit-objc-header -emit-objc-header-path /Users/admin/builder/spi-builder-workspace/.derivedData/Build/Intermediates.noindex/GraphiteClient.build/Debug-watchos/GraphiteClient-t.build/Objects-normal/arm64_32/GraphiteClient-Swift.h -working-directory /Users/admin/builder/spi-builder-workspace/.swiftpm/xcode -experimental-emit-module-separately -disable-cmo
SwiftDriver\ Compilation GraphiteClient normal arm64 com.apple.xcode.tools.swift.compiler (in target 'GraphiteClient' from project 'GraphiteClient')
    cd /Users/admin/builder/spi-builder-workspace/.swiftpm/xcode
    builtin-Swift-Compilation -- /Applications/Xcode-27.0.0-Release.Candidate.app/Contents/Developer/Toolchains/XcodeDefault.xctoolchain/usr/bin/swiftc -parse-as-library -module-name GraphiteClient -Onone @/Users/admin/builder/spi-builder-workspace/.derivedData/Build/Intermediates.noindex/GraphiteClient.build/Debug-watchos/GraphiteClient-t.build/Objects-normal/arm64/GraphiteClient.SwiftFileList -DSWIFT_PACKAGE -DDEBUG -DSWIFT_MODULE_RESOURCE_BUNDLE_UNAVAILABLE -DXcode -plugin-path /Applications/Xcode-27.0.0-Release.Candidate.app/Contents/Developer/Toolchains/XcodeDefault.xctoolchain/usr/lib/swift/host/plugins/testing -enable-experimental-feature DebugDescriptionMacro -sdk /Applications/Xcode-27.0.0-Release.Candidate.app/Contents/Developer/Platforms/WatchOS.platform/Developer/SDKs/WatchOS27.0.sdk -target arm64-apple-watchos9.0 -g -module-cache-path /Users/admin/builder/spi-builder-workspace/.derivedData/ModuleCache.noindex -Xfrontend -serialize-debugging-options -profile-coverage-mapping -profile-generate -enable-testing -index-store-path /Users/admin/builder/spi-builder-workspace/.derivedData/Index.noindex/DataStore -Xcc -D_LIBCPP_HARDENING_MODE\=_LIBCPP_HARDENING_MODE_DEBUG -swift-version 4.2 -I /Users/admin/builder/spi-builder-workspace/.derivedData/Build/Products/Debug-watchos -Isystem /Applications/Xcode-27.0.0-Release.Candidate.app/Contents/Developer/Platforms/WatchOS.platform/Developer/usr/lib -F /Users/admin/builder/spi-builder-workspace/.derivedData/Build/Products/Debug-watchos/PackageFrameworks -F /Users/admin/builder/spi-builder-workspace/.derivedData/Build/Products/Debug-watchos -F /Applications/Xcode-27.0.0-Release.Candidate.app/Contents/Developer/Platforms/WatchOS.platform/Developer/Library/Frameworks -F /Applications/Xcode-27.0.0-Release.Candidate.app/Contents/Developer/Platforms/WatchOS.platform/Developer/SDKs/WatchOS27.0.sdk/Developer/Library/Frameworks -c -j10 -enable-batch-mode -incremental -Xcc -ivfsstatcache -Xcc /Users/admin/builder/spi-builder-workspace/.derivedData/SDKStatCaches.noindex/watchos27.0-24R360-e829b21a6f8c9b70876ba0858053c04477534ef55a1706bf4c1112bbb242f0a2.sdkstatcache -output-file-map /Users/admin/builder/spi-builder-workspace/.derivedData/Build/Intermediates.noindex/GraphiteClient.build/Debug-watchos/GraphiteClient-t.build/Objects-normal/arm64/GraphiteClient-OutputFileMap.json -save-temps -no-color-diagnostics -emit-dependencies -emit-module -emit-module-path /Users/admin/builder/spi-builder-workspace/.derivedData/Build/Intermediates.noindex/GraphiteClient.build/Debug-watchos/GraphiteClient-t.build/Objects-normal/arm64/GraphiteClient.swiftmodule -serialize-diagnostics -validate-clang-modules-once -clang-build-session-file /Users/admin/builder/spi-builder-workspace/.derivedData/ModuleCache.noindex/Session.modulevalidation -Xcc -fmodules-prune-interval\=86400 -Xcc -fmodules-prune-after\=345600 -emit-const-values -const-gather-protocols-list /Users/admin/builder/spi-builder-workspace/.derivedData/Build/Intermediates.noindex/GraphiteClient.build/Debug-watchos/GraphiteClient-t.build/Objects-normal/arm64/GraphiteClient_const_extract_protocols.json -Xcc -I/Users/admin/builder/spi-builder-workspace/.derivedData/Build/Products/Debug-watchos/include -Xcc -I/Users/admin/builder/spi-builder-workspace/.derivedData/Build/Intermediates.noindex/GraphiteClient.build/Debug-watchos/GraphiteClient-t.build/DerivedSources-normal/arm64 -Xcc -I/Users/admin/builder/spi-builder-workspace/.derivedData/Build/Intermediates.noindex/GraphiteClient.build/Debug-watchos/GraphiteClient-t.build/DerivedSources/arm64 -Xcc -I/Users/admin/builder/spi-builder-workspace/.derivedData/Build/Intermediates.noindex/GraphiteClient.build/Debug-watchos/GraphiteClient-t.build/DerivedSources -Xcc -DSWIFT_PACKAGE -Xcc -DDEBUG\=1 -emit-objc-header -emit-objc-header-path /Users/admin/builder/spi-builder-workspace/.derivedData/Build/Intermediates.noindex/GraphiteClient.build/Debug-watchos/GraphiteClient-t.build/Objects-normal/arm64/GraphiteClient-Swift.h -working-directory /Users/admin/builder/spi-builder-workspace/.swiftpm/xcode -experimental-emit-module-separately -disable-cmo
SwiftCompile normal arm64 Compiling\ AtomicCollection.swift /Users/admin/builder/spi-builder-workspace/Sources/AtomicModels/AtomicCollection.swift (in target 'AtomicModels' from project 'GraphiteClient')
SwiftCompile normal arm64 /Users/admin/builder/spi-builder-workspace/Sources/AtomicModels/AtomicCollection.swift (in target 'AtomicModels' from project 'GraphiteClient')
    cd /Users/admin/builder/spi-builder-workspace/.swiftpm/xcode
    builtin-SwiftPerFileCompile AtomicCollection.swift
SwiftDriverJobDiscovery normal arm64 Compiling OutputStreamProvider.swift (in target 'IO' from project 'GraphiteClient')
SwiftCompile normal arm64 Compiling\ AtomicValue.swift /Users/admin/builder/spi-builder-workspace/Sources/AtomicModels/AtomicValue.swift (in target 'AtomicModels' from project 'GraphiteClient')
SwiftCompile normal arm64 /Users/admin/builder/spi-builder-workspace/Sources/AtomicModels/AtomicValue.swift (in target 'AtomicModels' from project 'GraphiteClient')
    cd /Users/admin/builder/spi-builder-workspace/.swiftpm/xcode
    builtin-SwiftPerFileCompile AtomicValue.swift
SwiftDriverJobDiscovery normal arm64_32 Compiling OutputStreamProvider.swift (in target 'IO' from project 'GraphiteClient')
SwiftCompile normal arm64_32 Compiling\ ConditionLock.swift /Users/admin/builder/spi-builder-workspace/Sources/AtomicModels/ConditionLock.swift (in target 'AtomicModels' from project 'GraphiteClient')
SwiftCompile normal arm64_32 /Users/admin/builder/spi-builder-workspace/Sources/AtomicModels/ConditionLock.swift (in target 'AtomicModels' from project 'GraphiteClient')
    cd /Users/admin/builder/spi-builder-workspace/.swiftpm/xcode
    builtin-SwiftPerFileCompile ConditionLock.swift
SwiftCompile normal arm64_32 Compiling\ AtomicCollection.swift /Users/admin/builder/spi-builder-workspace/Sources/AtomicModels/AtomicCollection.swift (in target 'AtomicModels' from project 'GraphiteClient')
SwiftCompile normal arm64_32 /Users/admin/builder/spi-builder-workspace/Sources/AtomicModels/AtomicCollection.swift (in target 'AtomicModels' from project 'GraphiteClient')
    cd /Users/admin/builder/spi-builder-workspace/.swiftpm/xcode
    builtin-SwiftPerFileCompile AtomicCollection.swift
PruneExplicitPrecompiledModules /Users/admin/builder/spi-builder-workspace/.derivedData/Build/Intermediates.noindex/ExplicitPrecompiledModules
PruneExplicitPrecompiledModules /Users/admin/builder/spi-builder-workspace/.derivedData/Build/Intermediates.noindex/SwiftExplicitPrecompiledModules
PruneExplicitPrecompiledModules /Users/admin/builder/spi-builder-workspace/.derivedData/SDKExplicitPrecompiledModules
2026-09-17 04:53:36.397 xcodebuild[687:4473] [MT] IDERunDestination: Supported platforms for the buildables in the current scheme is empty.
** BUILD FAILED **
The following build commands failed:
	SwiftCompile normal arm64_32 Compiling\ NetworkSocketOutputStreamProvider.swift /Users/admin/builder/spi-builder-workspace/Sources/IO/NetworkSocketOutputStreamProvider.swift (in target 'IO' from project 'GraphiteClient')
	SwiftCompile normal arm64_32 /Users/admin/builder/spi-builder-workspace/Sources/IO/NetworkSocketOutputStreamProvider.swift (in target 'IO' from project 'GraphiteClient')
	Building workspace GraphiteClient with scheme GraphiteClient-Package
(3 failures)
BUILD FAILURE 6.4 watchOS