Build Information
Failed to build RLayoutKit, reference 0.4.1 (8ce1b7), with Swift 6.4 for watchOS using Xcode 27.0 on 19 Sep 2026 00:27:46 UTC.
Build Command
env DEVELOPER_DIR=/Applications/Xcode-27.0.0-Release.Candidate.app xcrun xcodebuild -IDEClonedSourcePackagesDirPathOverride=$PWD/.dependencies -skipMacroValidation -skipPackagePluginValidation -derivedDataPath $PWD/.derivedData build -scheme RLayoutKit -destination generic/platform=watchOSBuild Log
65 | let leading: AnchorWrapper<NSLayoutXAxisAnchor, NSLayoutXAxisAnchor>
66 | let trailing: AnchorWrapper<NSLayoutXAxisAnchor, NSLayoutXAxisAnchor>
67 | let top: AnchorWrapper<NSLayoutYAxisAnchor, NSLayoutYAxisAnchor>
| `- error: cannot find type 'NSLayoutYAxisAnchor' in scope
68 | let bottom: AnchorWrapper<NSLayoutYAxisAnchor, NSLayoutYAxisAnchor>
69 |
/Users/admin/builder/spi-builder-workspace/Sources/RLayoutKit/Layout/LayoutEdge.swift:68:31: error: cannot find type 'NSLayoutYAxisAnchor' in scope
66 | let trailing: AnchorWrapper<NSLayoutXAxisAnchor, NSLayoutXAxisAnchor>
67 | let top: AnchorWrapper<NSLayoutYAxisAnchor, NSLayoutYAxisAnchor>
68 | let bottom: AnchorWrapper<NSLayoutYAxisAnchor, NSLayoutYAxisAnchor>
| `- error: cannot find type 'NSLayoutYAxisAnchor' in scope
69 |
70 | public static func + (lsh: LayoutInsetsEdge, rsh: EdgeInsets) -> LayoutInsetsEdge {
/Users/admin/builder/spi-builder-workspace/Sources/RLayoutKit/Layout/LayoutEdge.swift:70:55: error: cannot find type 'EdgeInsets' in scope
68 | let bottom: AnchorWrapper<NSLayoutYAxisAnchor, NSLayoutYAxisAnchor>
69 |
70 | public static func + (lsh: LayoutInsetsEdge, rsh: EdgeInsets) -> LayoutInsetsEdge {
| `- error: cannot find type 'EdgeInsets' in scope
71 | return LayoutInsetsEdge(leading: lsh.leading + rsh.left,
72 | trailing: lsh.trailing - rsh.right,
/Users/admin/builder/spi-builder-workspace/Sources/RLayoutKit/Layout/LayoutEdge.swift:77:55: error: cannot find type 'EdgeInsets' in scope
75 | }
76 |
77 | public static func - (lsh: LayoutInsetsEdge, rsh: EdgeInsets) -> LayoutInsetsEdge {
| `- error: cannot find type 'EdgeInsets' in scope
78 | return LayoutInsetsEdge(leading: lsh.leading - rsh.left,
79 | trailing: lsh.trailing + rsh.right,
/Users/admin/builder/spi-builder-workspace/Sources/RLayoutKit/Layout/LayoutEdge.swift:86:41: error: cannot find type 'View' in scope
84 |
85 | @available(iOS 9.0, *)
86 | extension RLayoutKitWrapper where Base: View {
| `- error: cannot find type 'View' in scope
87 |
88 | public var edges: LayoutEdge {
/Users/admin/builder/spi-builder-workspace/Sources/RLayoutKit/Layout/LayoutPoint.swift:20:26: error: cannot find type 'NSLayoutXAxisAnchor' in scope
18 | public struct LayoutPoint {
19 |
20 | let x: AnchorWrapper<NSLayoutXAxisAnchor, NSLayoutXAxisAnchor>
| `- error: cannot find type 'NSLayoutXAxisAnchor' in scope
21 | let y: AnchorWrapper<NSLayoutYAxisAnchor, NSLayoutYAxisAnchor>
22 | }
/Users/admin/builder/spi-builder-workspace/Sources/RLayoutKit/Layout/LayoutPoint.swift:21:26: error: cannot find type 'NSLayoutYAxisAnchor' in scope
19 |
20 | let x: AnchorWrapper<NSLayoutXAxisAnchor, NSLayoutXAxisAnchor>
21 | let y: AnchorWrapper<NSLayoutYAxisAnchor, NSLayoutYAxisAnchor>
| `- error: cannot find type 'NSLayoutYAxisAnchor' in scope
22 | }
23 |
/Users/admin/builder/spi-builder-workspace/Sources/RLayoutKit/Layout/LayoutPoint.swift:42:68: error: cannot find type 'NSLayoutConstraint' in scope
40 |
41 | @discardableResult
42 | public static func == (lsh: LayoutPoint, rsh: LayoutPoint) -> [NSLayoutConstraint] {
| `- error: cannot find type 'NSLayoutConstraint' in scope
43 | return [lsh.x == rsh.x,
44 | lsh.y == rsh.y]
/Users/admin/builder/spi-builder-workspace/Sources/RLayoutKit/Layout/LayoutPoint.swift:49:41: error: cannot find type 'View' in scope
47 |
48 | @available(iOS 9.0, *)
49 | extension RLayoutKitWrapper where Base: View {
| `- error: cannot find type 'View' in scope
50 |
51 | public var leadingTop: LayoutPoint {
/Users/admin/builder/spi-builder-workspace/Sources/RLayoutKit/Layout/LayoutSize.swift:19:30: error: cannot find type 'NSLayoutDimension' in scope
17 | public struct LayoutSize {
18 |
19 | let width: AnchorWrapper<NSLayoutDimension, NSLayoutDimension>
| `- error: cannot find type 'NSLayoutDimension' in scope
20 | let height: AnchorWrapper<NSLayoutDimension, NSLayoutDimension>
21 | }
/Users/admin/builder/spi-builder-workspace/Sources/RLayoutKit/Layout/LayoutSize.swift:20:31: error: cannot find type 'NSLayoutDimension' in scope
18 |
19 | let width: AnchorWrapper<NSLayoutDimension, NSLayoutDimension>
20 | let height: AnchorWrapper<NSLayoutDimension, NSLayoutDimension>
| `- error: cannot find type 'NSLayoutDimension' in scope
21 | }
22 |
/Users/admin/builder/spi-builder-workspace/Sources/RLayoutKit/Layout/LayoutSize.swift:47:62: error: cannot find type 'NSLayoutConstraint' in scope
45 |
46 | @discardableResult
47 | public static func == (lsh: LayoutSize, rsh: CGSize) -> [NSLayoutConstraint] {
| `- error: cannot find type 'NSLayoutConstraint' in scope
48 | return [lsh.width == rsh.width,
49 | lsh.height == rsh.height]
/Users/admin/builder/spi-builder-workspace/Sources/RLayoutKit/Layout/LayoutSize.swift:53:62: error: cannot find type 'NSLayoutConstraint' in scope
51 |
52 | @discardableResult
53 | public static func >= (lsh: LayoutSize, rsh: CGSize) -> [NSLayoutConstraint] {
| `- error: cannot find type 'NSLayoutConstraint' in scope
54 | return [lsh.width >= rsh.width,
55 | lsh.height >= rsh.height]
/Users/admin/builder/spi-builder-workspace/Sources/RLayoutKit/Layout/LayoutSize.swift:59:62: error: cannot find type 'NSLayoutConstraint' in scope
57 |
58 | @discardableResult
59 | public static func <= (lsh: LayoutSize, rsh: CGSize) -> [NSLayoutConstraint] {
| `- error: cannot find type 'NSLayoutConstraint' in scope
60 | return [lsh.width <= rsh.width,
61 | lsh.height <= rsh.height]
/Users/admin/builder/spi-builder-workspace/Sources/RLayoutKit/Layout/LayoutSize.swift:69:66: error: cannot find type 'NSLayoutConstraint' in scope
67 | extension LayoutSize {
68 | @discardableResult
69 | public static func == (lsh: LayoutSize, rsh: LayoutSize) -> [NSLayoutConstraint] {
| `- error: cannot find type 'NSLayoutConstraint' in scope
70 | return [lsh.width == rsh.width,
71 | lsh.height == rsh.height]
/Users/admin/builder/spi-builder-workspace/Sources/RLayoutKit/Layout/LayoutSize.swift:75:66: error: cannot find type 'NSLayoutConstraint' in scope
73 |
74 | @discardableResult
75 | public static func >= (lsh: LayoutSize, rsh: LayoutSize) -> [NSLayoutConstraint] {
| `- error: cannot find type 'NSLayoutConstraint' in scope
76 | return [lsh.width >= rsh.width,
77 | lsh.height >= rsh.height]
/Users/admin/builder/spi-builder-workspace/Sources/RLayoutKit/Layout/LayoutSize.swift:81:66: error: cannot find type 'NSLayoutConstraint' in scope
79 |
80 | @discardableResult
81 | public static func <= (lsh: LayoutSize, rsh: LayoutSize) -> [NSLayoutConstraint] {
| `- error: cannot find type 'NSLayoutConstraint' in scope
82 | return [lsh.width <= rsh.width,
83 | lsh.height <= rsh.height]
/Users/admin/builder/spi-builder-workspace/Sources/RLayoutKit/Layout/LayoutSize.swift:88:41: error: cannot find type 'View' in scope
86 |
87 | @available(iOS 9.0, *)
88 | extension RLayoutKitWrapper where Base: View {
| `- error: cannot find type 'View' in scope
89 |
90 | public var size: LayoutSize {
Failed frontend command:
SwiftCompile normal arm64 (in target 'RLayoutKit' from project 'RLayoutKit')
cd /Users/admin/builder/spi-builder-workspace/.swiftpm/xcode
/Applications/Xcode-27.0.0-Release.Candidate.app/Contents/Developer/Toolchains/XcodeDefault.xctoolchain/usr/bin/swift-frontend -frontend -emit-module -experimental-skip-non-inlinable-function-bodies-without-types /Users/admin/builder/spi-builder-workspace/Sources/RLayoutKit/Core/LayoutAnchor.swift /Users/admin/builder/spi-builder-workspace/Sources/RLayoutKit/Core/LayoutMarginsGuideAnchors.swift /Users/admin/builder/spi-builder-workspace/Sources/RLayoutKit/Core/RLayoutKit.swift /Users/admin/builder/spi-builder-workspace/Sources/RLayoutKit/Core/SafeAreaGuideAnchors.swift /Users/admin/builder/spi-builder-workspace/Sources/RLayoutKit/Core/ScrollViewLayoutGuideAnchors.swift /Users/admin/builder/spi-builder-workspace/Sources/RLayoutKit/Core/ViewAnchors.swift /Users/admin/builder/spi-builder-workspace/Sources/RLayoutKit/Layout/LayoutBase.swift /Users/admin/builder/spi-builder-workspace/Sources/RLayoutKit/Layout/LayoutEdge.swift /Users/admin/builder/spi-builder-workspace/Sources/RLayoutKit/Layout/LayoutPoint.swift /Users/admin/builder/spi-builder-workspace/Sources/RLayoutKit/Layout/LayoutSize.swift -target arm64-apple-watchos9.0 -disable-cross-import-overlay-search -load-resolved-plugin /Applications/Xcode-27.0.0-Release.Candidate.app/Contents/Developer/Platforms/WatchOS.platform/Developer/usr/lib/swift/host/plugins/libFoundationMacros.dylib\#/Applications/Xcode-27.0.0-Release.Candidate.app/Contents/Developer/Platforms/WatchOS.platform/Developer/usr/bin/swift-plugin-server\#FoundationMacros -load-resolved-plugin /Applications/Xcode-27.0.0-Release.Candidate.app/Contents/Developer/Platforms/WatchOS.platform/Developer/usr/lib/swift/host/plugins/libObservationMacros.dylib\#/Applications/Xcode-27.0.0-Release.Candidate.app/Contents/Developer/Platforms/WatchOS.platform/Developer/usr/bin/swift-plugin-server\#ObservationMacros -load-resolved-plugin /Applications/Xcode-27.0.0-Release.Candidate.app/Contents/Developer/Platforms/WatchOS.platform/Developer/usr/lib/swift/host/plugins/libSwiftMacros.dylib\#/Applications/Xcode-27.0.0-Release.Candidate.app/Contents/Developer/Platforms/WatchOS.platform/Developer/usr/bin/swift-plugin-server\#SwiftMacros -disable-implicit-swift-modules -Xcc -fno-implicit-modules -Xcc -fno-implicit-module-maps -explicit-swift-module-map-file /Users/admin/builder/spi-builder-workspace/.derivedData/Build/Intermediates.noindex/RLayoutKit.build/Debug-watchos/RLayoutKit-t.build/Objects-normal/arm64/RLayoutKit-dependencies-2.json -Xllvm -aarch64-use-tbi -enable-objc-interop -stack-check -sdk /Applications/Xcode-27.0.0-Release.Candidate.app/Contents/Developer/Platforms/WatchOS.platform/Developer/SDKs/WatchOS27.0.sdk -I /Users/admin/builder/spi-builder-workspace/.derivedData/Build/Products/Debug-watchos -Isystem /Applications/Xcode-27.0.0-Release.Candidate.app/Contents/Developer/Platforms/WatchOS.platform/Developer/usr/lib -F /Users/admin/builder/spi-builder-workspace/.derivedData/Build/Products/Debug-watchos -F /Applications/Xcode-27.0.0-Release.Candidate.app/Contents/Developer/Platforms/WatchOS.platform/Developer/Library/Frameworks -F /Applications/Xcode-27.0.0-Release.Candidate.app/Contents/Developer/Platforms/WatchOS.platform/Developer/SDKs/WatchOS27.0.sdk/Developer/Library/Frameworks -module-cache-path /Users/admin/builder/spi-builder-workspace/.derivedData/Build/Intermediates.noindex/SwiftExplicitPrecompiledModules -no-color-diagnostics -Xcc -fno-color-diagnostics -enable-testing -g -debug-info-format\=dwarf -dwarf-version\=4 -profile-generate -profile-coverage-mapping -swift-version 5 -Onone -D SWIFT_PACKAGE -D DEBUG -D SWIFT_MODULE_RESOURCE_BUNDLE_UNAVAILABLE -D Xcode -serialize-debugging-options -enable-experimental-feature DebugDescriptionMacro -empty-abi-descriptor -validate-clang-modules-once -clang-build-session-file /Users/admin/builder/spi-builder-workspace/.derivedData/ModuleCache.noindex/Session.modulevalidation -Xcc -working-directory -Xcc /Users/admin/builder/spi-builder-workspace/.swiftpm/xcode -enable-anonymous-context-mangled-names -file-compilation-dir /Users/admin/builder/spi-builder-workspace/.swiftpm/xcode -Xcc -D_LIBCPP_HARDENING_MODE\=_LIBCPP_HARDENING_MODE_DEBUG -Xcc -ivfsstatcache -Xcc /Users/admin/builder/spi-builder-workspace/.derivedData/SDKStatCaches.noindex/watchos27.0-24R360-e829b21a6f8c9b70876ba0858053c04477534ef55a1706bf4c1112bbb242f0a2.sdkstatcache -Xcc -fmodules-prune-interval\=86400 -Xcc -fmodules-prune-after\=345600 -Xcc -I/Users/admin/builder/spi-builder-workspace/.derivedData/Build/Products/Debug-watchos/include -Xcc -I/Users/admin/builder/spi-builder-workspace/.derivedData/Build/Intermediates.noindex/RLayoutKit.build/Debug-watchos/RLayoutKit-t.build/DerivedSources-normal/arm64 -Xcc -I/Users/admin/builder/spi-builder-workspace/.derivedData/Build/Intermediates.noindex/RLayoutKit.build/Debug-watchos/RLayoutKit-t.build/DerivedSources/arm64 -Xcc -I/Users/admin/builder/spi-builder-workspace/.derivedData/Build/Intermediates.noindex/RLayoutKit.build/Debug-watchos/RLayoutKit-t.build/DerivedSources -Xcc -DSWIFT_PACKAGE -Xcc -DDEBUG\=1 -no-auto-bridging-header-chaining -module-name RLayoutKit -const-gather-protocols-file /Users/admin/builder/spi-builder-workspace/.derivedData/Build/Intermediates.noindex/RLayoutKit.build/Debug-watchos/RLayoutKit-t.build/Objects-normal/arm64/RLayoutKit_const_extract_protocols.json -disable-clang-spi -clang-target arm64-apple-watchos27.0 -target-sdk-version 27.0 -target-sdk-name watchos27.0 -in-process-plugin-server-path /Applications/Xcode-27.0.0-Release.Candidate.app/Contents/Developer/Toolchains/XcodeDefault.xctoolchain/usr/lib/swift/host/libSwiftInProcPluginServer.dylib -emit-module-doc-path /Users/admin/builder/spi-builder-workspace/.derivedData/Build/Intermediates.noindex/RLayoutKit.build/Debug-watchos/RLayoutKit-t.build/Objects-normal/arm64/RLayoutKit.swiftdoc -emit-module-source-info-path /Users/admin/builder/spi-builder-workspace/.derivedData/Build/Intermediates.noindex/RLayoutKit.build/Debug-watchos/RLayoutKit-t.build/Objects-normal/arm64/RLayoutKit.swiftsourceinfo -emit-objc-header-path /Users/admin/builder/spi-builder-workspace/.derivedData/Build/Intermediates.noindex/RLayoutKit.build/Debug-watchos/RLayoutKit-t.build/Objects-normal/arm64/RLayoutKit-Swift.h -serialize-diagnostics-path /Users/admin/builder/spi-builder-workspace/.derivedData/Build/Intermediates.noindex/RLayoutKit.build/Debug-watchos/RLayoutKit-t.build/Objects-normal/arm64/RLayoutKit-primary-emit-module.dia -emit-dependencies-path /Users/admin/builder/spi-builder-workspace/.derivedData/Build/Intermediates.noindex/RLayoutKit.build/Debug-watchos/RLayoutKit-t.build/Objects-normal/arm64/RLayoutKit-primary-emit-module.d -parse-as-library -o /Users/admin/builder/spi-builder-workspace/.derivedData/Build/Intermediates.noindex/RLayoutKit.build/Debug-watchos/RLayoutKit-t.build/Objects-normal/arm64/RLayoutKit.swiftmodule -emit-abi-descriptor-path /Users/admin/builder/spi-builder-workspace/.derivedData/Build/Intermediates.noindex/RLayoutKit.build/Debug-watchos/RLayoutKit-t.build/Objects-normal/arm64/RLayoutKit.abi.json
SwiftCompile normal arm64 Compiling\ LayoutSize.swift /Users/admin/builder/spi-builder-workspace/Sources/RLayoutKit/Layout/LayoutSize.swift (in target 'RLayoutKit' from project 'RLayoutKit')
/Users/admin/builder/spi-builder-workspace/Sources/RLayoutKit/Layout/LayoutSize.swift:19:30: error: cannot find type 'NSLayoutDimension' in scope
17 | public struct LayoutSize {
18 |
19 | let width: AnchorWrapper<NSLayoutDimension, NSLayoutDimension>
| `- error: cannot find type 'NSLayoutDimension' in scope
20 | let height: AnchorWrapper<NSLayoutDimension, NSLayoutDimension>
21 | }
/Users/admin/builder/spi-builder-workspace/Sources/RLayoutKit/Layout/LayoutSize.swift:20:31: error: cannot find type 'NSLayoutDimension' in scope
18 |
19 | let width: AnchorWrapper<NSLayoutDimension, NSLayoutDimension>
20 | let height: AnchorWrapper<NSLayoutDimension, NSLayoutDimension>
| `- error: cannot find type 'NSLayoutDimension' in scope
21 | }
22 |
/Users/admin/builder/spi-builder-workspace/Sources/RLayoutKit/Layout/LayoutSize.swift:47:62: error: cannot find type 'NSLayoutConstraint' in scope
45 |
46 | @discardableResult
47 | public static func == (lsh: LayoutSize, rsh: CGSize) -> [NSLayoutConstraint] {
| `- error: cannot find type 'NSLayoutConstraint' in scope
48 | return [lsh.width == rsh.width,
49 | lsh.height == rsh.height]
/Users/admin/builder/spi-builder-workspace/Sources/RLayoutKit/Layout/LayoutSize.swift:53:62: error: cannot find type 'NSLayoutConstraint' in scope
51 |
52 | @discardableResult
53 | public static func >= (lsh: LayoutSize, rsh: CGSize) -> [NSLayoutConstraint] {
| `- error: cannot find type 'NSLayoutConstraint' in scope
54 | return [lsh.width >= rsh.width,
55 | lsh.height >= rsh.height]
/Users/admin/builder/spi-builder-workspace/Sources/RLayoutKit/Layout/LayoutSize.swift:59:62: error: cannot find type 'NSLayoutConstraint' in scope
57 |
58 | @discardableResult
59 | public static func <= (lsh: LayoutSize, rsh: CGSize) -> [NSLayoutConstraint] {
| `- error: cannot find type 'NSLayoutConstraint' in scope
60 | return [lsh.width <= rsh.width,
61 | lsh.height <= rsh.height]
/Users/admin/builder/spi-builder-workspace/Sources/RLayoutKit/Layout/LayoutSize.swift:69:66: error: cannot find type 'NSLayoutConstraint' in scope
67 | extension LayoutSize {
68 | @discardableResult
69 | public static func == (lsh: LayoutSize, rsh: LayoutSize) -> [NSLayoutConstraint] {
| `- error: cannot find type 'NSLayoutConstraint' in scope
70 | return [lsh.width == rsh.width,
71 | lsh.height == rsh.height]
/Users/admin/builder/spi-builder-workspace/Sources/RLayoutKit/Layout/LayoutSize.swift:75:66: error: cannot find type 'NSLayoutConstraint' in scope
73 |
74 | @discardableResult
75 | public static func >= (lsh: LayoutSize, rsh: LayoutSize) -> [NSLayoutConstraint] {
| `- error: cannot find type 'NSLayoutConstraint' in scope
76 | return [lsh.width >= rsh.width,
77 | lsh.height >= rsh.height]
/Users/admin/builder/spi-builder-workspace/Sources/RLayoutKit/Layout/LayoutSize.swift:81:66: error: cannot find type 'NSLayoutConstraint' in scope
79 |
80 | @discardableResult
81 | public static func <= (lsh: LayoutSize, rsh: LayoutSize) -> [NSLayoutConstraint] {
| `- error: cannot find type 'NSLayoutConstraint' in scope
82 | return [lsh.width <= rsh.width,
83 | lsh.height <= rsh.height]
/Users/admin/builder/spi-builder-workspace/Sources/RLayoutKit/Layout/LayoutSize.swift:88:41: error: cannot find type 'View' in scope
86 |
87 | @available(iOS 9.0, *)
88 | extension RLayoutKitWrapper where Base: View {
| `- error: cannot find type 'View' in scope
89 |
90 | public var size: LayoutSize {
/Users/admin/builder/spi-builder-workspace/Sources/RLayoutKit/Core/LayoutAnchor.swift:29:40: error: cannot find type 'NSLayoutAnchor' in scope
27 | */
28 | @available(iOS 9.0, *)
29 | public struct AnchorWrapper<A, Anchor: NSLayoutAnchor<A>> {
| `- error: cannot find type 'NSLayoutAnchor' in scope
30 |
31 | public let anchor: Anchor
/Users/admin/builder/spi-builder-workspace/Sources/RLayoutKit/Layout/LayoutEdge.swift:47:49: error: cannot find type 'EdgeInsets' in scope
45 | extension LayoutEdge {
46 |
47 | public static func + (lsh: LayoutEdge, rsh: EdgeInsets) -> LayoutInsetsEdge {
| `- error: cannot find type 'EdgeInsets' in scope
48 | return LayoutInsetsEdge(leading: lsh.leading + rsh.left,
49 | trailing: lsh.trailing - rsh.right,
/Users/admin/builder/spi-builder-workspace/Sources/RLayoutKit/Layout/LayoutEdge.swift:70:55: error: cannot find type 'EdgeInsets' in scope
68 | let bottom: AnchorWrapper<NSLayoutYAxisAnchor, NSLayoutYAxisAnchor>
69 |
70 | public static func + (lsh: LayoutInsetsEdge, rsh: EdgeInsets) -> LayoutInsetsEdge {
| `- error: cannot find type 'EdgeInsets' in scope
71 | return LayoutInsetsEdge(leading: lsh.leading + rsh.left,
72 | trailing: lsh.trailing - rsh.right,
/Users/admin/builder/spi-builder-workspace/Sources/RLayoutKit/Layout/LayoutBase.swift:231:36: error: cannot find type 'NSLayoutYAxisAnchor' in scope
229 |
230 | @available(iOS 9.0, *)
231 | extension AnchorWrapper where A == NSLayoutYAxisAnchor, Anchor == NSLayoutYAxisAnchor {
| `- error: cannot find type 'NSLayoutYAxisAnchor' in scope
232 |
233 | @available(iOS 10.0, *)
/Users/admin/builder/spi-builder-workspace/Sources/RLayoutKit/Layout/LayoutBase.swift:231:67: error: cannot find type 'NSLayoutYAxisAnchor' in scope
229 |
230 | @available(iOS 9.0, *)
231 | extension AnchorWrapper where A == NSLayoutYAxisAnchor, Anchor == NSLayoutYAxisAnchor {
| `- error: cannot find type 'NSLayoutYAxisAnchor' in scope
232 |
233 | @available(iOS 10.0, *)
/Users/admin/builder/spi-builder-workspace/Sources/RLayoutKit/Layout/LayoutBase.swift:254:36: error: cannot find type 'NSLayoutXAxisAnchor' in scope
252 |
253 | @available(iOS 9.0, *)
254 | extension AnchorWrapper where A == NSLayoutXAxisAnchor, Anchor == NSLayoutXAxisAnchor {
| `- error: cannot find type 'NSLayoutXAxisAnchor' in scope
255 |
256 | @available(iOS 10.0, *)
/Users/admin/builder/spi-builder-workspace/Sources/RLayoutKit/Layout/LayoutBase.swift:254:67: error: cannot find type 'NSLayoutXAxisAnchor' in scope
252 |
253 | @available(iOS 9.0, *)
254 | extension AnchorWrapper where A == NSLayoutXAxisAnchor, Anchor == NSLayoutXAxisAnchor {
| `- error: cannot find type 'NSLayoutXAxisAnchor' in scope
255 |
256 | @available(iOS 10.0, *)
/Users/admin/builder/spi-builder-workspace/Sources/RLayoutKit/Layout/LayoutBase.swift:234:67: error: cannot find type 'NSLayoutDimension' in scope
232 |
233 | @available(iOS 10.0, *)
234 | public static func - (lsh: AnchorWrapper, rsh: AnchorWrapper) -> NSLayoutDimension {
| `- error: cannot find type 'NSLayoutDimension' in scope
235 | return lsh
236 | .anchor
/Users/admin/builder/spi-builder-workspace/Sources/RLayoutKit/Layout/LayoutBase.swift:257:67: error: cannot find type 'NSLayoutDimension' in scope
255 |
256 | @available(iOS 10.0, *)
257 | public static func - (lsh: AnchorWrapper, rsh: AnchorWrapper) -> NSLayoutDimension {
| `- error: cannot find type 'NSLayoutDimension' in scope
258 | return lsh
259 | .anchor
/Users/admin/builder/spi-builder-workspace/Sources/RLayoutKit/Layout/LayoutEdge.swift:54:49: error: cannot find type 'EdgeInsets' in scope
52 | }
53 |
54 | public static func - (lsh: LayoutEdge, rsh: EdgeInsets) -> LayoutInsetsEdge {
| `- error: cannot find type 'EdgeInsets' in scope
55 | return LayoutInsetsEdge(leading: lsh.leading - rsh.left,
56 | trailing: lsh.trailing + rsh.right,
SwiftCompile normal arm64 /Users/admin/builder/spi-builder-workspace/Sources/RLayoutKit/Layout/LayoutSize.swift (in target 'RLayoutKit' from project 'RLayoutKit')
cd /Users/admin/builder/spi-builder-workspace/.swiftpm/xcode
builtin-SwiftPerFileCompile LayoutSize.swift
/Users/admin/builder/spi-builder-workspace/Sources/RLayoutKit/Layout/LayoutEdge.swift:77:55: error: cannot find type 'EdgeInsets' in scope
75 | }
76 |
77 | public static func - (lsh: LayoutInsetsEdge, rsh: EdgeInsets) -> LayoutInsetsEdge {
| `- error: cannot find type 'EdgeInsets' in scope
78 | return LayoutInsetsEdge(leading: lsh.leading - rsh.left,
79 | trailing: lsh.trailing + rsh.right,
/Users/admin/builder/spi-builder-workspace/Sources/RLayoutKit/Layout/LayoutBase.swift:277:36: error: cannot find type 'NSLayoutDimension' in scope
275 |
276 | @available(iOS 9.0, *)
277 | extension AnchorWrapper where A == NSLayoutDimension, Anchor == NSLayoutDimension {
| `- error: cannot find type 'NSLayoutDimension' in scope
278 |
279 | @discardableResult
/Users/admin/builder/spi-builder-workspace/Sources/RLayoutKit/Layout/LayoutBase.swift:277:65: error: cannot find type 'NSLayoutDimension' in scope
275 |
276 | @available(iOS 9.0, *)
277 | extension AnchorWrapper where A == NSLayoutDimension, Anchor == NSLayoutDimension {
| `- error: cannot find type 'NSLayoutDimension' in scope
278 |
279 | @discardableResult
/Users/admin/builder/spi-builder-workspace/Sources/RLayoutKit/Layout/LayoutBase.swift:241:62: error: cannot find type 'NSLayoutConstraint' in scope
239 |
240 | @discardableResult
241 | public static func == (lsh: AnchorWrapper, rsh: CGFloat) -> NSLayoutConstraint? {
| `- error: cannot find type 'NSLayoutConstraint' in scope
242 | guard let superAnchor = lsh.superAnchor else {
243 | return nil
/Users/admin/builder/spi-builder-workspace/Sources/RLayoutKit/Layout/LayoutBase.swift:264:62: error: cannot find type 'NSLayoutConstraint' in scope
262 |
263 | @discardableResult
264 | public static func == (lsh: AnchorWrapper, rsh: CGFloat) -> NSLayoutConstraint? {
| `- error: cannot find type 'NSLayoutConstraint' in scope
265 | guard let superAnchor = lsh.superAnchor else {
266 | return nil
/Users/admin/builder/spi-builder-workspace/Sources/RLayoutKit/Layout/LayoutBase.swift:280:62: error: cannot find type 'NSLayoutConstraint' in scope
278 |
279 | @discardableResult
280 | public static func == (lsh: AnchorWrapper, rsh: CGFloat) -> NSLayoutConstraint {
| `- error: cannot find type 'NSLayoutConstraint' in scope
281 | return lsh
282 | .anchor
/Users/admin/builder/spi-builder-workspace/Sources/RLayoutKit/Layout/LayoutEdge.swift:27:66: error: cannot find type 'NSLayoutConstraint' in scope
25 |
26 | @discardableResult
27 | public static func == (lsh: LayoutEdge, rsh: LayoutEdge) -> [NSLayoutConstraint] {
| `- error: cannot find type 'NSLayoutConstraint' in scope
28 | return [lsh.leading == rsh.leading,
29 | lsh.trailing == rsh.trailing,
/Users/admin/builder/spi-builder-workspace/Sources/RLayoutKit/Layout/LayoutEdge.swift:35:72: error: cannot find type 'NSLayoutConstraint' in scope
33 |
34 | @discardableResult
35 | public static func == (lsh: LayoutEdge, rsh: LayoutInsetsEdge) -> [NSLayoutConstraint] {
| `- error: cannot find type 'NSLayoutConstraint' in scope
36 |
37 | return [lsh.leading == rsh.leading,
/Users/admin/builder/spi-builder-workspace/Sources/RLayoutKit/Layout/LayoutPoint.swift:42:68: error: cannot find type 'NSLayoutConstraint' in scope
40 |
41 | @discardableResult
42 | public static func == (lsh: LayoutPoint, rsh: LayoutPoint) -> [NSLayoutConstraint] {
| `- error: cannot find type 'NSLayoutConstraint' in scope
43 | return [lsh.x == rsh.x,
44 | lsh.y == rsh.y]
SwiftCompile normal arm64 Compiling\ RLayoutKit.swift /Users/admin/builder/spi-builder-workspace/Sources/RLayoutKit/Core/RLayoutKit.swift (in target 'RLayoutKit' from project 'RLayoutKit')
/Users/admin/builder/spi-builder-workspace/Sources/RLayoutKit/Core/RLayoutKit.swift:38:41: error: cannot find type 'View' in scope
36 | }
37 |
38 | extension RLayoutKitWrapper where Base: View {
| `- error: cannot find type 'View' in scope
39 |
40 | /// An instance self's superView wrapped with an `RLayoutKitWapper` container
/Users/admin/builder/spi-builder-workspace/Sources/RLayoutKit/Core/RLayoutKit.swift:41:40: error: cannot find type 'View' in scope
39 |
40 | /// An instance self's superView wrapped with an `RLayoutKitWapper` container
41 | public var `super`: RLayoutKitWrapper<View>? {
| `- error: cannot find type 'View' in scope
42 | guard let superview = base.superView else {
43 | return nil
/Users/admin/builder/spi-builder-workspace/Sources/RLayoutKit/Core/RLayoutKit.swift:63:11: error: cannot find type 'View' in scope
61 | public protocol RLayoutCompatible {}
62 |
63 | extension View: RLayoutCompatible {
| `- error: cannot find type 'View' in scope
64 | var superView: View? {
65 | #if os(macOS)
/Users/admin/builder/spi-builder-workspace/Sources/RLayoutKit/Core/RLayoutKit.swift:90:41: error: cannot find type 'View' in scope
88 | }
89 |
90 | extension RLayoutKitWrapper where Base: View {
| `- error: cannot find type 'View' in scope
91 |
92 | /// Method of adding constraints to package base(View) of RLayoutKitWapper
/Users/admin/builder/spi-builder-workspace/Sources/RLayoutKit/Core/RLayoutKit.swift:107:21: error: cannot find type 'View' in scope
105 | to view: T,
106 | andLayout handler: (RLayoutKitWrapper<Base>, RLayoutKitWrapper<T>) -> Void
107 | ) -> Base where T: View {
| `- error: cannot find type 'View' in scope
108 | base.addedTo(view)
109 | base.translatesAutoresizingMaskIntoConstraints = false
/Users/admin/builder/spi-builder-workspace/Sources/RLayoutKit/Core/RLayoutKit.swift:42:30: error: value of type 'Base' has no member 'superView'
40 | /// An instance self's superView wrapped with an `RLayoutKitWapper` container
41 | public var `super`: RLayoutKitWrapper<View>? {
42 | guard let superview = base.superView else {
| `- error: value of type 'Base' has no member 'superView'
43 | return nil
44 | }
/Users/admin/builder/spi-builder-workspace/Sources/RLayoutKit/Core/RLayoutKit.swift:46:28: error: cannot find type 'View' in scope
44 | }
45 |
46 | return RLayoutKitWrapper<View>(superview)
| `- error: cannot find type 'View' in scope
47 | }
48 | }
/Users/admin/builder/spi-builder-workspace/Sources/RLayoutKit/Core/RLayoutKit.swift:98:8: error: value of type 'Base' has no member 'translatesAutoresizingMaskIntoConstraints'
96 | @discardableResult
97 | public func layout(_ constrainHandler: (RLayoutKitWrapper) -> Void) -> Base {
98 | base.translatesAutoresizingMaskIntoConstraints = false
| `- error: value of type 'Base' has no member 'translatesAutoresizingMaskIntoConstraints'
99 | constrainHandler(base.rl)
100 | return base
/Users/admin/builder/spi-builder-workspace/Sources/RLayoutKit/Core/RLayoutKit.swift:99:25: error: value of type 'Base' has no member 'rl'
97 | public func layout(_ constrainHandler: (RLayoutKitWrapper) -> Void) -> Base {
98 | base.translatesAutoresizingMaskIntoConstraints = false
99 | constrainHandler(base.rl)
| `- error: value of type 'Base' has no member 'rl'
100 | return base
101 | }
/Users/admin/builder/spi-builder-workspace/Sources/RLayoutKit/Core/RLayoutKit.swift:108:8: error: value of type 'Base' has no member 'addedTo'
106 | andLayout handler: (RLayoutKitWrapper<Base>, RLayoutKitWrapper<T>) -> Void
107 | ) -> Base where T: View {
108 | base.addedTo(view)
| `- error: value of type 'Base' has no member 'addedTo'
109 | base.translatesAutoresizingMaskIntoConstraints = false
110 | handler(base.rl, view.rl)
/Users/admin/builder/spi-builder-workspace/Sources/RLayoutKit/Core/RLayoutKit.swift:109:8: error: value of type 'Base' has no member 'translatesAutoresizingMaskIntoConstraints'
107 | ) -> Base where T: View {
108 | base.addedTo(view)
109 | base.translatesAutoresizingMaskIntoConstraints = false
| `- error: value of type 'Base' has no member 'translatesAutoresizingMaskIntoConstraints'
110 | handler(base.rl, view.rl)
111 | return base
/Users/admin/builder/spi-builder-workspace/Sources/RLayoutKit/Core/RLayoutKit.swift:110:16: error: value of type 'Base' has no member 'rl'
108 | base.addedTo(view)
109 | base.translatesAutoresizingMaskIntoConstraints = false
110 | handler(base.rl, view.rl)
| `- error: value of type 'Base' has no member 'rl'
111 | return base
112 | }
SwiftCompile normal arm64 /Users/admin/builder/spi-builder-workspace/Sources/RLayoutKit/Core/RLayoutKit.swift (in target 'RLayoutKit' from project 'RLayoutKit')
cd /Users/admin/builder/spi-builder-workspace/.swiftpm/xcode
builtin-SwiftPerFileCompile RLayoutKit.swift
SwiftCompile normal arm64 Compiling\ LayoutMarginsGuideAnchors.swift /Users/admin/builder/spi-builder-workspace/Sources/RLayoutKit/Core/LayoutMarginsGuideAnchors.swift (in target 'RLayoutKit' from project 'RLayoutKit')
SwiftCompile normal arm64 /Users/admin/builder/spi-builder-workspace/Sources/RLayoutKit/Core/LayoutMarginsGuideAnchors.swift (in target 'RLayoutKit' from project 'RLayoutKit')
cd /Users/admin/builder/spi-builder-workspace/.swiftpm/xcode
builtin-SwiftPerFileCompile LayoutMarginsGuideAnchors.swift
SwiftCompile normal arm64 Compiling\ ViewAnchors.swift /Users/admin/builder/spi-builder-workspace/Sources/RLayoutKit/Core/ViewAnchors.swift (in target 'RLayoutKit' from project 'RLayoutKit')
/Users/admin/builder/spi-builder-workspace/Sources/RLayoutKit/Core/ViewAnchors.swift:17:41: error: cannot find type 'View' in scope
15 |
16 | @available(iOS 9.0, *)
17 | extension RLayoutKitWrapper where Base: View {
| `- error: cannot find type 'View' in scope
18 | public var leading: AnchorWrapper<NSLayoutXAxisAnchor, NSLayoutXAxisAnchor> {
19 | return .init(
/Users/admin/builder/spi-builder-workspace/Sources/RLayoutKit/Core/ViewAnchors.swift:18:36: error: cannot find type 'NSLayoutXAxisAnchor' in scope
16 | @available(iOS 9.0, *)
17 | extension RLayoutKitWrapper where Base: View {
18 | public var leading: AnchorWrapper<NSLayoutXAxisAnchor, NSLayoutXAxisAnchor> {
| `- error: cannot find type 'NSLayoutXAxisAnchor' in scope
19 | return .init(
20 | anchor: base.leadingAnchor,
/Users/admin/builder/spi-builder-workspace/Sources/RLayoutKit/Core/ViewAnchors.swift:25:37: error: cannot find type 'NSLayoutXAxisAnchor' in scope
23 | }
24 |
25 | public var trailing: AnchorWrapper<NSLayoutXAxisAnchor, NSLayoutXAxisAnchor> {
| `- error: cannot find type 'NSLayoutXAxisAnchor' in scope
26 | return .init(
27 | anchor: base.trailingAnchor,
/Users/admin/builder/spi-builder-workspace/Sources/RLayoutKit/Core/ViewAnchors.swift:32:33: error: cannot find type 'NSLayoutXAxisAnchor' in scope
30 | }
31 |
32 | public var left: AnchorWrapper<NSLayoutXAxisAnchor, NSLayoutXAxisAnchor> {
| `- error: cannot find type 'NSLayoutXAxisAnchor' in scope
33 | return .init(
34 | anchor: base.leftAnchor,
/Users/admin/builder/spi-builder-workspace/Sources/RLayoutKit/Core/ViewAnchors.swift:39:34: error: cannot find type 'NSLayoutXAxisAnchor' in scope
37 | }
38 |
39 | public var right: AnchorWrapper<NSLayoutXAxisAnchor, NSLayoutXAxisAnchor> {
| `- error: cannot find type 'NSLayoutXAxisAnchor' in scope
40 | return .init(
41 | anchor: base.rightAnchor,
/Users/admin/builder/spi-builder-workspace/Sources/RLayoutKit/Core/ViewAnchors.swift:46:32: error: cannot find type 'NSLayoutYAxisAnchor' in scope
44 | }
45 |
46 | public var top: AnchorWrapper<NSLayoutYAxisAnchor, NSLayoutYAxisAnchor> {
| `- error: cannot find type 'NSLayoutYAxisAnchor' in scope
47 | return .init(
48 | anchor: base.topAnchor,
/Users/admin/builder/spi-builder-workspace/Sources/RLayoutKit/Core/ViewAnchors.swift:53:35: error: cannot find type 'NSLayoutYAxisAnchor' in scope
51 | }
52 |
53 | public var bottom: AnchorWrapper<NSLayoutYAxisAnchor, NSLayoutYAxisAnchor> {
| `- error: cannot find type 'NSLayoutYAxisAnchor' in scope
54 | return .init(
55 | anchor: base.bottomAnchor,
/Users/admin/builder/spi-builder-workspace/Sources/RLayoutKit/Core/ViewAnchors.swift:60:34: error: cannot find type 'NSLayoutDimension' in scope
58 | }
59 |
60 | public var width: AnchorWrapper<NSLayoutDimension, NSLayoutDimension> {
| `- error: cannot find type 'NSLayoutDimension' in scope
61 | return .init(
62 | anchor: base.widthAnchor,
/Users/admin/builder/spi-builder-workspace/Sources/RLayoutKit/Core/ViewAnchors.swift:67:35: error: cannot find type 'NSLayoutDimension' in scope
65 | }
66 |
67 | public var height: AnchorWrapper<NSLayoutDimension, NSLayoutDimension> {
| `- error: cannot find type 'NSLayoutDimension' in scope
68 | return .init(
69 | anchor: base.heightAnchor,
/Users/admin/builder/spi-builder-workspace/Sources/RLayoutKit/Core/ViewAnchors.swift:74:36: error: cannot find type 'NSLayoutXAxisAnchor' in scope
72 | }
73 |
74 | public var centerX: AnchorWrapper<NSLayoutXAxisAnchor, NSLayoutXAxisAnchor> {
| `- error: cannot find type 'NSLayoutXAxisAnchor' in scope
75 | return .init(
76 | anchor: base.centerXAnchor,
/Users/admin/builder/spi-builder-workspace/Sources/RLayoutKit/Core/ViewAnchors.swift:81:36: error: cannot find type 'NSLayoutYAxisAnchor' in scope
79 | }
80 |
81 | public var centerY: AnchorWrapper<NSLayoutYAxisAnchor, NSLayoutYAxisAnchor> {
| `- error: cannot find type 'NSLayoutYAxisAnchor' in scope
82 | return .init(
83 | anchor: base.centerYAnchor,
/Users/admin/builder/spi-builder-workspace/Sources/RLayoutKit/Core/ViewAnchors.swift:88:42: error: cannot find type 'NSLayoutYAxisAnchor' in scope
86 | }
87 |
88 | public var firstBaseline: AnchorWrapper<NSLayoutYAxisAnchor, NSLayoutYAxisAnchor> {
| `- error: cannot find type 'NSLayoutYAxisAnchor' in scope
89 | return .init(
90 | anchor: base.firstBaselineAnchor,
/Users/admin/builder/spi-builder-workspace/Sources/RLayoutKit/Core/ViewAnchors.swift:95:41: error: cannot find type 'NSLayoutYAxisAnchor' in scope
93 | }
94 |
95 | public var lastBaseline: AnchorWrapper<NSLayoutYAxisAnchor, NSLayoutYAxisAnchor> {
| `- error: cannot find type 'NSLayoutYAxisAnchor' in scope
96 | return .init(
97 | anchor: base.lastBaselineAnchor,
/Users/admin/builder/spi-builder-workspace/Sources/RLayoutKit/Core/ViewAnchors.swift:20:17: error: value of type 'Base' has no member 'leadingAnchor'
18 | public var leading: AnchorWrapper<NSLayoutXAxisAnchor, NSLayoutXAxisAnchor> {
19 | return .init(
20 | anchor: base.leadingAnchor,
| `- error: value of type 'Base' has no member 'leadingAnchor'
21 | superAnchor: base.superView?.leadingAnchor
22 | )
/Users/admin/builder/spi-builder-workspace/Sources/RLayoutKit/Core/ViewAnchors.swift:21:22: error: value of type 'Base' has no member 'superView'
19 | return .init(
20 | anchor: base.leadingAnchor,
21 | superAnchor: base.superView?.leadingAnchor
| `- error: value of type 'Base' has no member 'superView'
22 | )
23 | }
/Users/admin/builder/spi-builder-workspace/Sources/RLayoutKit/Core/ViewAnchors.swift:27:17: error: value of type 'Base' has no member 'trailingAnchor'
25 | public var trailing: AnchorWrapper<NSLayoutXAxisAnchor, NSLayoutXAxisAnchor> {
26 | return .init(
27 | anchor: base.trailingAnchor,
| `- error: value of type 'Base' has no member 'trailingAnchor'
28 | superAnchor: base.superView?.trailingAnchor
29 | )
/Users/admin/builder/spi-builder-workspace/Sources/RLayoutKit/Core/ViewAnchors.swift:28:22: error: value of type 'Base' has no member 'superView'
26 | return .init(
27 | anchor: base.trailingAnchor,
28 | superAnchor: base.superView?.trailingAnchor
| `- error: value of type 'Base' has no member 'superView'
29 | )
30 | }
/Users/admin/builder/spi-builder-workspace/Sources/RLayoutKit/Core/ViewAnchors.swift:34:17: error: value of type 'Base' has no member 'leftAnchor'
32 | public var left: AnchorWrapper<NSLayoutXAxisAnchor, NSLayoutXAxisAnchor> {
33 | return .init(
34 | anchor: base.leftAnchor,
| `- error: value of type 'Base' has no member 'leftAnchor'
35 | superAnchor: base.superView?.leftAnchor
36 | )
/Users/admin/builder/spi-builder-workspace/Sources/RLayoutKit/Core/ViewAnchors.swift:35:22: error: value of type 'Base' has no member 'superView'
33 | return .init(
34 | anchor: base.leftAnchor,
35 | superAnchor: base.superView?.leftAnchor
| `- error: value of type 'Base' has no member 'superView'
36 | )
37 | }
/Users/admin/builder/spi-builder-workspace/Sources/RLayoutKit/Core/ViewAnchors.swift:41:17: error: value of type 'Base' has no member 'rightAnchor'
39 | public var right: AnchorWrapper<NSLayoutXAxisAnchor, NSLayoutXAxisAnchor> {
40 | return .init(
41 | anchor: base.rightAnchor,
| `- error: value of type 'Base' has no member 'rightAnchor'
42 | superAnchor: base.superView?.rightAnchor
43 | )
/Users/admin/builder/spi-builder-workspace/Sources/RLayoutKit/Core/ViewAnchors.swift:42:22: error: value of type 'Base' has no member 'superView'
40 | return .init(
41 | anchor: base.rightAnchor,
42 | superAnchor: base.superView?.rightAnchor
| `- error: value of type 'Base' has no member 'superView'
43 | )
44 | }
/Users/admin/builder/spi-builder-workspace/Sources/RLayoutKit/Core/ViewAnchors.swift:48:17: error: value of type 'Base' has no member 'topAnchor'
46 | public var top: AnchorWrapper<NSLayoutYAxisAnchor, NSLayoutYAxisAnchor> {
47 | return .init(
48 | anchor: base.topAnchor,
| `- error: value of type 'Base' has no member 'topAnchor'
49 | superAnchor: base.superView?.topAnchor
50 | )
/Users/admin/builder/spi-builder-workspace/Sources/RLayoutKit/Core/ViewAnchors.swift:49:22: error: value of type 'Base' has no member 'superView'
47 | return .init(
48 | anchor: base.topAnchor,
49 | superAnchor: base.superView?.topAnchor
| `- error: value of type 'Base' has no member 'superView'
50 | )
51 | }
/Users/admin/builder/spi-builder-workspace/Sources/RLayoutKit/Core/ViewAnchors.swift:55:17: error: value of type 'Base' has no member 'bottomAnchor'
53 | public var bottom: AnchorWrapper<NSLayoutYAxisAnchor, NSLayoutYAxisAnchor> {
54 | return .init(
55 | anchor: base.bottomAnchor,
| `- error: value of type 'Base' has no member 'bottomAnchor'
56 | superAnchor: base.superView?.bottomAnchor
57 | )
/Users/admin/builder/spi-builder-workspace/Sources/RLayoutKit/Core/ViewAnchors.swift:56:22: error: value of type 'Base' has no member 'superView'
54 | return .init(
55 | anchor: base.bottomAnchor,
56 | superAnchor: base.superView?.bottomAnchor
| `- error: value of type 'Base' has no member 'superView'
57 | )
58 | }
/Users/admin/builder/spi-builder-workspace/Sources/RLayoutKit/Core/ViewAnchors.swift:62:17: error: value of type 'Base' has no member 'widthAnchor'
60 | public var width: AnchorWrapper<NSLayoutDimension, NSLayoutDimension> {
61 | return .init(
62 | anchor: base.widthAnchor,
| `- error: value of type 'Base' has no member 'widthAnchor'
63 | superAnchor: base.superView?.widthAnchor
64 | )
/Users/admin/builder/spi-builder-workspace/Sources/RLayoutKit/Core/ViewAnchors.swift:63:22: error: value of type 'Base' has no member 'superView'
61 | return .init(
62 | anchor: base.widthAnchor,
63 | superAnchor: base.superView?.widthAnchor
| `- error: value of type 'Base' has no member 'superView'
64 | )
65 | }
/Users/admin/builder/spi-builder-workspace/Sources/RLayoutKit/Core/ViewAnchors.swift:69:17: error: value of type 'Base' has no member 'heightAnchor'
67 | public var height: AnchorWrapper<NSLayoutDimension, NSLayoutDimension> {
68 | return .init(
69 | anchor: base.heightAnchor,
| `- error: value of type 'Base' has no member 'heightAnchor'
70 | superAnchor: base.superView?.heightAnchor
71 | )
/Users/admin/builder/spi-builder-workspace/Sources/RLayoutKit/Core/ViewAnchors.swift:70:22: error: value of type 'Base' has no member 'superView'
68 | return .init(
69 | anchor: base.heightAnchor,
70 | superAnchor: base.superView?.heightAnchor
| `- error: value of type 'Base' has no member 'superView'
71 | )
72 | }
/Users/admin/builder/spi-builder-workspace/Sources/RLayoutKit/Core/ViewAnchors.swift:76:17: error: value of type 'Base' has no member 'centerXAnchor'
74 | public var centerX: AnchorWrapper<NSLayoutXAxisAnchor, NSLayoutXAxisAnchor> {
75 | return .init(
76 | anchor: base.centerXAnchor,
| `- error: value of type 'Base' has no member 'centerXAnchor'
77 | superAnchor: base.superView?.centerXAnchor
78 | )
/Users/admin/builder/spi-builder-workspace/Sources/RLayoutKit/Core/ViewAnchors.swift:77:22: error: value of type 'Base' has no member 'superView'
75 | return .init(
76 | anchor: base.centerXAnchor,
77 | superAnchor: base.superView?.centerXAnchor
| `- error: value of type 'Base' has no member 'superView'
78 | )
79 | }
/Users/admin/builder/spi-builder-workspace/Sources/RLayoutKit/Core/ViewAnchors.swift:83:17: error: value of type 'Base' has no member 'centerYAnchor'
81 | public var centerY: AnchorWrapper<NSLayoutYAxisAnchor, NSLayoutYAxisAnchor> {
82 | return .init(
83 | anchor: base.centerYAnchor,
| `- error: value of type 'Base' has no member 'centerYAnchor'
84 | superAnchor: base.superView?.centerYAnchor
85 | )
/Users/admin/builder/spi-builder-workspace/Sources/RLayoutKit/Core/ViewAnchors.swift:84:22: error: value of type 'Base' has no member 'superView'
82 | return .init(
83 | anchor: base.centerYAnchor,
84 | superAnchor: base.superView?.centerYAnchor
| `- error: value of type 'Base' has no member 'superView'
85 | )
86 | }
/Users/admin/builder/spi-builder-workspace/Sources/RLayoutKit/Core/ViewAnchors.swift:90:17: error: value of type 'Base' has no member 'firstBaselineAnchor'
88 | public var firstBaseline: AnchorWrapper<NSLayoutYAxisAnchor, NSLayoutYAxisAnchor> {
89 | return .init(
90 | anchor: base.firstBaselineAnchor,
| `- error: value of type 'Base' has no member 'firstBaselineAnchor'
91 | superAnchor: base.superView?.firstBaselineAnchor
92 | )
/Users/admin/builder/spi-builder-workspace/Sources/RLayoutKit/Core/ViewAnchors.swift:91:22: error: value of type 'Base' has no member 'superView'
89 | return .init(
90 | anchor: base.firstBaselineAnchor,
91 | superAnchor: base.superView?.firstBaselineAnchor
| `- error: value of type 'Base' has no member 'superView'
92 | )
93 | }
/Users/admin/builder/spi-builder-workspace/Sources/RLayoutKit/Core/ViewAnchors.swift:97:17: error: value of type 'Base' has no member 'lastBaselineAnchor'
95 | public var lastBaseline: AnchorWrapper<NSLayoutYAxisAnchor, NSLayoutYAxisAnchor> {
96 | return .init(
97 | anchor: base.lastBaselineAnchor,
| `- error: value of type 'Base' has no member 'lastBaselineAnchor'
98 | superAnchor: base.superView?.lastBaselineAnchor
99 | )
SwiftCompile normal arm64 /Users/admin/builder/spi-builder-workspace/Sources/RLayoutKit/Core/ViewAnchors.swift (in target 'RLayoutKit' from project 'RLayoutKit')
cd /Users/admin/builder/spi-builder-workspace/.swiftpm/xcode
builtin-SwiftPerFileCompile ViewAnchors.swift
SwiftCompile normal arm64 Compiling\ LayoutBase.swift /Users/admin/builder/spi-builder-workspace/Sources/RLayoutKit/Layout/LayoutBase.swift (in target 'RLayoutKit' from project 'RLayoutKit')
/Users/admin/builder/spi-builder-workspace/Sources/RLayoutKit/Layout/LayoutBase.swift:23:11: error: cannot find type 'NSLayoutConstraint' in scope
21 | infix operator <=*: ComparisonPrecedence
22 |
23 | extension NSLayoutConstraint {
| `- error: cannot find type 'NSLayoutConstraint' in scope
24 |
25 | public var active: NSLayoutConstraint {
/Users/admin/builder/spi-builder-workspace/Sources/RLayoutKit/Core/LayoutAnchor.swift:29:40: error: cannot find type 'NSLayoutAnchor' in scope
27 | */
28 | @available(iOS 9.0, *)
29 | public struct AnchorWrapper<A, Anchor: NSLayoutAnchor<A>> {
| `- error: cannot find type 'NSLayoutAnchor' in scope
30 |
31 | public let anchor: Anchor
/Users/admin/builder/spi-builder-workspace/Sources/RLayoutKit/Layout/LayoutBase.swift:42:68: error: cannot find type 'NSLayoutConstraint' in scope
40 |
41 | @discardableResult
42 | public static func == (lsh: AnchorWrapper, rsh: AnchorWrapper) -> NSLayoutConstraint {
| `- error: cannot find type 'NSLayoutConstraint' in scope
43 | #if os(iOS)
44 | if #available(iOS 11.0, *) {
/Users/admin/builder/spi-builder-workspace/Sources/RLayoutKit/Layout/LayoutBase.swift:62:62: error: cannot find type 'NSLayoutConstraint' in scope
60 | }
61 |
62 | static func ==+ (lsh: AnchorWrapper, rsh: AnchorWrapper) -> NSLayoutConstraint {
| `- error: cannot find type 'NSLayoutConstraint' in scope
63 | return lsh
64 | .anchor
/Users/admin/builder/spi-builder-workspace/Sources/RLayoutKit/Layout/LayoutBase.swift:107:68: error: cannot find type 'NSLayoutConstraint' in scope
105 |
106 | @discardableResult
107 | public static func >= (lsh: AnchorWrapper, rsh: AnchorWrapper) -> NSLayoutConstraint {
| `- error: cannot find type 'NSLayoutConstraint' in scope
108 | #if os(iOS)
109 | if #available(iOS 11.0, *) {
/Users/admin/builder/spi-builder-workspace/Sources/RLayoutKit/Layout/LayoutBase.swift:127:62: error: cannot find type 'NSLayoutConstraint' in scope
125 | }
126 |
127 | static func >=+ (lsh: AnchorWrapper, rsh: AnchorWrapper) -> NSLayoutConstraint {
| `- error: cannot find type 'NSLayoutConstraint' in scope
128 | return lsh
129 | .anchor
/Users/admin/builder/spi-builder-workspace/Sources/RLayoutKit/Layout/LayoutBase.swift:171:68: error: cannot find type 'NSLayoutConstraint' in scope
169 |
170 | @discardableResult
171 | public static func <= (lsh: AnchorWrapper, rsh: AnchorWrapper) -> NSLayoutConstraint {
| `- error: cannot find type 'NSLayoutConstraint' in scope
172 | #if os(iOS)
173 | if #available(iOS 11.0, *) {
/Users/admin/builder/spi-builder-workspace/Sources/RLayoutKit/Layout/LayoutBase.swift:191:62: error: cannot find type 'NSLayoutConstraint' in scope
189 | }
190 |
191 | static func <=+ (lsh: AnchorWrapper, rsh: AnchorWrapper) -> NSLayoutConstraint {
| `- error: cannot find type 'NSLayoutConstraint' in scope
192 | return lsh
193 | .anchor
/Users/admin/builder/spi-builder-workspace/Sources/RLayoutKit/Layout/LayoutBase.swift:231:36: error: cannot find type 'NSLayoutYAxisAnchor' in scope
229 |
230 | @available(iOS 9.0, *)
231 | extension AnchorWrapper where A == NSLayoutYAxisAnchor, Anchor == NSLayoutYAxisAnchor {
| `- error: cannot find type 'NSLayoutYAxisAnchor' in scope
232 |
233 | @available(iOS 10.0, *)
/Users/admin/builder/spi-builder-workspace/Sources/RLayoutKit/Layout/LayoutBase.swift:231:67: error: cannot find type 'NSLayoutYAxisAnchor' in scope
229 |
230 | @available(iOS 9.0, *)
231 | extension AnchorWrapper where A == NSLayoutYAxisAnchor, Anchor == NSLayoutYAxisAnchor {
| `- error: cannot find type 'NSLayoutYAxisAnchor' in scope
232 |
233 | @available(iOS 10.0, *)
/Users/admin/builder/spi-builder-workspace/Sources/RLayoutKit/Layout/LayoutBase.swift:234:67: error: cannot find type 'NSLayoutDimension' in scope
232 |
233 | @available(iOS 10.0, *)
234 | public static func - (lsh: AnchorWrapper, rsh: AnchorWrapper) -> NSLayoutDimension {
| `- error: cannot find type 'NSLayoutDimension' in scope
235 | return lsh
236 | .anchor
/Users/admin/builder/spi-builder-workspace/Sources/RLayoutKit/Layout/LayoutBase.swift:241:62: error: cannot find type 'NSLayoutConstraint' in scope
239 |
240 | @discardableResult
241 | public static func == (lsh: AnchorWrapper, rsh: CGFloat) -> NSLayoutConstraint? {
| `- error: cannot find type 'NSLayoutConstraint' in scope
242 | guard let superAnchor = lsh.superAnchor else {
243 | return nil
/Users/admin/builder/spi-builder-workspace/Sources/RLayoutKit/Layout/LayoutBase.swift:254:36: error: cannot find type 'NSLayoutXAxisAnchor' in scope
252 |
253 | @available(iOS 9.0, *)
254 | extension AnchorWrapper where A == NSLayoutXAxisAnchor, Anchor == NSLayoutXAxisAnchor {
| `- error: cannot find type 'NSLayoutXAxisAnchor' in scope
255 |
256 | @available(iOS 10.0, *)
/Users/admin/builder/spi-builder-workspace/Sources/RLayoutKit/Layout/LayoutBase.swift:254:67: error: cannot find type 'NSLayoutXAxisAnchor' in scope
252 |
253 | @available(iOS 9.0, *)
254 | extension AnchorWrapper where A == NSLayoutXAxisAnchor, Anchor == NSLayoutXAxisAnchor {
| `- error: cannot find type 'NSLayoutXAxisAnchor' in scope
255 |
256 | @available(iOS 10.0, *)
/Users/admin/builder/spi-builder-workspace/Sources/RLayoutKit/Layout/LayoutBase.swift:257:67: error: cannot find type 'NSLayoutDimension' in scope
255 |
256 | @available(iOS 10.0, *)
257 | public static func - (lsh: AnchorWrapper, rsh: AnchorWrapper) -> NSLayoutDimension {
| `- error: cannot find type 'NSLayoutDimension' in scope
258 | return lsh
259 | .anchor
/Users/admin/builder/spi-builder-workspace/Sources/RLayoutKit/Layout/LayoutBase.swift:264:62: error: cannot find type 'NSLayoutConstraint' in scope
262 |
263 | @discardableResult
264 | public static func == (lsh: AnchorWrapper, rsh: CGFloat) -> NSLayoutConstraint? {
| `- error: cannot find type 'NSLayoutConstraint' in scope
265 | guard let superAnchor = lsh.superAnchor else {
266 | return nil
/Users/admin/builder/spi-builder-workspace/Sources/RLayoutKit/Layout/LayoutBase.swift:277:36: error: cannot find type 'NSLayoutDimension' in scope
275 |
276 | @available(iOS 9.0, *)
277 | extension AnchorWrapper where A == NSLayoutDimension, Anchor == NSLayoutDimension {
| `- error: cannot find type 'NSLayoutDimension' in scope
278 |
279 | @discardableResult
/Users/admin/builder/spi-builder-workspace/Sources/RLayoutKit/Layout/LayoutBase.swift:277:65: error: cannot find type 'NSLayoutDimension' in scope
275 |
276 | @available(iOS 9.0, *)
277 | extension AnchorWrapper where A == NSLayoutDimension, Anchor == NSLayoutDimension {
| `- error: cannot find type 'NSLayoutDimension' in scope
278 |
279 | @discardableResult
/Users/admin/builder/spi-builder-workspace/Sources/RLayoutKit/Layout/LayoutBase.swift:280:62: error: cannot find type 'NSLayoutConstraint' in scope
278 |
279 | @discardableResult
280 | public static func == (lsh: AnchorWrapper, rsh: CGFloat) -> NSLayoutConstraint {
| `- error: cannot find type 'NSLayoutConstraint' in scope
281 | return lsh
282 | .anchor
/Users/admin/builder/spi-builder-workspace/Sources/RLayoutKit/Layout/LayoutBase.swift:288:62: error: cannot find type 'NSLayoutConstraint' in scope
286 |
287 | @discardableResult
288 | public static func >= (lsh: AnchorWrapper, rsh: CGFloat) -> NSLayoutConstraint {
| `- error: cannot find type 'NSLayoutConstraint' in scope
289 | return lsh
290 | .anchor
/Users/admin/builder/spi-builder-workspace/Sources/RLayoutKit/Layout/LayoutBase.swift:296:62: error: cannot find type 'NSLayoutConstraint' in scope
294 |
295 | @discardableResult
296 | public static func <= (lsh: AnchorWrapper, rsh: CGFloat) -> NSLayoutConstraint {
| `- error: cannot find type 'NSLayoutConstraint' in scope
297 | return lsh
298 | .anchor
/Users/admin/builder/spi-builder-workspace/Sources/RLayoutKit/Layout/LayoutBase.swift:58:5: error: value of type 'Anchor' has no member 'constraint'
56 | return lsh
57 | .anchor
58 | .constraint(equalTo: rsh.anchor)
| `- error: value of type 'Anchor' has no member 'constraint'
59 | .active
60 | }
/Users/admin/builder/spi-builder-workspace/Sources/RLayoutKit/Layout/LayoutBase.swift:65:5: error: value of type 'Anchor' has no member 'constraint'
63 | return lsh
64 | .anchor
65 | .constraint(equalTo: rsh.anchor,
| `- error: value of type 'Anchor' has no member 'constraint'
66 | constant: rsh.constant!)
67 | .active
/Users/admin/builder/spi-builder-workspace/Sources/RLayoutKit/Layout/LayoutBase.swift:123:5: error: value of type 'Anchor' has no member 'constraint'
121 | return lsh
122 | .anchor
123 | .constraint(greaterThanOrEqualTo: rsh.anchor)
| `- error: value of type 'Anchor' has no member 'constraint'
124 | .active
125 | }
/Users/admin/builder/spi-builder-workspace/Sources/RLayoutKit/Layout/LayoutBase.swift:130:5: error: value of type 'Anchor' has no member 'constraint'
128 | return lsh
129 | .anchor
130 | .constraint(greaterThanOrEqualTo: rsh.anchor,
| `- error: value of type 'Anchor' has no member 'constraint'
131 | constant: rsh.constant!)
132 | .active
/Users/admin/builder/spi-builder-workspace/Sources/RLayoutKit/Layout/LayoutBase.swift:187:5: error: value of type 'Anchor' has no member 'constraint'
185 | return lsh
186 | .anchor
187 | .constraint(lessThanOrEqualTo: rsh.anchor)
| `- error: value of type 'Anchor' has no member 'constraint'
188 | .active
189 | }
SwiftCompile normal arm64 /Users/admin/builder/spi-builder-workspace/Sources/RLayoutKit/Layout/LayoutBase.swift (in target 'RLayoutKit' from project 'RLayoutKit')
cd /Users/admin/builder/spi-builder-workspace/.swiftpm/xcode
builtin-SwiftPerFileCompile LayoutBase.swift
SwiftCompile normal arm64 Compiling\ LayoutEdge.swift /Users/admin/builder/spi-builder-workspace/Sources/RLayoutKit/Layout/LayoutEdge.swift (in target 'RLayoutKit' from project 'RLayoutKit')
/Users/admin/builder/spi-builder-workspace/Sources/RLayoutKit/Layout/LayoutEdge.swift:21:32: error: cannot find type 'NSLayoutXAxisAnchor' in scope
19 | public struct LayoutEdge {
20 |
21 | let leading: AnchorWrapper<NSLayoutXAxisAnchor, NSLayoutXAxisAnchor>
| `- error: cannot find type 'NSLayoutXAxisAnchor' in scope
22 | let trailing: AnchorWrapper<NSLayoutXAxisAnchor, NSLayoutXAxisAnchor>
23 | let top: AnchorWrapper<NSLayoutYAxisAnchor, NSLayoutYAxisAnchor>
/Users/admin/builder/spi-builder-workspace/Sources/RLayoutKit/Layout/LayoutEdge.swift:22:33: error: cannot find type 'NSLayoutXAxisAnchor' in scope
20 |
21 | let leading: AnchorWrapper<NSLayoutXAxisAnchor, NSLayoutXAxisAnchor>
22 | let trailing: AnchorWrapper<NSLayoutXAxisAnchor, NSLayoutXAxisAnchor>
| `- error: cannot find type 'NSLayoutXAxisAnchor' in scope
23 | let top: AnchorWrapper<NSLayoutYAxisAnchor, NSLayoutYAxisAnchor>
24 | let bottom: AnchorWrapper<NSLayoutYAxisAnchor, NSLayoutYAxisAnchor>
/Users/admin/builder/spi-builder-workspace/Sources/RLayoutKit/Layout/LayoutEdge.swift:23:28: error: cannot find type 'NSLayoutYAxisAnchor' in scope
21 | let leading: AnchorWrapper<NSLayoutXAxisAnchor, NSLayoutXAxisAnchor>
22 | let trailing: AnchorWrapper<NSLayoutXAxisAnchor, NSLayoutXAxisAnchor>
23 | let top: AnchorWrapper<NSLayoutYAxisAnchor, NSLayoutYAxisAnchor>
| `- error: cannot find type 'NSLayoutYAxisAnchor' in scope
24 | let bottom: AnchorWrapper<NSLayoutYAxisAnchor, NSLayoutYAxisAnchor>
25 |
/Users/admin/builder/spi-builder-workspace/Sources/RLayoutKit/Layout/LayoutEdge.swift:24:31: error: cannot find type 'NSLayoutYAxisAnchor' in scope
22 | let trailing: AnchorWrapper<NSLayoutXAxisAnchor, NSLayoutXAxisAnchor>
23 | let top: AnchorWrapper<NSLayoutYAxisAnchor, NSLayoutYAxisAnchor>
24 | let bottom: AnchorWrapper<NSLayoutYAxisAnchor, NSLayoutYAxisAnchor>
| `- error: cannot find type 'NSLayoutYAxisAnchor' in scope
25 |
26 | @discardableResult
/Users/admin/builder/spi-builder-workspace/Sources/RLayoutKit/Layout/LayoutEdge.swift:27:66: error: cannot find type 'NSLayoutConstraint' in scope
25 |
26 | @discardableResult
27 | public static func == (lsh: LayoutEdge, rsh: LayoutEdge) -> [NSLayoutConstraint] {
| `- error: cannot find type 'NSLayoutConstraint' in scope
28 | return [lsh.leading == rsh.leading,
29 | lsh.trailing == rsh.trailing,
/Users/admin/builder/spi-builder-workspace/Sources/RLayoutKit/Layout/LayoutEdge.swift:35:72: error: cannot find type 'NSLayoutConstraint' in scope
33 |
34 | @discardableResult
35 | public static func == (lsh: LayoutEdge, rsh: LayoutInsetsEdge) -> [NSLayoutConstraint] {
| `- error: cannot find type 'NSLayoutConstraint' in scope
36 |
37 | return [lsh.leading == rsh.leading,
/Users/admin/builder/spi-builder-workspace/Sources/RLayoutKit/Layout/LayoutEdge.swift:47:49: error: cannot find type 'EdgeInsets' in scope
45 | extension LayoutEdge {
46 |
47 | public static func + (lsh: LayoutEdge, rsh: EdgeInsets) -> LayoutInsetsEdge {
| `- error: cannot find type 'EdgeInsets' in scope
48 | return LayoutInsetsEdge(leading: lsh.leading + rsh.left,
49 | trailing: lsh.trailing - rsh.right,
/Users/admin/builder/spi-builder-workspace/Sources/RLayoutKit/Layout/LayoutEdge.swift:54:49: error: cannot find type 'EdgeInsets' in scope
52 | }
53 |
54 | public static func - (lsh: LayoutEdge, rsh: EdgeInsets) -> LayoutInsetsEdge {
| `- error: cannot find type 'EdgeInsets' in scope
55 | return LayoutInsetsEdge(leading: lsh.leading - rsh.left,
56 | trailing: lsh.trailing + rsh.right,
/Users/admin/builder/spi-builder-workspace/Sources/RLayoutKit/Layout/LayoutEdge.swift:65:32: error: cannot find type 'NSLayoutXAxisAnchor' in scope
63 | public struct LayoutInsetsEdge {
64 |
65 | let leading: AnchorWrapper<NSLayoutXAxisAnchor, NSLayoutXAxisAnchor>
| `- error: cannot find type 'NSLayoutXAxisAnchor' in scope
66 | let trailing: AnchorWrapper<NSLayoutXAxisAnchor, NSLayoutXAxisAnchor>
67 | let top: AnchorWrapper<NSLayoutYAxisAnchor, NSLayoutYAxisAnchor>
/Users/admin/builder/spi-builder-workspace/Sources/RLayoutKit/Layout/LayoutEdge.swift:66:33: error: cannot find type 'NSLayoutXAxisAnchor' in scope
64 |
65 | let leading: AnchorWrapper<NSLayoutXAxisAnchor, NSLayoutXAxisAnchor>
66 | let trailing: AnchorWrapper<NSLayoutXAxisAnchor, NSLayoutXAxisAnchor>
| `- error: cannot find type 'NSLayoutXAxisAnchor' in scope
67 | let top: AnchorWrapper<NSLayoutYAxisAnchor, NSLayoutYAxisAnchor>
68 | let bottom: AnchorWrapper<NSLayoutYAxisAnchor, NSLayoutYAxisAnchor>
/Users/admin/builder/spi-builder-workspace/Sources/RLayoutKit/Layout/LayoutEdge.swift:67:28: error: cannot find type 'NSLayoutYAxisAnchor' in scope
65 | let leading: AnchorWrapper<NSLayoutXAxisAnchor, NSLayoutXAxisAnchor>
66 | let trailing: AnchorWrapper<NSLayoutXAxisAnchor, NSLayoutXAxisAnchor>
67 | let top: AnchorWrapper<NSLayoutYAxisAnchor, NSLayoutYAxisAnchor>
| `- error: cannot find type 'NSLayoutYAxisAnchor' in scope
68 | let bottom: AnchorWrapper<NSLayoutYAxisAnchor, NSLayoutYAxisAnchor>
69 |
/Users/admin/builder/spi-builder-workspace/Sources/RLayoutKit/Layout/LayoutEdge.swift:68:31: error: cannot find type 'NSLayoutYAxisAnchor' in scope
66 | let trailing: AnchorWrapper<NSLayoutXAxisAnchor, NSLayoutXAxisAnchor>
67 | let top: AnchorWrapper<NSLayoutYAxisAnchor, NSLayoutYAxisAnchor>
68 | let bottom: AnchorWrapper<NSLayoutYAxisAnchor, NSLayoutYAxisAnchor>
| `- error: cannot find type 'NSLayoutYAxisAnchor' in scope
69 |
70 | public static func + (lsh: LayoutInsetsEdge, rsh: EdgeInsets) -> LayoutInsetsEdge {
/Users/admin/builder/spi-builder-workspace/Sources/RLayoutKit/Layout/LayoutEdge.swift:70:55: error: cannot find type 'EdgeInsets' in scope
68 | let bottom: AnchorWrapper<NSLayoutYAxisAnchor, NSLayoutYAxisAnchor>
69 |
70 | public static func + (lsh: LayoutInsetsEdge, rsh: EdgeInsets) -> LayoutInsetsEdge {
| `- error: cannot find type 'EdgeInsets' in scope
71 | return LayoutInsetsEdge(leading: lsh.leading + rsh.left,
72 | trailing: lsh.trailing - rsh.right,
/Users/admin/builder/spi-builder-workspace/Sources/RLayoutKit/Layout/LayoutEdge.swift:77:55: error: cannot find type 'EdgeInsets' in scope
75 | }
76 |
77 | public static func - (lsh: LayoutInsetsEdge, rsh: EdgeInsets) -> LayoutInsetsEdge {
| `- error: cannot find type 'EdgeInsets' in scope
78 | return LayoutInsetsEdge(leading: lsh.leading - rsh.left,
79 | trailing: lsh.trailing + rsh.right,
/Users/admin/builder/spi-builder-workspace/Sources/RLayoutKit/Layout/LayoutEdge.swift:86:41: error: cannot find type 'View' in scope
84 |
85 | @available(iOS 9.0, *)
86 | extension RLayoutKitWrapper where Base: View {
| `- error: cannot find type 'View' in scope
87 |
88 | public var edges: LayoutEdge {
/Users/admin/builder/spi-builder-workspace/Sources/RLayoutKit/Core/LayoutAnchor.swift:29:40: error: cannot find type 'NSLayoutAnchor' in scope
27 | */
28 | @available(iOS 9.0, *)
29 | public struct AnchorWrapper<A, Anchor: NSLayoutAnchor<A>> {
| `- error: cannot find type 'NSLayoutAnchor' in scope
30 |
31 | public let anchor: Anchor
SwiftCompile normal arm64 /Users/admin/builder/spi-builder-workspace/Sources/RLayoutKit/Layout/LayoutEdge.swift (in target 'RLayoutKit' from project 'RLayoutKit')
cd /Users/admin/builder/spi-builder-workspace/.swiftpm/xcode
builtin-SwiftPerFileCompile LayoutEdge.swift
/Users/admin/builder/spi-builder-workspace/Sources/RLayoutKit/Layout/LayoutBase.swift:231:36: error: cannot find type 'NSLayoutYAxisAnchor' in scope
229 |
230 | @available(iOS 9.0, *)
231 | extension AnchorWrapper where A == NSLayoutYAxisAnchor, Anchor == NSLayoutYAxisAnchor {
| `- error: cannot find type 'NSLayoutYAxisAnchor' in scope
232 |
233 | @available(iOS 10.0, *)
/Users/admin/builder/spi-builder-workspace/Sources/RLayoutKit/Layout/LayoutBase.swift:231:67: error: cannot find type 'NSLayoutYAxisAnchor' in scope
229 |
230 | @available(iOS 9.0, *)
231 | extension AnchorWrapper where A == NSLayoutYAxisAnchor, Anchor == NSLayoutYAxisAnchor {
| `- error: cannot find type 'NSLayoutYAxisAnchor' in scope
232 |
233 | @available(iOS 10.0, *)
/Users/admin/builder/spi-builder-workspace/Sources/RLayoutKit/Layout/LayoutBase.swift:254:36: error: cannot find type 'NSLayoutXAxisAnchor' in scope
252 |
253 | @available(iOS 9.0, *)
254 | extension AnchorWrapper where A == NSLayoutXAxisAnchor, Anchor == NSLayoutXAxisAnchor {
| `- error: cannot find type 'NSLayoutXAxisAnchor' in scope
255 |
256 | @available(iOS 10.0, *)
/Users/admin/builder/spi-builder-workspace/Sources/RLayoutKit/Layout/LayoutBase.swift:254:67: error: cannot find type 'NSLayoutXAxisAnchor' in scope
252 |
253 | @available(iOS 9.0, *)
254 | extension AnchorWrapper where A == NSLayoutXAxisAnchor, Anchor == NSLayoutXAxisAnchor {
| `- error: cannot find type 'NSLayoutXAxisAnchor' in scope
255 |
256 | @available(iOS 10.0, *)
/Users/admin/builder/spi-builder-workspace/Sources/RLayoutKit/Layout/LayoutBase.swift:277:36: error: cannot find type 'NSLayoutDimension' in scope
275 |
276 | @available(iOS 9.0, *)
277 | extension AnchorWrapper where A == NSLayoutDimension, Anchor == NSLayoutDimension {
| `- error: cannot find type 'NSLayoutDimension' in scope
278 |
279 | @discardableResult
/Users/admin/builder/spi-builder-workspace/Sources/RLayoutKit/Layout/LayoutBase.swift:277:65: error: cannot find type 'NSLayoutDimension' in scope
275 |
276 | @available(iOS 9.0, *)
277 | extension AnchorWrapper where A == NSLayoutDimension, Anchor == NSLayoutDimension {
| `- error: cannot find type 'NSLayoutDimension' in scope
278 |
279 | @discardableResult
/Users/admin/builder/spi-builder-workspace/Sources/RLayoutKit/Layout/LayoutBase.swift:241:62: error: cannot find type 'NSLayoutConstraint' in scope
239 |
240 | @discardableResult
241 | public static func == (lsh: AnchorWrapper, rsh: CGFloat) -> NSLayoutConstraint? {
| `- error: cannot find type 'NSLayoutConstraint' in scope
242 | guard let superAnchor = lsh.superAnchor else {
243 | return nil
/Users/admin/builder/spi-builder-workspace/Sources/RLayoutKit/Layout/LayoutBase.swift:264:62: error: cannot find type 'NSLayoutConstraint' in scope
262 |
263 | @discardableResult
264 | public static func == (lsh: AnchorWrapper, rsh: CGFloat) -> NSLayoutConstraint? {
| `- error: cannot find type 'NSLayoutConstraint' in scope
265 | guard let superAnchor = lsh.superAnchor else {
266 | return nil
/Users/admin/builder/spi-builder-workspace/Sources/RLayoutKit/Layout/LayoutBase.swift:280:62: error: cannot find type 'NSLayoutConstraint' in scope
278 |
279 | @discardableResult
280 | public static func == (lsh: AnchorWrapper, rsh: CGFloat) -> NSLayoutConstraint {
| `- error: cannot find type 'NSLayoutConstraint' in scope
281 | return lsh
282 | .anchor
/Users/admin/builder/spi-builder-workspace/Sources/RLayoutKit/Layout/LayoutPoint.swift:42:68: error: cannot find type 'NSLayoutConstraint' in scope
40 |
41 | @discardableResult
42 | public static func == (lsh: LayoutPoint, rsh: LayoutPoint) -> [NSLayoutConstraint] {
| `- error: cannot find type 'NSLayoutConstraint' in scope
43 | return [lsh.x == rsh.x,
44 | lsh.y == rsh.y]
/Users/admin/builder/spi-builder-workspace/Sources/RLayoutKit/Layout/LayoutSize.swift:47:62: error: cannot find type 'NSLayoutConstraint' in scope
45 |
46 | @discardableResult
47 | public static func == (lsh: LayoutSize, rsh: CGSize) -> [NSLayoutConstraint] {
| `- error: cannot find type 'NSLayoutConstraint' in scope
48 | return [lsh.width == rsh.width,
49 | lsh.height == rsh.height]
/Users/admin/builder/spi-builder-workspace/Sources/RLayoutKit/Layout/LayoutSize.swift:69:66: error: cannot find type 'NSLayoutConstraint' in scope
67 | extension LayoutSize {
68 | @discardableResult
69 | public static func == (lsh: LayoutSize, rsh: LayoutSize) -> [NSLayoutConstraint] {
| `- error: cannot find type 'NSLayoutConstraint' in scope
70 | return [lsh.width == rsh.width,
71 | lsh.height == rsh.height]
SwiftCompile normal arm64 Compiling\ LayoutAnchor.swift /Users/admin/builder/spi-builder-workspace/Sources/RLayoutKit/Core/LayoutAnchor.swift (in target 'RLayoutKit' from project 'RLayoutKit')
/Users/admin/builder/spi-builder-workspace/Sources/RLayoutKit/Core/LayoutAnchor.swift:29:40: error: cannot find type 'NSLayoutAnchor' in scope
27 | */
28 | @available(iOS 9.0, *)
29 | public struct AnchorWrapper<A, Anchor: NSLayoutAnchor<A>> {
| `- error: cannot find type 'NSLayoutAnchor' in scope
30 |
31 | public let anchor: Anchor
/Users/admin/builder/spi-builder-workspace/Sources/RLayoutKit/Layout/LayoutBase.swift:231:36: error: cannot find type 'NSLayoutYAxisAnchor' in scope
229 |
230 | @available(iOS 9.0, *)
231 | extension AnchorWrapper where A == NSLayoutYAxisAnchor, Anchor == NSLayoutYAxisAnchor {
| `- error: cannot find type 'NSLayoutYAxisAnchor' in scope
232 |
233 | @available(iOS 10.0, *)
/Users/admin/builder/spi-builder-workspace/Sources/RLayoutKit/Layout/LayoutBase.swift:231:67: error: cannot find type 'NSLayoutYAxisAnchor' in scope
229 |
230 | @available(iOS 9.0, *)
231 | extension AnchorWrapper where A == NSLayoutYAxisAnchor, Anchor == NSLayoutYAxisAnchor {
| `- error: cannot find type 'NSLayoutYAxisAnchor' in scope
232 |
233 | @available(iOS 10.0, *)
/Users/admin/builder/spi-builder-workspace/Sources/RLayoutKit/Layout/LayoutBase.swift:234:67: error: cannot find type 'NSLayoutDimension' in scope
232 |
233 | @available(iOS 10.0, *)
234 | public static func - (lsh: AnchorWrapper, rsh: AnchorWrapper) -> NSLayoutDimension {
| `- error: cannot find type 'NSLayoutDimension' in scope
235 | return lsh
236 | .anchor
/Users/admin/builder/spi-builder-workspace/Sources/RLayoutKit/Layout/LayoutBase.swift:254:36: error: cannot find type 'NSLayoutXAxisAnchor' in scope
252 |
253 | @available(iOS 9.0, *)
254 | extension AnchorWrapper where A == NSLayoutXAxisAnchor, Anchor == NSLayoutXAxisAnchor {
| `- error: cannot find type 'NSLayoutXAxisAnchor' in scope
255 |
256 | @available(iOS 10.0, *)
/Users/admin/builder/spi-builder-workspace/Sources/RLayoutKit/Layout/LayoutBase.swift:254:67: error: cannot find type 'NSLayoutXAxisAnchor' in scope
252 |
253 | @available(iOS 9.0, *)
254 | extension AnchorWrapper where A == NSLayoutXAxisAnchor, Anchor == NSLayoutXAxisAnchor {
| `- error: cannot find type 'NSLayoutXAxisAnchor' in scope
255 |
256 | @available(iOS 10.0, *)
/Users/admin/builder/spi-builder-workspace/Sources/RLayoutKit/Layout/LayoutBase.swift:257:67: error: cannot find type 'NSLayoutDimension' in scope
255 |
256 | @available(iOS 10.0, *)
257 | public static func - (lsh: AnchorWrapper, rsh: AnchorWrapper) -> NSLayoutDimension {
| `- error: cannot find type 'NSLayoutDimension' in scope
258 | return lsh
259 | .anchor
/Users/admin/builder/spi-builder-workspace/Sources/RLayoutKit/Layout/LayoutEdge.swift:47:49: error: cannot find type 'EdgeInsets' in scope
45 | extension LayoutEdge {
46 |
47 | public static func + (lsh: LayoutEdge, rsh: EdgeInsets) -> LayoutInsetsEdge {
| `- error: cannot find type 'EdgeInsets' in scope
48 | return LayoutInsetsEdge(leading: lsh.leading + rsh.left,
49 | trailing: lsh.trailing - rsh.right,
/Users/admin/builder/spi-builder-workspace/Sources/RLayoutKit/Layout/LayoutEdge.swift:70:55: error: cannot find type 'EdgeInsets' in scope
68 | let bottom: AnchorWrapper<NSLayoutYAxisAnchor, NSLayoutYAxisAnchor>
69 |
70 | public static func + (lsh: LayoutInsetsEdge, rsh: EdgeInsets) -> LayoutInsetsEdge {
| `- error: cannot find type 'EdgeInsets' in scope
71 | return LayoutInsetsEdge(leading: lsh.leading + rsh.left,
72 | trailing: lsh.trailing - rsh.right,
/Users/admin/builder/spi-builder-workspace/Sources/RLayoutKit/Layout/LayoutEdge.swift:54:49: error: cannot find type 'EdgeInsets' in scope
52 | }
53 |
54 | public static func - (lsh: LayoutEdge, rsh: EdgeInsets) -> LayoutInsetsEdge {
| `- error: cannot find type 'EdgeInsets' in scope
55 | return LayoutInsetsEdge(leading: lsh.leading - rsh.left,
56 | trailing: lsh.trailing + rsh.right,
SwiftCompile normal arm64 /Users/admin/builder/spi-builder-workspace/Sources/RLayoutKit/Core/LayoutAnchor.swift (in target 'RLayoutKit' from project 'RLayoutKit')
cd /Users/admin/builder/spi-builder-workspace/.swiftpm/xcode
builtin-SwiftPerFileCompile LayoutAnchor.swift
SwiftCompile normal arm64 Compiling\ SafeAreaGuideAnchors.swift /Users/admin/builder/spi-builder-workspace/Sources/RLayoutKit/Core/SafeAreaGuideAnchors.swift (in target 'RLayoutKit' from project 'RLayoutKit')
SwiftCompile normal arm64 /Users/admin/builder/spi-builder-workspace/Sources/RLayoutKit/Core/SafeAreaGuideAnchors.swift (in target 'RLayoutKit' from project 'RLayoutKit')
cd /Users/admin/builder/spi-builder-workspace/.swiftpm/xcode
builtin-SwiftPerFileCompile SafeAreaGuideAnchors.swift
SwiftCompile normal arm64 Compiling\ ScrollViewLayoutGuideAnchors.swift /Users/admin/builder/spi-builder-workspace/Sources/RLayoutKit/Core/ScrollViewLayoutGuideAnchors.swift (in target 'RLayoutKit' from project 'RLayoutKit')
SwiftCompile normal arm64 /Users/admin/builder/spi-builder-workspace/Sources/RLayoutKit/Core/ScrollViewLayoutGuideAnchors.swift (in target 'RLayoutKit' from project 'RLayoutKit')
cd /Users/admin/builder/spi-builder-workspace/.swiftpm/xcode
builtin-SwiftPerFileCompile ScrollViewLayoutGuideAnchors.swift
SwiftEmitModule normal arm64_32 Emitting\ module\ for\ RLayoutKit (in target 'RLayoutKit' from project 'RLayoutKit')
SwiftCompile normal arm64_32 (in target 'RLayoutKit' from project 'RLayoutKit')
cd /Users/admin/builder/spi-builder-workspace/.swiftpm/xcode
PruneExplicitPrecompiledModules /Users/admin/builder/spi-builder-workspace/.derivedData/Build/Intermediates.noindex/SwiftExplicitPrecompiledModules
PruneExplicitPrecompiledModules /Users/admin/builder/spi-builder-workspace/.derivedData/Build/Intermediates.noindex/ExplicitPrecompiledModules
PruneExplicitPrecompiledModules /Users/admin/builder/spi-builder-workspace/.derivedData/SDKExplicitPrecompiledModules
2026-09-18 20:27:38.680 xcodebuild[660:4308] [MT] IDERunDestination: Supported platforms for the buildables in the current scheme is empty.
** BUILD FAILED **
The following build commands failed:
SwiftCompile normal arm64 (in target 'RLayoutKit' from project 'RLayoutKit')
SwiftEmitModule normal arm64 Emitting\ module\ for\ RLayoutKit (in target 'RLayoutKit' from project 'RLayoutKit')
Building workspace RLayoutKit with scheme RLayoutKit
(3 failures)
Command line invocation:
/Applications/Xcode-27.0.0-Release.Candidate.app/Contents/Developer/usr/bin/xcodebuild -IDEClonedSourcePackagesDirPathOverride=/Users/admin/builder/spi-builder-workspace/.dependencies -resolvePackageDependencies
Resolve Package Graph
Resolved source packages:
RLayoutKit: /Users/admin/builder/spi-builder-workspace
resolved source packages: RLayoutKit
2026-09-18 20:27:43.468 xcodebuild[737:4650] [MT] IDERunDestination: Supported platforms for the buildables in the current scheme is empty.
{
"dependencies" : [
],
"manifest_display_name" : "RLayoutKit",
"name" : "RLayoutKit",
"path" : "/Users/admin/builder/spi-builder-workspace",
"platforms" : [
],
"products" : [
{
"name" : "RLayoutKit",
"targets" : [
"RLayoutKit"
],
"type" : {
"library" : [
"automatic"
]
}
}
],
"targets" : [
{
"c99name" : "RLayoutKitTests",
"module_type" : "SwiftTarget",
"name" : "RLayoutKitTests",
"path" : "Tests/RLayoutKitTests",
"sources" : [
"RLayoutKitTests.swift",
"XCTestManifests.swift"
],
"target_dependencies" : [
"RLayoutKit"
],
"type" : "test"
},
{
"c99name" : "RLayoutKit",
"module_type" : "SwiftTarget",
"name" : "RLayoutKit",
"path" : "Sources/RLayoutKit",
"product_memberships" : [
"RLayoutKit"
],
"sources" : [
"Core/LayoutAnchor.swift",
"Core/LayoutMarginsGuideAnchors.swift",
"Core/RLayoutKit.swift",
"Core/SafeAreaGuideAnchors.swift",
"Core/ScrollViewLayoutGuideAnchors.swift",
"Core/ViewAnchors.swift",
"Layout/LayoutBase.swift",
"Layout/LayoutEdge.swift",
"Layout/LayoutPoint.swift",
"Layout/LayoutSize.swift"
],
"type" : "library"
}
],
"tools_version" : "5.0"
}
{
"workspace" : {
"name" : "RLayoutKit",
"schemes" : [
"RLayoutKit"
]
}
}
2026-09-18 20:27:44.667 xcodebuild[745:4716] [MT] IDERunDestination: Supported platforms for the buildables in the current scheme is empty.
Running build ...
env DEVELOPER_DIR=/Applications/Xcode-27.0.0-Release.Candidate.app xcrun xcodebuild -IDEClonedSourcePackagesDirPathOverride=$PWD/.dependencies -skipMacroValidation -skipPackagePluginValidation -derivedDataPath $PWD/.derivedData build -scheme RLayoutKit -destination generic/platform=watchOS
Command line invocation:
/Applications/Xcode-27.0.0-Release.Candidate.app/Contents/Developer/usr/bin/xcodebuild -IDEClonedSourcePackagesDirPathOverride=/Users/admin/builder/spi-builder-workspace/.dependencies -skipMacroValidation -skipPackagePluginValidation -derivedDataPath /Users/admin/builder/spi-builder-workspace/.derivedData build -scheme RLayoutKit -destination generic/platform=watchOS
Resolve Package Graph
Resolved source packages:
RLayoutKit: /Users/admin/builder/spi-builder-workspace
ComputePackagePrebuildTargetDependencyGraph
Prepare packages
CreateBuildRequest
SendProjectDescription
CreateBuildOperation
ComputeTargetDependencyGraph
note: Building targets in dependency order
note: Target dependency graph (2 targets)
Target 'RLayoutKit-product' in project 'RLayoutKit'
➜ Explicit dependency on target 'RLayoutKit' in project 'RLayoutKit'
Target 'RLayoutKit' in project 'RLayoutKit' (no dependencies)
GatherProvisioningInputs
CreateBuildDescription
ClangStatCache /Applications/Xcode-27.0.0-Release.Candidate.app/Contents/Developer/Toolchains/XcodeDefault.xctoolchain/usr/bin/clang-stat-cache /Applications/Xcode-27.0.0-Release.Candidate.app/Contents/Developer/Platforms/WatchOS.platform/Developer/SDKs/WatchOS27.0.sdk /Users/admin/builder/spi-builder-workspace/.derivedData/SDKStatCaches.noindex/watchos27.0-24R360-e829b21a6f8c9b70876ba0858053c04477534ef55a1706bf4c1112bbb242f0a2.sdkstatcache
cd /Users/admin/builder/spi-builder-workspace/.swiftpm/xcode
/Applications/Xcode-27.0.0-Release.Candidate.app/Contents/Developer/Toolchains/XcodeDefault.xctoolchain/usr/bin/clang-stat-cache /Applications/Xcode-27.0.0-Release.Candidate.app/Contents/Developer/Platforms/WatchOS.platform/Developer/SDKs/WatchOS27.0.sdk -o /Users/admin/builder/spi-builder-workspace/.derivedData/SDKStatCaches.noindex/watchos27.0-24R360-e829b21a6f8c9b70876ba0858053c04477534ef55a1706bf4c1112bbb242f0a2.sdkstatcache
SwiftDriver RLayoutKit normal arm64_32 com.apple.xcode.tools.swift.compiler (in target 'RLayoutKit' from project 'RLayoutKit')
cd /Users/admin/builder/spi-builder-workspace/.swiftpm/xcode
builtin-SwiftDriver -- /Applications/Xcode-27.0.0-Release.Candidate.app/Contents/Developer/Toolchains/XcodeDefault.xctoolchain/usr/bin/swiftc -parse-as-library -module-name RLayoutKit -Onone @/Users/admin/builder/spi-builder-workspace/.derivedData/Build/Intermediates.noindex/RLayoutKit.build/Debug-watchos/RLayoutKit-t.build/Objects-normal/arm64_32/RLayoutKit.SwiftFileList -DSWIFT_PACKAGE -DDEBUG -DSWIFT_MODULE_RESOURCE_BUNDLE_UNAVAILABLE -DXcode -plugin-path /Applications/Xcode-27.0.0-Release.Candidate.app/Contents/Developer/Toolchains/XcodeDefault.xctoolchain/usr/lib/swift/host/plugins/testing -enable-experimental-feature DebugDescriptionMacro -sdk /Applications/Xcode-27.0.0-Release.Candidate.app/Contents/Developer/Platforms/WatchOS.platform/Developer/SDKs/WatchOS27.0.sdk -target arm64_32-apple-watchos9.0 -g -module-cache-path /Users/admin/builder/spi-builder-workspace/.derivedData/ModuleCache.noindex -Xfrontend -serialize-debugging-options -profile-coverage-mapping -profile-generate -enable-testing -index-store-path /Users/admin/builder/spi-builder-workspace/.derivedData/Index.noindex/DataStore -Xcc -D_LIBCPP_HARDENING_MODE\=_LIBCPP_HARDENING_MODE_DEBUG -swift-version 5 -I /Users/admin/builder/spi-builder-workspace/.derivedData/Build/Products/Debug-watchos -Isystem /Applications/Xcode-27.0.0-Release.Candidate.app/Contents/Developer/Platforms/WatchOS.platform/Developer/usr/lib -F /Users/admin/builder/spi-builder-workspace/.derivedData/Build/Products/Debug-watchos -F /Applications/Xcode-27.0.0-Release.Candidate.app/Contents/Developer/Platforms/WatchOS.platform/Developer/Library/Frameworks -F /Applications/Xcode-27.0.0-Release.Candidate.app/Contents/Developer/Platforms/WatchOS.platform/Developer/SDKs/WatchOS27.0.sdk/Developer/Library/Frameworks -c -j10 -enable-batch-mode -incremental -Xcc -ivfsstatcache -Xcc /Users/admin/builder/spi-builder-workspace/.derivedData/SDKStatCaches.noindex/watchos27.0-24R360-e829b21a6f8c9b70876ba0858053c04477534ef55a1706bf4c1112bbb242f0a2.sdkstatcache -output-file-map /Users/admin/builder/spi-builder-workspace/.derivedData/Build/Intermediates.noindex/RLayoutKit.build/Debug-watchos/RLayoutKit-t.build/Objects-normal/arm64_32/RLayoutKit-OutputFileMap.json -save-temps -no-color-diagnostics -explicit-module-build -module-cache-path /Users/admin/builder/spi-builder-workspace/.derivedData/Build/Intermediates.noindex/SwiftExplicitPrecompiledModules -clang-scanner-module-cache-path /Users/admin/builder/spi-builder-workspace/.derivedData/ModuleCache.noindex -sdk-module-cache-path /Users/admin/builder/spi-builder-workspace/.derivedData/SDKExplicitPrecompiledModules -emit-dependencies -emit-module -emit-module-path /Users/admin/builder/spi-builder-workspace/.derivedData/Build/Intermediates.noindex/RLayoutKit.build/Debug-watchos/RLayoutKit-t.build/Objects-normal/arm64_32/RLayoutKit.swiftmodule -serialize-diagnostics -dependency-scan-serialize-diagnostics-path /Users/admin/builder/spi-builder-workspace/.derivedData/Build/Intermediates.noindex/RLayoutKit.build/Debug-watchos/RLayoutKit-t.build/Objects-normal/arm64_32/RLayoutKit-dependency-scan.dia -validate-clang-modules-once -clang-build-session-file /Users/admin/builder/spi-builder-workspace/.derivedData/ModuleCache.noindex/Session.modulevalidation -Xcc -fmodules-prune-interval\=86400 -Xcc -fmodules-prune-after\=345600 -emit-const-values -const-gather-protocols-list /Users/admin/builder/spi-builder-workspace/.derivedData/Build/Intermediates.noindex/RLayoutKit.build/Debug-watchos/RLayoutKit-t.build/Objects-normal/arm64_32/RLayoutKit_const_extract_protocols.json -Xcc -I/Users/admin/builder/spi-builder-workspace/.derivedData/Build/Products/Debug-watchos/include -Xcc -I/Users/admin/builder/spi-builder-workspace/.derivedData/Build/Intermediates.noindex/RLayoutKit.build/Debug-watchos/RLayoutKit-t.build/DerivedSources-normal/arm64_32 -Xcc -I/Users/admin/builder/spi-builder-workspace/.derivedData/Build/Intermediates.noindex/RLayoutKit.build/Debug-watchos/RLayoutKit-t.build/DerivedSources/arm64_32 -Xcc -I/Users/admin/builder/spi-builder-workspace/.derivedData/Build/Intermediates.noindex/RLayoutKit.build/Debug-watchos/RLayoutKit-t.build/DerivedSources -Xcc -DSWIFT_PACKAGE -Xcc -DDEBUG\=1 -emit-objc-header -emit-objc-header-path /Users/admin/builder/spi-builder-workspace/.derivedData/Build/Intermediates.noindex/RLayoutKit.build/Debug-watchos/RLayoutKit-t.build/Objects-normal/arm64_32/RLayoutKit-Swift.h -working-directory /Users/admin/builder/spi-builder-workspace/.swiftpm/xcode -experimental-emit-module-separately -disable-cmo
SwiftDriver RLayoutKit normal arm64 com.apple.xcode.tools.swift.compiler (in target 'RLayoutKit' from project 'RLayoutKit')
cd /Users/admin/builder/spi-builder-workspace/.swiftpm/xcode
builtin-SwiftDriver -- /Applications/Xcode-27.0.0-Release.Candidate.app/Contents/Developer/Toolchains/XcodeDefault.xctoolchain/usr/bin/swiftc -parse-as-library -module-name RLayoutKit -Onone @/Users/admin/builder/spi-builder-workspace/.derivedData/Build/Intermediates.noindex/RLayoutKit.build/Debug-watchos/RLayoutKit-t.build/Objects-normal/arm64/RLayoutKit.SwiftFileList -DSWIFT_PACKAGE -DDEBUG -DSWIFT_MODULE_RESOURCE_BUNDLE_UNAVAILABLE -DXcode -plugin-path /Applications/Xcode-27.0.0-Release.Candidate.app/Contents/Developer/Toolchains/XcodeDefault.xctoolchain/usr/lib/swift/host/plugins/testing -enable-experimental-feature DebugDescriptionMacro -sdk /Applications/Xcode-27.0.0-Release.Candidate.app/Contents/Developer/Platforms/WatchOS.platform/Developer/SDKs/WatchOS27.0.sdk -target arm64-apple-watchos9.0 -g -module-cache-path /Users/admin/builder/spi-builder-workspace/.derivedData/ModuleCache.noindex -Xfrontend -serialize-debugging-options -profile-coverage-mapping -profile-generate -enable-testing -index-store-path /Users/admin/builder/spi-builder-workspace/.derivedData/Index.noindex/DataStore -Xcc -D_LIBCPP_HARDENING_MODE\=_LIBCPP_HARDENING_MODE_DEBUG -swift-version 5 -I /Users/admin/builder/spi-builder-workspace/.derivedData/Build/Products/Debug-watchos -Isystem /Applications/Xcode-27.0.0-Release.Candidate.app/Contents/Developer/Platforms/WatchOS.platform/Developer/usr/lib -F /Users/admin/builder/spi-builder-workspace/.derivedData/Build/Products/Debug-watchos -F /Applications/Xcode-27.0.0-Release.Candidate.app/Contents/Developer/Platforms/WatchOS.platform/Developer/Library/Frameworks -F /Applications/Xcode-27.0.0-Release.Candidate.app/Contents/Developer/Platforms/WatchOS.platform/Developer/SDKs/WatchOS27.0.sdk/Developer/Library/Frameworks -c -j10 -enable-batch-mode -incremental -Xcc -ivfsstatcache -Xcc /Users/admin/builder/spi-builder-workspace/.derivedData/SDKStatCaches.noindex/watchos27.0-24R360-e829b21a6f8c9b70876ba0858053c04477534ef55a1706bf4c1112bbb242f0a2.sdkstatcache -output-file-map /Users/admin/builder/spi-builder-workspace/.derivedData/Build/Intermediates.noindex/RLayoutKit.build/Debug-watchos/RLayoutKit-t.build/Objects-normal/arm64/RLayoutKit-OutputFileMap.json -save-temps -no-color-diagnostics -explicit-module-build -module-cache-path /Users/admin/builder/spi-builder-workspace/.derivedData/Build/Intermediates.noindex/SwiftExplicitPrecompiledModules -clang-scanner-module-cache-path /Users/admin/builder/spi-builder-workspace/.derivedData/ModuleCache.noindex -sdk-module-cache-path /Users/admin/builder/spi-builder-workspace/.derivedData/SDKExplicitPrecompiledModules -emit-dependencies -emit-module -emit-module-path /Users/admin/builder/spi-builder-workspace/.derivedData/Build/Intermediates.noindex/RLayoutKit.build/Debug-watchos/RLayoutKit-t.build/Objects-normal/arm64/RLayoutKit.swiftmodule -serialize-diagnostics -dependency-scan-serialize-diagnostics-path /Users/admin/builder/spi-builder-workspace/.derivedData/Build/Intermediates.noindex/RLayoutKit.build/Debug-watchos/RLayoutKit-t.build/Objects-normal/arm64/RLayoutKit-dependency-scan.dia -validate-clang-modules-once -clang-build-session-file /Users/admin/builder/spi-builder-workspace/.derivedData/ModuleCache.noindex/Session.modulevalidation -Xcc -fmodules-prune-interval\=86400 -Xcc -fmodules-prune-after\=345600 -emit-const-values -const-gather-protocols-list /Users/admin/builder/spi-builder-workspace/.derivedData/Build/Intermediates.noindex/RLayoutKit.build/Debug-watchos/RLayoutKit-t.build/Objects-normal/arm64/RLayoutKit_const_extract_protocols.json -Xcc -I/Users/admin/builder/spi-builder-workspace/.derivedData/Build/Products/Debug-watchos/include -Xcc -I/Users/admin/builder/spi-builder-workspace/.derivedData/Build/Intermediates.noindex/RLayoutKit.build/Debug-watchos/RLayoutKit-t.build/DerivedSources-normal/arm64 -Xcc -I/Users/admin/builder/spi-builder-workspace/.derivedData/Build/Intermediates.noindex/RLayoutKit.build/Debug-watchos/RLayoutKit-t.build/DerivedSources/arm64 -Xcc -I/Users/admin/builder/spi-builder-workspace/.derivedData/Build/Intermediates.noindex/RLayoutKit.build/Debug-watchos/RLayoutKit-t.build/DerivedSources -Xcc -DSWIFT_PACKAGE -Xcc -DDEBUG\=1 -emit-objc-header -emit-objc-header-path /Users/admin/builder/spi-builder-workspace/.derivedData/Build/Intermediates.noindex/RLayoutKit.build/Debug-watchos/RLayoutKit-t.build/Objects-normal/arm64/RLayoutKit-Swift.h -working-directory /Users/admin/builder/spi-builder-workspace/.swiftpm/xcode -experimental-emit-module-separately -disable-cmo
SwiftEmitModule normal arm64_32 Emitting\ module\ for\ RLayoutKit (in target 'RLayoutKit' from project 'RLayoutKit')
/Users/admin/builder/spi-builder-workspace/Sources/RLayoutKit/Core/LayoutAnchor.swift:29:40: error: cannot find type 'NSLayoutAnchor' in scope
27 | */
28 | @available(iOS 9.0, *)
29 | public struct AnchorWrapper<A, Anchor: NSLayoutAnchor<A>> {
| `- error: cannot find type 'NSLayoutAnchor' in scope
30 |
31 | public let anchor: Anchor
/Users/admin/builder/spi-builder-workspace/Sources/RLayoutKit/Layout/LayoutBase.swift:231:36: error: cannot find type 'NSLayoutYAxisAnchor' in scope
229 |
230 | @available(iOS 9.0, *)
231 | extension AnchorWrapper where A == NSLayoutYAxisAnchor, Anchor == NSLayoutYAxisAnchor {
| `- error: cannot find type 'NSLayoutYAxisAnchor' in scope
232 |
233 | @available(iOS 10.0, *)
/Users/admin/builder/spi-builder-workspace/Sources/RLayoutKit/Layout/LayoutBase.swift:231:67: error: cannot find type 'NSLayoutYAxisAnchor' in scope
229 |
230 | @available(iOS 9.0, *)
231 | extension AnchorWrapper where A == NSLayoutYAxisAnchor, Anchor == NSLayoutYAxisAnchor {
| `- error: cannot find type 'NSLayoutYAxisAnchor' in scope
232 |
233 | @available(iOS 10.0, *)
/Users/admin/builder/spi-builder-workspace/Sources/RLayoutKit/Layout/LayoutBase.swift:234:67: error: cannot find type 'NSLayoutDimension' in scope
232 |
233 | @available(iOS 10.0, *)
234 | public static func - (lsh: AnchorWrapper, rsh: AnchorWrapper) -> NSLayoutDimension {
| `- error: cannot find type 'NSLayoutDimension' in scope
235 | return lsh
236 | .anchor
/Users/admin/builder/spi-builder-workspace/Sources/RLayoutKit/Layout/LayoutBase.swift:254:36: error: cannot find type 'NSLayoutXAxisAnchor' in scope
252 |
253 | @available(iOS 9.0, *)
254 | extension AnchorWrapper where A == NSLayoutXAxisAnchor, Anchor == NSLayoutXAxisAnchor {
| `- error: cannot find type 'NSLayoutXAxisAnchor' in scope
255 |
256 | @available(iOS 10.0, *)
/Users/admin/builder/spi-builder-workspace/Sources/RLayoutKit/Layout/LayoutBase.swift:254:67: error: cannot find type 'NSLayoutXAxisAnchor' in scope
252 |
253 | @available(iOS 9.0, *)
254 | extension AnchorWrapper where A == NSLayoutXAxisAnchor, Anchor == NSLayoutXAxisAnchor {
| `- error: cannot find type 'NSLayoutXAxisAnchor' in scope
255 |
256 | @available(iOS 10.0, *)
/Users/admin/builder/spi-builder-workspace/Sources/RLayoutKit/Layout/LayoutBase.swift:257:67: error: cannot find type 'NSLayoutDimension' in scope
255 |
256 | @available(iOS 10.0, *)
257 | public static func - (lsh: AnchorWrapper, rsh: AnchorWrapper) -> NSLayoutDimension {
| `- error: cannot find type 'NSLayoutDimension' in scope
258 | return lsh
259 | .anchor
/Users/admin/builder/spi-builder-workspace/Sources/RLayoutKit/Core/RLayoutKit.swift:38:41: error: cannot find type 'View' in scope
36 | }
37 |
38 | extension RLayoutKitWrapper where Base: View {
| `- error: cannot find type 'View' in scope
39 |
40 | /// An instance self's superView wrapped with an `RLayoutKitWapper` container
/Users/admin/builder/spi-builder-workspace/Sources/RLayoutKit/Core/RLayoutKit.swift:41:40: error: cannot find type 'View' in scope
39 |
40 | /// An instance self's superView wrapped with an `RLayoutKitWapper` container
41 | public var `super`: RLayoutKitWrapper<View>? {
| `- error: cannot find type 'View' in scope
42 | guard let superview = base.superView else {
43 | return nil
/Users/admin/builder/spi-builder-workspace/Sources/RLayoutKit/Core/RLayoutKit.swift:63:11: error: cannot find type 'View' in scope
61 | public protocol RLayoutCompatible {}
62 |
63 | extension View: RLayoutCompatible {
| `- error: cannot find type 'View' in scope
64 | var superView: View? {
65 | #if os(macOS)
/Users/admin/builder/spi-builder-workspace/Sources/RLayoutKit/Core/RLayoutKit.swift:90:41: error: cannot find type 'View' in scope
88 | }
89 |
90 | extension RLayoutKitWrapper where Base: View {
| `- error: cannot find type 'View' in scope
91 |
92 | /// Method of adding constraints to package base(View) of RLayoutKitWapper
/Users/admin/builder/spi-builder-workspace/Sources/RLayoutKit/Core/RLayoutKit.swift:107:21: error: cannot find type 'View' in scope
105 | to view: T,
106 | andLayout handler: (RLayoutKitWrapper<Base>, RLayoutKitWrapper<T>) -> Void
107 | ) -> Base where T: View {
| `- error: cannot find type 'View' in scope
108 | base.addedTo(view)
109 | base.translatesAutoresizingMaskIntoConstraints = false
/Users/admin/builder/spi-builder-workspace/Sources/RLayoutKit/Core/ViewAnchors.swift:17:41: error: cannot find type 'View' in scope
15 |
16 | @available(iOS 9.0, *)
17 | extension RLayoutKitWrapper where Base: View {
| `- error: cannot find type 'View' in scope
18 | public var leading: AnchorWrapper<NSLayoutXAxisAnchor, NSLayoutXAxisAnchor> {
19 | return .init(
/Users/admin/builder/spi-builder-workspace/Sources/RLayoutKit/Core/ViewAnchors.swift:18:36: error: cannot find type 'NSLayoutXAxisAnchor' in scope
16 | @available(iOS 9.0, *)
17 | extension RLayoutKitWrapper where Base: View {
18 | public var leading: AnchorWrapper<NSLayoutXAxisAnchor, NSLayoutXAxisAnchor> {
| `- error: cannot find type 'NSLayoutXAxisAnchor' in scope
19 | return .init(
20 | anchor: base.leadingAnchor,
/Users/admin/builder/spi-builder-workspace/Sources/RLayoutKit/Core/ViewAnchors.swift:25:37: error: cannot find type 'NSLayoutXAxisAnchor' in scope
23 | }
24 |
25 | public var trailing: AnchorWrapper<NSLayoutXAxisAnchor, NSLayoutXAxisAnchor> {
| `- error: cannot find type 'NSLayoutXAxisAnchor' in scope
26 | return .init(
27 | anchor: base.trailingAnchor,
/Users/admin/builder/spi-builder-workspace/Sources/RLayoutKit/Core/ViewAnchors.swift:32:33: error: cannot find type 'NSLayoutXAxisAnchor' in scope
30 | }
31 |
32 | public var left: AnchorWrapper<NSLayoutXAxisAnchor, NSLayoutXAxisAnchor> {
| `- error: cannot find type 'NSLayoutXAxisAnchor' in scope
33 | return .init(
34 | anchor: base.leftAnchor,
/Users/admin/builder/spi-builder-workspace/Sources/RLayoutKit/Core/ViewAnchors.swift:39:34: error: cannot find type 'NSLayoutXAxisAnchor' in scope
37 | }
38 |
39 | public var right: AnchorWrapper<NSLayoutXAxisAnchor, NSLayoutXAxisAnchor> {
| `- error: cannot find type 'NSLayoutXAxisAnchor' in scope
40 | return .init(
41 | anchor: base.rightAnchor,
/Users/admin/builder/spi-builder-workspace/Sources/RLayoutKit/Core/ViewAnchors.swift:46:32: error: cannot find type 'NSLayoutYAxisAnchor' in scope
44 | }
45 |
46 | public var top: AnchorWrapper<NSLayoutYAxisAnchor, NSLayoutYAxisAnchor> {
| `- error: cannot find type 'NSLayoutYAxisAnchor' in scope
47 | return .init(
48 | anchor: base.topAnchor,
/Users/admin/builder/spi-builder-workspace/Sources/RLayoutKit/Core/ViewAnchors.swift:53:35: error: cannot find type 'NSLayoutYAxisAnchor' in scope
51 | }
52 |
53 | public var bottom: AnchorWrapper<NSLayoutYAxisAnchor, NSLayoutYAxisAnchor> {
| `- error: cannot find type 'NSLayoutYAxisAnchor' in scope
54 | return .init(
55 | anchor: base.bottomAnchor,
/Users/admin/builder/spi-builder-workspace/Sources/RLayoutKit/Core/ViewAnchors.swift:60:34: error: cannot find type 'NSLayoutDimension' in scope
58 | }
59 |
60 | public var width: AnchorWrapper<NSLayoutDimension, NSLayoutDimension> {
| `- error: cannot find type 'NSLayoutDimension' in scope
61 | return .init(
62 | anchor: base.widthAnchor,
/Users/admin/builder/spi-builder-workspace/Sources/RLayoutKit/Core/ViewAnchors.swift:67:35: error: cannot find type 'NSLayoutDimension' in scope
65 | }
66 |
67 | public var height: AnchorWrapper<NSLayoutDimension, NSLayoutDimension> {
| `- error: cannot find type 'NSLayoutDimension' in scope
68 | return .init(
69 | anchor: base.heightAnchor,
/Users/admin/builder/spi-builder-workspace/Sources/RLayoutKit/Core/ViewAnchors.swift:74:36: error: cannot find type 'NSLayoutXAxisAnchor' in scope
72 | }
73 |
74 | public var centerX: AnchorWrapper<NSLayoutXAxisAnchor, NSLayoutXAxisAnchor> {
| `- error: cannot find type 'NSLayoutXAxisAnchor' in scope
75 | return .init(
76 | anchor: base.centerXAnchor,
/Users/admin/builder/spi-builder-workspace/Sources/RLayoutKit/Core/ViewAnchors.swift:81:36: error: cannot find type 'NSLayoutYAxisAnchor' in scope
79 | }
80 |
81 | public var centerY: AnchorWrapper<NSLayoutYAxisAnchor, NSLayoutYAxisAnchor> {
| `- error: cannot find type 'NSLayoutYAxisAnchor' in scope
82 | return .init(
83 | anchor: base.centerYAnchor,
/Users/admin/builder/spi-builder-workspace/Sources/RLayoutKit/Core/ViewAnchors.swift:88:42: error: cannot find type 'NSLayoutYAxisAnchor' in scope
86 | }
87 |
88 | public var firstBaseline: AnchorWrapper<NSLayoutYAxisAnchor, NSLayoutYAxisAnchor> {
| `- error: cannot find type 'NSLayoutYAxisAnchor' in scope
89 | return .init(
90 | anchor: base.firstBaselineAnchor,
/Users/admin/builder/spi-builder-workspace/Sources/RLayoutKit/Core/ViewAnchors.swift:95:41: error: cannot find type 'NSLayoutYAxisAnchor' in scope
93 | }
94 |
95 | public var lastBaseline: AnchorWrapper<NSLayoutYAxisAnchor, NSLayoutYAxisAnchor> {
| `- error: cannot find type 'NSLayoutYAxisAnchor' in scope
96 | return .init(
97 | anchor: base.lastBaselineAnchor,
/Users/admin/builder/spi-builder-workspace/Sources/RLayoutKit/Layout/LayoutBase.swift:23:11: error: cannot find type 'NSLayoutConstraint' in scope
21 | infix operator <=*: ComparisonPrecedence
22 |
23 | extension NSLayoutConstraint {
| `- error: cannot find type 'NSLayoutConstraint' in scope
24 |
25 | public var active: NSLayoutConstraint {
/Users/admin/builder/spi-builder-workspace/Sources/RLayoutKit/Layout/LayoutBase.swift:42:68: error: cannot find type 'NSLayoutConstraint' in scope
40 |
41 | @discardableResult
42 | public static func == (lsh: AnchorWrapper, rsh: AnchorWrapper) -> NSLayoutConstraint {
| `- error: cannot find type 'NSLayoutConstraint' in scope
43 | #if os(iOS)
44 | if #available(iOS 11.0, *) {
/Users/admin/builder/spi-builder-workspace/Sources/RLayoutKit/Layout/LayoutBase.swift:62:62: error: cannot find type 'NSLayoutConstraint' in scope
60 | }
61 |
62 | static func ==+ (lsh: AnchorWrapper, rsh: AnchorWrapper) -> NSLayoutConstraint {
| `- error: cannot find type 'NSLayoutConstraint' in scope
63 | return lsh
64 | .anchor
/Users/admin/builder/spi-builder-workspace/Sources/RLayoutKit/Layout/LayoutBase.swift:107:68: error: cannot find type 'NSLayoutConstraint' in scope
105 |
106 | @discardableResult
107 | public static func >= (lsh: AnchorWrapper, rsh: AnchorWrapper) -> NSLayoutConstraint {
| `- error: cannot find type 'NSLayoutConstraint' in scope
108 | #if os(iOS)
109 | if #available(iOS 11.0, *) {
/Users/admin/builder/spi-builder-workspace/Sources/RLayoutKit/Layout/LayoutBase.swift:127:62: error: cannot find type 'NSLayoutConstraint' in scope
125 | }
126 |
127 | static func >=+ (lsh: AnchorWrapper, rsh: AnchorWrapper) -> NSLayoutConstraint {
| `- error: cannot find type 'NSLayoutConstraint' in scope
128 | return lsh
129 | .anchor
/Users/admin/builder/spi-builder-workspace/Sources/RLayoutKit/Layout/LayoutBase.swift:171:68: error: cannot find type 'NSLayoutConstraint' in scope
169 |
170 | @discardableResult
171 | public static func <= (lsh: AnchorWrapper, rsh: AnchorWrapper) -> NSLayoutConstraint {
| `- error: cannot find type 'NSLayoutConstraint' in scope
172 | #if os(iOS)
173 | if #available(iOS 11.0, *) {
/Users/admin/builder/spi-builder-workspace/Sources/RLayoutKit/Layout/LayoutBase.swift:191:62: error: cannot find type 'NSLayoutConstraint' in scope
189 | }
190 |
191 | static func <=+ (lsh: AnchorWrapper, rsh: AnchorWrapper) -> NSLayoutConstraint {
| `- error: cannot find type 'NSLayoutConstraint' in scope
192 | return lsh
193 | .anchor
/Users/admin/builder/spi-builder-workspace/Sources/RLayoutKit/Layout/LayoutBase.swift:241:62: error: cannot find type 'NSLayoutConstraint' in scope
239 |
240 | @discardableResult
241 | public static func == (lsh: AnchorWrapper, rsh: CGFloat) -> NSLayoutConstraint? {
| `- error: cannot find type 'NSLayoutConstraint' in scope
242 | guard let superAnchor = lsh.superAnchor else {
243 | return nil
/Users/admin/builder/spi-builder-workspace/Sources/RLayoutKit/Layout/LayoutBase.swift:264:62: error: cannot find type 'NSLayoutConstraint' in scope
262 |
263 | @discardableResult
264 | public static func == (lsh: AnchorWrapper, rsh: CGFloat) -> NSLayoutConstraint? {
| `- error: cannot find type 'NSLayoutConstraint' in scope
265 | guard let superAnchor = lsh.superAnchor else {
266 | return nil
/Users/admin/builder/spi-builder-workspace/Sources/RLayoutKit/Layout/LayoutBase.swift:277:36: error: cannot find type 'NSLayoutDimension' in scope
275 |
276 | @available(iOS 9.0, *)
277 | extension AnchorWrapper where A == NSLayoutDimension, Anchor == NSLayoutDimension {
| `- error: cannot find type 'NSLayoutDimension' in scope
278 |
279 | @discardableResult
/Users/admin/builder/spi-builder-workspace/Sources/RLayoutKit/Layout/LayoutBase.swift:277:65: error: cannot find type 'NSLayoutDimension' in scope
275 |
276 | @available(iOS 9.0, *)
277 | extension AnchorWrapper where A == NSLayoutDimension, Anchor == NSLayoutDimension {
| `- error: cannot find type 'NSLayoutDimension' in scope
278 |
279 | @discardableResult
/Users/admin/builder/spi-builder-workspace/Sources/RLayoutKit/Layout/LayoutBase.swift:280:62: error: cannot find type 'NSLayoutConstraint' in scope
278 |
279 | @discardableResult
280 | public static func == (lsh: AnchorWrapper, rsh: CGFloat) -> NSLayoutConstraint {
| `- error: cannot find type 'NSLayoutConstraint' in scope
281 | return lsh
282 | .anchor
/Users/admin/builder/spi-builder-workspace/Sources/RLayoutKit/Layout/LayoutBase.swift:288:62: error: cannot find type 'NSLayoutConstraint' in scope
286 |
287 | @discardableResult
288 | public static func >= (lsh: AnchorWrapper, rsh: CGFloat) -> NSLayoutConstraint {
| `- error: cannot find type 'NSLayoutConstraint' in scope
289 | return lsh
290 | .anchor
/Users/admin/builder/spi-builder-workspace/Sources/RLayoutKit/Layout/LayoutBase.swift:296:62: error: cannot find type 'NSLayoutConstraint' in scope
294 |
295 | @discardableResult
296 | public static func <= (lsh: AnchorWrapper, rsh: CGFloat) -> NSLayoutConstraint {
| `- error: cannot find type 'NSLayoutConstraint' in scope
297 | return lsh
298 | .anchor
/Users/admin/builder/spi-builder-workspace/Sources/RLayoutKit/Layout/LayoutEdge.swift:21:32: error: cannot find type 'NSLayoutXAxisAnchor' in scope
19 | public struct LayoutEdge {
20 |
21 | let leading: AnchorWrapper<NSLayoutXAxisAnchor, NSLayoutXAxisAnchor>
| `- error: cannot find type 'NSLayoutXAxisAnchor' in scope
22 | let trailing: AnchorWrapper<NSLayoutXAxisAnchor, NSLayoutXAxisAnchor>
23 | let top: AnchorWrapper<NSLayoutYAxisAnchor, NSLayoutYAxisAnchor>
/Users/admin/builder/spi-builder-workspace/Sources/RLayoutKit/Layout/LayoutEdge.swift:22:33: error: cannot find type 'NSLayoutXAxisAnchor' in scope
20 |
21 | let leading: AnchorWrapper<NSLayoutXAxisAnchor, NSLayoutXAxisAnchor>
22 | let trailing: AnchorWrapper<NSLayoutXAxisAnchor, NSLayoutXAxisAnchor>
| `- error: cannot find type 'NSLayoutXAxisAnchor' in scope
23 | let top: AnchorWrapper<NSLayoutYAxisAnchor, NSLayoutYAxisAnchor>
24 | let bottom: AnchorWrapper<NSLayoutYAxisAnchor, NSLayoutYAxisAnchor>
/Users/admin/builder/spi-builder-workspace/Sources/RLayoutKit/Layout/LayoutEdge.swift:23:28: error: cannot find type 'NSLayoutYAxisAnchor' in scope
21 | let leading: AnchorWrapper<NSLayoutXAxisAnchor, NSLayoutXAxisAnchor>
22 | let trailing: AnchorWrapper<NSLayoutXAxisAnchor, NSLayoutXAxisAnchor>
23 | let top: AnchorWrapper<NSLayoutYAxisAnchor, NSLayoutYAxisAnchor>
| `- error: cannot find type 'NSLayoutYAxisAnchor' in scope
24 | let bottom: AnchorWrapper<NSLayoutYAxisAnchor, NSLayoutYAxisAnchor>
25 |
/Users/admin/builder/spi-builder-workspace/Sources/RLayoutKit/Layout/LayoutEdge.swift:24:31: error: cannot find type 'NSLayoutYAxisAnchor' in scope
22 | let trailing: AnchorWrapper<NSLayoutXAxisAnchor, NSLayoutXAxisAnchor>
23 | let top: AnchorWrapper<NSLayoutYAxisAnchor, NSLayoutYAxisAnchor>
24 | let bottom: AnchorWrapper<NSLayoutYAxisAnchor, NSLayoutYAxisAnchor>
| `- error: cannot find type 'NSLayoutYAxisAnchor' in scope
25 |
26 | @discardableResult
/Users/admin/builder/spi-builder-workspace/Sources/RLayoutKit/Layout/LayoutEdge.swift:27:66: error: cannot find type 'NSLayoutConstraint' in scope
25 |
26 | @discardableResult
27 | public static func == (lsh: LayoutEdge, rsh: LayoutEdge) -> [NSLayoutConstraint] {
| `- error: cannot find type 'NSLayoutConstraint' in scope
28 | return [lsh.leading == rsh.leading,
29 | lsh.trailing == rsh.trailing,
/Users/admin/builder/spi-builder-workspace/Sources/RLayoutKit/Layout/LayoutEdge.swift:35:72: error: cannot find type 'NSLayoutConstraint' in scope
33 |
34 | @discardableResult
35 | public static func == (lsh: LayoutEdge, rsh: LayoutInsetsEdge) -> [NSLayoutConstraint] {
| `- error: cannot find type 'NSLayoutConstraint' in scope
36 |
37 | return [lsh.leading == rsh.leading,
/Users/admin/builder/spi-builder-workspace/Sources/RLayoutKit/Layout/LayoutEdge.swift:47:49: error: cannot find type 'EdgeInsets' in scope
45 | extension LayoutEdge {
46 |
47 | public static func + (lsh: LayoutEdge, rsh: EdgeInsets) -> LayoutInsetsEdge {
| `- error: cannot find type 'EdgeInsets' in scope
48 | return LayoutInsetsEdge(leading: lsh.leading + rsh.left,
49 | trailing: lsh.trailing - rsh.right,
/Users/admin/builder/spi-builder-workspace/Sources/RLayoutKit/Layout/LayoutEdge.swift:54:49: error: cannot find type 'EdgeInsets' in scope
52 | }
53 |
54 | public static func - (lsh: LayoutEdge, rsh: EdgeInsets) -> LayoutInsetsEdge {
| `- error: cannot find type 'EdgeInsets' in scope
55 | return LayoutInsetsEdge(leading: lsh.leading - rsh.left,
56 | trailing: lsh.trailing + rsh.right,
/Users/admin/builder/spi-builder-workspace/Sources/RLayoutKit/Layout/LayoutEdge.swift:65:32: error: cannot find type 'NSLayoutXAxisAnchor' in scope
63 | public struct LayoutInsetsEdge {
64 |
65 | let leading: AnchorWrapper<NSLayoutXAxisAnchor, NSLayoutXAxisAnchor>
| `- error: cannot find type 'NSLayoutXAxisAnchor' in scope
66 | let trailing: AnchorWrapper<NSLayoutXAxisAnchor, NSLayoutXAxisAnchor>
67 | let top: AnchorWrapper<NSLayoutYAxisAnchor, NSLayoutYAxisAnchor>
/Users/admin/builder/spi-builder-workspace/Sources/RLayoutKit/Layout/LayoutEdge.swift:66:33: error: cannot find type 'NSLayoutXAxisAnchor' in scope
64 |
65 | let leading: AnchorWrapper<NSLayoutXAxisAnchor, NSLayoutXAxisAnchor>
66 | let trailing: AnchorWrapper<NSLayoutXAxisAnchor, NSLayoutXAxisAnchor>
| `- error: cannot find type 'NSLayoutXAxisAnchor' in scope
67 | let top: AnchorWrapper<NSLayoutYAxisAnchor, NSLayoutYAxisAnchor>
68 | let bottom: AnchorWrapper<NSLayoutYAxisAnchor, NSLayoutYAxisAnchor>
/Users/admin/builder/spi-builder-workspace/Sources/RLayoutKit/Layout/LayoutEdge.swift:67:28: error: cannot find type 'NSLayoutYAxisAnchor' in scope
65 | let leading: AnchorWrapper<NSLayoutXAxisAnchor, NSLayoutXAxisAnchor>
66 | let trailing: AnchorWrapper<NSLayoutXAxisAnchor, NSLayoutXAxisAnchor>
67 | let top: AnchorWrapper<NSLayoutYAxisAnchor, NSLayoutYAxisAnchor>
| `- error: cannot find type 'NSLayoutYAxisAnchor' in scope
68 | let bottom: AnchorWrapper<NSLayoutYAxisAnchor, NSLayoutYAxisAnchor>
69 |
/Users/admin/builder/spi-builder-workspace/Sources/RLayoutKit/Layout/LayoutEdge.swift:68:31: error: cannot find type 'NSLayoutYAxisAnchor' in scope
66 | let trailing: AnchorWrapper<NSLayoutXAxisAnchor, NSLayoutXAxisAnchor>
67 | let top: AnchorWrapper<NSLayoutYAxisAnchor, NSLayoutYAxisAnchor>
68 | let bottom: AnchorWrapper<NSLayoutYAxisAnchor, NSLayoutYAxisAnchor>
| `- error: cannot find type 'NSLayoutYAxisAnchor' in scope
69 |
70 | public static func + (lsh: LayoutInsetsEdge, rsh: EdgeInsets) -> LayoutInsetsEdge {
/Users/admin/builder/spi-builder-workspace/Sources/RLayoutKit/Layout/LayoutEdge.swift:70:55: error: cannot find type 'EdgeInsets' in scope
68 | let bottom: AnchorWrapper<NSLayoutYAxisAnchor, NSLayoutYAxisAnchor>
69 |
70 | public static func + (lsh: LayoutInsetsEdge, rsh: EdgeInsets) -> LayoutInsetsEdge {
| `- error: cannot find type 'EdgeInsets' in scope
71 | return LayoutInsetsEdge(leading: lsh.leading + rsh.left,
72 | trailing: lsh.trailing - rsh.right,
/Users/admin/builder/spi-builder-workspace/Sources/RLayoutKit/Layout/LayoutEdge.swift:77:55: error: cannot find type 'EdgeInsets' in scope
75 | }
76 |
77 | public static func - (lsh: LayoutInsetsEdge, rsh: EdgeInsets) -> LayoutInsetsEdge {
| `- error: cannot find type 'EdgeInsets' in scope
78 | return LayoutInsetsEdge(leading: lsh.leading - rsh.left,
79 | trailing: lsh.trailing + rsh.right,
/Users/admin/builder/spi-builder-workspace/Sources/RLayoutKit/Layout/LayoutEdge.swift:86:41: error: cannot find type 'View' in scope
84 |
85 | @available(iOS 9.0, *)
86 | extension RLayoutKitWrapper where Base: View {
| `- error: cannot find type 'View' in scope
87 |
88 | public var edges: LayoutEdge {
/Users/admin/builder/spi-builder-workspace/Sources/RLayoutKit/Layout/LayoutPoint.swift:20:26: error: cannot find type 'NSLayoutXAxisAnchor' in scope
18 | public struct LayoutPoint {
19 |
20 | let x: AnchorWrapper<NSLayoutXAxisAnchor, NSLayoutXAxisAnchor>
| `- error: cannot find type 'NSLayoutXAxisAnchor' in scope
21 | let y: AnchorWrapper<NSLayoutYAxisAnchor, NSLayoutYAxisAnchor>
22 | }
/Users/admin/builder/spi-builder-workspace/Sources/RLayoutKit/Layout/LayoutPoint.swift:21:26: error: cannot find type 'NSLayoutYAxisAnchor' in scope
19 |
20 | let x: AnchorWrapper<NSLayoutXAxisAnchor, NSLayoutXAxisAnchor>
21 | let y: AnchorWrapper<NSLayoutYAxisAnchor, NSLayoutYAxisAnchor>
| `- error: cannot find type 'NSLayoutYAxisAnchor' in scope
22 | }
23 |
/Users/admin/builder/spi-builder-workspace/Sources/RLayoutKit/Layout/LayoutPoint.swift:42:68: error: cannot find type 'NSLayoutConstraint' in scope
40 |
41 | @discardableResult
42 | public static func == (lsh: LayoutPoint, rsh: LayoutPoint) -> [NSLayoutConstraint] {
| `- error: cannot find type 'NSLayoutConstraint' in scope
43 | return [lsh.x == rsh.x,
44 | lsh.y == rsh.y]
/Users/admin/builder/spi-builder-workspace/Sources/RLayoutKit/Layout/LayoutPoint.swift:49:41: error: cannot find type 'View' in scope
47 |
48 | @available(iOS 9.0, *)
49 | extension RLayoutKitWrapper where Base: View {
| `- error: cannot find type 'View' in scope
50 |
51 | public var leadingTop: LayoutPoint {
/Users/admin/builder/spi-builder-workspace/Sources/RLayoutKit/Layout/LayoutSize.swift:19:30: error: cannot find type 'NSLayoutDimension' in scope
17 | public struct LayoutSize {
18 |
19 | let width: AnchorWrapper<NSLayoutDimension, NSLayoutDimension>
| `- error: cannot find type 'NSLayoutDimension' in scope
20 | let height: AnchorWrapper<NSLayoutDimension, NSLayoutDimension>
21 | }
/Users/admin/builder/spi-builder-workspace/Sources/RLayoutKit/Layout/LayoutSize.swift:20:31: error: cannot find type 'NSLayoutDimension' in scope
18 |
19 | let width: AnchorWrapper<NSLayoutDimension, NSLayoutDimension>
20 | let height: AnchorWrapper<NSLayoutDimension, NSLayoutDimension>
| `- error: cannot find type 'NSLayoutDimension' in scope
21 | }
22 |
/Users/admin/builder/spi-builder-workspace/Sources/RLayoutKit/Layout/LayoutSize.swift:47:62: error: cannot find type 'NSLayoutConstraint' in scope
45 |
46 | @discardableResult
47 | public static func == (lsh: LayoutSize, rsh: CGSize) -> [NSLayoutConstraint] {
| `- error: cannot find type 'NSLayoutConstraint' in scope
48 | return [lsh.width == rsh.width,
49 | lsh.height == rsh.height]
/Users/admin/builder/spi-builder-workspace/Sources/RLayoutKit/Layout/LayoutSize.swift:53:62: error: cannot find type 'NSLayoutConstraint' in scope
51 |
52 | @discardableResult
53 | public static func >= (lsh: LayoutSize, rsh: CGSize) -> [NSLayoutConstraint] {
| `- error: cannot find type 'NSLayoutConstraint' in scope
54 | return [lsh.width >= rsh.width,
55 | lsh.height >= rsh.height]
/Users/admin/builder/spi-builder-workspace/Sources/RLayoutKit/Layout/LayoutSize.swift:59:62: error: cannot find type 'NSLayoutConstraint' in scope
57 |
58 | @discardableResult
59 | public static func <= (lsh: LayoutSize, rsh: CGSize) -> [NSLayoutConstraint] {
| `- error: cannot find type 'NSLayoutConstraint' in scope
60 | return [lsh.width <= rsh.width,
61 | lsh.height <= rsh.height]
/Users/admin/builder/spi-builder-workspace/Sources/RLayoutKit/Layout/LayoutSize.swift:69:66: error: cannot find type 'NSLayoutConstraint' in scope
67 | extension LayoutSize {
68 | @discardableResult
69 | public static func == (lsh: LayoutSize, rsh: LayoutSize) -> [NSLayoutConstraint] {
| `- error: cannot find type 'NSLayoutConstraint' in scope
70 | return [lsh.width == rsh.width,
71 | lsh.height == rsh.height]
/Users/admin/builder/spi-builder-workspace/Sources/RLayoutKit/Layout/LayoutSize.swift:75:66: error: cannot find type 'NSLayoutConstraint' in scope
73 |
74 | @discardableResult
75 | public static func >= (lsh: LayoutSize, rsh: LayoutSize) -> [NSLayoutConstraint] {
| `- error: cannot find type 'NSLayoutConstraint' in scope
76 | return [lsh.width >= rsh.width,
77 | lsh.height >= rsh.height]
/Users/admin/builder/spi-builder-workspace/Sources/RLayoutKit/Layout/LayoutSize.swift:81:66: error: cannot find type 'NSLayoutConstraint' in scope
79 |
80 | @discardableResult
81 | public static func <= (lsh: LayoutSize, rsh: LayoutSize) -> [NSLayoutConstraint] {
| `- error: cannot find type 'NSLayoutConstraint' in scope
82 | return [lsh.width <= rsh.width,
83 | lsh.height <= rsh.height]
/Users/admin/builder/spi-builder-workspace/Sources/RLayoutKit/Layout/LayoutSize.swift:88:41: error: cannot find type 'View' in scope
86 |
87 | @available(iOS 9.0, *)
88 | extension RLayoutKitWrapper where Base: View {
| `- error: cannot find type 'View' in scope
89 |
90 | public var size: LayoutSize {
Failed frontend command:
SwiftCompile normal arm64_32 (in target 'RLayoutKit' from project 'RLayoutKit')
cd /Users/admin/builder/spi-builder-workspace/.swiftpm/xcode
/Applications/Xcode-27.0.0-Release.Candidate.app/Contents/Developer/Toolchains/XcodeDefault.xctoolchain/usr/bin/swift-frontend -frontend -emit-module -experimental-skip-non-inlinable-function-bodies-without-types /Users/admin/builder/spi-builder-workspace/Sources/RLayoutKit/Core/LayoutAnchor.swift /Users/admin/builder/spi-builder-workspace/Sources/RLayoutKit/Core/LayoutMarginsGuideAnchors.swift /Users/admin/builder/spi-builder-workspace/Sources/RLayoutKit/Core/RLayoutKit.swift /Users/admin/builder/spi-builder-workspace/Sources/RLayoutKit/Core/SafeAreaGuideAnchors.swift /Users/admin/builder/spi-builder-workspace/Sources/RLayoutKit/Core/ScrollViewLayoutGuideAnchors.swift /Users/admin/builder/spi-builder-workspace/Sources/RLayoutKit/Core/ViewAnchors.swift /Users/admin/builder/spi-builder-workspace/Sources/RLayoutKit/Layout/LayoutBase.swift /Users/admin/builder/spi-builder-workspace/Sources/RLayoutKit/Layout/LayoutEdge.swift /Users/admin/builder/spi-builder-workspace/Sources/RLayoutKit/Layout/LayoutPoint.swift /Users/admin/builder/spi-builder-workspace/Sources/RLayoutKit/Layout/LayoutSize.swift -target arm64_32-apple-watchos9.0 -disable-cross-import-overlay-search -load-resolved-plugin /Applications/Xcode-27.0.0-Release.Candidate.app/Contents/Developer/Platforms/WatchOS.platform/Developer/usr/lib/swift/host/plugins/libFoundationMacros.dylib\#/Applications/Xcode-27.0.0-Release.Candidate.app/Contents/Developer/Platforms/WatchOS.platform/Developer/usr/bin/swift-plugin-server\#FoundationMacros -load-resolved-plugin /Applications/Xcode-27.0.0-Release.Candidate.app/Contents/Developer/Platforms/WatchOS.platform/Developer/usr/lib/swift/host/plugins/libObservationMacros.dylib\#/Applications/Xcode-27.0.0-Release.Candidate.app/Contents/Developer/Platforms/WatchOS.platform/Developer/usr/bin/swift-plugin-server\#ObservationMacros -load-resolved-plugin /Applications/Xcode-27.0.0-Release.Candidate.app/Contents/Developer/Platforms/WatchOS.platform/Developer/usr/lib/swift/host/plugins/libSwiftMacros.dylib\#/Applications/Xcode-27.0.0-Release.Candidate.app/Contents/Developer/Platforms/WatchOS.platform/Developer/usr/bin/swift-plugin-server\#SwiftMacros -disable-implicit-swift-modules -Xcc -fno-implicit-modules -Xcc -fno-implicit-module-maps -explicit-swift-module-map-file /Users/admin/builder/spi-builder-workspace/.derivedData/Build/Intermediates.noindex/RLayoutKit.build/Debug-watchos/RLayoutKit-t.build/Objects-normal/arm64_32/RLayoutKit-dependencies-2.json -enable-objc-interop -sdk /Applications/Xcode-27.0.0-Release.Candidate.app/Contents/Developer/Platforms/WatchOS.platform/Developer/SDKs/WatchOS27.0.sdk -I /Users/admin/builder/spi-builder-workspace/.derivedData/Build/Products/Debug-watchos -Isystem /Applications/Xcode-27.0.0-Release.Candidate.app/Contents/Developer/Platforms/WatchOS.platform/Developer/usr/lib -F /Users/admin/builder/spi-builder-workspace/.derivedData/Build/Products/Debug-watchos -F /Applications/Xcode-27.0.0-Release.Candidate.app/Contents/Developer/Platforms/WatchOS.platform/Developer/Library/Frameworks -F /Applications/Xcode-27.0.0-Release.Candidate.app/Contents/Developer/Platforms/WatchOS.platform/Developer/SDKs/WatchOS27.0.sdk/Developer/Library/Frameworks -module-cache-path /Users/admin/builder/spi-builder-workspace/.derivedData/Build/Intermediates.noindex/SwiftExplicitPrecompiledModules -no-color-diagnostics -Xcc -fno-color-diagnostics -enable-testing -g -debug-info-format\=dwarf -dwarf-version\=4 -profile-generate -profile-coverage-mapping -swift-version 5 -Onone -D SWIFT_PACKAGE -D DEBUG -D SWIFT_MODULE_RESOURCE_BUNDLE_UNAVAILABLE -D Xcode -serialize-debugging-options -enable-experimental-feature DebugDescriptionMacro -empty-abi-descriptor -validate-clang-modules-once -clang-build-session-file /Users/admin/builder/spi-builder-workspace/.derivedData/ModuleCache.noindex/Session.modulevalidation -Xcc -working-directory -Xcc /Users/admin/builder/spi-builder-workspace/.swiftpm/xcode -enable-anonymous-context-mangled-names -file-compilation-dir /Users/admin/builder/spi-builder-workspace/.swiftpm/xcode -Xcc -D_LIBCPP_HARDENING_MODE\=_LIBCPP_HARDENING_MODE_DEBUG -Xcc -ivfsstatcache -Xcc /Users/admin/builder/spi-builder-workspace/.derivedData/SDKStatCaches.noindex/watchos27.0-24R360-e829b21a6f8c9b70876ba0858053c04477534ef55a1706bf4c1112bbb242f0a2.sdkstatcache -Xcc -fmodules-prune-interval\=86400 -Xcc -fmodules-prune-after\=345600 -Xcc -I/Users/admin/builder/spi-builder-workspace/.derivedData/Build/Products/Debug-watchos/include -Xcc -I/Users/admin/builder/spi-builder-workspace/.derivedData/Build/Intermediates.noindex/RLayoutKit.build/Debug-watchos/RLayoutKit-t.build/DerivedSources-normal/arm64_32 -Xcc -I/Users/admin/builder/spi-builder-workspace/.derivedData/Build/Intermediates.noindex/RLayoutKit.build/Debug-watchos/RLayoutKit-t.build/DerivedSources/arm64_32 -Xcc -I/Users/admin/builder/spi-builder-workspace/.derivedData/Build/Intermediates.noindex/RLayoutKit.build/Debug-watchos/RLayoutKit-t.build/DerivedSources -Xcc -DSWIFT_PACKAGE -Xcc -DDEBUG\=1 -no-auto-bridging-header-chaining -module-name RLayoutKit -const-gather-protocols-file /Users/admin/builder/spi-builder-workspace/.derivedData/Build/Intermediates.noindex/RLayoutKit.build/Debug-watchos/RLayoutKit-t.build/Objects-normal/arm64_32/RLayoutKit_const_extract_protocols.json -disable-clang-spi -clang-target arm64_32-apple-watchos27.0 -target-sdk-version 27.0 -target-sdk-name watchos27.0 -in-process-plugin-server-path /Applications/Xcode-27.0.0-Release.Candidate.app/Contents/Developer/Toolchains/XcodeDefault.xctoolchain/usr/lib/swift/host/libSwiftInProcPluginServer.dylib -emit-module-doc-path /Users/admin/builder/spi-builder-workspace/.derivedData/Build/Intermediates.noindex/RLayoutKit.build/Debug-watchos/RLayoutKit-t.build/Objects-normal/arm64_32/RLayoutKit.swiftdoc -emit-module-source-info-path /Users/admin/builder/spi-builder-workspace/.derivedData/Build/Intermediates.noindex/RLayoutKit.build/Debug-watchos/RLayoutKit-t.build/Objects-normal/arm64_32/RLayoutKit.swiftsourceinfo -emit-objc-header-path /Users/admin/builder/spi-builder-workspace/.derivedData/Build/Intermediates.noindex/RLayoutKit.build/Debug-watchos/RLayoutKit-t.build/Objects-normal/arm64_32/RLayoutKit-Swift.h -serialize-diagnostics-path /Users/admin/builder/spi-builder-workspace/.derivedData/Build/Intermediates.noindex/RLayoutKit.build/Debug-watchos/RLayoutKit-t.build/Objects-normal/arm64_32/RLayoutKit-primary-emit-module.dia -emit-dependencies-path /Users/admin/builder/spi-builder-workspace/.derivedData/Build/Intermediates.noindex/RLayoutKit.build/Debug-watchos/RLayoutKit-t.build/Objects-normal/arm64_32/RLayoutKit-primary-emit-module.d -parse-as-library -o /Users/admin/builder/spi-builder-workspace/.derivedData/Build/Intermediates.noindex/RLayoutKit.build/Debug-watchos/RLayoutKit-t.build/Objects-normal/arm64_32/RLayoutKit.swiftmodule -emit-abi-descriptor-path /Users/admin/builder/spi-builder-workspace/.derivedData/Build/Intermediates.noindex/RLayoutKit.build/Debug-watchos/RLayoutKit-t.build/Objects-normal/arm64_32/RLayoutKit.abi.json
SwiftCompile normal arm64_32 Compiling\ LayoutAnchor.swift /Users/admin/builder/spi-builder-workspace/Sources/RLayoutKit/Core/LayoutAnchor.swift (in target 'RLayoutKit' from project 'RLayoutKit')
SwiftCompile normal arm64_32 /Users/admin/builder/spi-builder-workspace/Sources/RLayoutKit/Core/LayoutAnchor.swift (in target 'RLayoutKit' from project 'RLayoutKit')
cd /Users/admin/builder/spi-builder-workspace/.swiftpm/xcode
builtin-SwiftPerFileCompile LayoutAnchor.swift
/Users/admin/builder/spi-builder-workspace/Sources/RLayoutKit/Core/LayoutAnchor.swift:29:40: error: cannot find type 'NSLayoutAnchor' in scope
27 | */
28 | @available(iOS 9.0, *)
29 | public struct AnchorWrapper<A, Anchor: NSLayoutAnchor<A>> {
| `- error: cannot find type 'NSLayoutAnchor' in scope
30 |
31 | public let anchor: Anchor
/Users/admin/builder/spi-builder-workspace/Sources/RLayoutKit/Layout/LayoutBase.swift:231:36: error: cannot find type 'NSLayoutYAxisAnchor' in scope
229 |
230 | @available(iOS 9.0, *)
231 | extension AnchorWrapper where A == NSLayoutYAxisAnchor, Anchor == NSLayoutYAxisAnchor {
| `- error: cannot find type 'NSLayoutYAxisAnchor' in scope
232 |
233 | @available(iOS 10.0, *)
/Users/admin/builder/spi-builder-workspace/Sources/RLayoutKit/Layout/LayoutBase.swift:231:67: error: cannot find type 'NSLayoutYAxisAnchor' in scope
229 |
230 | @available(iOS 9.0, *)
231 | extension AnchorWrapper where A == NSLayoutYAxisAnchor, Anchor == NSLayoutYAxisAnchor {
| `- error: cannot find type 'NSLayoutYAxisAnchor' in scope
232 |
233 | @available(iOS 10.0, *)
/Users/admin/builder/spi-builder-workspace/Sources/RLayoutKit/Layout/LayoutBase.swift:234:67: error: cannot find type 'NSLayoutDimension' in scope
232 |
233 | @available(iOS 10.0, *)
234 | public static func - (lsh: AnchorWrapper, rsh: AnchorWrapper) -> NSLayoutDimension {
| `- error: cannot find type 'NSLayoutDimension' in scope
235 | return lsh
236 | .anchor
/Users/admin/builder/spi-builder-workspace/Sources/RLayoutKit/Layout/LayoutBase.swift:254:36: error: cannot find type 'NSLayoutXAxisAnchor' in scope
252 |
253 | @available(iOS 9.0, *)
254 | extension AnchorWrapper where A == NSLayoutXAxisAnchor, Anchor == NSLayoutXAxisAnchor {
| `- error: cannot find type 'NSLayoutXAxisAnchor' in scope
255 |
256 | @available(iOS 10.0, *)
/Users/admin/builder/spi-builder-workspace/Sources/RLayoutKit/Layout/LayoutBase.swift:254:67: error: cannot find type 'NSLayoutXAxisAnchor' in scope
252 |
253 | @available(iOS 9.0, *)
254 | extension AnchorWrapper where A == NSLayoutXAxisAnchor, Anchor == NSLayoutXAxisAnchor {
| `- error: cannot find type 'NSLayoutXAxisAnchor' in scope
255 |
256 | @available(iOS 10.0, *)
/Users/admin/builder/spi-builder-workspace/Sources/RLayoutKit/Layout/LayoutBase.swift:257:67: error: cannot find type 'NSLayoutDimension' in scope
255 |
256 | @available(iOS 10.0, *)
257 | public static func - (lsh: AnchorWrapper, rsh: AnchorWrapper) -> NSLayoutDimension {
| `- error: cannot find type 'NSLayoutDimension' in scope
258 | return lsh
259 | .anchor
/Users/admin/builder/spi-builder-workspace/Sources/RLayoutKit/Layout/LayoutEdge.swift:47:49: error: cannot find type 'EdgeInsets' in scope
45 | extension LayoutEdge {
46 |
47 | public static func + (lsh: LayoutEdge, rsh: EdgeInsets) -> LayoutInsetsEdge {
| `- error: cannot find type 'EdgeInsets' in scope
48 | return LayoutInsetsEdge(leading: lsh.leading + rsh.left,
49 | trailing: lsh.trailing - rsh.right,
/Users/admin/builder/spi-builder-workspace/Sources/RLayoutKit/Layout/LayoutEdge.swift:70:55: error: cannot find type 'EdgeInsets' in scope
68 | let bottom: AnchorWrapper<NSLayoutYAxisAnchor, NSLayoutYAxisAnchor>
69 |
70 | public static func + (lsh: LayoutInsetsEdge, rsh: EdgeInsets) -> LayoutInsetsEdge {
| `- error: cannot find type 'EdgeInsets' in scope
71 | return LayoutInsetsEdge(leading: lsh.leading + rsh.left,
72 | trailing: lsh.trailing - rsh.right,
/Users/admin/builder/spi-builder-workspace/Sources/RLayoutKit/Layout/LayoutEdge.swift:54:49: error: cannot find type 'EdgeInsets' in scope
52 | }
53 |
54 | public static func - (lsh: LayoutEdge, rsh: EdgeInsets) -> LayoutInsetsEdge {
| `- error: cannot find type 'EdgeInsets' in scope
55 | return LayoutInsetsEdge(leading: lsh.leading - rsh.left,
56 | trailing: lsh.trailing + rsh.right,
SwiftCompile normal arm64_32 Compiling\ LayoutBase.swift /Users/admin/builder/spi-builder-workspace/Sources/RLayoutKit/Layout/LayoutBase.swift (in target 'RLayoutKit' from project 'RLayoutKit')
/Users/admin/builder/spi-builder-workspace/Sources/RLayoutKit/Layout/LayoutBase.swift:23:11: error: cannot find type 'NSLayoutConstraint' in scope
21 | infix operator <=*: ComparisonPrecedence
22 |
23 | extension NSLayoutConstraint {
| `- error: cannot find type 'NSLayoutConstraint' in scope
24 |
25 | public var active: NSLayoutConstraint {
/Users/admin/builder/spi-builder-workspace/Sources/RLayoutKit/Core/LayoutAnchor.swift:29:40: error: cannot find type 'NSLayoutAnchor' in scope
27 | */
28 | @available(iOS 9.0, *)
29 | public struct AnchorWrapper<A, Anchor: NSLayoutAnchor<A>> {
| `- error: cannot find type 'NSLayoutAnchor' in scope
30 |
31 | public let anchor: Anchor
/Users/admin/builder/spi-builder-workspace/Sources/RLayoutKit/Layout/LayoutBase.swift:42:68: error: cannot find type 'NSLayoutConstraint' in scope
40 |
41 | @discardableResult
42 | public static func == (lsh: AnchorWrapper, rsh: AnchorWrapper) -> NSLayoutConstraint {
| `- error: cannot find type 'NSLayoutConstraint' in scope
43 | #if os(iOS)
44 | if #available(iOS 11.0, *) {
/Users/admin/builder/spi-builder-workspace/Sources/RLayoutKit/Layout/LayoutBase.swift:62:62: error: cannot find type 'NSLayoutConstraint' in scope
60 | }
61 |
62 | static func ==+ (lsh: AnchorWrapper, rsh: AnchorWrapper) -> NSLayoutConstraint {
| `- error: cannot find type 'NSLayoutConstraint' in scope
63 | return lsh
64 | .anchor
/Users/admin/builder/spi-builder-workspace/Sources/RLayoutKit/Layout/LayoutBase.swift:107:68: error: cannot find type 'NSLayoutConstraint' in scope
105 |
106 | @discardableResult
107 | public static func >= (lsh: AnchorWrapper, rsh: AnchorWrapper) -> NSLayoutConstraint {
| `- error: cannot find type 'NSLayoutConstraint' in scope
108 | #if os(iOS)
109 | if #available(iOS 11.0, *) {
/Users/admin/builder/spi-builder-workspace/Sources/RLayoutKit/Layout/LayoutBase.swift:127:62: error: cannot find type 'NSLayoutConstraint' in scope
125 | }
126 |
127 | static func >=+ (lsh: AnchorWrapper, rsh: AnchorWrapper) -> NSLayoutConstraint {
| `- error: cannot find type 'NSLayoutConstraint' in scope
128 | return lsh
129 | .anchor
/Users/admin/builder/spi-builder-workspace/Sources/RLayoutKit/Layout/LayoutBase.swift:171:68: error: cannot find type 'NSLayoutConstraint' in scope
169 |
170 | @discardableResult
171 | public static func <= (lsh: AnchorWrapper, rsh: AnchorWrapper) -> NSLayoutConstraint {
| `- error: cannot find type 'NSLayoutConstraint' in scope
172 | #if os(iOS)
173 | if #available(iOS 11.0, *) {
/Users/admin/builder/spi-builder-workspace/Sources/RLayoutKit/Layout/LayoutBase.swift:191:62: error: cannot find type 'NSLayoutConstraint' in scope
189 | }
190 |
191 | static func <=+ (lsh: AnchorWrapper, rsh: AnchorWrapper) -> NSLayoutConstraint {
| `- error: cannot find type 'NSLayoutConstraint' in scope
192 | return lsh
193 | .anchor
/Users/admin/builder/spi-builder-workspace/Sources/RLayoutKit/Layout/LayoutBase.swift:231:36: error: cannot find type 'NSLayoutYAxisAnchor' in scope
229 |
230 | @available(iOS 9.0, *)
231 | extension AnchorWrapper where A == NSLayoutYAxisAnchor, Anchor == NSLayoutYAxisAnchor {
| `- error: cannot find type 'NSLayoutYAxisAnchor' in scope
232 |
233 | @available(iOS 10.0, *)
/Users/admin/builder/spi-builder-workspace/Sources/RLayoutKit/Layout/LayoutBase.swift:231:67: error: cannot find type 'NSLayoutYAxisAnchor' in scope
229 |
230 | @available(iOS 9.0, *)
231 | extension AnchorWrapper where A == NSLayoutYAxisAnchor, Anchor == NSLayoutYAxisAnchor {
| `- error: cannot find type 'NSLayoutYAxisAnchor' in scope
232 |
233 | @available(iOS 10.0, *)
/Users/admin/builder/spi-builder-workspace/Sources/RLayoutKit/Layout/LayoutBase.swift:234:67: error: cannot find type 'NSLayoutDimension' in scope
232 |
233 | @available(iOS 10.0, *)
234 | public static func - (lsh: AnchorWrapper, rsh: AnchorWrapper) -> NSLayoutDimension {
| `- error: cannot find type 'NSLayoutDimension' in scope
235 | return lsh
236 | .anchor
/Users/admin/builder/spi-builder-workspace/Sources/RLayoutKit/Layout/LayoutBase.swift:241:62: error: cannot find type 'NSLayoutConstraint' in scope
239 |
240 | @discardableResult
241 | public static func == (lsh: AnchorWrapper, rsh: CGFloat) -> NSLayoutConstraint? {
| `- error: cannot find type 'NSLayoutConstraint' in scope
242 | guard let superAnchor = lsh.superAnchor else {
243 | return nil
/Users/admin/builder/spi-builder-workspace/Sources/RLayoutKit/Layout/LayoutBase.swift:254:36: error: cannot find type 'NSLayoutXAxisAnchor' in scope
252 |
253 | @available(iOS 9.0, *)
254 | extension AnchorWrapper where A == NSLayoutXAxisAnchor, Anchor == NSLayoutXAxisAnchor {
| `- error: cannot find type 'NSLayoutXAxisAnchor' in scope
255 |
256 | @available(iOS 10.0, *)
/Users/admin/builder/spi-builder-workspace/Sources/RLayoutKit/Layout/LayoutBase.swift:254:67: error: cannot find type 'NSLayoutXAxisAnchor' in scope
252 |
253 | @available(iOS 9.0, *)
254 | extension AnchorWrapper where A == NSLayoutXAxisAnchor, Anchor == NSLayoutXAxisAnchor {
| `- error: cannot find type 'NSLayoutXAxisAnchor' in scope
255 |
256 | @available(iOS 10.0, *)
/Users/admin/builder/spi-builder-workspace/Sources/RLayoutKit/Layout/LayoutBase.swift:257:67: error: cannot find type 'NSLayoutDimension' in scope
255 |
256 | @available(iOS 10.0, *)
257 | public static func - (lsh: AnchorWrapper, rsh: AnchorWrapper) -> NSLayoutDimension {
| `- error: cannot find type 'NSLayoutDimension' in scope
258 | return lsh
259 | .anchor
/Users/admin/builder/spi-builder-workspace/Sources/RLayoutKit/Layout/LayoutBase.swift:264:62: error: cannot find type 'NSLayoutConstraint' in scope
262 |
263 | @discardableResult
264 | public static func == (lsh: AnchorWrapper, rsh: CGFloat) -> NSLayoutConstraint? {
| `- error: cannot find type 'NSLayoutConstraint' in scope
265 | guard let superAnchor = lsh.superAnchor else {
266 | return nil
/Users/admin/builder/spi-builder-workspace/Sources/RLayoutKit/Layout/LayoutBase.swift:277:36: error: cannot find type 'NSLayoutDimension' in scope
275 |
276 | @available(iOS 9.0, *)
277 | extension AnchorWrapper where A == NSLayoutDimension, Anchor == NSLayoutDimension {
| `- error: cannot find type 'NSLayoutDimension' in scope
278 |
279 | @discardableResult
/Users/admin/builder/spi-builder-workspace/Sources/RLayoutKit/Layout/LayoutBase.swift:277:65: error: cannot find type 'NSLayoutDimension' in scope
275 |
276 | @available(iOS 9.0, *)
277 | extension AnchorWrapper where A == NSLayoutDimension, Anchor == NSLayoutDimension {
| `- error: cannot find type 'NSLayoutDimension' in scope
278 |
279 | @discardableResult
/Users/admin/builder/spi-builder-workspace/Sources/RLayoutKit/Layout/LayoutBase.swift:280:62: error: cannot find type 'NSLayoutConstraint' in scope
278 |
279 | @discardableResult
280 | public static func == (lsh: AnchorWrapper, rsh: CGFloat) -> NSLayoutConstraint {
| `- error: cannot find type 'NSLayoutConstraint' in scope
281 | return lsh
282 | .anchor
/Users/admin/builder/spi-builder-workspace/Sources/RLayoutKit/Layout/LayoutBase.swift:288:62: error: cannot find type 'NSLayoutConstraint' in scope
286 |
287 | @discardableResult
288 | public static func >= (lsh: AnchorWrapper, rsh: CGFloat) -> NSLayoutConstraint {
| `- error: cannot find type 'NSLayoutConstraint' in scope
289 | return lsh
290 | .anchor
/Users/admin/builder/spi-builder-workspace/Sources/RLayoutKit/Layout/LayoutBase.swift:296:62: error: cannot find type 'NSLayoutConstraint' in scope
294 |
295 | @discardableResult
296 | public static func <= (lsh: AnchorWrapper, rsh: CGFloat) -> NSLayoutConstraint {
| `- error: cannot find type 'NSLayoutConstraint' in scope
297 | return lsh
298 | .anchor
/Users/admin/builder/spi-builder-workspace/Sources/RLayoutKit/Layout/LayoutBase.swift:58:5: error: value of type 'Anchor' has no member 'constraint'
56 | return lsh
57 | .anchor
58 | .constraint(equalTo: rsh.anchor)
| `- error: value of type 'Anchor' has no member 'constraint'
59 | .active
60 | }
/Users/admin/builder/spi-builder-workspace/Sources/RLayoutKit/Layout/LayoutBase.swift:65:5: error: value of type 'Anchor' has no member 'constraint'
63 | return lsh
64 | .anchor
65 | .constraint(equalTo: rsh.anchor,
| `- error: value of type 'Anchor' has no member 'constraint'
66 | constant: rsh.constant!)
67 | .active
/Users/admin/builder/spi-builder-workspace/Sources/RLayoutKit/Layout/LayoutBase.swift:123:5: error: value of type 'Anchor' has no member 'constraint'
121 | return lsh
122 | .anchor
123 | .constraint(greaterThanOrEqualTo: rsh.anchor)
| `- error: value of type 'Anchor' has no member 'constraint'
124 | .active
125 | }
/Users/admin/builder/spi-builder-workspace/Sources/RLayoutKit/Layout/LayoutBase.swift:130:5: error: value of type 'Anchor' has no member 'constraint'
128 | return lsh
129 | .anchor
130 | .constraint(greaterThanOrEqualTo: rsh.anchor,
| `- error: value of type 'Anchor' has no member 'constraint'
131 | constant: rsh.constant!)
132 | .active
/Users/admin/builder/spi-builder-workspace/Sources/RLayoutKit/Layout/LayoutBase.swift:187:5: error: value of type 'Anchor' has no member 'constraint'
185 | return lsh
186 | .anchor
187 | .constraint(lessThanOrEqualTo: rsh.anchor)
| `- error: value of type 'Anchor' has no member 'constraint'
188 | .active
189 | }
SwiftCompile normal arm64_32 /Users/admin/builder/spi-builder-workspace/Sources/RLayoutKit/Layout/LayoutBase.swift (in target 'RLayoutKit' from project 'RLayoutKit')
cd /Users/admin/builder/spi-builder-workspace/.swiftpm/xcode
builtin-SwiftPerFileCompile LayoutBase.swift
SwiftCompile normal arm64_32 Compiling\ ViewAnchors.swift /Users/admin/builder/spi-builder-workspace/Sources/RLayoutKit/Core/ViewAnchors.swift (in target 'RLayoutKit' from project 'RLayoutKit')
/Users/admin/builder/spi-builder-workspace/Sources/RLayoutKit/Core/ViewAnchors.swift:17:41: error: cannot find type 'View' in scope
15 |
16 | @available(iOS 9.0, *)
17 | extension RLayoutKitWrapper where Base: View {
| `- error: cannot find type 'View' in scope
18 | public var leading: AnchorWrapper<NSLayoutXAxisAnchor, NSLayoutXAxisAnchor> {
19 | return .init(
/Users/admin/builder/spi-builder-workspace/Sources/RLayoutKit/Core/ViewAnchors.swift:18:36: error: cannot find type 'NSLayoutXAxisAnchor' in scope
16 | @available(iOS 9.0, *)
17 | extension RLayoutKitWrapper where Base: View {
18 | public var leading: AnchorWrapper<NSLayoutXAxisAnchor, NSLayoutXAxisAnchor> {
| `- error: cannot find type 'NSLayoutXAxisAnchor' in scope
19 | return .init(
20 | anchor: base.leadingAnchor,
/Users/admin/builder/spi-builder-workspace/Sources/RLayoutKit/Core/ViewAnchors.swift:25:37: error: cannot find type 'NSLayoutXAxisAnchor' in scope
23 | }
24 |
25 | public var trailing: AnchorWrapper<NSLayoutXAxisAnchor, NSLayoutXAxisAnchor> {
| `- error: cannot find type 'NSLayoutXAxisAnchor' in scope
26 | return .init(
27 | anchor: base.trailingAnchor,
/Users/admin/builder/spi-builder-workspace/Sources/RLayoutKit/Core/ViewAnchors.swift:32:33: error: cannot find type 'NSLayoutXAxisAnchor' in scope
30 | }
31 |
32 | public var left: AnchorWrapper<NSLayoutXAxisAnchor, NSLayoutXAxisAnchor> {
| `- error: cannot find type 'NSLayoutXAxisAnchor' in scope
33 | return .init(
34 | anchor: base.leftAnchor,
/Users/admin/builder/spi-builder-workspace/Sources/RLayoutKit/Core/ViewAnchors.swift:39:34: error: cannot find type 'NSLayoutXAxisAnchor' in scope
37 | }
38 |
39 | public var right: AnchorWrapper<NSLayoutXAxisAnchor, NSLayoutXAxisAnchor> {
| `- error: cannot find type 'NSLayoutXAxisAnchor' in scope
40 | return .init(
41 | anchor: base.rightAnchor,
/Users/admin/builder/spi-builder-workspace/Sources/RLayoutKit/Core/ViewAnchors.swift:46:32: error: cannot find type 'NSLayoutYAxisAnchor' in scope
44 | }
45 |
46 | public var top: AnchorWrapper<NSLayoutYAxisAnchor, NSLayoutYAxisAnchor> {
| `- error: cannot find type 'NSLayoutYAxisAnchor' in scope
47 | return .init(
48 | anchor: base.topAnchor,
/Users/admin/builder/spi-builder-workspace/Sources/RLayoutKit/Core/ViewAnchors.swift:53:35: error: cannot find type 'NSLayoutYAxisAnchor' in scope
51 | }
52 |
53 | public var bottom: AnchorWrapper<NSLayoutYAxisAnchor, NSLayoutYAxisAnchor> {
| `- error: cannot find type 'NSLayoutYAxisAnchor' in scope
54 | return .init(
55 | anchor: base.bottomAnchor,
/Users/admin/builder/spi-builder-workspace/Sources/RLayoutKit/Core/ViewAnchors.swift:60:34: error: cannot find type 'NSLayoutDimension' in scope
58 | }
59 |
60 | public var width: AnchorWrapper<NSLayoutDimension, NSLayoutDimension> {
| `- error: cannot find type 'NSLayoutDimension' in scope
61 | return .init(
62 | anchor: base.widthAnchor,
/Users/admin/builder/spi-builder-workspace/Sources/RLayoutKit/Core/ViewAnchors.swift:67:35: error: cannot find type 'NSLayoutDimension' in scope
65 | }
66 |
67 | public var height: AnchorWrapper<NSLayoutDimension, NSLayoutDimension> {
| `- error: cannot find type 'NSLayoutDimension' in scope
68 | return .init(
69 | anchor: base.heightAnchor,
/Users/admin/builder/spi-builder-workspace/Sources/RLayoutKit/Core/ViewAnchors.swift:74:36: error: cannot find type 'NSLayoutXAxisAnchor' in scope
72 | }
73 |
74 | public var centerX: AnchorWrapper<NSLayoutXAxisAnchor, NSLayoutXAxisAnchor> {
| `- error: cannot find type 'NSLayoutXAxisAnchor' in scope
75 | return .init(
76 | anchor: base.centerXAnchor,
/Users/admin/builder/spi-builder-workspace/Sources/RLayoutKit/Core/ViewAnchors.swift:81:36: error: cannot find type 'NSLayoutYAxisAnchor' in scope
79 | }
80 |
81 | public var centerY: AnchorWrapper<NSLayoutYAxisAnchor, NSLayoutYAxisAnchor> {
| `- error: cannot find type 'NSLayoutYAxisAnchor' in scope
82 | return .init(
83 | anchor: base.centerYAnchor,
/Users/admin/builder/spi-builder-workspace/Sources/RLayoutKit/Core/ViewAnchors.swift:88:42: error: cannot find type 'NSLayoutYAxisAnchor' in scope
86 | }
87 |
88 | public var firstBaseline: AnchorWrapper<NSLayoutYAxisAnchor, NSLayoutYAxisAnchor> {
| `- error: cannot find type 'NSLayoutYAxisAnchor' in scope
89 | return .init(
90 | anchor: base.firstBaselineAnchor,
/Users/admin/builder/spi-builder-workspace/Sources/RLayoutKit/Core/ViewAnchors.swift:95:41: error: cannot find type 'NSLayoutYAxisAnchor' in scope
93 | }
94 |
95 | public var lastBaseline: AnchorWrapper<NSLayoutYAxisAnchor, NSLayoutYAxisAnchor> {
| `- error: cannot find type 'NSLayoutYAxisAnchor' in scope
96 | return .init(
97 | anchor: base.lastBaselineAnchor,
/Users/admin/builder/spi-builder-workspace/Sources/RLayoutKit/Core/ViewAnchors.swift:20:17: error: value of type 'Base' has no member 'leadingAnchor'
18 | public var leading: AnchorWrapper<NSLayoutXAxisAnchor, NSLayoutXAxisAnchor> {
19 | return .init(
20 | anchor: base.leadingAnchor,
| `- error: value of type 'Base' has no member 'leadingAnchor'
21 | superAnchor: base.superView?.leadingAnchor
22 | )
/Users/admin/builder/spi-builder-workspace/Sources/RLayoutKit/Core/ViewAnchors.swift:21:22: error: value of type 'Base' has no member 'superView'
19 | return .init(
20 | anchor: base.leadingAnchor,
21 | superAnchor: base.superView?.leadingAnchor
| `- error: value of type 'Base' has no member 'superView'
22 | )
23 | }
/Users/admin/builder/spi-builder-workspace/Sources/RLayoutKit/Core/ViewAnchors.swift:27:17: error: value of type 'Base' has no member 'trailingAnchor'
25 | public var trailing: AnchorWrapper<NSLayoutXAxisAnchor, NSLayoutXAxisAnchor> {
26 | return .init(
27 | anchor: base.trailingAnchor,
| `- error: value of type 'Base' has no member 'trailingAnchor'
28 | superAnchor: base.superView?.trailingAnchor
29 | )
/Users/admin/builder/spi-builder-workspace/Sources/RLayoutKit/Core/ViewAnchors.swift:28:22: error: value of type 'Base' has no member 'superView'
26 | return .init(
27 | anchor: base.trailingAnchor,
28 | superAnchor: base.superView?.trailingAnchor
| `- error: value of type 'Base' has no member 'superView'
29 | )
30 | }
/Users/admin/builder/spi-builder-workspace/Sources/RLayoutKit/Core/ViewAnchors.swift:34:17: error: value of type 'Base' has no member 'leftAnchor'
32 | public var left: AnchorWrapper<NSLayoutXAxisAnchor, NSLayoutXAxisAnchor> {
33 | return .init(
34 | anchor: base.leftAnchor,
| `- error: value of type 'Base' has no member 'leftAnchor'
35 | superAnchor: base.superView?.leftAnchor
36 | )
/Users/admin/builder/spi-builder-workspace/Sources/RLayoutKit/Core/ViewAnchors.swift:35:22: error: value of type 'Base' has no member 'superView'
33 | return .init(
34 | anchor: base.leftAnchor,
35 | superAnchor: base.superView?.leftAnchor
| `- error: value of type 'Base' has no member 'superView'
36 | )
37 | }
/Users/admin/builder/spi-builder-workspace/Sources/RLayoutKit/Core/ViewAnchors.swift:41:17: error: value of type 'Base' has no member 'rightAnchor'
39 | public var right: AnchorWrapper<NSLayoutXAxisAnchor, NSLayoutXAxisAnchor> {
40 | return .init(
41 | anchor: base.rightAnchor,
| `- error: value of type 'Base' has no member 'rightAnchor'
42 | superAnchor: base.superView?.rightAnchor
43 | )
/Users/admin/builder/spi-builder-workspace/Sources/RLayoutKit/Core/ViewAnchors.swift:42:22: error: value of type 'Base' has no member 'superView'
40 | return .init(
41 | anchor: base.rightAnchor,
42 | superAnchor: base.superView?.rightAnchor
| `- error: value of type 'Base' has no member 'superView'
43 | )
44 | }
/Users/admin/builder/spi-builder-workspace/Sources/RLayoutKit/Core/ViewAnchors.swift:48:17: error: value of type 'Base' has no member 'topAnchor'
46 | public var top: AnchorWrapper<NSLayoutYAxisAnchor, NSLayoutYAxisAnchor> {
47 | return .init(
48 | anchor: base.topAnchor,
| `- error: value of type 'Base' has no member 'topAnchor'
49 | superAnchor: base.superView?.topAnchor
50 | )
/Users/admin/builder/spi-builder-workspace/Sources/RLayoutKit/Core/ViewAnchors.swift:49:22: error: value of type 'Base' has no member 'superView'
47 | return .init(
48 | anchor: base.topAnchor,
49 | superAnchor: base.superView?.topAnchor
| `- error: value of type 'Base' has no member 'superView'
50 | )
51 | }
/Users/admin/builder/spi-builder-workspace/Sources/RLayoutKit/Core/ViewAnchors.swift:55:17: error: value of type 'Base' has no member 'bottomAnchor'
53 | public var bottom: AnchorWrapper<NSLayoutYAxisAnchor, NSLayoutYAxisAnchor> {
54 | return .init(
55 | anchor: base.bottomAnchor,
| `- error: value of type 'Base' has no member 'bottomAnchor'
56 | superAnchor: base.superView?.bottomAnchor
57 | )
/Users/admin/builder/spi-builder-workspace/Sources/RLayoutKit/Core/ViewAnchors.swift:56:22: error: value of type 'Base' has no member 'superView'
54 | return .init(
55 | anchor: base.bottomAnchor,
56 | superAnchor: base.superView?.bottomAnchor
| `- error: value of type 'Base' has no member 'superView'
57 | )
58 | }
SwiftCompile normal arm64_32 /Users/admin/builder/spi-builder-workspace/Sources/RLayoutKit/Core/ViewAnchors.swift (in target 'RLayoutKit' from project 'RLayoutKit')
cd /Users/admin/builder/spi-builder-workspace/.swiftpm/xcode
builtin-SwiftPerFileCompile ViewAnchors.swift
/Users/admin/builder/spi-builder-workspace/Sources/RLayoutKit/Core/ViewAnchors.swift:62:17: error: value of type 'Base' has no member 'widthAnchor'
60 | public var width: AnchorWrapper<NSLayoutDimension, NSLayoutDimension> {
61 | return .init(
62 | anchor: base.widthAnchor,
| `- error: value of type 'Base' has no member 'widthAnchor'
63 | superAnchor: base.superView?.widthAnchor
64 | )
/Users/admin/builder/spi-builder-workspace/Sources/RLayoutKit/Core/ViewAnchors.swift:63:22: error: value of type 'Base' has no member 'superView'
61 | return .init(
62 | anchor: base.widthAnchor,
63 | superAnchor: base.superView?.widthAnchor
| `- error: value of type 'Base' has no member 'superView'
64 | )
65 | }
/Users/admin/builder/spi-builder-workspace/Sources/RLayoutKit/Core/ViewAnchors.swift:69:17: error: value of type 'Base' has no member 'heightAnchor'
67 | public var height: AnchorWrapper<NSLayoutDimension, NSLayoutDimension> {
68 | return .init(
69 | anchor: base.heightAnchor,
| `- error: value of type 'Base' has no member 'heightAnchor'
70 | superAnchor: base.superView?.heightAnchor
71 | )
/Users/admin/builder/spi-builder-workspace/Sources/RLayoutKit/Core/ViewAnchors.swift:70:22: error: value of type 'Base' has no member 'superView'
68 | return .init(
69 | anchor: base.heightAnchor,
70 | superAnchor: base.superView?.heightAnchor
| `- error: value of type 'Base' has no member 'superView'
71 | )
72 | }
/Users/admin/builder/spi-builder-workspace/Sources/RLayoutKit/Core/ViewAnchors.swift:76:17: error: value of type 'Base' has no member 'centerXAnchor'
74 | public var centerX: AnchorWrapper<NSLayoutXAxisAnchor, NSLayoutXAxisAnchor> {
75 | return .init(
76 | anchor: base.centerXAnchor,
| `- error: value of type 'Base' has no member 'centerXAnchor'
77 | superAnchor: base.superView?.centerXAnchor
78 | )
/Users/admin/builder/spi-builder-workspace/Sources/RLayoutKit/Core/ViewAnchors.swift:77:22: error: value of type 'Base' has no member 'superView'
75 | return .init(
76 | anchor: base.centerXAnchor,
77 | superAnchor: base.superView?.centerXAnchor
| `- error: value of type 'Base' has no member 'superView'
78 | )
79 | }
/Users/admin/builder/spi-builder-workspace/Sources/RLayoutKit/Core/ViewAnchors.swift:83:17: error: value of type 'Base' has no member 'centerYAnchor'
81 | public var centerY: AnchorWrapper<NSLayoutYAxisAnchor, NSLayoutYAxisAnchor> {
82 | return .init(
83 | anchor: base.centerYAnchor,
| `- error: value of type 'Base' has no member 'centerYAnchor'
84 | superAnchor: base.superView?.centerYAnchor
85 | )
/Users/admin/builder/spi-builder-workspace/Sources/RLayoutKit/Core/ViewAnchors.swift:84:22: error: value of type 'Base' has no member 'superView'
82 | return .init(
83 | anchor: base.centerYAnchor,
84 | superAnchor: base.superView?.centerYAnchor
| `- error: value of type 'Base' has no member 'superView'
85 | )
86 | }
/Users/admin/builder/spi-builder-workspace/Sources/RLayoutKit/Core/ViewAnchors.swift:90:17: error: value of type 'Base' has no member 'firstBaselineAnchor'
88 | public var firstBaseline: AnchorWrapper<NSLayoutYAxisAnchor, NSLayoutYAxisAnchor> {
89 | return .init(
90 | anchor: base.firstBaselineAnchor,
| `- error: value of type 'Base' has no member 'firstBaselineAnchor'
91 | superAnchor: base.superView?.firstBaselineAnchor
92 | )
/Users/admin/builder/spi-builder-workspace/Sources/RLayoutKit/Core/ViewAnchors.swift:91:22: error: value of type 'Base' has no member 'superView'
89 | return .init(
90 | anchor: base.firstBaselineAnchor,
91 | superAnchor: base.superView?.firstBaselineAnchor
| `- error: value of type 'Base' has no member 'superView'
92 | )
93 | }
/Users/admin/builder/spi-builder-workspace/Sources/RLayoutKit/Core/ViewAnchors.swift:97:17: error: value of type 'Base' has no member 'lastBaselineAnchor'
95 | public var lastBaseline: AnchorWrapper<NSLayoutYAxisAnchor, NSLayoutYAxisAnchor> {
96 | return .init(
97 | anchor: base.lastBaselineAnchor,
| `- error: value of type 'Base' has no member 'lastBaselineAnchor'
98 | superAnchor: base.superView?.lastBaselineAnchor
99 | )
SwiftCompile normal arm64_32 Compiling\ ScrollViewLayoutGuideAnchors.swift /Users/admin/builder/spi-builder-workspace/Sources/RLayoutKit/Core/ScrollViewLayoutGuideAnchors.swift (in target 'RLayoutKit' from project 'RLayoutKit')
SwiftCompile normal arm64_32 /Users/admin/builder/spi-builder-workspace/Sources/RLayoutKit/Core/ScrollViewLayoutGuideAnchors.swift (in target 'RLayoutKit' from project 'RLayoutKit')
cd /Users/admin/builder/spi-builder-workspace/.swiftpm/xcode
builtin-SwiftPerFileCompile ScrollViewLayoutGuideAnchors.swift
SwiftCompile normal arm64_32 Compiling\ LayoutEdge.swift /Users/admin/builder/spi-builder-workspace/Sources/RLayoutKit/Layout/LayoutEdge.swift (in target 'RLayoutKit' from project 'RLayoutKit')
/Users/admin/builder/spi-builder-workspace/Sources/RLayoutKit/Layout/LayoutEdge.swift:21:32: error: cannot find type 'NSLayoutXAxisAnchor' in scope
19 | public struct LayoutEdge {
20 |
21 | let leading: AnchorWrapper<NSLayoutXAxisAnchor, NSLayoutXAxisAnchor>
| `- error: cannot find type 'NSLayoutXAxisAnchor' in scope
22 | let trailing: AnchorWrapper<NSLayoutXAxisAnchor, NSLayoutXAxisAnchor>
23 | let top: AnchorWrapper<NSLayoutYAxisAnchor, NSLayoutYAxisAnchor>
/Users/admin/builder/spi-builder-workspace/Sources/RLayoutKit/Layout/LayoutEdge.swift:22:33: error: cannot find type 'NSLayoutXAxisAnchor' in scope
20 |
21 | let leading: AnchorWrapper<NSLayoutXAxisAnchor, NSLayoutXAxisAnchor>
22 | let trailing: AnchorWrapper<NSLayoutXAxisAnchor, NSLayoutXAxisAnchor>
| `- error: cannot find type 'NSLayoutXAxisAnchor' in scope
23 | let top: AnchorWrapper<NSLayoutYAxisAnchor, NSLayoutYAxisAnchor>
24 | let bottom: AnchorWrapper<NSLayoutYAxisAnchor, NSLayoutYAxisAnchor>
/Users/admin/builder/spi-builder-workspace/Sources/RLayoutKit/Layout/LayoutEdge.swift:23:28: error: cannot find type 'NSLayoutYAxisAnchor' in scope
21 | let leading: AnchorWrapper<NSLayoutXAxisAnchor, NSLayoutXAxisAnchor>
22 | let trailing: AnchorWrapper<NSLayoutXAxisAnchor, NSLayoutXAxisAnchor>
23 | let top: AnchorWrapper<NSLayoutYAxisAnchor, NSLayoutYAxisAnchor>
| `- error: cannot find type 'NSLayoutYAxisAnchor' in scope
24 | let bottom: AnchorWrapper<NSLayoutYAxisAnchor, NSLayoutYAxisAnchor>
25 |
/Users/admin/builder/spi-builder-workspace/Sources/RLayoutKit/Layout/LayoutEdge.swift:24:31: error: cannot find type 'NSLayoutYAxisAnchor' in scope
22 | let trailing: AnchorWrapper<NSLayoutXAxisAnchor, NSLayoutXAxisAnchor>
23 | let top: AnchorWrapper<NSLayoutYAxisAnchor, NSLayoutYAxisAnchor>
24 | let bottom: AnchorWrapper<NSLayoutYAxisAnchor, NSLayoutYAxisAnchor>
| `- error: cannot find type 'NSLayoutYAxisAnchor' in scope
25 |
26 | @discardableResult
/Users/admin/builder/spi-builder-workspace/Sources/RLayoutKit/Layout/LayoutEdge.swift:27:66: error: cannot find type 'NSLayoutConstraint' in scope
25 |
26 | @discardableResult
27 | public static func == (lsh: LayoutEdge, rsh: LayoutEdge) -> [NSLayoutConstraint] {
| `- error: cannot find type 'NSLayoutConstraint' in scope
28 | return [lsh.leading == rsh.leading,
29 | lsh.trailing == rsh.trailing,
/Users/admin/builder/spi-builder-workspace/Sources/RLayoutKit/Layout/LayoutEdge.swift:35:72: error: cannot find type 'NSLayoutConstraint' in scope
33 |
34 | @discardableResult
35 | public static func == (lsh: LayoutEdge, rsh: LayoutInsetsEdge) -> [NSLayoutConstraint] {
| `- error: cannot find type 'NSLayoutConstraint' in scope
36 |
37 | return [lsh.leading == rsh.leading,
/Users/admin/builder/spi-builder-workspace/Sources/RLayoutKit/Layout/LayoutEdge.swift:47:49: error: cannot find type 'EdgeInsets' in scope
45 | extension LayoutEdge {
46 |
47 | public static func + (lsh: LayoutEdge, rsh: EdgeInsets) -> LayoutInsetsEdge {
| `- error: cannot find type 'EdgeInsets' in scope
48 | return LayoutInsetsEdge(leading: lsh.leading + rsh.left,
49 | trailing: lsh.trailing - rsh.right,
/Users/admin/builder/spi-builder-workspace/Sources/RLayoutKit/Layout/LayoutEdge.swift:54:49: error: cannot find type 'EdgeInsets' in scope
52 | }
53 |
54 | public static func - (lsh: LayoutEdge, rsh: EdgeInsets) -> LayoutInsetsEdge {
| `- error: cannot find type 'EdgeInsets' in scope
55 | return LayoutInsetsEdge(leading: lsh.leading - rsh.left,
56 | trailing: lsh.trailing + rsh.right,
/Users/admin/builder/spi-builder-workspace/Sources/RLayoutKit/Layout/LayoutEdge.swift:65:32: error: cannot find type 'NSLayoutXAxisAnchor' in scope
63 | public struct LayoutInsetsEdge {
64 |
65 | let leading: AnchorWrapper<NSLayoutXAxisAnchor, NSLayoutXAxisAnchor>
| `- error: cannot find type 'NSLayoutXAxisAnchor' in scope
66 | let trailing: AnchorWrapper<NSLayoutXAxisAnchor, NSLayoutXAxisAnchor>
67 | let top: AnchorWrapper<NSLayoutYAxisAnchor, NSLayoutYAxisAnchor>
/Users/admin/builder/spi-builder-workspace/Sources/RLayoutKit/Layout/LayoutEdge.swift:66:33: error: cannot find type 'NSLayoutXAxisAnchor' in scope
64 |
65 | let leading: AnchorWrapper<NSLayoutXAxisAnchor, NSLayoutXAxisAnchor>
66 | let trailing: AnchorWrapper<NSLayoutXAxisAnchor, NSLayoutXAxisAnchor>
| `- error: cannot find type 'NSLayoutXAxisAnchor' in scope
67 | let top: AnchorWrapper<NSLayoutYAxisAnchor, NSLayoutYAxisAnchor>
68 | let bottom: AnchorWrapper<NSLayoutYAxisAnchor, NSLayoutYAxisAnchor>
/Users/admin/builder/spi-builder-workspace/Sources/RLayoutKit/Layout/LayoutEdge.swift:67:28: error: cannot find type 'NSLayoutYAxisAnchor' in scope
65 | let leading: AnchorWrapper<NSLayoutXAxisAnchor, NSLayoutXAxisAnchor>
66 | let trailing: AnchorWrapper<NSLayoutXAxisAnchor, NSLayoutXAxisAnchor>
67 | let top: AnchorWrapper<NSLayoutYAxisAnchor, NSLayoutYAxisAnchor>
| `- error: cannot find type 'NSLayoutYAxisAnchor' in scope
68 | let bottom: AnchorWrapper<NSLayoutYAxisAnchor, NSLayoutYAxisAnchor>
69 |
/Users/admin/builder/spi-builder-workspace/Sources/RLayoutKit/Layout/LayoutEdge.swift:68:31: error: cannot find type 'NSLayoutYAxisAnchor' in scope
66 | let trailing: AnchorWrapper<NSLayoutXAxisAnchor, NSLayoutXAxisAnchor>
67 | let top: AnchorWrapper<NSLayoutYAxisAnchor, NSLayoutYAxisAnchor>
68 | let bottom: AnchorWrapper<NSLayoutYAxisAnchor, NSLayoutYAxisAnchor>
| `- error: cannot find type 'NSLayoutYAxisAnchor' in scope
69 |
70 | public static func + (lsh: LayoutInsetsEdge, rsh: EdgeInsets) -> LayoutInsetsEdge {
/Users/admin/builder/spi-builder-workspace/Sources/RLayoutKit/Layout/LayoutEdge.swift:70:55: error: cannot find type 'EdgeInsets' in scope
68 | let bottom: AnchorWrapper<NSLayoutYAxisAnchor, NSLayoutYAxisAnchor>
69 |
70 | public static func + (lsh: LayoutInsetsEdge, rsh: EdgeInsets) -> LayoutInsetsEdge {
| `- error: cannot find type 'EdgeInsets' in scope
71 | return LayoutInsetsEdge(leading: lsh.leading + rsh.left,
72 | trailing: lsh.trailing - rsh.right,
/Users/admin/builder/spi-builder-workspace/Sources/RLayoutKit/Layout/LayoutEdge.swift:77:55: error: cannot find type 'EdgeInsets' in scope
75 | }
76 |
77 | public static func - (lsh: LayoutInsetsEdge, rsh: EdgeInsets) -> LayoutInsetsEdge {
| `- error: cannot find type 'EdgeInsets' in scope
78 | return LayoutInsetsEdge(leading: lsh.leading - rsh.left,
79 | trailing: lsh.trailing + rsh.right,
/Users/admin/builder/spi-builder-workspace/Sources/RLayoutKit/Layout/LayoutEdge.swift:86:41: error: cannot find type 'View' in scope
84 |
85 | @available(iOS 9.0, *)
86 | extension RLayoutKitWrapper where Base: View {
| `- error: cannot find type 'View' in scope
87 |
88 | public var edges: LayoutEdge {
/Users/admin/builder/spi-builder-workspace/Sources/RLayoutKit/Core/LayoutAnchor.swift:29:40: error: cannot find type 'NSLayoutAnchor' in scope
27 | */
28 | @available(iOS 9.0, *)
29 | public struct AnchorWrapper<A, Anchor: NSLayoutAnchor<A>> {
| `- error: cannot find type 'NSLayoutAnchor' in scope
30 |
31 | public let anchor: Anchor
/Users/admin/builder/spi-builder-workspace/Sources/RLayoutKit/Layout/LayoutBase.swift:231:36: error: cannot find type 'NSLayoutYAxisAnchor' in scope
229 |
230 | @available(iOS 9.0, *)
231 | extension AnchorWrapper where A == NSLayoutYAxisAnchor, Anchor == NSLayoutYAxisAnchor {
| `- error: cannot find type 'NSLayoutYAxisAnchor' in scope
232 |
233 | @available(iOS 10.0, *)
/Users/admin/builder/spi-builder-workspace/Sources/RLayoutKit/Layout/LayoutBase.swift:231:67: error: cannot find type 'NSLayoutYAxisAnchor' in scope
229 |
230 | @available(iOS 9.0, *)
231 | extension AnchorWrapper where A == NSLayoutYAxisAnchor, Anchor == NSLayoutYAxisAnchor {
| `- error: cannot find type 'NSLayoutYAxisAnchor' in scope
232 |
233 | @available(iOS 10.0, *)
/Users/admin/builder/spi-builder-workspace/Sources/RLayoutKit/Layout/LayoutBase.swift:254:36: error: cannot find type 'NSLayoutXAxisAnchor' in scope
252 |
253 | @available(iOS 9.0, *)
254 | extension AnchorWrapper where A == NSLayoutXAxisAnchor, Anchor == NSLayoutXAxisAnchor {
| `- error: cannot find type 'NSLayoutXAxisAnchor' in scope
255 |
256 | @available(iOS 10.0, *)
/Users/admin/builder/spi-builder-workspace/Sources/RLayoutKit/Layout/LayoutBase.swift:254:67: error: cannot find type 'NSLayoutXAxisAnchor' in scope
252 |
253 | @available(iOS 9.0, *)
254 | extension AnchorWrapper where A == NSLayoutXAxisAnchor, Anchor == NSLayoutXAxisAnchor {
| `- error: cannot find type 'NSLayoutXAxisAnchor' in scope
255 |
256 | @available(iOS 10.0, *)
/Users/admin/builder/spi-builder-workspace/Sources/RLayoutKit/Layout/LayoutBase.swift:277:36: error: cannot find type 'NSLayoutDimension' in scope
275 |
276 | @available(iOS 9.0, *)
277 | extension AnchorWrapper where A == NSLayoutDimension, Anchor == NSLayoutDimension {
| `- error: cannot find type 'NSLayoutDimension' in scope
278 |
279 | @discardableResult
/Users/admin/builder/spi-builder-workspace/Sources/RLayoutKit/Layout/LayoutBase.swift:277:65: error: cannot find type 'NSLayoutDimension' in scope
275 |
276 | @available(iOS 9.0, *)
277 | extension AnchorWrapper where A == NSLayoutDimension, Anchor == NSLayoutDimension {
| `- error: cannot find type 'NSLayoutDimension' in scope
278 |
279 | @discardableResult
/Users/admin/builder/spi-builder-workspace/Sources/RLayoutKit/Layout/LayoutBase.swift:241:62: error: cannot find type 'NSLayoutConstraint' in scope
239 |
240 | @discardableResult
241 | public static func == (lsh: AnchorWrapper, rsh: CGFloat) -> NSLayoutConstraint? {
| `- error: cannot find type 'NSLayoutConstraint' in scope
242 | guard let superAnchor = lsh.superAnchor else {
243 | return nil
/Users/admin/builder/spi-builder-workspace/Sources/RLayoutKit/Layout/LayoutBase.swift:264:62: error: cannot find type 'NSLayoutConstraint' in scope
262 |
263 | @discardableResult
264 | public static func == (lsh: AnchorWrapper, rsh: CGFloat) -> NSLayoutConstraint? {
| `- error: cannot find type 'NSLayoutConstraint' in scope
265 | guard let superAnchor = lsh.superAnchor else {
266 | return nil
/Users/admin/builder/spi-builder-workspace/Sources/RLayoutKit/Layout/LayoutBase.swift:280:62: error: cannot find type 'NSLayoutConstraint' in scope
278 |
279 | @discardableResult
280 | public static func == (lsh: AnchorWrapper, rsh: CGFloat) -> NSLayoutConstraint {
| `- error: cannot find type 'NSLayoutConstraint' in scope
281 | return lsh
282 | .anchor
/Users/admin/builder/spi-builder-workspace/Sources/RLayoutKit/Layout/LayoutPoint.swift:42:68: error: cannot find type 'NSLayoutConstraint' in scope
40 |
41 | @discardableResult
42 | public static func == (lsh: LayoutPoint, rsh: LayoutPoint) -> [NSLayoutConstraint] {
| `- error: cannot find type 'NSLayoutConstraint' in scope
43 | return [lsh.x == rsh.x,
44 | lsh.y == rsh.y]
/Users/admin/builder/spi-builder-workspace/Sources/RLayoutKit/Layout/LayoutSize.swift:47:62: error: cannot find type 'NSLayoutConstraint' in scope
45 |
46 | @discardableResult
47 | public static func == (lsh: LayoutSize, rsh: CGSize) -> [NSLayoutConstraint] {
| `- error: cannot find type 'NSLayoutConstraint' in scope
48 | return [lsh.width == rsh.width,
49 | lsh.height == rsh.height]
/Users/admin/builder/spi-builder-workspace/Sources/RLayoutKit/Layout/LayoutSize.swift:69:66: error: cannot find type 'NSLayoutConstraint' in scope
67 | extension LayoutSize {
68 | @discardableResult
69 | public static func == (lsh: LayoutSize, rsh: LayoutSize) -> [NSLayoutConstraint] {
| `- error: cannot find type 'NSLayoutConstraint' in scope
70 | return [lsh.width == rsh.width,
71 | lsh.height == rsh.height]
SwiftCompile normal arm64_32 /Users/admin/builder/spi-builder-workspace/Sources/RLayoutKit/Layout/LayoutEdge.swift (in target 'RLayoutKit' from project 'RLayoutKit')
cd /Users/admin/builder/spi-builder-workspace/.swiftpm/xcode
builtin-SwiftPerFileCompile LayoutEdge.swift
SwiftCompile normal arm64_32 Compiling\ RLayoutKit.swift /Users/admin/builder/spi-builder-workspace/Sources/RLayoutKit/Core/RLayoutKit.swift (in target 'RLayoutKit' from project 'RLayoutKit')
/Users/admin/builder/spi-builder-workspace/Sources/RLayoutKit/Core/RLayoutKit.swift:38:41: error: cannot find type 'View' in scope
36 | }
37 |
38 | extension RLayoutKitWrapper where Base: View {
| `- error: cannot find type 'View' in scope
39 |
40 | /// An instance self's superView wrapped with an `RLayoutKitWapper` container
/Users/admin/builder/spi-builder-workspace/Sources/RLayoutKit/Core/RLayoutKit.swift:41:40: error: cannot find type 'View' in scope
39 |
40 | /// An instance self's superView wrapped with an `RLayoutKitWapper` container
41 | public var `super`: RLayoutKitWrapper<View>? {
| `- error: cannot find type 'View' in scope
42 | guard let superview = base.superView else {
43 | return nil
/Users/admin/builder/spi-builder-workspace/Sources/RLayoutKit/Core/RLayoutKit.swift:63:11: error: cannot find type 'View' in scope
61 | public protocol RLayoutCompatible {}
62 |
63 | extension View: RLayoutCompatible {
| `- error: cannot find type 'View' in scope
64 | var superView: View? {
65 | #if os(macOS)
/Users/admin/builder/spi-builder-workspace/Sources/RLayoutKit/Core/RLayoutKit.swift:90:41: error: cannot find type 'View' in scope
88 | }
89 |
90 | extension RLayoutKitWrapper where Base: View {
| `- error: cannot find type 'View' in scope
91 |
92 | /// Method of adding constraints to package base(View) of RLayoutKitWapper
/Users/admin/builder/spi-builder-workspace/Sources/RLayoutKit/Core/RLayoutKit.swift:107:21: error: cannot find type 'View' in scope
105 | to view: T,
106 | andLayout handler: (RLayoutKitWrapper<Base>, RLayoutKitWrapper<T>) -> Void
107 | ) -> Base where T: View {
| `- error: cannot find type 'View' in scope
108 | base.addedTo(view)
109 | base.translatesAutoresizingMaskIntoConstraints = false
/Users/admin/builder/spi-builder-workspace/Sources/RLayoutKit/Core/RLayoutKit.swift:42:30: error: value of type 'Base' has no member 'superView'
40 | /// An instance self's superView wrapped with an `RLayoutKitWapper` container
41 | public var `super`: RLayoutKitWrapper<View>? {
42 | guard let superview = base.superView else {
| `- error: value of type 'Base' has no member 'superView'
43 | return nil
44 | }
/Users/admin/builder/spi-builder-workspace/Sources/RLayoutKit/Core/RLayoutKit.swift:46:28: error: cannot find type 'View' in scope
44 | }
45 |
46 | return RLayoutKitWrapper<View>(superview)
| `- error: cannot find type 'View' in scope
47 | }
48 | }
/Users/admin/builder/spi-builder-workspace/Sources/RLayoutKit/Core/RLayoutKit.swift:98:8: error: value of type 'Base' has no member 'translatesAutoresizingMaskIntoConstraints'
96 | @discardableResult
97 | public func layout(_ constrainHandler: (RLayoutKitWrapper) -> Void) -> Base {
98 | base.translatesAutoresizingMaskIntoConstraints = false
| `- error: value of type 'Base' has no member 'translatesAutoresizingMaskIntoConstraints'
99 | constrainHandler(base.rl)
100 | return base
/Users/admin/builder/spi-builder-workspace/Sources/RLayoutKit/Core/RLayoutKit.swift:99:25: error: value of type 'Base' has no member 'rl'
97 | public func layout(_ constrainHandler: (RLayoutKitWrapper) -> Void) -> Base {
98 | base.translatesAutoresizingMaskIntoConstraints = false
99 | constrainHandler(base.rl)
| `- error: value of type 'Base' has no member 'rl'
100 | return base
101 | }
/Users/admin/builder/spi-builder-workspace/Sources/RLayoutKit/Core/RLayoutKit.swift:108:8: error: value of type 'Base' has no member 'addedTo'
106 | andLayout handler: (RLayoutKitWrapper<Base>, RLayoutKitWrapper<T>) -> Void
107 | ) -> Base where T: View {
108 | base.addedTo(view)
| `- error: value of type 'Base' has no member 'addedTo'
109 | base.translatesAutoresizingMaskIntoConstraints = false
110 | handler(base.rl, view.rl)
/Users/admin/builder/spi-builder-workspace/Sources/RLayoutKit/Core/RLayoutKit.swift:109:8: error: value of type 'Base' has no member 'translatesAutoresizingMaskIntoConstraints'
107 | ) -> Base where T: View {
108 | base.addedTo(view)
109 | base.translatesAutoresizingMaskIntoConstraints = false
| `- error: value of type 'Base' has no member 'translatesAutoresizingMaskIntoConstraints'
110 | handler(base.rl, view.rl)
111 | return base
/Users/admin/builder/spi-builder-workspace/Sources/RLayoutKit/Core/RLayoutKit.swift:110:16: error: value of type 'Base' has no member 'rl'
108 | base.addedTo(view)
109 | base.translatesAutoresizingMaskIntoConstraints = false
110 | handler(base.rl, view.rl)
| `- error: value of type 'Base' has no member 'rl'
111 | return base
112 | }
SwiftCompile normal arm64_32 /Users/admin/builder/spi-builder-workspace/Sources/RLayoutKit/Core/RLayoutKit.swift (in target 'RLayoutKit' from project 'RLayoutKit')
cd /Users/admin/builder/spi-builder-workspace/.swiftpm/xcode
builtin-SwiftPerFileCompile RLayoutKit.swift
SwiftCompile normal arm64_32 Compiling\ SafeAreaGuideAnchors.swift /Users/admin/builder/spi-builder-workspace/Sources/RLayoutKit/Core/SafeAreaGuideAnchors.swift (in target 'RLayoutKit' from project 'RLayoutKit')
SwiftCompile normal arm64_32 /Users/admin/builder/spi-builder-workspace/Sources/RLayoutKit/Core/SafeAreaGuideAnchors.swift (in target 'RLayoutKit' from project 'RLayoutKit')
cd /Users/admin/builder/spi-builder-workspace/.swiftpm/xcode
builtin-SwiftPerFileCompile SafeAreaGuideAnchors.swift
SwiftCompile normal arm64_32 Compiling\ LayoutMarginsGuideAnchors.swift /Users/admin/builder/spi-builder-workspace/Sources/RLayoutKit/Core/LayoutMarginsGuideAnchors.swift (in target 'RLayoutKit' from project 'RLayoutKit')
SwiftCompile normal arm64_32 /Users/admin/builder/spi-builder-workspace/Sources/RLayoutKit/Core/LayoutMarginsGuideAnchors.swift (in target 'RLayoutKit' from project 'RLayoutKit')
cd /Users/admin/builder/spi-builder-workspace/.swiftpm/xcode
builtin-SwiftPerFileCompile LayoutMarginsGuideAnchors.swift
SwiftCompile normal arm64_32 Compiling\ LayoutSize.swift /Users/admin/builder/spi-builder-workspace/Sources/RLayoutKit/Layout/LayoutSize.swift (in target 'RLayoutKit' from project 'RLayoutKit')
/Users/admin/builder/spi-builder-workspace/Sources/RLayoutKit/Layout/LayoutSize.swift:19:30: error: cannot find type 'NSLayoutDimension' in scope
17 | public struct LayoutSize {
18 |
19 | let width: AnchorWrapper<NSLayoutDimension, NSLayoutDimension>
| `- error: cannot find type 'NSLayoutDimension' in scope
20 | let height: AnchorWrapper<NSLayoutDimension, NSLayoutDimension>
21 | }
/Users/admin/builder/spi-builder-workspace/Sources/RLayoutKit/Layout/LayoutSize.swift:20:31: error: cannot find type 'NSLayoutDimension' in scope
18 |
19 | let width: AnchorWrapper<NSLayoutDimension, NSLayoutDimension>
20 | let height: AnchorWrapper<NSLayoutDimension, NSLayoutDimension>
| `- error: cannot find type 'NSLayoutDimension' in scope
21 | }
22 |
/Users/admin/builder/spi-builder-workspace/Sources/RLayoutKit/Layout/LayoutSize.swift:47:62: error: cannot find type 'NSLayoutConstraint' in scope
45 |
46 | @discardableResult
47 | public static func == (lsh: LayoutSize, rsh: CGSize) -> [NSLayoutConstraint] {
| `- error: cannot find type 'NSLayoutConstraint' in scope
48 | return [lsh.width == rsh.width,
49 | lsh.height == rsh.height]
/Users/admin/builder/spi-builder-workspace/Sources/RLayoutKit/Layout/LayoutSize.swift:53:62: error: cannot find type 'NSLayoutConstraint' in scope
51 |
52 | @discardableResult
53 | public static func >= (lsh: LayoutSize, rsh: CGSize) -> [NSLayoutConstraint] {
| `- error: cannot find type 'NSLayoutConstraint' in scope
54 | return [lsh.width >= rsh.width,
55 | lsh.height >= rsh.height]
/Users/admin/builder/spi-builder-workspace/Sources/RLayoutKit/Layout/LayoutSize.swift:59:62: error: cannot find type 'NSLayoutConstraint' in scope
57 |
58 | @discardableResult
59 | public static func <= (lsh: LayoutSize, rsh: CGSize) -> [NSLayoutConstraint] {
| `- error: cannot find type 'NSLayoutConstraint' in scope
60 | return [lsh.width <= rsh.width,
61 | lsh.height <= rsh.height]
/Users/admin/builder/spi-builder-workspace/Sources/RLayoutKit/Layout/LayoutSize.swift:69:66: error: cannot find type 'NSLayoutConstraint' in scope
67 | extension LayoutSize {
68 | @discardableResult
69 | public static func == (lsh: LayoutSize, rsh: LayoutSize) -> [NSLayoutConstraint] {
| `- error: cannot find type 'NSLayoutConstraint' in scope
70 | return [lsh.width == rsh.width,
71 | lsh.height == rsh.height]
/Users/admin/builder/spi-builder-workspace/Sources/RLayoutKit/Layout/LayoutSize.swift:75:66: error: cannot find type 'NSLayoutConstraint' in scope
73 |
74 | @discardableResult
75 | public static func >= (lsh: LayoutSize, rsh: LayoutSize) -> [NSLayoutConstraint] {
| `- error: cannot find type 'NSLayoutConstraint' in scope
76 | return [lsh.width >= rsh.width,
77 | lsh.height >= rsh.height]
/Users/admin/builder/spi-builder-workspace/Sources/RLayoutKit/Layout/LayoutSize.swift:81:66: error: cannot find type 'NSLayoutConstraint' in scope
79 |
80 | @discardableResult
81 | public static func <= (lsh: LayoutSize, rsh: LayoutSize) -> [NSLayoutConstraint] {
| `- error: cannot find type 'NSLayoutConstraint' in scope
82 | return [lsh.width <= rsh.width,
83 | lsh.height <= rsh.height]
/Users/admin/builder/spi-builder-workspace/Sources/RLayoutKit/Layout/LayoutSize.swift:88:41: error: cannot find type 'View' in scope
86 |
87 | @available(iOS 9.0, *)
88 | extension RLayoutKitWrapper where Base: View {
| `- error: cannot find type 'View' in scope
89 |
90 | public var size: LayoutSize {
/Users/admin/builder/spi-builder-workspace/Sources/RLayoutKit/Core/LayoutAnchor.swift:29:40: error: cannot find type 'NSLayoutAnchor' in scope
27 | */
28 | @available(iOS 9.0, *)
29 | public struct AnchorWrapper<A, Anchor: NSLayoutAnchor<A>> {
| `- error: cannot find type 'NSLayoutAnchor' in scope
30 |
31 | public let anchor: Anchor
/Users/admin/builder/spi-builder-workspace/Sources/RLayoutKit/Layout/LayoutEdge.swift:47:49: error: cannot find type 'EdgeInsets' in scope
45 | extension LayoutEdge {
46 |
47 | public static func + (lsh: LayoutEdge, rsh: EdgeInsets) -> LayoutInsetsEdge {
| `- error: cannot find type 'EdgeInsets' in scope
48 | return LayoutInsetsEdge(leading: lsh.leading + rsh.left,
49 | trailing: lsh.trailing - rsh.right,
/Users/admin/builder/spi-builder-workspace/Sources/RLayoutKit/Layout/LayoutEdge.swift:70:55: error: cannot find type 'EdgeInsets' in scope
68 | let bottom: AnchorWrapper<NSLayoutYAxisAnchor, NSLayoutYAxisAnchor>
69 |
70 | public static func + (lsh: LayoutInsetsEdge, rsh: EdgeInsets) -> LayoutInsetsEdge {
| `- error: cannot find type 'EdgeInsets' in scope
71 | return LayoutInsetsEdge(leading: lsh.leading + rsh.left,
72 | trailing: lsh.trailing - rsh.right,
/Users/admin/builder/spi-builder-workspace/Sources/RLayoutKit/Layout/LayoutBase.swift:231:36: error: cannot find type 'NSLayoutYAxisAnchor' in scope
229 |
230 | @available(iOS 9.0, *)
231 | extension AnchorWrapper where A == NSLayoutYAxisAnchor, Anchor == NSLayoutYAxisAnchor {
| `- error: cannot find type 'NSLayoutYAxisAnchor' in scope
232 |
233 | @available(iOS 10.0, *)
/Users/admin/builder/spi-builder-workspace/Sources/RLayoutKit/Layout/LayoutBase.swift:231:67: error: cannot find type 'NSLayoutYAxisAnchor' in scope
229 |
230 | @available(iOS 9.0, *)
231 | extension AnchorWrapper where A == NSLayoutYAxisAnchor, Anchor == NSLayoutYAxisAnchor {
| `- error: cannot find type 'NSLayoutYAxisAnchor' in scope
232 |
233 | @available(iOS 10.0, *)
/Users/admin/builder/spi-builder-workspace/Sources/RLayoutKit/Layout/LayoutBase.swift:254:36: error: cannot find type 'NSLayoutXAxisAnchor' in scope
252 |
253 | @available(iOS 9.0, *)
254 | extension AnchorWrapper where A == NSLayoutXAxisAnchor, Anchor == NSLayoutXAxisAnchor {
| `- error: cannot find type 'NSLayoutXAxisAnchor' in scope
255 |
256 | @available(iOS 10.0, *)
/Users/admin/builder/spi-builder-workspace/Sources/RLayoutKit/Layout/LayoutBase.swift:254:67: error: cannot find type 'NSLayoutXAxisAnchor' in scope
252 |
253 | @available(iOS 9.0, *)
254 | extension AnchorWrapper where A == NSLayoutXAxisAnchor, Anchor == NSLayoutXAxisAnchor {
| `- error: cannot find type 'NSLayoutXAxisAnchor' in scope
255 |
256 | @available(iOS 10.0, *)
/Users/admin/builder/spi-builder-workspace/Sources/RLayoutKit/Layout/LayoutBase.swift:234:67: error: cannot find type 'NSLayoutDimension' in scope
232 |
233 | @available(iOS 10.0, *)
234 | public static func - (lsh: AnchorWrapper, rsh: AnchorWrapper) -> NSLayoutDimension {
| `- error: cannot find type 'NSLayoutDimension' in scope
235 | return lsh
236 | .anchor
/Users/admin/builder/spi-builder-workspace/Sources/RLayoutKit/Layout/LayoutBase.swift:257:67: error: cannot find type 'NSLayoutDimension' in scope
255 |
256 | @available(iOS 10.0, *)
257 | public static func - (lsh: AnchorWrapper, rsh: AnchorWrapper) -> NSLayoutDimension {
| `- error: cannot find type 'NSLayoutDimension' in scope
258 | return lsh
259 | .anchor
/Users/admin/builder/spi-builder-workspace/Sources/RLayoutKit/Layout/LayoutEdge.swift:54:49: error: cannot find type 'EdgeInsets' in scope
52 | }
53 |
54 | public static func - (lsh: LayoutEdge, rsh: EdgeInsets) -> LayoutInsetsEdge {
| `- error: cannot find type 'EdgeInsets' in scope
55 | return LayoutInsetsEdge(leading: lsh.leading - rsh.left,
56 | trailing: lsh.trailing + rsh.right,
/Users/admin/builder/spi-builder-workspace/Sources/RLayoutKit/Layout/LayoutEdge.swift:77:55: error: cannot find type 'EdgeInsets' in scope
75 | }
76 |
77 | public static func - (lsh: LayoutInsetsEdge, rsh: EdgeInsets) -> LayoutInsetsEdge {
| `- error: cannot find type 'EdgeInsets' in scope
78 | return LayoutInsetsEdge(leading: lsh.leading - rsh.left,
79 | trailing: lsh.trailing + rsh.right,
/Users/admin/builder/spi-builder-workspace/Sources/RLayoutKit/Layout/LayoutBase.swift:277:36: error: cannot find type 'NSLayoutDimension' in scope
275 |
276 | @available(iOS 9.0, *)
277 | extension AnchorWrapper where A == NSLayoutDimension, Anchor == NSLayoutDimension {
| `- error: cannot find type 'NSLayoutDimension' in scope
278 |
279 | @discardableResult
/Users/admin/builder/spi-builder-workspace/Sources/RLayoutKit/Layout/LayoutBase.swift:277:65: error: cannot find type 'NSLayoutDimension' in scope
275 |
276 | @available(iOS 9.0, *)
277 | extension AnchorWrapper where A == NSLayoutDimension, Anchor == NSLayoutDimension {
| `- error: cannot find type 'NSLayoutDimension' in scope
278 |
279 | @discardableResult
/Users/admin/builder/spi-builder-workspace/Sources/RLayoutKit/Layout/LayoutBase.swift:241:62: error: cannot find type 'NSLayoutConstraint' in scope
239 |
240 | @discardableResult
241 | public static func == (lsh: AnchorWrapper, rsh: CGFloat) -> NSLayoutConstraint? {
| `- error: cannot find type 'NSLayoutConstraint' in scope
242 | guard let superAnchor = lsh.superAnchor else {
243 | return nil
/Users/admin/builder/spi-builder-workspace/Sources/RLayoutKit/Layout/LayoutBase.swift:264:62: error: cannot find type 'NSLayoutConstraint' in scope
262 |
263 | @discardableResult
264 | public static func == (lsh: AnchorWrapper, rsh: CGFloat) -> NSLayoutConstraint? {
| `- error: cannot find type 'NSLayoutConstraint' in scope
265 | guard let superAnchor = lsh.superAnchor else {
266 | return nil
/Users/admin/builder/spi-builder-workspace/Sources/RLayoutKit/Layout/LayoutBase.swift:280:62: error: cannot find type 'NSLayoutConstraint' in scope
278 |
279 | @discardableResult
280 | public static func == (lsh: AnchorWrapper, rsh: CGFloat) -> NSLayoutConstraint {
| `- error: cannot find type 'NSLayoutConstraint' in scope
281 | return lsh
282 | .anchor
/Users/admin/builder/spi-builder-workspace/Sources/RLayoutKit/Layout/LayoutEdge.swift:27:66: error: cannot find type 'NSLayoutConstraint' in scope
25 |
26 | @discardableResult
27 | public static func == (lsh: LayoutEdge, rsh: LayoutEdge) -> [NSLayoutConstraint] {
| `- error: cannot find type 'NSLayoutConstraint' in scope
28 | return [lsh.leading == rsh.leading,
29 | lsh.trailing == rsh.trailing,
/Users/admin/builder/spi-builder-workspace/Sources/RLayoutKit/Layout/LayoutEdge.swift:35:72: error: cannot find type 'NSLayoutConstraint' in scope
33 |
34 | @discardableResult
35 | public static func == (lsh: LayoutEdge, rsh: LayoutInsetsEdge) -> [NSLayoutConstraint] {
| `- error: cannot find type 'NSLayoutConstraint' in scope
36 |
37 | return [lsh.leading == rsh.leading,
/Users/admin/builder/spi-builder-workspace/Sources/RLayoutKit/Layout/LayoutPoint.swift:42:68: error: cannot find type 'NSLayoutConstraint' in scope
40 |
41 | @discardableResult
42 | public static func == (lsh: LayoutPoint, rsh: LayoutPoint) -> [NSLayoutConstraint] {
| `- error: cannot find type 'NSLayoutConstraint' in scope
43 | return [lsh.x == rsh.x,
44 | lsh.y == rsh.y]
SwiftCompile normal arm64_32 /Users/admin/builder/spi-builder-workspace/Sources/RLayoutKit/Layout/LayoutSize.swift (in target 'RLayoutKit' from project 'RLayoutKit')
cd /Users/admin/builder/spi-builder-workspace/.swiftpm/xcode
builtin-SwiftPerFileCompile LayoutSize.swift
SwiftEmitModule normal arm64 Emitting\ module\ for\ RLayoutKit (in target 'RLayoutKit' from project 'RLayoutKit')
SwiftCompile normal arm64 (in target 'RLayoutKit' from project 'RLayoutKit')
cd /Users/admin/builder/spi-builder-workspace/.swiftpm/xcode
PruneExplicitPrecompiledModules /Users/admin/builder/spi-builder-workspace/.derivedData/SDKExplicitPrecompiledModules
PruneExplicitPrecompiledModules /Users/admin/builder/spi-builder-workspace/.derivedData/Build/Intermediates.noindex/ExplicitPrecompiledModules
PruneExplicitPrecompiledModules /Users/admin/builder/spi-builder-workspace/.derivedData/Build/Intermediates.noindex/SwiftExplicitPrecompiledModules
2026-09-18 20:27:45.600 xcodebuild[746:4743] [MT] IDERunDestination: Supported platforms for the buildables in the current scheme is empty.
** BUILD FAILED **
The following build commands failed:
SwiftCompile normal arm64_32 (in target 'RLayoutKit' from project 'RLayoutKit')
SwiftEmitModule normal arm64_32 Emitting\ module\ for\ RLayoutKit (in target 'RLayoutKit' from project 'RLayoutKit')
Building workspace RLayoutKit with scheme RLayoutKit
(3 failures)
BUILD FAILURE 6.4 watchOS