Build Information
Failed to build AZDial, reference 3.3.0 (860d62), with Swift 6.4 for watchOS using Xcode 27.0 on 25 Sep 2026 08:03:41 UTC.
Build Command
No build command. This typically means the build failed at an early stage where we determine the build command.Build Log
========================================
RunAll
========================================
Builder version: 5.1.0
Interrupt handler set up.
========================================
Checkout
========================================
Clone URL: https://github.com/SumPositive/AZDial.git
Reference: 3.3.0
Initialized empty Git repository in /Users/admin/builder/spi-builder-workspace/.git/
From https://github.com/SumPositive/AZDial
* tag 3.3.0 -> FETCH_HEAD
HEAD is now at 860d627 ダイアル領域での上下操作を親に伝えるように改善した
Cloned https://github.com/SumPositive/AZDial.git
Revision (git rev-parse @):
860d62717bc3c516f8478879a3272198b6cabb36
SPI manifest file found: $PWD/.spi.yml
SUCCESS checkout https://github.com/SumPositive/AZDial.git at 3.3.0
========================================
Build
========================================
Selected platform: watchOS
Swift version: 6.4
Building package at path: $PWD
https://github.com/SumPositive/AZDial.git
Command line invocation:
/Applications/Xcode-27.0.0-Release.Candidate.app/Contents/Developer/usr/bin/xcodebuild -IDEClonedSourcePackagesDirPathOverride=/Users/admin/builder/spi-builder-workspace/.dependencies -resolvePackageDependencies
Resolve Package Graph
the package at '/Users/admin/builder/AZDial' cannot be accessed (/Users/admin/builder/AZDial doesn't exist in file system)
2026-09-25 04:03:39.263 xcodebuild[524:3007] Writing error result bundle to /var/folders/xq/y_g06wb113726d38xsyx71_h0000gn/T/ResultBundle_2026-25-09_04-03-0039.xcresult
xcodebuild: error: Could not resolve package dependencies:
the package at '/Users/admin/builder/AZDial' cannot be accessed (/Users/admin/builder/AZDial doesn't exist in file system)
Command line invocation:
/Applications/Xcode-27.0.0-Release.Candidate.app/Contents/Developer/usr/bin/xcodebuild -IDEClonedSourcePackagesDirPathOverride=/Users/admin/builder/spi-builder-workspace/.dependencies -resolvePackageDependencies
Resolve Package Graph
the package at '/Users/admin/builder/AZDial' cannot be accessed (/Users/admin/builder/AZDial doesn't exist in file system)
2026-09-25 04:03:41.166 xcodebuild[576:3447] Writing error result bundle to /var/folders/xq/y_g06wb113726d38xsyx71_h0000gn/T/ResultBundle_2026-25-09_04-03-0041.xcresult
xcodebuild: error: Could not resolve package dependencies:
the package at '/Users/admin/builder/AZDial' cannot be accessed (/Users/admin/builder/AZDial doesn't exist in file system)
BUILD FAILURE 6.4 watchOS