Build Information
Failed to build NetworkConnection, reference main (ed299c), with Swift 6.4 for visionOS using Xcode 27.0 on 21 Sep 2026 04:14:59 UTC.
Build Command
env DEVELOPER_DIR=/Applications/Xcode-27.0.0-Release.Candidate.app xcrun xcodebuild -IDEClonedSourcePackagesDirPathOverride=$PWD/.dependencies -skipMacroValidation -skipPackagePluginValidation -derivedDataPath $PWD/.derivedData build -scheme NetworkConnection-Package -destination generic/platform=xrOSBuild Log
========================================
RunAll
========================================
Builder version: 5.1.0
Interrupt handler set up.
========================================
Checkout
========================================
Clone URL: https://github.com/Melsaeed276/NetworkConnectionManager.git
Reference: main
Initialized empty Git repository in /Users/admin/builder/spi-builder-workspace/.git/
From https://github.com/Melsaeed276/NetworkConnectionManager
* branch main -> FETCH_HEAD
* [new branch] main -> origin/main
HEAD is now at ed299ca bugfix
Cloned https://github.com/Melsaeed276/NetworkConnectionManager.git
Revision (git rev-parse @):
ed299cac162f9e934502b9d9fa7ca463b2041020
SUCCESS checkout https://github.com/Melsaeed276/NetworkConnectionManager.git at main
========================================
Build
========================================
Selected platform: visionOS
Swift version: 6.4
Building package at path: $PWD
https://github.com/Melsaeed276/NetworkConnectionManager.git
Command line invocation:
/Applications/Xcode-27.0.0-Release.Candidate.app/Contents/Developer/usr/bin/xcodebuild -IDEClonedSourcePackagesDirPathOverride=/Users/admin/builder/spi-builder-workspace/.dependencies -resolvePackageDependencies
Resolve Package Graph
Resolve Package Graph
Resolved source packages:
NetworkConnection: /Users/admin/builder/spi-builder-workspace
resolved source packages: NetworkConnection
2026-09-21 00:14:03.097 xcodebuild[529:3030] [MT] IDERunDestination: Supported platforms for the buildables in the current scheme is empty.
2026-09-21 00:14:03.249 xcodebuild[529:3030] [MT] IDERunDestination: Supported platforms for the buildables in the current scheme is empty.
2026-09-21 00:14:04.907 xcodebuild[529:3030] [MT] IDERunDestination: Supported platforms for the buildables in the current scheme is empty.
{
"default_localization" : "en",
"dependencies" : [
],
"manifest_display_name" : "NetworkConnection",
"name" : "NetworkConnection",
"path" : "/Users/admin/builder/spi-builder-workspace",
"platforms" : [
{
"name" : "ios",
"version" : "15.0"
},
{
"name" : "macos",
"version" : "11.0"
}
],
"products" : [
{
"name" : "NetworkConnection",
"targets" : [
"NetworkConnection"
],
"type" : {
"library" : [
"automatic"
]
}
}
],
"swift_languages_versions" : [
"5"
],
"targets" : [
{
"c99name" : "NetworkConnectionTests",
"module_type" : "SwiftTarget",
"name" : "NetworkConnectionTests",
"path" : "Tests/NetworkConnectionTests",
"sources" : [
"NetworkConnectionTests.swift"
],
"target_dependencies" : [
"NetworkConnection"
],
"type" : "test"
},
{
"c99name" : "NetworkConnection",
"module_type" : "SwiftTarget",
"name" : "NetworkConnection",
"path" : "Sources/NetworkConnection",
"product_memberships" : [
"NetworkConnection"
],
"sources" : [
"NetworkConnection.swift",
"NetworkStatusController.swift",
"Utils/FontExt.swift",
"Utils/StringExt.swift",
"Utils/SwiftUIExt.swift",
"Utils/UIKitExt.swift",
"View/Dialog/InternetAlert.swift"
],
"type" : "library"
}
],
"tools_version" : "5.10"
}
{
"workspace" : {
"name" : "NetworkConnection",
"schemes" : [
"NetworkConnection",
"NetworkConnection-Package"
]
}
}
2026-09-21 00:14:40.573 xcodebuild[626:3830] [MT] IDERunDestination: Supported platforms for the buildables in the current scheme is empty.
2026-09-21 00:14:40.716 xcodebuild[626:3830] [MT] IDERunDestination: Supported platforms for the buildables in the current scheme is empty.
{
"workspace" : {
"name" : "NetworkConnection",
"schemes" : [
"NetworkConnection",
"NetworkConnection-Package"
]
}
}
2026-09-21 00:14:41.629 xcodebuild[628:3887] [MT] IDERunDestination: Supported platforms for the buildables in the current scheme is empty.
2026-09-21 00:14:41.773 xcodebuild[628:3887] [MT] IDERunDestination: Supported platforms for the buildables in the current scheme is empty.
Running build ...
env DEVELOPER_DIR=/Applications/Xcode-27.0.0-Release.Candidate.app xcrun xcodebuild -IDEClonedSourcePackagesDirPathOverride=$PWD/.dependencies -skipMacroValidation -skipPackagePluginValidation -derivedDataPath $PWD/.derivedData build -scheme NetworkConnection-Package -destination generic/platform=xrOS
Command line invocation:
/Applications/Xcode-27.0.0-Release.Candidate.app/Contents/Developer/usr/bin/xcodebuild -IDEClonedSourcePackagesDirPathOverride=/Users/admin/builder/spi-builder-workspace/.dependencies -skipMacroValidation -skipPackagePluginValidation -derivedDataPath /Users/admin/builder/spi-builder-workspace/.derivedData build -scheme NetworkConnection-Package -destination generic/platform=xrOS
Resolve Package Graph
Resolved source packages:
NetworkConnection: /Users/admin/builder/spi-builder-workspace
ComputePackagePrebuildTargetDependencyGraph
Prepare packages
CreateBuildRequest
SendProjectDescription
CreateBuildOperation
ComputeTargetDependencyGraph
note: Building targets in dependency order
note: Target dependency graph (3 targets)
Target 'NetworkConnection-product' in project 'NetworkConnection'
➜ Explicit dependency on target 'NetworkConnection' in project 'NetworkConnection'
➜ Explicit dependency on target 'NetworkConnection_NetworkConnection' in project 'NetworkConnection'
Target 'NetworkConnection' in project 'NetworkConnection'
➜ Explicit dependency on target 'NetworkConnection_NetworkConnection' in project 'NetworkConnection'
Target 'NetworkConnection_NetworkConnection' in project 'NetworkConnection' (no dependencies)
GatherProvisioningInputs
CreateBuildDescription
ExecuteExternalTool /Applications/Xcode-27.0.0-Release.Candidate.app/Contents/Developer/Toolchains/XcodeDefault.xctoolchain/usr/bin/clang -v -E -dM -isysroot /Applications/Xcode-27.0.0-Release.Candidate.app/Contents/Developer/Platforms/XROS.platform/Developer/SDKs/XROS27.0.sdk -x c -c /dev/null
ExecuteExternalTool /Applications/Xcode-27.0.0-Release.Candidate.app/Contents/Developer/usr/bin/xcstringstool compile --dry-run --output-directory /Users/admin/builder/spi-builder-workspace/.derivedData/Build/Intermediates.noindex/NetworkConnection.build/Debug-xros/NetworkConnection_NetworkConnection-b.build /Users/admin/builder/spi-builder-workspace/Sources/NetworkConnection/Resources/Localizable.xcstrings
ExecuteExternalTool /Applications/Xcode-27.0.0-Release.Candidate.app/Contents/Developer/Toolchains/XcodeDefault.xctoolchain/usr/bin/swiftc --version
ExecuteExternalTool /Applications/Xcode-27.0.0-Release.Candidate.app/Contents/Developer/Toolchains/XcodeDefault.xctoolchain/usr/bin/ld -version_details
Build description signature: 988f42f3b2d3c070fc0572ea219febea
Build description path: /Users/admin/builder/spi-builder-workspace/.derivedData/Build/Intermediates.noindex/XCBuildData/988f42f3b2d3c070fc0572ea219febea.xcbuilddata
CreateBuildDirectory /Users/admin/builder/spi-builder-workspace/.derivedData/SDKExplicitPrecompiledModules
cd /Users/admin/builder/spi-builder-workspace/.swiftpm/xcode
builtin-create-build-directory /Users/admin/builder/spi-builder-workspace/.derivedData/SDKExplicitPrecompiledModules
CreateBuildDirectory /Users/admin/builder/spi-builder-workspace/.derivedData/ModuleCache.noindex
cd /Users/admin/builder/spi-builder-workspace/.swiftpm/xcode
builtin-create-build-directory /Users/admin/builder/spi-builder-workspace/.derivedData/ModuleCache.noindex
CreateBuildDirectory /Users/admin/builder/spi-builder-workspace/.derivedData/CompilationCache.noindex
cd /Users/admin/builder/spi-builder-workspace/.swiftpm/xcode
builtin-create-build-directory /Users/admin/builder/spi-builder-workspace/.derivedData/CompilationCache.noindex
CreateBuildDirectory /Users/admin/builder/spi-builder-workspace/.derivedData/Build/Intermediates.noindex
cd /Users/admin/builder/spi-builder-workspace/.swiftpm/xcode
builtin-create-build-directory /Users/admin/builder/spi-builder-workspace/.derivedData/Build/Intermediates.noindex
CreateBuildDirectory /Users/admin/builder/spi-builder-workspace/.derivedData/Build/Products
cd /Users/admin/builder/spi-builder-workspace/.swiftpm/xcode
builtin-create-build-directory /Users/admin/builder/spi-builder-workspace/.derivedData/Build/Products
ClangStatCache /Applications/Xcode-27.0.0-Release.Candidate.app/Contents/Developer/Toolchains/XcodeDefault.xctoolchain/usr/bin/clang-stat-cache /Applications/Xcode-27.0.0-Release.Candidate.app/Contents/Developer/Platforms/XROS.platform/Developer/SDKs/XROS27.0.sdk /Users/admin/builder/spi-builder-workspace/.derivedData/SDKStatCaches.noindex/xros27.0-24M361-e829b21a6f8c9b70876ba0858053c044735bd543db762f57723cac368afd1ce4.sdkstatcache
cd /Users/admin/builder/spi-builder-workspace/.swiftpm/xcode
/Applications/Xcode-27.0.0-Release.Candidate.app/Contents/Developer/Toolchains/XcodeDefault.xctoolchain/usr/bin/clang-stat-cache /Applications/Xcode-27.0.0-Release.Candidate.app/Contents/Developer/Platforms/XROS.platform/Developer/SDKs/XROS27.0.sdk -o /Users/admin/builder/spi-builder-workspace/.derivedData/SDKStatCaches.noindex/xros27.0-24M361-e829b21a6f8c9b70876ba0858053c044735bd543db762f57723cac368afd1ce4.sdkstatcache
CreateBuildDirectory /Users/admin/builder/spi-builder-workspace/.derivedData/Build/Intermediates.noindex/SwiftExplicitPrecompiledModules
cd /Users/admin/builder/spi-builder-workspace/.swiftpm/xcode
builtin-create-build-directory /Users/admin/builder/spi-builder-workspace/.derivedData/Build/Intermediates.noindex/SwiftExplicitPrecompiledModules
CreateBuildDirectory /Users/admin/builder/spi-builder-workspace/.derivedData/Build/Intermediates.noindex/PrecompiledHeaders
cd /Users/admin/builder/spi-builder-workspace/.swiftpm/xcode
builtin-create-build-directory /Users/admin/builder/spi-builder-workspace/.derivedData/Build/Intermediates.noindex/PrecompiledHeaders
CreateBuildDirectory /Users/admin/builder/spi-builder-workspace/.derivedData/Build/Intermediates.noindex/ExplicitPrecompiledModules
cd /Users/admin/builder/spi-builder-workspace/.swiftpm/xcode
builtin-create-build-directory /Users/admin/builder/spi-builder-workspace/.derivedData/Build/Intermediates.noindex/ExplicitPrecompiledModules
CreateBuildDirectory /Users/admin/builder/spi-builder-workspace/.derivedData/Build/Intermediates.noindex/EagerLinkingTBDs/Debug-xros
cd /Users/admin/builder/spi-builder-workspace/.swiftpm/xcode
builtin-create-build-directory /Users/admin/builder/spi-builder-workspace/.derivedData/Build/Intermediates.noindex/EagerLinkingTBDs/Debug-xros
CreateBuildDirectory /Users/admin/builder/spi-builder-workspace/.derivedData/Build/Products/Debug-xros
cd /Users/admin/builder/spi-builder-workspace/.swiftpm/xcode
builtin-create-build-directory /Users/admin/builder/spi-builder-workspace/.derivedData/Build/Products/Debug-xros
CreateBuildDirectory /Users/admin/builder/spi-builder-workspace/.derivedData/Build/Products/Debug-xros/PackageFrameworks
cd /Users/admin/builder/spi-builder-workspace/.swiftpm/xcode
builtin-create-build-directory /Users/admin/builder/spi-builder-workspace/.derivedData/Build/Products/Debug-xros/PackageFrameworks
MkDir /Users/admin/builder/spi-builder-workspace/.derivedData/Build/Products/Debug-xros/NetworkConnection_NetworkConnection.bundle (in target 'NetworkConnection_NetworkConnection' from project 'NetworkConnection')
cd /Users/admin/builder/spi-builder-workspace
/bin/mkdir -p /Users/admin/builder/spi-builder-workspace/.derivedData/Build/Products/Debug-xros/NetworkConnection_NetworkConnection.bundle
WriteAuxiliaryFile /Users/admin/builder/spi-builder-workspace/.derivedData/Build/Intermediates.noindex/NetworkConnection.build/Debug-xros/NetworkConnection_NetworkConnection-b.build/NetworkConnection_NetworkConnection.DependencyStaticMetadataFileList (in target 'NetworkConnection_NetworkConnection' from project 'NetworkConnection')
cd /Users/admin/builder/spi-builder-workspace
write-file /Users/admin/builder/spi-builder-workspace/.derivedData/Build/Intermediates.noindex/NetworkConnection.build/Debug-xros/NetworkConnection_NetworkConnection-b.build/NetworkConnection_NetworkConnection.DependencyStaticMetadataFileList
WriteAuxiliaryFile /Users/admin/builder/spi-builder-workspace/.derivedData/Build/Intermediates.noindex/NetworkConnection.build/Debug-xros/NetworkConnection_NetworkConnection-b.build/NetworkConnection_NetworkConnection.DependencyMetadataFileList (in target 'NetworkConnection_NetworkConnection' from project 'NetworkConnection')
cd /Users/admin/builder/spi-builder-workspace
write-file /Users/admin/builder/spi-builder-workspace/.derivedData/Build/Intermediates.noindex/NetworkConnection.build/Debug-xros/NetworkConnection_NetworkConnection-b.build/NetworkConnection_NetworkConnection.DependencyMetadataFileList
WriteAuxiliaryFile /Users/admin/builder/spi-builder-workspace/.derivedData/Build/Intermediates.noindex/NetworkConnection.build/Debug-xros/NetworkConnection_NetworkConnection-b.build/empty-NetworkConnection_NetworkConnection.plist (in target 'NetworkConnection_NetworkConnection' from project 'NetworkConnection')
cd /Users/admin/builder/spi-builder-workspace
write-file /Users/admin/builder/spi-builder-workspace/.derivedData/Build/Intermediates.noindex/NetworkConnection.build/Debug-xros/NetworkConnection_NetworkConnection-b.build/empty-NetworkConnection_NetworkConnection.plist
WriteAuxiliaryFile /Users/admin/builder/spi-builder-workspace/.derivedData/Build/Intermediates.noindex/NetworkConnection.build/Debug-xros/NetworkConnection-t.build/Objects-normal/arm64/NetworkConnection.SwiftFileList (in target 'NetworkConnection' from project 'NetworkConnection')
cd /Users/admin/builder/spi-builder-workspace
write-file /Users/admin/builder/spi-builder-workspace/.derivedData/Build/Intermediates.noindex/NetworkConnection.build/Debug-xros/NetworkConnection-t.build/Objects-normal/arm64/NetworkConnection.SwiftFileList
WriteAuxiliaryFile /Users/admin/builder/spi-builder-workspace/.derivedData/Build/Intermediates.noindex/NetworkConnection.build/Debug-xros/NetworkConnection-t.build/Objects-normal/arm64/NetworkConnection.LinkFileList (in target 'NetworkConnection' from project 'NetworkConnection')
cd /Users/admin/builder/spi-builder-workspace
write-file /Users/admin/builder/spi-builder-workspace/.derivedData/Build/Intermediates.noindex/NetworkConnection.build/Debug-xros/NetworkConnection-t.build/Objects-normal/arm64/NetworkConnection.LinkFileList
WriteAuxiliaryFile /Users/admin/builder/spi-builder-workspace/.derivedData/Build/Intermediates.noindex/NetworkConnection.build/Debug-xros/NetworkConnection-t.build/Objects-normal/arm64/NetworkConnection_const_extract_protocols.json (in target 'NetworkConnection' from project 'NetworkConnection')
cd /Users/admin/builder/spi-builder-workspace
write-file /Users/admin/builder/spi-builder-workspace/.derivedData/Build/Intermediates.noindex/NetworkConnection.build/Debug-xros/NetworkConnection-t.build/Objects-normal/arm64/NetworkConnection_const_extract_protocols.json
WriteAuxiliaryFile /Users/admin/builder/spi-builder-workspace/.derivedData/Build/Intermediates.noindex/NetworkConnection.build/Debug-xros/NetworkConnection-t.build/Objects-normal/arm64/NetworkConnection-OutputFileMap.json (in target 'NetworkConnection' from project 'NetworkConnection')
cd /Users/admin/builder/spi-builder-workspace
write-file /Users/admin/builder/spi-builder-workspace/.derivedData/Build/Intermediates.noindex/NetworkConnection.build/Debug-xros/NetworkConnection-t.build/Objects-normal/arm64/NetworkConnection-OutputFileMap.json
WriteAuxiliaryFile /Users/admin/builder/spi-builder-workspace/.derivedData/Build/Intermediates.noindex/NetworkConnection.build/Debug-xros/NetworkConnection-t.build/Objects-normal/arm64/NetworkConnection.SwiftConstValuesFileList (in target 'NetworkConnection' from project 'NetworkConnection')
cd /Users/admin/builder/spi-builder-workspace
write-file /Users/admin/builder/spi-builder-workspace/.derivedData/Build/Intermediates.noindex/NetworkConnection.build/Debug-xros/NetworkConnection-t.build/Objects-normal/arm64/NetworkConnection.SwiftConstValuesFileList
WriteAuxiliaryFile /Users/admin/builder/spi-builder-workspace/.derivedData/Build/Intermediates.noindex/NetworkConnection.build/Debug-xros/NetworkConnection-t.build/NetworkConnection.modulemap (in target 'NetworkConnection' from project 'NetworkConnection')
cd /Users/admin/builder/spi-builder-workspace
write-file /Users/admin/builder/spi-builder-workspace/.derivedData/Build/Intermediates.noindex/NetworkConnection.build/Debug-xros/NetworkConnection-t.build/NetworkConnection.modulemap
WriteAuxiliaryFile /Users/admin/builder/spi-builder-workspace/.derivedData/Build/Intermediates.noindex/NetworkConnection.build/Debug-xros/NetworkConnection-t.build/NetworkConnection.DependencyStaticMetadataFileList (in target 'NetworkConnection' from project 'NetworkConnection')
cd /Users/admin/builder/spi-builder-workspace
write-file /Users/admin/builder/spi-builder-workspace/.derivedData/Build/Intermediates.noindex/NetworkConnection.build/Debug-xros/NetworkConnection-t.build/NetworkConnection.DependencyStaticMetadataFileList
WriteAuxiliaryFile /Users/admin/builder/spi-builder-workspace/.derivedData/Build/Intermediates.noindex/NetworkConnection.build/Debug-xros/NetworkConnection-t.build/NetworkConnection.DependencyMetadataFileList (in target 'NetworkConnection' from project 'NetworkConnection')
cd /Users/admin/builder/spi-builder-workspace
write-file /Users/admin/builder/spi-builder-workspace/.derivedData/Build/Intermediates.noindex/NetworkConnection.build/Debug-xros/NetworkConnection-t.build/NetworkConnection.DependencyMetadataFileList
WriteAuxiliaryFile /Users/admin/builder/spi-builder-workspace/.derivedData/Build/Intermediates.noindex/NetworkConnection.build/Debug-xros/NetworkConnection-t.build/DerivedSources/resource_bundle_accessor.swift (in target 'NetworkConnection' from project 'NetworkConnection')
cd /Users/admin/builder/spi-builder-workspace
write-file /Users/admin/builder/spi-builder-workspace/.derivedData/Build/Intermediates.noindex/NetworkConnection.build/Debug-xros/NetworkConnection-t.build/DerivedSources/resource_bundle_accessor.swift
Copy /Users/admin/builder/spi-builder-workspace/.derivedData/Build/Intermediates.noindex/GeneratedModuleMaps-xros/NetworkConnection.modulemap /Users/admin/builder/spi-builder-workspace/.derivedData/Build/Intermediates.noindex/NetworkConnection.build/Debug-xros/NetworkConnection-t.build/NetworkConnection.modulemap (in target 'NetworkConnection' from project 'NetworkConnection')
cd /Users/admin/builder/spi-builder-workspace
builtin-copy -exclude .DS_Store -exclude CVS -exclude .svn -exclude .git -exclude .hg -resolve-src-symlinks /Users/admin/builder/spi-builder-workspace/.derivedData/Build/Intermediates.noindex/NetworkConnection.build/Debug-xros/NetworkConnection-t.build/NetworkConnection.modulemap /Users/admin/builder/spi-builder-workspace/.derivedData/Build/Intermediates.noindex/GeneratedModuleMaps-xros
ProcessInfoPlistFile /Users/admin/builder/spi-builder-workspace/.derivedData/Build/Products/Debug-xros/NetworkConnection_NetworkConnection.bundle/Info.plist /Users/admin/builder/spi-builder-workspace/.derivedData/Build/Intermediates.noindex/NetworkConnection.build/Debug-xros/NetworkConnection_NetworkConnection-b.build/empty-NetworkConnection_NetworkConnection.plist (in target 'NetworkConnection_NetworkConnection' from project 'NetworkConnection')
cd /Users/admin/builder/spi-builder-workspace
builtin-infoPlistUtility /Users/admin/builder/spi-builder-workspace/.derivedData/Build/Intermediates.noindex/NetworkConnection.build/Debug-xros/NetworkConnection_NetworkConnection-b.build/empty-NetworkConnection_NetworkConnection.plist -producttype com.apple.product-type.bundle -expandbuildsettings -format binary -platform xros -o /Users/admin/builder/spi-builder-workspace/.derivedData/Build/Products/Debug-xros/NetworkConnection_NetworkConnection.bundle/Info.plist
CompileXCStrings /Users/admin/builder/spi-builder-workspace/.derivedData/Build/Intermediates.noindex/NetworkConnection.build/Debug-xros/NetworkConnection_NetworkConnection-b.build/ /Users/admin/builder/spi-builder-workspace/Sources/NetworkConnection/Resources/Localizable.xcstrings (in target 'NetworkConnection_NetworkConnection' from project 'NetworkConnection')
cd /Users/admin/builder/spi-builder-workspace
/Applications/Xcode-27.0.0-Release.Candidate.app/Contents/Developer/usr/bin/xcstringstool compile --output-directory /Users/admin/builder/spi-builder-workspace/.derivedData/Build/Intermediates.noindex/NetworkConnection.build/Debug-xros/NetworkConnection_NetworkConnection-b.build /Users/admin/builder/spi-builder-workspace/Sources/NetworkConnection/Resources/Localizable.xcstrings
GenerateStringSymbols /Users/admin/builder/spi-builder-workspace/.derivedData/Build/Intermediates.noindex/NetworkConnection.build/Debug-xros/NetworkConnection-t.build/DerivedSources/GeneratedStringSymbols_Localizable.swift /Users/admin/builder/spi-builder-workspace/Sources/NetworkConnection/Resources/Localizable.xcstrings (in target 'NetworkConnection' from project 'NetworkConnection')
cd /Users/admin/builder/spi-builder-workspace
/Applications/Xcode-27.0.0-Release.Candidate.app/Contents/Developer/usr/bin/xcstringstool generate-symbols --language swift --output-directory /Users/admin/builder/spi-builder-workspace/.derivedData/Build/Intermediates.noindex/NetworkConnection.build/Debug-xros/NetworkConnection-t.build/DerivedSources /Users/admin/builder/spi-builder-workspace/Sources/NetworkConnection/Resources/Localizable.xcstrings
CopyStringsFile /Users/admin/builder/spi-builder-workspace/.derivedData/Build/Products/Debug-xros/NetworkConnection_NetworkConnection.bundle/tr.lproj/Localizable.strings /Users/admin/builder/spi-builder-workspace/.derivedData/Build/Intermediates.noindex/NetworkConnection.build/Debug-xros/NetworkConnection_NetworkConnection-b.build/tr.lproj/Localizable.strings (in target 'NetworkConnection_NetworkConnection' from project 'NetworkConnection')
cd /Users/admin/builder/spi-builder-workspace
builtin-copyStrings --validate --outputencoding binary --outfilename Localizable.strings --outdir /Users/admin/builder/spi-builder-workspace/.derivedData/Build/Products/Debug-xros/NetworkConnection_NetworkConnection.bundle/tr.lproj -- /Users/admin/builder/spi-builder-workspace/.derivedData/Build/Intermediates.noindex/NetworkConnection.build/Debug-xros/NetworkConnection_NetworkConnection-b.build/tr.lproj/Localizable.strings
/Users/admin/builder/spi-builder-workspace/.derivedData/Build/Intermediates.noindex/NetworkConnection.build/Debug-xros/NetworkConnection_NetworkConnection-b.build/tr.lproj/Localizable.strings:1:1: note: detected encoding of input file as Unicode (UTF-8) (in target 'NetworkConnection_NetworkConnection' from project 'NetworkConnection')
CopyStringsFile /Users/admin/builder/spi-builder-workspace/.derivedData/Build/Products/Debug-xros/NetworkConnection_NetworkConnection.bundle/en.lproj/Localizable.strings /Users/admin/builder/spi-builder-workspace/.derivedData/Build/Intermediates.noindex/NetworkConnection.build/Debug-xros/NetworkConnection_NetworkConnection-b.build/en.lproj/Localizable.strings (in target 'NetworkConnection_NetworkConnection' from project 'NetworkConnection')
cd /Users/admin/builder/spi-builder-workspace
builtin-copyStrings --validate --outputencoding binary --outfilename Localizable.strings --outdir /Users/admin/builder/spi-builder-workspace/.derivedData/Build/Products/Debug-xros/NetworkConnection_NetworkConnection.bundle/en.lproj -- /Users/admin/builder/spi-builder-workspace/.derivedData/Build/Intermediates.noindex/NetworkConnection.build/Debug-xros/NetworkConnection_NetworkConnection-b.build/en.lproj/Localizable.strings
/Users/admin/builder/spi-builder-workspace/.derivedData/Build/Intermediates.noindex/NetworkConnection.build/Debug-xros/NetworkConnection_NetworkConnection-b.build/en.lproj/Localizable.strings:1:1: note: detected encoding of input file as Unicode (UTF-8) (in target 'NetworkConnection_NetworkConnection' from project 'NetworkConnection')
RegisterExecutionPolicyException /Users/admin/builder/spi-builder-workspace/.derivedData/Build/Products/Debug-xros/NetworkConnection_NetworkConnection.bundle (in target 'NetworkConnection_NetworkConnection' from project 'NetworkConnection')
cd /Users/admin/builder/spi-builder-workspace
builtin-RegisterExecutionPolicyException /Users/admin/builder/spi-builder-workspace/.derivedData/Build/Products/Debug-xros/NetworkConnection_NetworkConnection.bundle
Touch /Users/admin/builder/spi-builder-workspace/.derivedData/Build/Products/Debug-xros/NetworkConnection_NetworkConnection.bundle (in target 'NetworkConnection_NetworkConnection' from project 'NetworkConnection')
cd /Users/admin/builder/spi-builder-workspace
/usr/bin/touch -c /Users/admin/builder/spi-builder-workspace/.derivedData/Build/Products/Debug-xros/NetworkConnection_NetworkConnection.bundle
SwiftDriver NetworkConnection normal arm64 com.apple.xcode.tools.swift.compiler (in target 'NetworkConnection' from project 'NetworkConnection')
cd /Users/admin/builder/spi-builder-workspace/.swiftpm/xcode
builtin-SwiftDriver -- /Applications/Xcode-27.0.0-Release.Candidate.app/Contents/Developer/Toolchains/XcodeDefault.xctoolchain/usr/bin/swiftc -parse-as-library -module-name NetworkConnection -Onone @/Users/admin/builder/spi-builder-workspace/.derivedData/Build/Intermediates.noindex/NetworkConnection.build/Debug-xros/NetworkConnection-t.build/Objects-normal/arm64/NetworkConnection.SwiftFileList -DSWIFT_PACKAGE -DDEBUG -DSWIFT_MODULE_RESOURCE_BUNDLE_AVAILABLE -DXcode -enable-upcoming-feature LibraryEvolution -plugin-path /Applications/Xcode-27.0.0-Release.Candidate.app/Contents/Developer/Toolchains/XcodeDefault.xctoolchain/usr/lib/swift/host/plugins/testing -enable-experimental-feature DebugDescriptionMacro -sdk /Applications/Xcode-27.0.0-Release.Candidate.app/Contents/Developer/Platforms/XROS.platform/Developer/SDKs/XROS27.0.sdk -target arm64-apple-xros1.0 -g -module-cache-path /Users/admin/builder/spi-builder-workspace/.derivedData/ModuleCache.noindex -Xfrontend -serialize-debugging-options -enable-testing -index-store-path /Users/admin/builder/spi-builder-workspace/.derivedData/Index.noindex/DataStore -Xcc -D_LIBCPP_HARDENING_MODE\=_LIBCPP_HARDENING_MODE_DEBUG -swift-version 5 -I /Users/admin/builder/spi-builder-workspace/.derivedData/Build/Products/Debug-xros -Isystem /Applications/Xcode-27.0.0-Release.Candidate.app/Contents/Developer/Platforms/XROS.platform/Developer/usr/lib -F /Users/admin/builder/spi-builder-workspace/.derivedData/Build/Products/Debug-xros -F /Applications/Xcode-27.0.0-Release.Candidate.app/Contents/Developer/Platforms/XROS.platform/Developer/Library/Frameworks -F /Applications/Xcode-27.0.0-Release.Candidate.app/Contents/Developer/Platforms/XROS.platform/Developer/SDKs/XROS27.0.sdk/Developer/Library/Frameworks -emit-localized-strings -emit-localized-strings-path /Users/admin/builder/spi-builder-workspace/.derivedData/Build/Intermediates.noindex/NetworkConnection.build/Debug-xros/NetworkConnection-t.build/Objects-normal/arm64 -c -j10 -enable-batch-mode -incremental -Xcc -ivfsstatcache -Xcc /Users/admin/builder/spi-builder-workspace/.derivedData/SDKStatCaches.noindex/xros27.0-24M361-e829b21a6f8c9b70876ba0858053c044735bd543db762f57723cac368afd1ce4.sdkstatcache -output-file-map /Users/admin/builder/spi-builder-workspace/.derivedData/Build/Intermediates.noindex/NetworkConnection.build/Debug-xros/NetworkConnection-t.build/Objects-normal/arm64/NetworkConnection-OutputFileMap.json -save-temps -no-color-diagnostics -explicit-module-build -module-cache-path /Users/admin/builder/spi-builder-workspace/.derivedData/Build/Intermediates.noindex/SwiftExplicitPrecompiledModules -clang-scanner-module-cache-path /Users/admin/builder/spi-builder-workspace/.derivedData/ModuleCache.noindex -sdk-module-cache-path /Users/admin/builder/spi-builder-workspace/.derivedData/SDKExplicitPrecompiledModules -emit-dependencies -emit-module -emit-module-path /Users/admin/builder/spi-builder-workspace/.derivedData/Build/Intermediates.noindex/NetworkConnection.build/Debug-xros/NetworkConnection-t.build/Objects-normal/arm64/NetworkConnection.swiftmodule -serialize-diagnostics -dependency-scan-serialize-diagnostics-path /Users/admin/builder/spi-builder-workspace/.derivedData/Build/Intermediates.noindex/NetworkConnection.build/Debug-xros/NetworkConnection-t.build/Objects-normal/arm64/NetworkConnection-dependency-scan.dia -validate-clang-modules-once -clang-build-session-file /Users/admin/builder/spi-builder-workspace/.derivedData/ModuleCache.noindex/Session.modulevalidation -Xcc -fmodules-prune-interval\=86400 -Xcc -fmodules-prune-after\=345600 -package-name spi_builder_workspace -emit-const-values -const-gather-protocols-list /Users/admin/builder/spi-builder-workspace/.derivedData/Build/Intermediates.noindex/NetworkConnection.build/Debug-xros/NetworkConnection-t.build/Objects-normal/arm64/NetworkConnection_const_extract_protocols.json -Xcc -I/Users/admin/builder/spi-builder-workspace/.derivedData/Build/Products/Debug-xros/include -Xcc -I/Users/admin/builder/spi-builder-workspace/.derivedData/Build/Intermediates.noindex/NetworkConnection.build/Debug-xros/NetworkConnection-t.build/DerivedSources-normal/arm64 -Xcc -I/Users/admin/builder/spi-builder-workspace/.derivedData/Build/Intermediates.noindex/NetworkConnection.build/Debug-xros/NetworkConnection-t.build/DerivedSources/arm64 -Xcc -I/Users/admin/builder/spi-builder-workspace/.derivedData/Build/Intermediates.noindex/NetworkConnection.build/Debug-xros/NetworkConnection-t.build/DerivedSources -Xcc -DSWIFT_PACKAGE -Xcc -DDEBUG\=1 -emit-objc-header -emit-objc-header-path /Users/admin/builder/spi-builder-workspace/.derivedData/Build/Intermediates.noindex/NetworkConnection.build/Debug-xros/NetworkConnection-t.build/Objects-normal/arm64/NetworkConnection-Swift.h -working-directory /Users/admin/builder/spi-builder-workspace/.swiftpm/xcode -experimental-emit-module-separately -disable-cmo
SwiftExplicitDependencyGeneratePcm arm64 /Users/admin/builder/spi-builder-workspace/.derivedData/SDKExplicitPrecompiledModules/_Builtin_stddef-5NQ9Z1GV07GBSRQGAQCGXGVRI.pcm
SwiftExplicitDependencyGeneratePcm arm64 /Users/admin/builder/spi-builder-workspace/.derivedData/SDKExplicitPrecompiledModules/_AvailabilityInternal-1Q8IQP6M38UWSGZ95UCEY2M44.pcm
SwiftExplicitDependencyGeneratePcm arm64 /Users/admin/builder/spi-builder-workspace/.derivedData/SDKExplicitPrecompiledModules/SwiftShims-CI4H5RO9IYFFWQ2COB512Q2S9.pcm
SwiftExplicitDependencyGeneratePcm arm64 /Users/admin/builder/spi-builder-workspace/.derivedData/SDKExplicitPrecompiledModules/_Builtin_stdarg-CDA349K2K4US766844K8E0PVA.pcm
SwiftExplicitDependencyGeneratePcm arm64 /Users/admin/builder/spi-builder-workspace/.derivedData/SDKExplicitPrecompiledModules/ptrauth-1WBA714DZSVUL5JQDJ08CLKZ.pcm
SwiftExplicitDependencyGeneratePcm arm64 /Users/admin/builder/spi-builder-workspace/.derivedData/SDKExplicitPrecompiledModules/ptrcheck-BXA97MNLI4BB0HF5I8MJE403D.pcm
SwiftExplicitDependencyGeneratePcm arm64 /Users/admin/builder/spi-builder-workspace/.derivedData/SDKExplicitPrecompiledModules/DeveloperToolsSupport-46GOQP8J1QTHLYQSJW81T8UZ3.pcm
SwiftExplicitDependencyGeneratePcm arm64 /Users/admin/builder/spi-builder-workspace/.derivedData/SDKExplicitPrecompiledModules/_Builtin_float-6WKHNW5S40U2QGHXXGETUDIRA.pcm
SwiftExplicitDependencyGeneratePcm arm64 /Users/admin/builder/spi-builder-workspace/.derivedData/SDKExplicitPrecompiledModules/_SwiftConcurrencyShims-C8XHKSHX96D5YYALNM4W70Z0O.pcm
SwiftExplicitDependencyGeneratePcm arm64 /Users/admin/builder/spi-builder-workspace/.derivedData/SDKExplicitPrecompiledModules/_Builtin_stdbool-5BU2ADS7JXQMYENKQHW9X8XOU.pcm
SwiftExplicitDependencyGeneratePcm arm64 /Users/admin/builder/spi-builder-workspace/.derivedData/SDKExplicitPrecompiledModules/ShaderGraph-AW1O397P711WTY8KSK8LZX9YA.pcm
SwiftExplicitDependencyGeneratePcm arm64 /Users/admin/builder/spi-builder-workspace/.derivedData/SDKExplicitPrecompiledModules/_DarwinFoundation1-5RGRVV2TZ6WC4WZW5IXF8NQ04.pcm
SwiftExplicitDependencyGeneratePcm arm64 /Users/admin/builder/spi-builder-workspace/.derivedData/SDKExplicitPrecompiledModules/_Builtin_limits-425JDMN5HPM3D0UEI8LEHP6NM.pcm
SwiftExplicitDependencyGeneratePcm arm64 /Users/admin/builder/spi-builder-workspace/.derivedData/SDKExplicitPrecompiledModules/_DarwinFoundation2-ENTECK156YEWITZRRBTOCE4KR.pcm
SwiftExplicitDependencyGeneratePcm arm64 /Users/admin/builder/spi-builder-workspace/.derivedData/SDKExplicitPrecompiledModules/_Builtin_tgmath-BPYSMHWI520EQRL2HW519ZY7Z.pcm
SwiftExplicitDependencyGeneratePcm arm64 /Users/admin/builder/spi-builder-workspace/.derivedData/SDKExplicitPrecompiledModules/string_h-2GT67HHHHK5CF1V1S31LH0PU2.pcm
SwiftExplicitDependencyGeneratePcm arm64 /Users/admin/builder/spi-builder-workspace/.derivedData/SDKExplicitPrecompiledModules/sys_types-AYM0BHR77VKMWZCO2T0XGV2HF.pcm
SwiftExplicitDependencyGeneratePcm arm64 /Users/admin/builder/spi-builder-workspace/.derivedData/SDKExplicitPrecompiledModules/_Builtin_stdint-8OR6T47OOYJA90ZBO3N1USDE.pcm
SwiftExplicitDependencyGeneratePcm arm64 /Users/admin/builder/spi-builder-workspace/.derivedData/SDKExplicitPrecompiledModules/_Builtin_stdatomic-1VUZPM79PNCAHXVBERD53WRSF.pcm
SwiftExplicitDependencyGeneratePcm arm64 /Users/admin/builder/spi-builder-workspace/.derivedData/SDKExplicitPrecompiledModules/_DarwinFoundation3-9ZHN6JKBS40BBA81RQMV8H0IC.pcm
SwiftExplicitDependencyGeneratePcm arm64 /Users/admin/builder/spi-builder-workspace/.derivedData/SDKExplicitPrecompiledModules/_Builtin_intrinsics-BC5IJI3YI34RQ61ZNVDRDZ6RN.pcm
SwiftExplicitDependencyGeneratePcm arm64 /Users/admin/builder/spi-builder-workspace/.derivedData/SDKExplicitPrecompiledModules/_Builtin_inttypes-11B64KJD36B3YOHBR1BBXBJY8.pcm
SwiftExplicitDependencyGeneratePcm arm64 /Users/admin/builder/spi-builder-workspace/.derivedData/SDKExplicitPrecompiledModules/Darwin-60P5LVNQO3ESRRM5DCJ05PFNK.pcm
SwiftExplicitDependencyGeneratePcm arm64 /Users/admin/builder/spi-builder-workspace/.derivedData/SDKExplicitPrecompiledModules/simd-9XXAB17Y6E4BBPQADD61NZ23.pcm
SwiftExplicitDependencyGeneratePcm arm64 /Users/admin/builder/spi-builder-workspace/.derivedData/SDKExplicitPrecompiledModules/MachO-3XTHY7HWV6RF3KXKYQVHUBUXK.pcm
SwiftExplicitDependencyGeneratePcm arm64 /Users/admin/builder/spi-builder-workspace/.derivedData/SDKExplicitPrecompiledModules/ObjectiveC-26TIBFYCEJZVP216ZZAU1X8KN.pcm
SwiftExplicitDependencyGeneratePcm arm64 /Users/admin/builder/spi-builder-workspace/.derivedData/SDKExplicitPrecompiledModules/os_object-692CJ8BG6RE5H04487EJJOVXW.pcm
SwiftExplicitDependencyGeneratePcm arm64 /Users/admin/builder/spi-builder-workspace/.derivedData/SDKExplicitPrecompiledModules/os_workgroup-4U1VXMWIZD80E7PRUQF2G7P9X.pcm
SwiftExplicitDependencyGeneratePcm arm64 /Users/admin/builder/spi-builder-workspace/.derivedData/SDKExplicitPrecompiledModules/Dispatch-CLT3466HKC22GCKAWSCNG0H7T.pcm
SwiftExplicitDependencyGeneratePcm arm64 /Users/admin/builder/spi-builder-workspace/.derivedData/SDKExplicitPrecompiledModules/Spatial-5E0I2846LO3ZE24CSVR2O57TI.pcm
SwiftExplicitDependencyGeneratePcm arm64 /Users/admin/builder/spi-builder-workspace/.derivedData/SDKExplicitPrecompiledModules/dnssd-CCUV1M8EULNEQJUXO7L0PJAL4.pcm
SwiftExplicitDependencyGeneratePcm arm64 /Users/admin/builder/spi-builder-workspace/.derivedData/SDKExplicitPrecompiledModules/CoreFoundation-AVLTZVCXBU2TO75JCN4AGU8XJ.pcm
SwiftExplicitDependencyGeneratePcm arm64 /Users/admin/builder/spi-builder-workspace/.derivedData/SDKExplicitPrecompiledModules/XPC-EP5EU7FNGP4VOA3EDM18P1KHO.pcm
SwiftExplicitDependencyGeneratePcm arm64 /Users/admin/builder/spi-builder-workspace/.derivedData/SDKExplicitPrecompiledModules/os-1004XEJ3IXOOAU0KL58SM3D0K.pcm
SwiftExplicitDependencyGeneratePcm arm64 /Users/admin/builder/spi-builder-workspace/.derivedData/SDKExplicitPrecompiledModules/CoreAudioTypes-45UXYEQRN95KG6BF2CW0QIYK9.pcm
SwiftExplicitDependencyGeneratePcm arm64 /Users/admin/builder/spi-builder-workspace/.derivedData/SDKExplicitPrecompiledModules/CoreGraphics-BFUJ177R223UT2ZI327ZTZY91.pcm
SwiftExplicitDependencyGeneratePcm arm64 /Users/admin/builder/spi-builder-workspace/.derivedData/SDKExplicitPrecompiledModules/CFNetwork-5MI70N1VLDQSWTX4COWLMSIRO.pcm
SwiftExplicitDependencyGeneratePcm arm64 /Users/admin/builder/spi-builder-workspace/.derivedData/SDKExplicitPrecompiledModules/Security-8TH2M8WJIQMET4SADWX0N8372.pcm
SwiftExplicitDependencyGeneratePcm arm64 /Users/admin/builder/spi-builder-workspace/.derivedData/SDKExplicitPrecompiledModules/CoreAudio-CXS3C78T5TQDGLEGXIBJ04WJ4.pcm
SwiftExplicitDependencyGeneratePcm arm64 /Users/admin/builder/spi-builder-workspace/.derivedData/SDKExplicitPrecompiledModules/Foundation-8GON1KVEKRN3NOQI8RETBRWJP.pcm
SwiftExplicitDependencyGeneratePcm arm64 /Users/admin/builder/spi-builder-workspace/.derivedData/SDKExplicitPrecompiledModules/CoreText-6F9TY5TEPCCZ1K2KYM4GMEGHD.pcm
SwiftExplicitDependencyGeneratePcm arm64 /Users/admin/builder/spi-builder-workspace/.derivedData/SDKExplicitPrecompiledModules/ImageIO-5CC6COR9KJYI1UBL7CSHLU2OG.pcm
SwiftExplicitDependencyGeneratePcm arm64 /Users/admin/builder/spi-builder-workspace/.derivedData/SDKExplicitPrecompiledModules/Network-EQPZZF3W6BWG89K0PY9NZO3T0.pcm
SwiftExplicitDependencyGeneratePcm arm64 /Users/admin/builder/spi-builder-workspace/.derivedData/SDKExplicitPrecompiledModules/Accessibility-1DR4J4YDVDGAYQTZ0FKZ1PU09.pcm
SwiftExplicitDependencyGeneratePcm arm64 /Users/admin/builder/spi-builder-workspace/.derivedData/SDKExplicitPrecompiledModules/UIUtilities-AOVGLUWEAN6CG2UZFNESGSP6C.pcm
SwiftExplicitDependencyGeneratePcm arm64 /Users/admin/builder/spi-builder-workspace/.derivedData/SDKExplicitPrecompiledModules/UniformTypeIdentifiers-E5KMWDZEKS4QW9RO1KBRDEXV6.pcm
SwiftExplicitDependencyGeneratePcm arm64 /Users/admin/builder/spi-builder-workspace/.derivedData/SDKExplicitPrecompiledModules/FileProvider-C9I28SI56F2SEVH1BCWTKGODO.pcm
SwiftExplicitDependencyGeneratePcm arm64 /Users/admin/builder/spi-builder-workspace/.derivedData/SDKExplicitPrecompiledModules/DataDetection-BANTQ3WXXGKZJYC0LLB3MD9K0.pcm
SwiftExplicitDependencyGeneratePcm arm64 /Users/admin/builder/spi-builder-workspace/.derivedData/SDKExplicitPrecompiledModules/_LocationEssentials-8GQGFVARUE99D8VJX3TINY0VP.pcm
SwiftExplicitDependencyGeneratePcm arm64 /Users/admin/builder/spi-builder-workspace/.derivedData/SDKExplicitPrecompiledModules/CoreTransferable-8TBYAKHCX6UC8QQSS7BD8GQK5.pcm
SwiftExplicitDependencyGeneratePcm arm64 /Users/admin/builder/spi-builder-workspace/.derivedData/SDKExplicitPrecompiledModules/LocalAuthentication-9MSPUJ85OBXBTOD7NJCT1GZ0O.pcm
SwiftExplicitDependencyGeneratePcm arm64 /Users/admin/builder/spi-builder-workspace/.derivedData/SDKExplicitPrecompiledModules/CoreMIDI-7L19IC4ZH9BPYLVTD8IIFWN9R.pcm
SwiftExplicitDependencyGeneratePcm arm64 /Users/admin/builder/spi-builder-workspace/.derivedData/SDKExplicitPrecompiledModules/CoreData-73N6Z547OZUEZ8ADGEC6XRHWN.pcm
SwiftExplicitDependencyGeneratePcm arm64 /Users/admin/builder/spi-builder-workspace/.derivedData/SDKExplicitPrecompiledModules/UserNotifications-8IIV1V1FPNAPA4LY1Y23LOM2N.pcm
SwiftExplicitDependencyGeneratePcm arm64 /Users/admin/builder/spi-builder-workspace/.derivedData/SDKExplicitPrecompiledModules/CoreLocation-1SN37095DAPVJ068LLP9TBDQX.pcm
SwiftExplicitDependencyGeneratePcm arm64 /Users/admin/builder/spi-builder-workspace/.derivedData/SDKExplicitPrecompiledModules/IOSurface-5FE9U89GVFF9A7X7AGO2R8ENI.pcm
SwiftExplicitDependencyGeneratePcm arm64 /Users/admin/builder/spi-builder-workspace/.derivedData/SDKExplicitPrecompiledModules/OSLog-BNGT87TS0GMBFF7TY70HHB69.pcm
SwiftExplicitDependencyGeneratePcm arm64 /Users/admin/builder/spi-builder-workspace/.derivedData/SDKExplicitPrecompiledModules/Symbols-8G2XC01RPQ5HYIZE6JNUT864I.pcm
SwiftExplicitDependencyGeneratePcm arm64 /Users/admin/builder/spi-builder-workspace/.derivedData/SDKExplicitPrecompiledModules/AVRouting-55P8FRNK50AFZOMMB2LBBOX33.pcm
SwiftExplicitDependencyGeneratePcm arm64 /Users/admin/builder/spi-builder-workspace/.derivedData/SDKExplicitPrecompiledModules/AudioToolbox-2K3S8EA590EB3GMH6D6784BWZ.pcm
SwiftExplicitDependencyGeneratePcm arm64 /Users/admin/builder/spi-builder-workspace/.derivedData/SDKExplicitPrecompiledModules/OpenGLES-56BKSYXNVAP91BYZRWAKQZKGI.pcm
SwiftExplicitDependencyGeneratePcm arm64 /Users/admin/builder/spi-builder-workspace/.derivedData/SDKExplicitPrecompiledModules/Metal-EKNUM9P3PRIBHZK1ZBD6BA2T7.pcm
SwiftExplicitDependencyGeneratePcm arm64 /Users/admin/builder/spi-builder-workspace/.derivedData/SDKExplicitPrecompiledModules/CoreMotion-10LV922UPGE28QX2SOIO7ALIZ.pcm
SwiftExplicitDependencyGeneratePcm arm64 /Users/admin/builder/spi-builder-workspace/.derivedData/SDKExplicitPrecompiledModules/CoreVideo-E12HJSJSLO0YKWYBES11UKJ02.pcm
SwiftExplicitDependencyCompileModuleFromInterface arm64 /Users/admin/builder/spi-builder-workspace/.derivedData/SDKExplicitPrecompiledModules/ShaderGraph-URHKVVOFZL5Z.swiftmodule
SwiftExplicitDependencyGeneratePcm arm64 /Users/admin/builder/spi-builder-workspace/.derivedData/SDKExplicitPrecompiledModules/CoreImage-8WF1P230U10QM666EQMNV7OF1.pcm
SwiftExplicitDependencyGeneratePcm arm64 /Users/admin/builder/spi-builder-workspace/.derivedData/SDKExplicitPrecompiledModules/QuartzCore-12T8WVKUNCL1N7VXH87MM4YOB.pcm
SwiftExplicitDependencyGeneratePcm arm64 /Users/admin/builder/spi-builder-workspace/.derivedData/SDKExplicitPrecompiledModules/CoreML-37QYERWC0RQN4IY4377UD0TY1.pcm
SwiftExplicitDependencyGeneratePcm arm64 /Users/admin/builder/spi-builder-workspace/.derivedData/SDKExplicitPrecompiledModules/CoreMedia-D1IBHC28BRHWLNUG1Q75G5YN0.pcm
SwiftExplicitDependencyGeneratePcm arm64 /Users/admin/builder/spi-builder-workspace/.derivedData/SDKExplicitPrecompiledModules/ARKitFoundation-3N77COW7DLP77CM0PWZXSR9BD.pcm
SwiftExplicitDependencyGeneratePcm arm64 /Users/admin/builder/spi-builder-workspace/.derivedData/SDKExplicitPrecompiledModules/SwiftUICore-6OBBMA39VFD4CB6SG2PE41FAP.pcm
SwiftExplicitDependencyGeneratePcm arm64 /Users/admin/builder/spi-builder-workspace/.derivedData/SDKExplicitPrecompiledModules/UIKit-2D2PMAAE45TMO6S28UCGCO5BR.pcm
SwiftExplicitDependencyGeneratePcm arm64 /Users/admin/builder/spi-builder-workspace/.derivedData/SDKExplicitPrecompiledModules/VideoToolbox-7I4MDYIPJ4IWU1ZSL4JE3I7M6.pcm
SwiftExplicitDependencyGeneratePcm arm64 /Users/admin/builder/spi-builder-workspace/.derivedData/SDKExplicitPrecompiledModules/AVFAudio-E8GATWFYYBEBB41O9N0LRRGYC.pcm
SwiftExplicitDependencyGeneratePcm arm64 /Users/admin/builder/spi-builder-workspace/.derivedData/SDKExplicitPrecompiledModules/MediaToolbox-1J5U29ERBPNPI1HKEJHXOP8EV.pcm
SwiftExplicitDependencyGeneratePcm arm64 /Users/admin/builder/spi-builder-workspace/.derivedData/SDKExplicitPrecompiledModules/Vision-DVVG9MQGC3IMTVPTC1691MQ6Z.pcm
SwiftExplicitDependencyGeneratePcm arm64 /Users/admin/builder/spi-builder-workspace/.derivedData/SDKExplicitPrecompiledModules/AVFoundation-DFCX8GQJWVA3CZBITWEHAZEFX.pcm
SwiftExplicitDependencyGeneratePcm arm64 /Users/admin/builder/spi-builder-workspace/.derivedData/SDKExplicitPrecompiledModules/ARKitCore-307YVPJLQNB66BTBIONHZNP86.pcm
SwiftExplicitDependencyGeneratePcm arm64 /Users/admin/builder/spi-builder-workspace/.derivedData/SDKExplicitPrecompiledModules/SwiftUI-77PUPXISY3V3TUF5FJEHUQC86.pcm
SwiftExplicitDependencyGeneratePcm arm64 /Users/admin/builder/spi-builder-workspace/.derivedData/SDKExplicitPrecompiledModules/GameController-7QL0VMQHE24OWQFUR0UFT89DW.pcm
SwiftExplicitDependencyGeneratePcm arm64 /Users/admin/builder/spi-builder-workspace/.derivedData/SDKExplicitPrecompiledModules/ARKit-27VDPOZ50FG2MJG7OFV6IFQYQ.pcm
SwiftEmitModule normal arm64 Emitting\ module\ for\ NetworkConnection (in target 'NetworkConnection' from project 'NetworkConnection')
SwiftCompile normal arm64 (in target 'NetworkConnection' from project 'NetworkConnection')
cd /Users/admin/builder/spi-builder-workspace/.swiftpm/xcode
SwiftCompile normal arm64 Compiling\ FontExt.swift /Users/admin/builder/spi-builder-workspace/Sources/NetworkConnection/Utils/FontExt.swift (in target 'NetworkConnection' from project 'NetworkConnection')
SwiftCompile normal arm64 /Users/admin/builder/spi-builder-workspace/Sources/NetworkConnection/Utils/FontExt.swift (in target 'NetworkConnection' from project 'NetworkConnection')
cd /Users/admin/builder/spi-builder-workspace/.swiftpm/xcode
builtin-SwiftPerFileCompile FontExt.swift
SwiftCompile normal arm64 Compiling\ NetworkConnection.swift /Users/admin/builder/spi-builder-workspace/Sources/NetworkConnection/NetworkConnection.swift (in target 'NetworkConnection' from project 'NetworkConnection')
SwiftCompile normal arm64 /Users/admin/builder/spi-builder-workspace/Sources/NetworkConnection/NetworkConnection.swift (in target 'NetworkConnection' from project 'NetworkConnection')
cd /Users/admin/builder/spi-builder-workspace/.swiftpm/xcode
builtin-SwiftPerFileCompile NetworkConnection.swift
SwiftCompile normal arm64 Compiling\ resource_bundle_accessor.swift /Users/admin/builder/spi-builder-workspace/.derivedData/Build/Intermediates.noindex/NetworkConnection.build/Debug-xros/NetworkConnection-t.build/DerivedSources/resource_bundle_accessor.swift (in target 'NetworkConnection' from project 'NetworkConnection')
SwiftCompile normal arm64 /Users/admin/builder/spi-builder-workspace/.derivedData/Build/Intermediates.noindex/NetworkConnection.build/Debug-xros/NetworkConnection-t.build/DerivedSources/resource_bundle_accessor.swift (in target 'NetworkConnection' from project 'NetworkConnection')
cd /Users/admin/builder/spi-builder-workspace/.swiftpm/xcode
builtin-SwiftPerFileCompile resource_bundle_accessor.swift
SwiftCompile normal arm64 Compiling\ UIKitExt.swift /Users/admin/builder/spi-builder-workspace/Sources/NetworkConnection/Utils/UIKitExt.swift (in target 'NetworkConnection' from project 'NetworkConnection')
SwiftCompile normal arm64 /Users/admin/builder/spi-builder-workspace/Sources/NetworkConnection/Utils/UIKitExt.swift (in target 'NetworkConnection' from project 'NetworkConnection')
cd /Users/admin/builder/spi-builder-workspace/.swiftpm/xcode
builtin-SwiftPerFileCompile UIKitExt.swift
SwiftCompile normal arm64 Compiling\ SwiftUIExt.swift /Users/admin/builder/spi-builder-workspace/Sources/NetworkConnection/Utils/SwiftUIExt.swift (in target 'NetworkConnection' from project 'NetworkConnection')
SwiftCompile normal arm64 /Users/admin/builder/spi-builder-workspace/Sources/NetworkConnection/Utils/SwiftUIExt.swift (in target 'NetworkConnection' from project 'NetworkConnection')
cd /Users/admin/builder/spi-builder-workspace/.swiftpm/xcode
builtin-SwiftPerFileCompile SwiftUIExt.swift
SwiftCompile normal arm64 Compiling\ GeneratedStringSymbols_Localizable.swift /Users/admin/builder/spi-builder-workspace/.derivedData/Build/Intermediates.noindex/NetworkConnection.build/Debug-xros/NetworkConnection-t.build/DerivedSources/GeneratedStringSymbols_Localizable.swift (in target 'NetworkConnection' from project 'NetworkConnection')
SwiftCompile normal arm64 /Users/admin/builder/spi-builder-workspace/.derivedData/Build/Intermediates.noindex/NetworkConnection.build/Debug-xros/NetworkConnection-t.build/DerivedSources/GeneratedStringSymbols_Localizable.swift (in target 'NetworkConnection' from project 'NetworkConnection')
cd /Users/admin/builder/spi-builder-workspace/.swiftpm/xcode
builtin-SwiftPerFileCompile GeneratedStringSymbols_Localizable.swift
SwiftCompile normal arm64 Compiling\ NetworkStatusController.swift /Users/admin/builder/spi-builder-workspace/Sources/NetworkConnection/NetworkStatusController.swift (in target 'NetworkConnection' from project 'NetworkConnection')
SwiftCompile normal arm64 /Users/admin/builder/spi-builder-workspace/Sources/NetworkConnection/NetworkStatusController.swift (in target 'NetworkConnection' from project 'NetworkConnection')
cd /Users/admin/builder/spi-builder-workspace/.swiftpm/xcode
builtin-SwiftPerFileCompile NetworkStatusController.swift
SwiftCompile normal arm64 Compiling\ StringExt.swift /Users/admin/builder/spi-builder-workspace/Sources/NetworkConnection/Utils/StringExt.swift (in target 'NetworkConnection' from project 'NetworkConnection')
SwiftCompile normal arm64 /Users/admin/builder/spi-builder-workspace/Sources/NetworkConnection/Utils/StringExt.swift (in target 'NetworkConnection' from project 'NetworkConnection')
cd /Users/admin/builder/spi-builder-workspace/.swiftpm/xcode
builtin-SwiftPerFileCompile StringExt.swift
SwiftCompile normal arm64 Compiling\ InternetAlert.swift /Users/admin/builder/spi-builder-workspace/Sources/NetworkConnection/View/Dialog/InternetAlert.swift (in target 'NetworkConnection' from project 'NetworkConnection')
/Users/admin/builder/spi-builder-workspace/Sources/NetworkConnection/View/Dialog/InternetAlert.swift:77:58: warning: result of call to 'openURL' is unused [#NoUsage]
75 | UIApplication.shared.open(url, options: [:], completionHandler: nil)
76 | } else {
77 | UIApplication.shared.openURL(url)
| `- warning: result of call to 'openURL' is unused [#NoUsage]
78 | }
79 | }
/Users/admin/builder/spi-builder-workspace/Sources/NetworkConnection/View/Dialog/InternetAlert.swift:77:58: error: 'openURL' is unavailable in visionOS
75 | UIApplication.shared.open(url, options: [:], completionHandler: nil)
76 | } else {
77 | UIApplication.shared.openURL(url)
| `- error: 'openURL' is unavailable in visionOS
78 | }
79 | }
/Applications/Xcode-27.0.0-Release.Candidate.app/Contents/Developer/Platforms/XROS.platform/Developer/SDKs/XROS27.0.sdk/System/Library/Frameworks/UIKit.framework/Headers/UIApplication.h:97:1: note: 'openURL' has been explicitly marked unavailable here
95 | @property(nonatomic,getter=isIdleTimerDisabled) BOOL idleTimerDisabled; // default is NO
96 |
97 | - (BOOL)openURL:(NSURL*)url API_DEPRECATED_WITH_REPLACEMENT("openURL:options:completionHandler:", ios(2.0, 10.0)) API_UNAVAILABLE(visionos, watchos);
| `- note: 'openURL' has been explicitly marked unavailable here
98 | - (BOOL)canOpenURL:(NSURL *)url API_DEPRECATED("Prefer attempting to open URLs and handling any failures", ios(3.0, 27.0), visionos(1.0, 27.0), tvos(9.0, 27.0)) API_UNAVAILABLE(watchos) NS_SWIFT_NONISOLATED;
99 |
[#NoUsage]: <https://docs.swift.org/compiler/documentation/diagnostics/no-usage>
Failed frontend command:
/Applications/Xcode-27.0.0-Release.Candidate.app/Contents/Developer/Toolchains/XcodeDefault.xctoolchain/usr/bin/swift-frontend -frontend -c /Users/admin/builder/spi-builder-workspace/.derivedData/Build/Intermediates.noindex/NetworkConnection.build/Debug-xros/NetworkConnection-t.build/DerivedSources/resource_bundle_accessor.swift /Users/admin/builder/spi-builder-workspace/Sources/NetworkConnection/NetworkConnection.swift /Users/admin/builder/spi-builder-workspace/Sources/NetworkConnection/NetworkStatusController.swift /Users/admin/builder/spi-builder-workspace/Sources/NetworkConnection/Utils/FontExt.swift /Users/admin/builder/spi-builder-workspace/Sources/NetworkConnection/Utils/StringExt.swift /Users/admin/builder/spi-builder-workspace/Sources/NetworkConnection/Utils/SwiftUIExt.swift /Users/admin/builder/spi-builder-workspace/Sources/NetworkConnection/Utils/UIKitExt.swift -primary-file /Users/admin/builder/spi-builder-workspace/Sources/NetworkConnection/View/Dialog/InternetAlert.swift /Users/admin/builder/spi-builder-workspace/.derivedData/Build/Intermediates.noindex/NetworkConnection.build/Debug-xros/NetworkConnection-t.build/DerivedSources/GeneratedStringSymbols_Localizable.swift -emit-dependencies-path /Users/admin/builder/spi-builder-workspace/.derivedData/Build/Intermediates.noindex/NetworkConnection.build/Debug-xros/NetworkConnection-t.build/Objects-normal/arm64/InternetAlert.d -emit-const-values-path /Users/admin/builder/spi-builder-workspace/.derivedData/Build/Intermediates.noindex/NetworkConnection.build/Debug-xros/NetworkConnection-t.build/Objects-normal/arm64/InternetAlert.swiftconstvalues -emit-reference-dependencies-path /Users/admin/builder/spi-builder-workspace/.derivedData/Build/Intermediates.noindex/NetworkConnection.build/Debug-xros/NetworkConnection-t.build/Objects-normal/arm64/InternetAlert.swiftdeps -serialize-diagnostics-path /Users/admin/builder/spi-builder-workspace/.derivedData/Build/Intermediates.noindex/NetworkConnection.build/Debug-xros/NetworkConnection-t.build/Objects-normal/arm64/InternetAlert.dia -emit-localized-strings -emit-localized-strings-path /Users/admin/builder/spi-builder-workspace/.derivedData/Build/Intermediates.noindex/NetworkConnection.build/Debug-xros/NetworkConnection-t.build/Objects-normal/arm64 -target arm64-apple-xros1.0 -disable-cross-import-overlay-search -load-resolved-plugin /Applications/Xcode-27.0.0-Release.Candidate.app/Contents/Developer/Platforms/XROS.platform/Developer/usr/lib/swift/host/plugins/libFoundationMacros.dylib\#/Applications/Xcode-27.0.0-Release.Candidate.app/Contents/Developer/Platforms/XROS.platform/Developer/usr/bin/swift-plugin-server\#FoundationMacros -load-resolved-plugin /Applications/Xcode-27.0.0-Release.Candidate.app/Contents/Developer/Platforms/XROS.platform/Developer/usr/lib/swift/host/plugins/libObservationMacros.dylib\#/Applications/Xcode-27.0.0-Release.Candidate.app/Contents/Developer/Platforms/XROS.platform/Developer/usr/bin/swift-plugin-server\#ObservationMacros -load-resolved-plugin /Applications/Xcode-27.0.0-Release.Candidate.app/Contents/Developer/Platforms/XROS.platform/Developer/usr/lib/swift/host/plugins/libPreviewsMacros.dylib\#/Applications/Xcode-27.0.0-Release.Candidate.app/Contents/Developer/Platforms/XROS.platform/Developer/usr/bin/swift-plugin-server\#PreviewsMacros -load-resolved-plugin /Applications/Xcode-27.0.0-Release.Candidate.app/Contents/Developer/Platforms/XROS.platform/Developer/usr/lib/swift/host/plugins/libSwiftMacros.dylib\#/Applications/Xcode-27.0.0-Release.Candidate.app/Contents/Developer/Platforms/XROS.platform/Developer/usr/bin/swift-plugin-server\#SwiftMacros -load-resolved-plugin /Applications/Xcode-27.0.0-Release.Candidate.app/Contents/Developer/Platforms/XROS.platform/Developer/usr/lib/swift/host/plugins/libSwiftUIMacros.dylib\#/Applications/Xcode-27.0.0-Release.Candidate.app/Contents/Developer/Platforms/XROS.platform/Developer/usr/bin/swift-plugin-server\#SwiftUIMacros -disable-implicit-swift-modules -Xcc -fno-implicit-modules -Xcc -fno-implicit-module-maps -explicit-swift-module-map-file /Users/admin/builder/spi-builder-workspace/.derivedData/Build/Intermediates.noindex/NetworkConnection.build/Debug-xros/NetworkConnection-t.build/Objects-normal/arm64/NetworkConnection-dependencies-1.json -Xllvm -aarch64-use-tbi -enable-objc-interop -stack-check -sdk /Applications/Xcode-27.0.0-Release.Candidate.app/Contents/Developer/Platforms/XROS.platform/Developer/SDKs/XROS27.0.sdk -I /Users/admin/builder/spi-builder-workspace/.derivedData/Build/Products/Debug-xros -Isystem /Applications/Xcode-27.0.0-Release.Candidate.app/Contents/Developer/Platforms/XROS.platform/Developer/usr/lib -F /Users/admin/builder/spi-builder-workspace/.derivedData/Build/Products/Debug-xros -F /Applications/Xcode-27.0.0-Release.Candidate.app/Contents/Developer/Platforms/XROS.platform/Developer/Library/Frameworks -F /Applications/Xcode-27.0.0-Release.Candidate.app/Contents/Developer/Platforms/XROS.platform/Developer/SDKs/XROS27.0.sdk/Developer/Library/Frameworks -module-cache-path /Users/admin/builder/spi-builder-workspace/.derivedData/Build/Intermediates.noindex/SwiftExplicitPrecompiledModules -no-color-diagnostics -Xcc -fno-color-diagnostics -enable-testing -g -debug-info-format\=dwarf -dwarf-version\=4 -swift-version 5 -Onone -D SWIFT_PACKAGE -D DEBUG -D SWIFT_MODULE_RESOURCE_BUNDLE_AVAILABLE -D Xcode -serialize-debugging-options -enable-upcoming-feature LibraryEvolution -enable-experimental-feature DebugDescriptionMacro -empty-abi-descriptor -validate-clang-modules-once -clang-build-session-file /Users/admin/builder/spi-builder-workspace/.derivedData/ModuleCache.noindex/Session.modulevalidation -Xcc -working-directory -Xcc /Users/admin/builder/spi-builder-workspace/.swiftpm/xcode -enable-anonymous-context-mangled-names -file-compilation-dir /Users/admin/builder/spi-builder-workspace/.swiftpm/xcode -Xcc -D_LIBCPP_HARDENING_MODE\=_LIBCPP_HARDENING_MODE_DEBUG -Xcc -ivfsstatcache -Xcc /Users/admin/builder/spi-builder-workspace/.derivedData/SDKStatCaches.noindex/xros27.0-24M361-e829b21a6f8c9b70876ba0858053c044735bd543db762f57723cac368afd1ce4.sdkstatcache -Xcc -fmodules-prune-interval\=86400 -Xcc -fmodules-prune-after\=345600 -Xcc -I/Users/admin/builder/spi-builder-workspace/.derivedData/Build/Products/Debug-xros/include -Xcc -I/Users/admin/builder/spi-builder-workspace/.derivedData/Build/Intermediates.noindex/NetworkConnection.build/Debug-xros/NetworkConnection-t.build/DerivedSources-normal/arm64 -Xcc -I/Users/admin/builder/spi-builder-workspace/.derivedData/Build/Intermediates.noindex/NetworkConnection.build/Debug-xros/NetworkConnection-t.build/DerivedSources/arm64 -Xcc -I/Users/admin/builder/spi-builder-workspace/.derivedData/Build/Intermediates.noindex/NetworkConnection.build/Debug-xros/NetworkConnection-t.build/DerivedSources -Xcc -DSWIFT_PACKAGE -Xcc -DDEBUG\=1 -no-auto-bridging-header-chaining -module-name NetworkConnection -package-name spi_builder_workspace -const-gather-protocols-file /Users/admin/builder/spi-builder-workspace/.derivedData/Build/Intermediates.noindex/NetworkConnection.build/Debug-xros/NetworkConnection-t.build/Objects-normal/arm64/NetworkConnection_const_extract_protocols.json -disable-clang-spi -clang-target arm64-apple-xros27.0 -target-sdk-version 27.0 -target-sdk-name xros27.0 -in-process-plugin-server-path /Applications/Xcode-27.0.0-Release.Candidate.app/Contents/Developer/Toolchains/XcodeDefault.xctoolchain/usr/lib/swift/host/libSwiftInProcPluginServer.dylib -parse-as-library -o /Users/admin/builder/spi-builder-workspace/.derivedData/Build/Intermediates.noindex/NetworkConnection.build/Debug-xros/NetworkConnection-t.build/Objects-normal/arm64/InternetAlert.o -debug-module-path /Users/admin/builder/spi-builder-workspace/.derivedData/Build/Intermediates.noindex/NetworkConnection.build/Debug-xros/NetworkConnection-t.build/Objects-normal/arm64/NetworkConnection.swiftmodule -index-unit-output-path /NetworkConnection.build/Debug-xros/NetworkConnection-t.build/Objects-normal/arm64/InternetAlert.o -index-store-path /Users/admin/builder/spi-builder-workspace/.derivedData/Index.noindex/DataStore -index-system-modules
SwiftCompile normal arm64 /Users/admin/builder/spi-builder-workspace/Sources/NetworkConnection/View/Dialog/InternetAlert.swift (in target 'NetworkConnection' from project 'NetworkConnection')
cd /Users/admin/builder/spi-builder-workspace/.swiftpm/xcode
builtin-SwiftPerFileCompile InternetAlert.swift
SwiftDriverJobDiscovery normal arm64 Emitting module for NetworkConnection (in target 'NetworkConnection' from project 'NetworkConnection')
SwiftDriver\ Compilation\ Requirements NetworkConnection normal arm64 com.apple.xcode.tools.swift.compiler (in target 'NetworkConnection' from project 'NetworkConnection')
cd /Users/admin/builder/spi-builder-workspace/.swiftpm/xcode
builtin-Swift-Compilation-Requirements -- /Applications/Xcode-27.0.0-Release.Candidate.app/Contents/Developer/Toolchains/XcodeDefault.xctoolchain/usr/bin/swiftc -parse-as-library -module-name NetworkConnection -Onone @/Users/admin/builder/spi-builder-workspace/.derivedData/Build/Intermediates.noindex/NetworkConnection.build/Debug-xros/NetworkConnection-t.build/Objects-normal/arm64/NetworkConnection.SwiftFileList -DSWIFT_PACKAGE -DDEBUG -DSWIFT_MODULE_RESOURCE_BUNDLE_AVAILABLE -DXcode -enable-upcoming-feature LibraryEvolution -plugin-path /Applications/Xcode-27.0.0-Release.Candidate.app/Contents/Developer/Toolchains/XcodeDefault.xctoolchain/usr/lib/swift/host/plugins/testing -enable-experimental-feature DebugDescriptionMacro -sdk /Applications/Xcode-27.0.0-Release.Candidate.app/Contents/Developer/Platforms/XROS.platform/Developer/SDKs/XROS27.0.sdk -target arm64-apple-xros1.0 -g -module-cache-path /Users/admin/builder/spi-builder-workspace/.derivedData/ModuleCache.noindex -Xfrontend -serialize-debugging-options -enable-testing -index-store-path /Users/admin/builder/spi-builder-workspace/.derivedData/Index.noindex/DataStore -Xcc -D_LIBCPP_HARDENING_MODE\=_LIBCPP_HARDENING_MODE_DEBUG -swift-version 5 -I /Users/admin/builder/spi-builder-workspace/.derivedData/Build/Products/Debug-xros -Isystem /Applications/Xcode-27.0.0-Release.Candidate.app/Contents/Developer/Platforms/XROS.platform/Developer/usr/lib -F /Users/admin/builder/spi-builder-workspace/.derivedData/Build/Products/Debug-xros -F /Applications/Xcode-27.0.0-Release.Candidate.app/Contents/Developer/Platforms/XROS.platform/Developer/Library/Frameworks -F /Applications/Xcode-27.0.0-Release.Candidate.app/Contents/Developer/Platforms/XROS.platform/Developer/SDKs/XROS27.0.sdk/Developer/Library/Frameworks -emit-localized-strings -emit-localized-strings-path /Users/admin/builder/spi-builder-workspace/.derivedData/Build/Intermediates.noindex/NetworkConnection.build/Debug-xros/NetworkConnection-t.build/Objects-normal/arm64 -c -j10 -enable-batch-mode -incremental -Xcc -ivfsstatcache -Xcc /Users/admin/builder/spi-builder-workspace/.derivedData/SDKStatCaches.noindex/xros27.0-24M361-e829b21a6f8c9b70876ba0858053c044735bd543db762f57723cac368afd1ce4.sdkstatcache -output-file-map /Users/admin/builder/spi-builder-workspace/.derivedData/Build/Intermediates.noindex/NetworkConnection.build/Debug-xros/NetworkConnection-t.build/Objects-normal/arm64/NetworkConnection-OutputFileMap.json -save-temps -no-color-diagnostics -explicit-module-build -module-cache-path /Users/admin/builder/spi-builder-workspace/.derivedData/Build/Intermediates.noindex/SwiftExplicitPrecompiledModules -clang-scanner-module-cache-path /Users/admin/builder/spi-builder-workspace/.derivedData/ModuleCache.noindex -sdk-module-cache-path /Users/admin/builder/spi-builder-workspace/.derivedData/SDKExplicitPrecompiledModules -emit-dependencies -emit-module -emit-module-path /Users/admin/builder/spi-builder-workspace/.derivedData/Build/Intermediates.noindex/NetworkConnection.build/Debug-xros/NetworkConnection-t.build/Objects-normal/arm64/NetworkConnection.swiftmodule -serialize-diagnostics -dependency-scan-serialize-diagnostics-path /Users/admin/builder/spi-builder-workspace/.derivedData/Build/Intermediates.noindex/NetworkConnection.build/Debug-xros/NetworkConnection-t.build/Objects-normal/arm64/NetworkConnection-dependency-scan.dia -validate-clang-modules-once -clang-build-session-file /Users/admin/builder/spi-builder-workspace/.derivedData/ModuleCache.noindex/Session.modulevalidation -Xcc -fmodules-prune-interval\=86400 -Xcc -fmodules-prune-after\=345600 -package-name spi_builder_workspace -emit-const-values -const-gather-protocols-list /Users/admin/builder/spi-builder-workspace/.derivedData/Build/Intermediates.noindex/NetworkConnection.build/Debug-xros/NetworkConnection-t.build/Objects-normal/arm64/NetworkConnection_const_extract_protocols.json -Xcc -I/Users/admin/builder/spi-builder-workspace/.derivedData/Build/Products/Debug-xros/include -Xcc -I/Users/admin/builder/spi-builder-workspace/.derivedData/Build/Intermediates.noindex/NetworkConnection.build/Debug-xros/NetworkConnection-t.build/DerivedSources-normal/arm64 -Xcc -I/Users/admin/builder/spi-builder-workspace/.derivedData/Build/Intermediates.noindex/NetworkConnection.build/Debug-xros/NetworkConnection-t.build/DerivedSources/arm64 -Xcc -I/Users/admin/builder/spi-builder-workspace/.derivedData/Build/Intermediates.noindex/NetworkConnection.build/Debug-xros/NetworkConnection-t.build/DerivedSources -Xcc -DSWIFT_PACKAGE -Xcc -DDEBUG\=1 -emit-objc-header -emit-objc-header-path /Users/admin/builder/spi-builder-workspace/.derivedData/Build/Intermediates.noindex/NetworkConnection.build/Debug-xros/NetworkConnection-t.build/Objects-normal/arm64/NetworkConnection-Swift.h -working-directory /Users/admin/builder/spi-builder-workspace/.swiftpm/xcode -experimental-emit-module-separately -disable-cmo
SwiftMergeGeneratedHeaders /Users/admin/builder/spi-builder-workspace/.derivedData/Build/Intermediates.noindex/GeneratedModuleMaps-xros/NetworkConnection-Swift.h /Users/admin/builder/spi-builder-workspace/.derivedData/Build/Intermediates.noindex/NetworkConnection.build/Debug-xros/NetworkConnection-t.build/Objects-normal/arm64/NetworkConnection-Swift.h (in target 'NetworkConnection' from project 'NetworkConnection')
cd /Users/admin/builder/spi-builder-workspace
builtin-swiftHeaderTool -arch arm64 /Users/admin/builder/spi-builder-workspace/.derivedData/Build/Intermediates.noindex/NetworkConnection.build/Debug-xros/NetworkConnection-t.build/Objects-normal/arm64/NetworkConnection-Swift.h -o /Users/admin/builder/spi-builder-workspace/.derivedData/Build/Intermediates.noindex/GeneratedModuleMaps-xros/NetworkConnection-Swift.h
Copy /Users/admin/builder/spi-builder-workspace/.derivedData/Build/Products/Debug-xros/NetworkConnection.swiftmodule/arm64-apple-xros.swiftmodule /Users/admin/builder/spi-builder-workspace/.derivedData/Build/Intermediates.noindex/NetworkConnection.build/Debug-xros/NetworkConnection-t.build/Objects-normal/arm64/NetworkConnection.swiftmodule (in target 'NetworkConnection' from project 'NetworkConnection')
cd /Users/admin/builder/spi-builder-workspace
builtin-copy -exclude .DS_Store -exclude CVS -exclude .svn -exclude .git -exclude .hg -resolve-src-symlinks -rename /Users/admin/builder/spi-builder-workspace/.derivedData/Build/Intermediates.noindex/NetworkConnection.build/Debug-xros/NetworkConnection-t.build/Objects-normal/arm64/NetworkConnection.swiftmodule /Users/admin/builder/spi-builder-workspace/.derivedData/Build/Products/Debug-xros/NetworkConnection.swiftmodule/arm64-apple-xros.swiftmodule
Copy /Users/admin/builder/spi-builder-workspace/.derivedData/Build/Products/Debug-xros/NetworkConnection.swiftmodule/arm64-apple-xros.swiftdoc /Users/admin/builder/spi-builder-workspace/.derivedData/Build/Intermediates.noindex/NetworkConnection.build/Debug-xros/NetworkConnection-t.build/Objects-normal/arm64/NetworkConnection.swiftdoc (in target 'NetworkConnection' from project 'NetworkConnection')
cd /Users/admin/builder/spi-builder-workspace
builtin-copy -exclude .DS_Store -exclude CVS -exclude .svn -exclude .git -exclude .hg -resolve-src-symlinks -rename /Users/admin/builder/spi-builder-workspace/.derivedData/Build/Intermediates.noindex/NetworkConnection.build/Debug-xros/NetworkConnection-t.build/Objects-normal/arm64/NetworkConnection.swiftdoc /Users/admin/builder/spi-builder-workspace/.derivedData/Build/Products/Debug-xros/NetworkConnection.swiftmodule/arm64-apple-xros.swiftdoc
Copy /Users/admin/builder/spi-builder-workspace/.derivedData/Build/Products/Debug-xros/NetworkConnection.swiftmodule/arm64-apple-xros.abi.json /Users/admin/builder/spi-builder-workspace/.derivedData/Build/Intermediates.noindex/NetworkConnection.build/Debug-xros/NetworkConnection-t.build/Objects-normal/arm64/NetworkConnection.abi.json (in target 'NetworkConnection' from project 'NetworkConnection')
cd /Users/admin/builder/spi-builder-workspace
builtin-copy -exclude .DS_Store -exclude CVS -exclude .svn -exclude .git -exclude .hg -resolve-src-symlinks -rename /Users/admin/builder/spi-builder-workspace/.derivedData/Build/Intermediates.noindex/NetworkConnection.build/Debug-xros/NetworkConnection-t.build/Objects-normal/arm64/NetworkConnection.abi.json /Users/admin/builder/spi-builder-workspace/.derivedData/Build/Products/Debug-xros/NetworkConnection.swiftmodule/arm64-apple-xros.abi.json
Copy /Users/admin/builder/spi-builder-workspace/.derivedData/Build/Products/Debug-xros/NetworkConnection.swiftmodule/Project/arm64-apple-xros.swiftsourceinfo /Users/admin/builder/spi-builder-workspace/.derivedData/Build/Intermediates.noindex/NetworkConnection.build/Debug-xros/NetworkConnection-t.build/Objects-normal/arm64/NetworkConnection.swiftsourceinfo (in target 'NetworkConnection' from project 'NetworkConnection')
cd /Users/admin/builder/spi-builder-workspace
builtin-copy -exclude .DS_Store -exclude CVS -exclude .svn -exclude .git -exclude .hg -resolve-src-symlinks -rename /Users/admin/builder/spi-builder-workspace/.derivedData/Build/Intermediates.noindex/NetworkConnection.build/Debug-xros/NetworkConnection-t.build/Objects-normal/arm64/NetworkConnection.swiftsourceinfo /Users/admin/builder/spi-builder-workspace/.derivedData/Build/Products/Debug-xros/NetworkConnection.swiftmodule/Project/arm64-apple-xros.swiftsourceinfo
SwiftDriverJobDiscovery normal arm64 Compiling GeneratedStringSymbols_Localizable.swift (in target 'NetworkConnection' from project 'NetworkConnection')
SwiftDriverJobDiscovery normal arm64 Compiling UIKitExt.swift (in target 'NetworkConnection' from project 'NetworkConnection')
SwiftDriverJobDiscovery normal arm64 Compiling StringExt.swift (in target 'NetworkConnection' from project 'NetworkConnection')
SwiftDriverJobDiscovery normal arm64 Compiling resource_bundle_accessor.swift (in target 'NetworkConnection' from project 'NetworkConnection')
SwiftDriverJobDiscovery normal arm64 Compiling NetworkStatusController.swift (in target 'NetworkConnection' from project 'NetworkConnection')
PruneExplicitPrecompiledModules /Users/admin/builder/spi-builder-workspace/.derivedData/Build/Intermediates.noindex/ExplicitPrecompiledModules
PruneExplicitPrecompiledModules /Users/admin/builder/spi-builder-workspace/.derivedData/Build/Intermediates.noindex/SwiftExplicitPrecompiledModules
PruneExplicitPrecompiledModules /Users/admin/builder/spi-builder-workspace/.derivedData/SDKExplicitPrecompiledModules
2026-09-21 00:14:42.631 xcodebuild[629:3915] [MT] IDERunDestination: Supported platforms for the buildables in the current scheme is empty.
2026-09-21 00:14:42.773 xcodebuild[629:3915] [MT] IDERunDestination: Supported platforms for the buildables in the current scheme is empty.
** BUILD FAILED **
The following build commands failed:
SwiftCompile normal arm64 Compiling\ InternetAlert.swift /Users/admin/builder/spi-builder-workspace/Sources/NetworkConnection/View/Dialog/InternetAlert.swift (in target 'NetworkConnection' from project 'NetworkConnection')
SwiftCompile normal arm64 /Users/admin/builder/spi-builder-workspace/Sources/NetworkConnection/View/Dialog/InternetAlert.swift (in target 'NetworkConnection' from project 'NetworkConnection')
Building workspace NetworkConnection with scheme NetworkConnection-Package
(3 failures)
Command line invocation:
/Applications/Xcode-27.0.0-Release.Candidate.app/Contents/Developer/usr/bin/xcodebuild -IDEClonedSourcePackagesDirPathOverride=/Users/admin/builder/spi-builder-workspace/.dependencies -resolvePackageDependencies
Resolve Package Graph
Resolved source packages:
NetworkConnection: /Users/admin/builder/spi-builder-workspace
resolved source packages: NetworkConnection
2026-09-21 00:14:54.884 xcodebuild[773:4567] [MT] IDERunDestination: Supported platforms for the buildables in the current scheme is empty.
2026-09-21 00:14:54.986 xcodebuild[773:4567] [MT] IDERunDestination: Supported platforms for the buildables in the current scheme is empty.
{
"default_localization" : "en",
"dependencies" : [
],
"manifest_display_name" : "NetworkConnection",
"name" : "NetworkConnection",
"path" : "/Users/admin/builder/spi-builder-workspace",
"platforms" : [
{
"name" : "ios",
"version" : "15.0"
},
{
"name" : "macos",
"version" : "11.0"
}
],
"products" : [
{
"name" : "NetworkConnection",
"targets" : [
"NetworkConnection"
],
"type" : {
"library" : [
"automatic"
]
}
}
],
"swift_languages_versions" : [
"5"
],
"targets" : [
{
"c99name" : "NetworkConnectionTests",
"module_type" : "SwiftTarget",
"name" : "NetworkConnectionTests",
"path" : "Tests/NetworkConnectionTests",
"sources" : [
"NetworkConnectionTests.swift"
],
"target_dependencies" : [
"NetworkConnection"
],
"type" : "test"
},
{
"c99name" : "NetworkConnection",
"module_type" : "SwiftTarget",
"name" : "NetworkConnection",
"path" : "Sources/NetworkConnection",
"product_memberships" : [
"NetworkConnection"
],
"sources" : [
"NetworkConnection.swift",
"NetworkStatusController.swift",
"Utils/FontExt.swift",
"Utils/StringExt.swift",
"Utils/SwiftUIExt.swift",
"Utils/UIKitExt.swift",
"View/Dialog/InternetAlert.swift"
],
"type" : "library"
}
],
"tools_version" : "5.10"
}
{
"workspace" : {
"name" : "NetworkConnection",
"schemes" : [
"NetworkConnection",
"NetworkConnection-Package"
]
}
}
2026-09-21 00:14:56.216 xcodebuild[781:4638] [MT] IDERunDestination: Supported platforms for the buildables in the current scheme is empty.
2026-09-21 00:14:56.316 xcodebuild[781:4638] [MT] IDERunDestination: Supported platforms for the buildables in the current scheme is empty.
{
"workspace" : {
"name" : "NetworkConnection",
"schemes" : [
"NetworkConnection",
"NetworkConnection-Package"
]
}
}
2026-09-21 00:14:57.264 xcodebuild[783:4673] [MT] IDERunDestination: Supported platforms for the buildables in the current scheme is empty.
2026-09-21 00:14:57.365 xcodebuild[783:4673] [MT] IDERunDestination: Supported platforms for the buildables in the current scheme is empty.
Running build ...
env DEVELOPER_DIR=/Applications/Xcode-27.0.0-Release.Candidate.app xcrun xcodebuild -IDEClonedSourcePackagesDirPathOverride=$PWD/.dependencies -skipMacroValidation -skipPackagePluginValidation -derivedDataPath $PWD/.derivedData build -scheme NetworkConnection-Package -destination generic/platform=xrOS
Command line invocation:
/Applications/Xcode-27.0.0-Release.Candidate.app/Contents/Developer/usr/bin/xcodebuild -IDEClonedSourcePackagesDirPathOverride=/Users/admin/builder/spi-builder-workspace/.dependencies -skipMacroValidation -skipPackagePluginValidation -derivedDataPath /Users/admin/builder/spi-builder-workspace/.derivedData build -scheme NetworkConnection-Package -destination generic/platform=xrOS
Resolve Package Graph
Resolved source packages:
NetworkConnection: /Users/admin/builder/spi-builder-workspace
ComputePackagePrebuildTargetDependencyGraph
Prepare packages
CreateBuildRequest
SendProjectDescription
CreateBuildOperation
ComputeTargetDependencyGraph
note: Building targets in dependency order
note: Target dependency graph (3 targets)
Target 'NetworkConnection-product' in project 'NetworkConnection'
➜ Explicit dependency on target 'NetworkConnection' in project 'NetworkConnection'
➜ Explicit dependency on target 'NetworkConnection_NetworkConnection' in project 'NetworkConnection'
Target 'NetworkConnection' in project 'NetworkConnection'
➜ Explicit dependency on target 'NetworkConnection_NetworkConnection' in project 'NetworkConnection'
Target 'NetworkConnection_NetworkConnection' in project 'NetworkConnection' (no dependencies)
GatherProvisioningInputs
CreateBuildDescription
ClangStatCache /Applications/Xcode-27.0.0-Release.Candidate.app/Contents/Developer/Toolchains/XcodeDefault.xctoolchain/usr/bin/clang-stat-cache /Applications/Xcode-27.0.0-Release.Candidate.app/Contents/Developer/Platforms/XROS.platform/Developer/SDKs/XROS27.0.sdk /Users/admin/builder/spi-builder-workspace/.derivedData/SDKStatCaches.noindex/xros27.0-24M361-e829b21a6f8c9b70876ba0858053c044735bd543db762f57723cac368afd1ce4.sdkstatcache
cd /Users/admin/builder/spi-builder-workspace/.swiftpm/xcode
/Applications/Xcode-27.0.0-Release.Candidate.app/Contents/Developer/Toolchains/XcodeDefault.xctoolchain/usr/bin/clang-stat-cache /Applications/Xcode-27.0.0-Release.Candidate.app/Contents/Developer/Platforms/XROS.platform/Developer/SDKs/XROS27.0.sdk -o /Users/admin/builder/spi-builder-workspace/.derivedData/SDKStatCaches.noindex/xros27.0-24M361-e829b21a6f8c9b70876ba0858053c044735bd543db762f57723cac368afd1ce4.sdkstatcache
SwiftDriver NetworkConnection normal arm64 com.apple.xcode.tools.swift.compiler (in target 'NetworkConnection' from project 'NetworkConnection')
cd /Users/admin/builder/spi-builder-workspace/.swiftpm/xcode
builtin-SwiftDriver -- /Applications/Xcode-27.0.0-Release.Candidate.app/Contents/Developer/Toolchains/XcodeDefault.xctoolchain/usr/bin/swiftc -parse-as-library -module-name NetworkConnection -Onone @/Users/admin/builder/spi-builder-workspace/.derivedData/Build/Intermediates.noindex/NetworkConnection.build/Debug-xros/NetworkConnection-t.build/Objects-normal/arm64/NetworkConnection.SwiftFileList -DSWIFT_PACKAGE -DDEBUG -DSWIFT_MODULE_RESOURCE_BUNDLE_AVAILABLE -DXcode -enable-upcoming-feature LibraryEvolution -plugin-path /Applications/Xcode-27.0.0-Release.Candidate.app/Contents/Developer/Toolchains/XcodeDefault.xctoolchain/usr/lib/swift/host/plugins/testing -enable-experimental-feature DebugDescriptionMacro -sdk /Applications/Xcode-27.0.0-Release.Candidate.app/Contents/Developer/Platforms/XROS.platform/Developer/SDKs/XROS27.0.sdk -target arm64-apple-xros1.0 -g -module-cache-path /Users/admin/builder/spi-builder-workspace/.derivedData/ModuleCache.noindex -Xfrontend -serialize-debugging-options -enable-testing -index-store-path /Users/admin/builder/spi-builder-workspace/.derivedData/Index.noindex/DataStore -Xcc -D_LIBCPP_HARDENING_MODE\=_LIBCPP_HARDENING_MODE_DEBUG -swift-version 5 -I /Users/admin/builder/spi-builder-workspace/.derivedData/Build/Products/Debug-xros -Isystem /Applications/Xcode-27.0.0-Release.Candidate.app/Contents/Developer/Platforms/XROS.platform/Developer/usr/lib -F /Users/admin/builder/spi-builder-workspace/.derivedData/Build/Products/Debug-xros -F /Applications/Xcode-27.0.0-Release.Candidate.app/Contents/Developer/Platforms/XROS.platform/Developer/Library/Frameworks -F /Applications/Xcode-27.0.0-Release.Candidate.app/Contents/Developer/Platforms/XROS.platform/Developer/SDKs/XROS27.0.sdk/Developer/Library/Frameworks -emit-localized-strings -emit-localized-strings-path /Users/admin/builder/spi-builder-workspace/.derivedData/Build/Intermediates.noindex/NetworkConnection.build/Debug-xros/NetworkConnection-t.build/Objects-normal/arm64 -c -j10 -enable-batch-mode -incremental -Xcc -ivfsstatcache -Xcc /Users/admin/builder/spi-builder-workspace/.derivedData/SDKStatCaches.noindex/xros27.0-24M361-e829b21a6f8c9b70876ba0858053c044735bd543db762f57723cac368afd1ce4.sdkstatcache -output-file-map /Users/admin/builder/spi-builder-workspace/.derivedData/Build/Intermediates.noindex/NetworkConnection.build/Debug-xros/NetworkConnection-t.build/Objects-normal/arm64/NetworkConnection-OutputFileMap.json -save-temps -no-color-diagnostics -explicit-module-build -module-cache-path /Users/admin/builder/spi-builder-workspace/.derivedData/Build/Intermediates.noindex/SwiftExplicitPrecompiledModules -clang-scanner-module-cache-path /Users/admin/builder/spi-builder-workspace/.derivedData/ModuleCache.noindex -sdk-module-cache-path /Users/admin/builder/spi-builder-workspace/.derivedData/SDKExplicitPrecompiledModules -emit-dependencies -emit-module -emit-module-path /Users/admin/builder/spi-builder-workspace/.derivedData/Build/Intermediates.noindex/NetworkConnection.build/Debug-xros/NetworkConnection-t.build/Objects-normal/arm64/NetworkConnection.swiftmodule -serialize-diagnostics -dependency-scan-serialize-diagnostics-path /Users/admin/builder/spi-builder-workspace/.derivedData/Build/Intermediates.noindex/NetworkConnection.build/Debug-xros/NetworkConnection-t.build/Objects-normal/arm64/NetworkConnection-dependency-scan.dia -validate-clang-modules-once -clang-build-session-file /Users/admin/builder/spi-builder-workspace/.derivedData/ModuleCache.noindex/Session.modulevalidation -Xcc -fmodules-prune-interval\=86400 -Xcc -fmodules-prune-after\=345600 -package-name spi_builder_workspace -emit-const-values -const-gather-protocols-list /Users/admin/builder/spi-builder-workspace/.derivedData/Build/Intermediates.noindex/NetworkConnection.build/Debug-xros/NetworkConnection-t.build/Objects-normal/arm64/NetworkConnection_const_extract_protocols.json -Xcc -I/Users/admin/builder/spi-builder-workspace/.derivedData/Build/Products/Debug-xros/include -Xcc -I/Users/admin/builder/spi-builder-workspace/.derivedData/Build/Intermediates.noindex/NetworkConnection.build/Debug-xros/NetworkConnection-t.build/DerivedSources-normal/arm64 -Xcc -I/Users/admin/builder/spi-builder-workspace/.derivedData/Build/Intermediates.noindex/NetworkConnection.build/Debug-xros/NetworkConnection-t.build/DerivedSources/arm64 -Xcc -I/Users/admin/builder/spi-builder-workspace/.derivedData/Build/Intermediates.noindex/NetworkConnection.build/Debug-xros/NetworkConnection-t.build/DerivedSources -Xcc -DSWIFT_PACKAGE -Xcc -DDEBUG\=1 -emit-objc-header -emit-objc-header-path /Users/admin/builder/spi-builder-workspace/.derivedData/Build/Intermediates.noindex/NetworkConnection.build/Debug-xros/NetworkConnection-t.build/Objects-normal/arm64/NetworkConnection-Swift.h -working-directory /Users/admin/builder/spi-builder-workspace/.swiftpm/xcode -experimental-emit-module-separately -disable-cmo
SwiftCompile normal arm64 Compiling\ FontExt.swift /Users/admin/builder/spi-builder-workspace/Sources/NetworkConnection/Utils/FontExt.swift (in target 'NetworkConnection' from project 'NetworkConnection')
SwiftCompile normal arm64 /Users/admin/builder/spi-builder-workspace/Sources/NetworkConnection/Utils/FontExt.swift (in target 'NetworkConnection' from project 'NetworkConnection')
cd /Users/admin/builder/spi-builder-workspace/.swiftpm/xcode
builtin-SwiftPerFileCompile FontExt.swift
SwiftCompile normal arm64 Compiling\ SwiftUIExt.swift /Users/admin/builder/spi-builder-workspace/Sources/NetworkConnection/Utils/SwiftUIExt.swift (in target 'NetworkConnection' from project 'NetworkConnection')
SwiftCompile normal arm64 /Users/admin/builder/spi-builder-workspace/Sources/NetworkConnection/Utils/SwiftUIExt.swift (in target 'NetworkConnection' from project 'NetworkConnection')
cd /Users/admin/builder/spi-builder-workspace/.swiftpm/xcode
builtin-SwiftPerFileCompile SwiftUIExt.swift
SwiftCompile normal arm64 Compiling\ NetworkConnection.swift /Users/admin/builder/spi-builder-workspace/Sources/NetworkConnection/NetworkConnection.swift (in target 'NetworkConnection' from project 'NetworkConnection')
SwiftCompile normal arm64 /Users/admin/builder/spi-builder-workspace/Sources/NetworkConnection/NetworkConnection.swift (in target 'NetworkConnection' from project 'NetworkConnection')
cd /Users/admin/builder/spi-builder-workspace/.swiftpm/xcode
builtin-SwiftPerFileCompile NetworkConnection.swift
SwiftEmitModule normal arm64 Emitting\ module\ for\ NetworkConnection (in target 'NetworkConnection' from project 'NetworkConnection')
SwiftCompile normal arm64 (in target 'NetworkConnection' from project 'NetworkConnection')
cd /Users/admin/builder/spi-builder-workspace/.swiftpm/xcode
SwiftCompile normal arm64 Compiling\ InternetAlert.swift /Users/admin/builder/spi-builder-workspace/Sources/NetworkConnection/View/Dialog/InternetAlert.swift (in target 'NetworkConnection' from project 'NetworkConnection')
/Users/admin/builder/spi-builder-workspace/Sources/NetworkConnection/View/Dialog/InternetAlert.swift:77:58: warning: result of call to 'openURL' is unused [#NoUsage]
75 | UIApplication.shared.open(url, options: [:], completionHandler: nil)
76 | } else {
77 | UIApplication.shared.openURL(url)
| `- warning: result of call to 'openURL' is unused [#NoUsage]
78 | }
79 | }
/Users/admin/builder/spi-builder-workspace/Sources/NetworkConnection/View/Dialog/InternetAlert.swift:77:58: error: 'openURL' is unavailable in visionOS
75 | UIApplication.shared.open(url, options: [:], completionHandler: nil)
76 | } else {
77 | UIApplication.shared.openURL(url)
| `- error: 'openURL' is unavailable in visionOS
78 | }
79 | }
/Applications/Xcode-27.0.0-Release.Candidate.app/Contents/Developer/Platforms/XROS.platform/Developer/SDKs/XROS27.0.sdk/System/Library/Frameworks/UIKit.framework/Headers/UIApplication.h:97:1: note: 'openURL' has been explicitly marked unavailable here
95 | @property(nonatomic,getter=isIdleTimerDisabled) BOOL idleTimerDisabled; // default is NO
96 |
97 | - (BOOL)openURL:(NSURL*)url API_DEPRECATED_WITH_REPLACEMENT("openURL:options:completionHandler:", ios(2.0, 10.0)) API_UNAVAILABLE(visionos, watchos);
| `- note: 'openURL' has been explicitly marked unavailable here
98 | - (BOOL)canOpenURL:(NSURL *)url API_DEPRECATED("Prefer attempting to open URLs and handling any failures", ios(3.0, 27.0), visionos(1.0, 27.0), tvos(9.0, 27.0)) API_UNAVAILABLE(watchos) NS_SWIFT_NONISOLATED;
99 |
[#NoUsage]: <https://docs.swift.org/compiler/documentation/diagnostics/no-usage>
Failed frontend command:
SwiftCompile normal arm64 /Users/admin/builder/spi-builder-workspace/Sources/NetworkConnection/View/Dialog/InternetAlert.swift (in target 'NetworkConnection' from project 'NetworkConnection')
cd /Users/admin/builder/spi-builder-workspace/.swiftpm/xcode
builtin-SwiftPerFileCompile InternetAlert.swift
/Applications/Xcode-27.0.0-Release.Candidate.app/Contents/Developer/Toolchains/XcodeDefault.xctoolchain/usr/bin/swift-frontend -frontend -c /Users/admin/builder/spi-builder-workspace/.derivedData/Build/Intermediates.noindex/NetworkConnection.build/Debug-xros/NetworkConnection-t.build/DerivedSources/resource_bundle_accessor.swift /Users/admin/builder/spi-builder-workspace/Sources/NetworkConnection/NetworkConnection.swift /Users/admin/builder/spi-builder-workspace/Sources/NetworkConnection/NetworkStatusController.swift /Users/admin/builder/spi-builder-workspace/Sources/NetworkConnection/Utils/FontExt.swift /Users/admin/builder/spi-builder-workspace/Sources/NetworkConnection/Utils/StringExt.swift /Users/admin/builder/spi-builder-workspace/Sources/NetworkConnection/Utils/SwiftUIExt.swift /Users/admin/builder/spi-builder-workspace/Sources/NetworkConnection/Utils/UIKitExt.swift -primary-file /Users/admin/builder/spi-builder-workspace/Sources/NetworkConnection/View/Dialog/InternetAlert.swift /Users/admin/builder/spi-builder-workspace/.derivedData/Build/Intermediates.noindex/NetworkConnection.build/Debug-xros/NetworkConnection-t.build/DerivedSources/GeneratedStringSymbols_Localizable.swift -emit-dependencies-path /Users/admin/builder/spi-builder-workspace/.derivedData/Build/Intermediates.noindex/NetworkConnection.build/Debug-xros/NetworkConnection-t.build/Objects-normal/arm64/InternetAlert.d -emit-const-values-path /Users/admin/builder/spi-builder-workspace/.derivedData/Build/Intermediates.noindex/NetworkConnection.build/Debug-xros/NetworkConnection-t.build/Objects-normal/arm64/InternetAlert.swiftconstvalues -emit-reference-dependencies-path /Users/admin/builder/spi-builder-workspace/.derivedData/Build/Intermediates.noindex/NetworkConnection.build/Debug-xros/NetworkConnection-t.build/Objects-normal/arm64/InternetAlert.swiftdeps -serialize-diagnostics-path /Users/admin/builder/spi-builder-workspace/.derivedData/Build/Intermediates.noindex/NetworkConnection.build/Debug-xros/NetworkConnection-t.build/Objects-normal/arm64/InternetAlert.dia -emit-localized-strings -emit-localized-strings-path /Users/admin/builder/spi-builder-workspace/.derivedData/Build/Intermediates.noindex/NetworkConnection.build/Debug-xros/NetworkConnection-t.build/Objects-normal/arm64 -target arm64-apple-xros1.0 -disable-cross-import-overlay-search -load-resolved-plugin /Applications/Xcode-27.0.0-Release.Candidate.app/Contents/Developer/Platforms/XROS.platform/Developer/usr/lib/swift/host/plugins/libFoundationMacros.dylib\#/Applications/Xcode-27.0.0-Release.Candidate.app/Contents/Developer/Platforms/XROS.platform/Developer/usr/bin/swift-plugin-server\#FoundationMacros -load-resolved-plugin /Applications/Xcode-27.0.0-Release.Candidate.app/Contents/Developer/Platforms/XROS.platform/Developer/usr/lib/swift/host/plugins/libObservationMacros.dylib\#/Applications/Xcode-27.0.0-Release.Candidate.app/Contents/Developer/Platforms/XROS.platform/Developer/usr/bin/swift-plugin-server\#ObservationMacros -load-resolved-plugin /Applications/Xcode-27.0.0-Release.Candidate.app/Contents/Developer/Platforms/XROS.platform/Developer/usr/lib/swift/host/plugins/libPreviewsMacros.dylib\#/Applications/Xcode-27.0.0-Release.Candidate.app/Contents/Developer/Platforms/XROS.platform/Developer/usr/bin/swift-plugin-server\#PreviewsMacros -load-resolved-plugin /Applications/Xcode-27.0.0-Release.Candidate.app/Contents/Developer/Platforms/XROS.platform/Developer/usr/lib/swift/host/plugins/libSwiftMacros.dylib\#/Applications/Xcode-27.0.0-Release.Candidate.app/Contents/Developer/Platforms/XROS.platform/Developer/usr/bin/swift-plugin-server\#SwiftMacros -load-resolved-plugin /Applications/Xcode-27.0.0-Release.Candidate.app/Contents/Developer/Platforms/XROS.platform/Developer/usr/lib/swift/host/plugins/libSwiftUIMacros.dylib\#/Applications/Xcode-27.0.0-Release.Candidate.app/Contents/Developer/Platforms/XROS.platform/Developer/usr/bin/swift-plugin-server\#SwiftUIMacros -disable-implicit-swift-modules -Xcc -fno-implicit-modules -Xcc -fno-implicit-module-maps -explicit-swift-module-map-file /Users/admin/builder/spi-builder-workspace/.derivedData/Build/Intermediates.noindex/NetworkConnection.build/Debug-xros/NetworkConnection-t.build/Objects-normal/arm64/NetworkConnection-dependencies-1.json -Xllvm -aarch64-use-tbi -enable-objc-interop -stack-check -sdk /Applications/Xcode-27.0.0-Release.Candidate.app/Contents/Developer/Platforms/XROS.platform/Developer/SDKs/XROS27.0.sdk -I /Users/admin/builder/spi-builder-workspace/.derivedData/Build/Products/Debug-xros -Isystem /Applications/Xcode-27.0.0-Release.Candidate.app/Contents/Developer/Platforms/XROS.platform/Developer/usr/lib -F /Users/admin/builder/spi-builder-workspace/.derivedData/Build/Products/Debug-xros -F /Applications/Xcode-27.0.0-Release.Candidate.app/Contents/Developer/Platforms/XROS.platform/Developer/Library/Frameworks -F /Applications/Xcode-27.0.0-Release.Candidate.app/Contents/Developer/Platforms/XROS.platform/Developer/SDKs/XROS27.0.sdk/Developer/Library/Frameworks -module-cache-path /Users/admin/builder/spi-builder-workspace/.derivedData/Build/Intermediates.noindex/SwiftExplicitPrecompiledModules -no-color-diagnostics -Xcc -fno-color-diagnostics -enable-testing -g -debug-info-format\=dwarf -dwarf-version\=4 -swift-version 5 -Onone -D SWIFT_PACKAGE -D DEBUG -D SWIFT_MODULE_RESOURCE_BUNDLE_AVAILABLE -D Xcode -serialize-debugging-options -enable-upcoming-feature LibraryEvolution -enable-experimental-feature DebugDescriptionMacro -empty-abi-descriptor -validate-clang-modules-once -clang-build-session-file /Users/admin/builder/spi-builder-workspace/.derivedData/ModuleCache.noindex/Session.modulevalidation -Xcc -working-directory -Xcc /Users/admin/builder/spi-builder-workspace/.swiftpm/xcode -enable-anonymous-context-mangled-names -file-compilation-dir /Users/admin/builder/spi-builder-workspace/.swiftpm/xcode -Xcc -D_LIBCPP_HARDENING_MODE\=_LIBCPP_HARDENING_MODE_DEBUG -Xcc -ivfsstatcache -Xcc /Users/admin/builder/spi-builder-workspace/.derivedData/SDKStatCaches.noindex/xros27.0-24M361-e829b21a6f8c9b70876ba0858053c044735bd543db762f57723cac368afd1ce4.sdkstatcache -Xcc -fmodules-prune-interval\=86400 -Xcc -fmodules-prune-after\=345600 -Xcc -I/Users/admin/builder/spi-builder-workspace/.derivedData/Build/Products/Debug-xros/include -Xcc -I/Users/admin/builder/spi-builder-workspace/.derivedData/Build/Intermediates.noindex/NetworkConnection.build/Debug-xros/NetworkConnection-t.build/DerivedSources-normal/arm64 -Xcc -I/Users/admin/builder/spi-builder-workspace/.derivedData/Build/Intermediates.noindex/NetworkConnection.build/Debug-xros/NetworkConnection-t.build/DerivedSources/arm64 -Xcc -I/Users/admin/builder/spi-builder-workspace/.derivedData/Build/Intermediates.noindex/NetworkConnection.build/Debug-xros/NetworkConnection-t.build/DerivedSources -Xcc -DSWIFT_PACKAGE -Xcc -DDEBUG\=1 -no-auto-bridging-header-chaining -module-name NetworkConnection -package-name spi_builder_workspace -const-gather-protocols-file /Users/admin/builder/spi-builder-workspace/.derivedData/Build/Intermediates.noindex/NetworkConnection.build/Debug-xros/NetworkConnection-t.build/Objects-normal/arm64/NetworkConnection_const_extract_protocols.json -disable-clang-spi -clang-target arm64-apple-xros27.0 -target-sdk-version 27.0 -target-sdk-name xros27.0 -in-process-plugin-server-path /Applications/Xcode-27.0.0-Release.Candidate.app/Contents/Developer/Toolchains/XcodeDefault.xctoolchain/usr/lib/swift/host/libSwiftInProcPluginServer.dylib -parse-as-library -o /Users/admin/builder/spi-builder-workspace/.derivedData/Build/Intermediates.noindex/NetworkConnection.build/Debug-xros/NetworkConnection-t.build/Objects-normal/arm64/InternetAlert.o -debug-module-path /Users/admin/builder/spi-builder-workspace/.derivedData/Build/Intermediates.noindex/NetworkConnection.build/Debug-xros/NetworkConnection-t.build/Objects-normal/arm64/NetworkConnection.swiftmodule -index-unit-output-path /NetworkConnection.build/Debug-xros/NetworkConnection-t.build/Objects-normal/arm64/InternetAlert.o -index-store-path /Users/admin/builder/spi-builder-workspace/.derivedData/Index.noindex/DataStore -index-system-modules
SwiftDriverJobDiscovery normal arm64 Compiling FontExt.swift (in target 'NetworkConnection' from project 'NetworkConnection')
SwiftDriverJobDiscovery normal arm64 Compiling NetworkConnection.swift (in target 'NetworkConnection' from project 'NetworkConnection')
SwiftCompile normal arm64 Compiling\ resource_bundle_accessor.swift /Users/admin/builder/spi-builder-workspace/.derivedData/Build/Intermediates.noindex/NetworkConnection.build/Debug-xros/NetworkConnection-t.build/DerivedSources/resource_bundle_accessor.swift (in target 'NetworkConnection' from project 'NetworkConnection')
SwiftCompile normal arm64 /Users/admin/builder/spi-builder-workspace/.derivedData/Build/Intermediates.noindex/NetworkConnection.build/Debug-xros/NetworkConnection-t.build/DerivedSources/resource_bundle_accessor.swift (in target 'NetworkConnection' from project 'NetworkConnection')
cd /Users/admin/builder/spi-builder-workspace/.swiftpm/xcode
builtin-SwiftPerFileCompile resource_bundle_accessor.swift
SwiftDriverJobDiscovery normal arm64 Compiling SwiftUIExt.swift (in target 'NetworkConnection' from project 'NetworkConnection')
PruneExplicitPrecompiledModules /Users/admin/builder/spi-builder-workspace/.derivedData/Build/Intermediates.noindex/ExplicitPrecompiledModules
PruneExplicitPrecompiledModules /Users/admin/builder/spi-builder-workspace/.derivedData/Build/Intermediates.noindex/SwiftExplicitPrecompiledModules
PruneExplicitPrecompiledModules /Users/admin/builder/spi-builder-workspace/.derivedData/SDKExplicitPrecompiledModules
2026-09-21 00:14:58.320 xcodebuild[784:4699] [MT] IDERunDestination: Supported platforms for the buildables in the current scheme is empty.
2026-09-21 00:14:58.423 xcodebuild[784:4699] [MT] IDERunDestination: Supported platforms for the buildables in the current scheme is empty.
** BUILD FAILED **
The following build commands failed:
SwiftCompile normal arm64 /Users/admin/builder/spi-builder-workspace/Sources/NetworkConnection/View/Dialog/InternetAlert.swift (in target 'NetworkConnection' from project 'NetworkConnection')
SwiftCompile normal arm64 Compiling\ InternetAlert.swift /Users/admin/builder/spi-builder-workspace/Sources/NetworkConnection/View/Dialog/InternetAlert.swift (in target 'NetworkConnection' from project 'NetworkConnection')
Building workspace NetworkConnection with scheme NetworkConnection-Package
(3 failures)
BUILD FAILURE 6.4 visionOS