The Swift Package Index logo.Swift Package Index

Build Information

Failed to build DecisionModels, reference 0.3.0 (355da4), with Swift 6.4 for tvOS using Xcode 27.0 on 28 Sep 2026 23:35:07 UTC.

Build Command

env DEVELOPER_DIR=/Applications/Xcode-27.0.0-Release.Candidate.app xcrun xcodebuild -IDEClonedSourcePackagesDirPathOverride=$PWD/.dependencies -skipMacroValidation -skipPackagePluginValidation -derivedDataPath $PWD/.derivedData build -scheme DecisionModels-Package -destination generic/platform=tvOS

Build Log

    cd /Users/admin/builder/spi-builder-workspace/.swiftpm/xcode
    builtin-SwiftPerFileCompile Question.swift
SwiftCompile normal arm64 Compiling\ Hierarchy.swift,\ Inquiry.swift,\ Macros.swift,\ ModelResponse.swift /Users/admin/builder/spi-builder-workspace/Sources/DecisionModels/Hierarchy.swift /Users/admin/builder/spi-builder-workspace/Sources/DecisionModels/Inquiry.swift /Users/admin/builder/spi-builder-workspace/Sources/DecisionModels/Macros.swift /Users/admin/builder/spi-builder-workspace/Sources/DecisionModels/ModelResponse.swift (in target 'DecisionModels' from project 'DecisionModels')
SwiftCompile normal arm64 /Users/admin/builder/spi-builder-workspace/Sources/DecisionModels/Hierarchy.swift (in target 'DecisionModels' from project 'DecisionModels')
    cd /Users/admin/builder/spi-builder-workspace/.swiftpm/xcode
    builtin-SwiftPerFileCompile Hierarchy.swift
SwiftCompile normal arm64 /Users/admin/builder/spi-builder-workspace/Sources/DecisionModels/Inquiry.swift (in target 'DecisionModels' from project 'DecisionModels')
    cd /Users/admin/builder/spi-builder-workspace/.swiftpm/xcode
    builtin-SwiftPerFileCompile Inquiry.swift
SwiftCompile normal arm64 /Users/admin/builder/spi-builder-workspace/Sources/DecisionModels/Macros.swift (in target 'DecisionModels' from project 'DecisionModels')
    cd /Users/admin/builder/spi-builder-workspace/.swiftpm/xcode
    builtin-SwiftPerFileCompile Macros.swift
SwiftCompile normal arm64 /Users/admin/builder/spi-builder-workspace/Sources/DecisionModels/ModelResponse.swift (in target 'DecisionModels' from project 'DecisionModels')
    cd /Users/admin/builder/spi-builder-workspace/.swiftpm/xcode
    builtin-SwiftPerFileCompile ModelResponse.swift
SwiftDriverJobDiscovery normal arm64 Compiling DecisionError.swift, DecisionModel.swift, DecisionModelAvailability.swift, DecisionOptions.swift (in target 'DecisionModels' from project 'DecisionModels')
SwiftDriverJobDiscovery normal arm64 Compiling Options.swift, Preflight.swift, ProbabilityQuality.swift, Question.swift (in target 'DecisionModels' from project 'DecisionModels')
SwiftDriverJobDiscovery normal arm64 Compiling QuestionSpec.swift, Questionnaire.swift, Rating.swift, RetryPolicy.swift (in target 'DecisionModels' from project 'DecisionModels')
SwiftDriverJobDiscovery normal arm64 Compiling Capabilities.swift, Choice.swift, CompositeScore.swift, CachedModel.swift, CascadeModel.swift (in target 'DecisionModels' from project 'DecisionModels')
SwiftDriverJobDiscovery normal arm64 Compiling Answer.swift, AnswerReader.swift, AnswerRecord.swift, Answers.swift, Askable.swift (in target 'DecisionModels' from project 'DecisionModels')
SwiftDriverJobDiscovery normal arm64 Compiling DecisionRequest.swift, DecisionResponse.swift, DecisionSession.swift, Distribution.swift (in target 'DecisionModels' from project 'DecisionModels')
SwiftDriverJobDiscovery normal arm64 Emitting module for DecisionModels (in target 'DecisionModels' from project 'DecisionModels')
SwiftDriver\ Compilation\ Requirements DecisionModels normal arm64 com.apple.xcode.tools.swift.compiler (in target 'DecisionModels' from project 'DecisionModels')
    cd /Users/admin/builder/spi-builder-workspace/.swiftpm/xcode
    builtin-Swift-Compilation-Requirements -- /Applications/Xcode-27.0.0-Release.Candidate.app/Contents/Developer/Toolchains/XcodeDefault.xctoolchain/usr/bin/swiftc -parse-as-library -module-name DecisionModels -Onone @/Users/admin/builder/spi-builder-workspace/.derivedData/Build/Intermediates.noindex/DecisionModels.build/Debug-appletvos/DecisionModels-t.build/Objects-normal/arm64/DecisionModels.SwiftFileList -DSWIFT_PACKAGE -DDEBUG -DSWIFT_MODULE_RESOURCE_BUNDLE_UNAVAILABLE -DXcode -plugin-path /Applications/Xcode-27.0.0-Release.Candidate.app/Contents/Developer/Toolchains/XcodeDefault.xctoolchain/usr/lib/swift/host/plugins/testing -enable-experimental-feature DebugDescriptionMacro -sdk /Applications/Xcode-27.0.0-Release.Candidate.app/Contents/Developer/Platforms/AppleTVOS.platform/Developer/SDKs/AppleTVOS27.0.sdk -target arm64-apple-tvos18.0 -g -module-cache-path /Users/admin/builder/spi-builder-workspace/.derivedData/ModuleCache.noindex -Xfrontend -serialize-debugging-options -profile-coverage-mapping -profile-generate -enable-testing -index-store-path /Users/admin/builder/spi-builder-workspace/.derivedData/Index.noindex/DataStore -Xcc -D_LIBCPP_HARDENING_MODE\=_LIBCPP_HARDENING_MODE_DEBUG -swift-version 6 -I /Users/admin/builder/spi-builder-workspace/.derivedData/Build/Products/Debug-appletvos -Isystem /Applications/Xcode-27.0.0-Release.Candidate.app/Contents/Developer/Platforms/AppleTVOS.platform/Developer/usr/lib -F /Users/admin/builder/spi-builder-workspace/.derivedData/Build/Products/Debug-appletvos -F /Applications/Xcode-27.0.0-Release.Candidate.app/Contents/Developer/Platforms/AppleTVOS.platform/Developer/Library/Frameworks -F /Applications/Xcode-27.0.0-Release.Candidate.app/Contents/Developer/Platforms/AppleTVOS.platform/Developer/SDKs/AppleTVOS27.0.sdk/Developer/Library/Frameworks -Xfrontend -load-plugin-executable -Xfrontend /Users/admin/builder/spi-builder-workspace/.derivedData/Build/Products/Debug/DecisionModelsMacros\#DecisionModelsMacros -c -j10 -enable-batch-mode -incremental -Xcc -ivfsstatcache -Xcc /Users/admin/builder/spi-builder-workspace/.derivedData/SDKStatCaches.noindex/appletvos27.0-24J360-e829b21a6f8c9b70876ba0858053c044b32bfd8d43560033f8d89884cdb90028.sdkstatcache -output-file-map /Users/admin/builder/spi-builder-workspace/.derivedData/Build/Intermediates.noindex/DecisionModels.build/Debug-appletvos/DecisionModels-t.build/Objects-normal/arm64/DecisionModels-OutputFileMap.json -save-temps -no-color-diagnostics -explicit-module-build -module-cache-path /Users/admin/builder/spi-builder-workspace/.derivedData/Build/Intermediates.noindex/SwiftExplicitPrecompiledModules -clang-scanner-module-cache-path /Users/admin/builder/spi-builder-workspace/.derivedData/ModuleCache.noindex -sdk-module-cache-path /Users/admin/builder/spi-builder-workspace/.derivedData/SDKExplicitPrecompiledModules -emit-dependencies -emit-module -emit-module-path /Users/admin/builder/spi-builder-workspace/.derivedData/Build/Intermediates.noindex/DecisionModels.build/Debug-appletvos/DecisionModels-t.build/Objects-normal/arm64/DecisionModels.swiftmodule -serialize-diagnostics -dependency-scan-serialize-diagnostics-path /Users/admin/builder/spi-builder-workspace/.derivedData/Build/Intermediates.noindex/DecisionModels.build/Debug-appletvos/DecisionModels-t.build/Objects-normal/arm64/DecisionModels-dependency-scan.dia -validate-clang-modules-once -clang-build-session-file /Users/admin/builder/spi-builder-workspace/.derivedData/ModuleCache.noindex/Session.modulevalidation -Xcc -fmodules-prune-interval\=86400 -Xcc -fmodules-prune-after\=345600 -package-name spi_builder_workspace -emit-const-values -const-gather-protocols-list /Users/admin/builder/spi-builder-workspace/.derivedData/Build/Intermediates.noindex/DecisionModels.build/Debug-appletvos/DecisionModels-t.build/Objects-normal/arm64/DecisionModels_const_extract_protocols.json -Xcc -I/Users/admin/builder/spi-builder-workspace/.derivedData/Build/Products/Debug-appletvos/include -Xcc -I/Users/admin/builder/spi-builder-workspace/.derivedData/Build/Intermediates.noindex/DecisionModels.build/Debug-appletvos/DecisionModels-t.build/DerivedSources-normal/arm64 -Xcc -I/Users/admin/builder/spi-builder-workspace/.derivedData/Build/Intermediates.noindex/DecisionModels.build/Debug-appletvos/DecisionModels-t.build/DerivedSources/arm64 -Xcc -I/Users/admin/builder/spi-builder-workspace/.derivedData/Build/Intermediates.noindex/DecisionModels.build/Debug-appletvos/DecisionModels-t.build/DerivedSources -Xcc -DSWIFT_PACKAGE -Xcc -DDEBUG\=1 -emit-objc-header -emit-objc-header-path /Users/admin/builder/spi-builder-workspace/.derivedData/Build/Intermediates.noindex/DecisionModels.build/Debug-appletvos/DecisionModels-t.build/Objects-normal/arm64/DecisionModels-Swift.h -working-directory /Users/admin/builder/spi-builder-workspace/.swiftpm/xcode -experimental-emit-module-separately -disable-cmo
SwiftMergeGeneratedHeaders /Users/admin/builder/spi-builder-workspace/.derivedData/Build/Intermediates.noindex/GeneratedModuleMaps-appletvos/DecisionModels-Swift.h /Users/admin/builder/spi-builder-workspace/.derivedData/Build/Intermediates.noindex/DecisionModels.build/Debug-appletvos/DecisionModels-t.build/Objects-normal/arm64/DecisionModels-Swift.h (in target 'DecisionModels' from project 'DecisionModels')
    cd /Users/admin/builder/spi-builder-workspace
    builtin-swiftHeaderTool -arch arm64 /Users/admin/builder/spi-builder-workspace/.derivedData/Build/Intermediates.noindex/DecisionModels.build/Debug-appletvos/DecisionModels-t.build/Objects-normal/arm64/DecisionModels-Swift.h -o /Users/admin/builder/spi-builder-workspace/.derivedData/Build/Intermediates.noindex/GeneratedModuleMaps-appletvos/DecisionModels-Swift.h
Copy /Users/admin/builder/spi-builder-workspace/.derivedData/Build/Products/Debug-appletvos/DecisionModels.swiftmodule/arm64-apple-tvos.swiftdoc /Users/admin/builder/spi-builder-workspace/.derivedData/Build/Intermediates.noindex/DecisionModels.build/Debug-appletvos/DecisionModels-t.build/Objects-normal/arm64/DecisionModels.swiftdoc (in target 'DecisionModels' from project 'DecisionModels')
    cd /Users/admin/builder/spi-builder-workspace
    builtin-copy -exclude .DS_Store -exclude CVS -exclude .svn -exclude .git -exclude .hg -resolve-src-symlinks -rename /Users/admin/builder/spi-builder-workspace/.derivedData/Build/Intermediates.noindex/DecisionModels.build/Debug-appletvos/DecisionModels-t.build/Objects-normal/arm64/DecisionModels.swiftdoc /Users/admin/builder/spi-builder-workspace/.derivedData/Build/Products/Debug-appletvos/DecisionModels.swiftmodule/arm64-apple-tvos.swiftdoc
Copy /Users/admin/builder/spi-builder-workspace/.derivedData/Build/Products/Debug-appletvos/DecisionModels.swiftmodule/arm64-apple-tvos.swiftmodule /Users/admin/builder/spi-builder-workspace/.derivedData/Build/Intermediates.noindex/DecisionModels.build/Debug-appletvos/DecisionModels-t.build/Objects-normal/arm64/DecisionModels.swiftmodule (in target 'DecisionModels' from project 'DecisionModels')
    cd /Users/admin/builder/spi-builder-workspace
    builtin-copy -exclude .DS_Store -exclude CVS -exclude .svn -exclude .git -exclude .hg -resolve-src-symlinks -rename /Users/admin/builder/spi-builder-workspace/.derivedData/Build/Intermediates.noindex/DecisionModels.build/Debug-appletvos/DecisionModels-t.build/Objects-normal/arm64/DecisionModels.swiftmodule /Users/admin/builder/spi-builder-workspace/.derivedData/Build/Products/Debug-appletvos/DecisionModels.swiftmodule/arm64-apple-tvos.swiftmodule
Copy /Users/admin/builder/spi-builder-workspace/.derivedData/Build/Products/Debug-appletvos/DecisionModels.swiftmodule/arm64-apple-tvos.abi.json /Users/admin/builder/spi-builder-workspace/.derivedData/Build/Intermediates.noindex/DecisionModels.build/Debug-appletvos/DecisionModels-t.build/Objects-normal/arm64/DecisionModels.abi.json (in target 'DecisionModels' from project 'DecisionModels')
    cd /Users/admin/builder/spi-builder-workspace
    builtin-copy -exclude .DS_Store -exclude CVS -exclude .svn -exclude .git -exclude .hg -resolve-src-symlinks -rename /Users/admin/builder/spi-builder-workspace/.derivedData/Build/Intermediates.noindex/DecisionModels.build/Debug-appletvos/DecisionModels-t.build/Objects-normal/arm64/DecisionModels.abi.json /Users/admin/builder/spi-builder-workspace/.derivedData/Build/Products/Debug-appletvos/DecisionModels.swiftmodule/arm64-apple-tvos.abi.json
Copy /Users/admin/builder/spi-builder-workspace/.derivedData/Build/Products/Debug-appletvos/DecisionModels.swiftmodule/Project/arm64-apple-tvos.swiftsourceinfo /Users/admin/builder/spi-builder-workspace/.derivedData/Build/Intermediates.noindex/DecisionModels.build/Debug-appletvos/DecisionModels-t.build/Objects-normal/arm64/DecisionModels.swiftsourceinfo (in target 'DecisionModels' from project 'DecisionModels')
    cd /Users/admin/builder/spi-builder-workspace
    builtin-copy -exclude .DS_Store -exclude CVS -exclude .svn -exclude .git -exclude .hg -resolve-src-symlinks -rename /Users/admin/builder/spi-builder-workspace/.derivedData/Build/Intermediates.noindex/DecisionModels.build/Debug-appletvos/DecisionModels-t.build/Objects-normal/arm64/DecisionModels.swiftsourceinfo /Users/admin/builder/spi-builder-workspace/.derivedData/Build/Products/Debug-appletvos/DecisionModels.swiftmodule/Project/arm64-apple-tvos.swiftsourceinfo
SwiftDriver DecisionModelsTypeSafe normal arm64 com.apple.xcode.tools.swift.compiler (in target 'DecisionModelsTypeSafe' from project 'DecisionModels')
    cd /Users/admin/builder/spi-builder-workspace/.swiftpm/xcode
    builtin-SwiftDriver -- /Applications/Xcode-27.0.0-Release.Candidate.app/Contents/Developer/Toolchains/XcodeDefault.xctoolchain/usr/bin/swiftc -parse-as-library -module-name DecisionModelsTypeSafe -Onone @/Users/admin/builder/spi-builder-workspace/.derivedData/Build/Intermediates.noindex/DecisionModels.build/Debug-appletvos/DecisionModelsTypeSafe-t.build/Objects-normal/arm64/DecisionModelsTypeSafe.SwiftFileList -DSWIFT_PACKAGE -DDEBUG -DSWIFT_MODULE_RESOURCE_BUNDLE_UNAVAILABLE -DXcode -plugin-path /Applications/Xcode-27.0.0-Release.Candidate.app/Contents/Developer/Toolchains/XcodeDefault.xctoolchain/usr/lib/swift/host/plugins/testing -enable-experimental-feature DebugDescriptionMacro -sdk /Applications/Xcode-27.0.0-Release.Candidate.app/Contents/Developer/Platforms/AppleTVOS.platform/Developer/SDKs/AppleTVOS27.0.sdk -target arm64-apple-tvos18.0 -g -module-cache-path /Users/admin/builder/spi-builder-workspace/.derivedData/ModuleCache.noindex -Xfrontend -serialize-debugging-options -profile-coverage-mapping -profile-generate -enable-testing -index-store-path /Users/admin/builder/spi-builder-workspace/.derivedData/Index.noindex/DataStore -Xcc -D_LIBCPP_HARDENING_MODE\=_LIBCPP_HARDENING_MODE_DEBUG -swift-version 6 -I /Users/admin/builder/spi-builder-workspace/.derivedData/Build/Products/Debug-appletvos -Isystem /Applications/Xcode-27.0.0-Release.Candidate.app/Contents/Developer/Platforms/AppleTVOS.platform/Developer/usr/lib -F /Users/admin/builder/spi-builder-workspace/.derivedData/Build/Products/Debug-appletvos/PackageFrameworks -F /Users/admin/builder/spi-builder-workspace/.derivedData/Build/Products/Debug-appletvos -F /Applications/Xcode-27.0.0-Release.Candidate.app/Contents/Developer/Platforms/AppleTVOS.platform/Developer/Library/Frameworks -F /Applications/Xcode-27.0.0-Release.Candidate.app/Contents/Developer/Platforms/AppleTVOS.platform/Developer/SDKs/AppleTVOS27.0.sdk/Developer/Library/Frameworks -Xfrontend -load-plugin-executable -Xfrontend /Users/admin/builder/spi-builder-workspace/.derivedData/Build/Products/Debug/DecisionModelsMacros\#DecisionModelsMacros -c -j10 -enable-batch-mode -incremental -Xcc -ivfsstatcache -Xcc /Users/admin/builder/spi-builder-workspace/.derivedData/SDKStatCaches.noindex/appletvos27.0-24J360-e829b21a6f8c9b70876ba0858053c044b32bfd8d43560033f8d89884cdb90028.sdkstatcache -output-file-map /Users/admin/builder/spi-builder-workspace/.derivedData/Build/Intermediates.noindex/DecisionModels.build/Debug-appletvos/DecisionModelsTypeSafe-t.build/Objects-normal/arm64/DecisionModelsTypeSafe-OutputFileMap.json -save-temps -no-color-diagnostics -explicit-module-build -module-cache-path /Users/admin/builder/spi-builder-workspace/.derivedData/Build/Intermediates.noindex/SwiftExplicitPrecompiledModules -clang-scanner-module-cache-path /Users/admin/builder/spi-builder-workspace/.derivedData/ModuleCache.noindex -sdk-module-cache-path /Users/admin/builder/spi-builder-workspace/.derivedData/SDKExplicitPrecompiledModules -emit-dependencies -emit-module -emit-module-path /Users/admin/builder/spi-builder-workspace/.derivedData/Build/Intermediates.noindex/DecisionModels.build/Debug-appletvos/DecisionModelsTypeSafe-t.build/Objects-normal/arm64/DecisionModelsTypeSafe.swiftmodule -serialize-diagnostics -dependency-scan-serialize-diagnostics-path /Users/admin/builder/spi-builder-workspace/.derivedData/Build/Intermediates.noindex/DecisionModels.build/Debug-appletvos/DecisionModelsTypeSafe-t.build/Objects-normal/arm64/DecisionModelsTypeSafe-dependency-scan.dia -validate-clang-modules-once -clang-build-session-file /Users/admin/builder/spi-builder-workspace/.derivedData/ModuleCache.noindex/Session.modulevalidation -Xcc -fmodules-prune-interval\=86400 -Xcc -fmodules-prune-after\=345600 -package-name spi_builder_workspace -emit-const-values -const-gather-protocols-list /Users/admin/builder/spi-builder-workspace/.derivedData/Build/Intermediates.noindex/DecisionModels.build/Debug-appletvos/DecisionModelsTypeSafe-t.build/Objects-normal/arm64/DecisionModelsTypeSafe_const_extract_protocols.json -Xcc -I/Users/admin/builder/spi-builder-workspace/.derivedData/Build/Products/Debug-appletvos/include -Xcc -I/Users/admin/builder/spi-builder-workspace/.derivedData/Build/Intermediates.noindex/DecisionModels.build/Debug-appletvos/DecisionModelsTypeSafe-t.build/DerivedSources-normal/arm64 -Xcc -I/Users/admin/builder/spi-builder-workspace/.derivedData/Build/Intermediates.noindex/DecisionModels.build/Debug-appletvos/DecisionModelsTypeSafe-t.build/DerivedSources/arm64 -Xcc -I/Users/admin/builder/spi-builder-workspace/.derivedData/Build/Intermediates.noindex/DecisionModels.build/Debug-appletvos/DecisionModelsTypeSafe-t.build/DerivedSources -Xcc -DSWIFT_PACKAGE -Xcc -DDEBUG\=1 -emit-objc-header -emit-objc-header-path /Users/admin/builder/spi-builder-workspace/.derivedData/Build/Intermediates.noindex/DecisionModels.build/Debug-appletvos/DecisionModelsTypeSafe-t.build/Objects-normal/arm64/DecisionModelsTypeSafe-Swift.h -working-directory /Users/admin/builder/spi-builder-workspace/.swiftpm/xcode -experimental-emit-module-separately -disable-cmo
SwiftDriver DecisionModelsTesting normal arm64 com.apple.xcode.tools.swift.compiler (in target 'DecisionModelsTesting' from project 'DecisionModels')
    cd /Users/admin/builder/spi-builder-workspace/.swiftpm/xcode
    builtin-SwiftDriver -- /Applications/Xcode-27.0.0-Release.Candidate.app/Contents/Developer/Toolchains/XcodeDefault.xctoolchain/usr/bin/swiftc -parse-as-library -module-name DecisionModelsTesting -Onone @/Users/admin/builder/spi-builder-workspace/.derivedData/Build/Intermediates.noindex/DecisionModels.build/Debug-appletvos/DecisionModelsTesting-t.build/Objects-normal/arm64/DecisionModelsTesting.SwiftFileList -DSWIFT_PACKAGE -DDEBUG -DSWIFT_MODULE_RESOURCE_BUNDLE_UNAVAILABLE -DXcode -plugin-path /Applications/Xcode-27.0.0-Release.Candidate.app/Contents/Developer/Toolchains/XcodeDefault.xctoolchain/usr/lib/swift/host/plugins/testing -enable-experimental-feature DebugDescriptionMacro -sdk /Applications/Xcode-27.0.0-Release.Candidate.app/Contents/Developer/Platforms/AppleTVOS.platform/Developer/SDKs/AppleTVOS27.0.sdk -target arm64-apple-tvos18.0 -g -module-cache-path /Users/admin/builder/spi-builder-workspace/.derivedData/ModuleCache.noindex -Xfrontend -serialize-debugging-options -profile-coverage-mapping -profile-generate -enable-testing -index-store-path /Users/admin/builder/spi-builder-workspace/.derivedData/Index.noindex/DataStore -Xcc -D_LIBCPP_HARDENING_MODE\=_LIBCPP_HARDENING_MODE_DEBUG -swift-version 6 -I /Users/admin/builder/spi-builder-workspace/.derivedData/Build/Products/Debug-appletvos -Isystem /Applications/Xcode-27.0.0-Release.Candidate.app/Contents/Developer/Platforms/AppleTVOS.platform/Developer/usr/lib -F /Users/admin/builder/spi-builder-workspace/.derivedData/Build/Products/Debug-appletvos/PackageFrameworks -F /Users/admin/builder/spi-builder-workspace/.derivedData/Build/Products/Debug-appletvos -F /Applications/Xcode-27.0.0-Release.Candidate.app/Contents/Developer/Platforms/AppleTVOS.platform/Developer/Library/Frameworks -F /Applications/Xcode-27.0.0-Release.Candidate.app/Contents/Developer/Platforms/AppleTVOS.platform/Developer/SDKs/AppleTVOS27.0.sdk/Developer/Library/Frameworks -Xfrontend -load-plugin-executable -Xfrontend /Users/admin/builder/spi-builder-workspace/.derivedData/Build/Products/Debug/DecisionModelsMacros\#DecisionModelsMacros -c -j10 -enable-batch-mode -incremental -Xcc -ivfsstatcache -Xcc /Users/admin/builder/spi-builder-workspace/.derivedData/SDKStatCaches.noindex/appletvos27.0-24J360-e829b21a6f8c9b70876ba0858053c044b32bfd8d43560033f8d89884cdb90028.sdkstatcache -output-file-map /Users/admin/builder/spi-builder-workspace/.derivedData/Build/Intermediates.noindex/DecisionModels.build/Debug-appletvos/DecisionModelsTesting-t.build/Objects-normal/arm64/DecisionModelsTesting-OutputFileMap.json -save-temps -no-color-diagnostics -explicit-module-build -module-cache-path /Users/admin/builder/spi-builder-workspace/.derivedData/Build/Intermediates.noindex/SwiftExplicitPrecompiledModules -clang-scanner-module-cache-path /Users/admin/builder/spi-builder-workspace/.derivedData/ModuleCache.noindex -sdk-module-cache-path /Users/admin/builder/spi-builder-workspace/.derivedData/SDKExplicitPrecompiledModules -emit-dependencies -emit-module -emit-module-path /Users/admin/builder/spi-builder-workspace/.derivedData/Build/Intermediates.noindex/DecisionModels.build/Debug-appletvos/DecisionModelsTesting-t.build/Objects-normal/arm64/DecisionModelsTesting.swiftmodule -serialize-diagnostics -dependency-scan-serialize-diagnostics-path /Users/admin/builder/spi-builder-workspace/.derivedData/Build/Intermediates.noindex/DecisionModels.build/Debug-appletvos/DecisionModelsTesting-t.build/Objects-normal/arm64/DecisionModelsTesting-dependency-scan.dia -validate-clang-modules-once -clang-build-session-file /Users/admin/builder/spi-builder-workspace/.derivedData/ModuleCache.noindex/Session.modulevalidation -Xcc -fmodules-prune-interval\=86400 -Xcc -fmodules-prune-after\=345600 -package-name spi_builder_workspace -emit-const-values -const-gather-protocols-list /Users/admin/builder/spi-builder-workspace/.derivedData/Build/Intermediates.noindex/DecisionModels.build/Debug-appletvos/DecisionModelsTesting-t.build/Objects-normal/arm64/DecisionModelsTesting_const_extract_protocols.json -Xcc -I/Users/admin/builder/spi-builder-workspace/.derivedData/Build/Products/Debug-appletvos/include -Xcc -I/Users/admin/builder/spi-builder-workspace/.derivedData/Build/Intermediates.noindex/DecisionModels.build/Debug-appletvos/DecisionModelsTesting-t.build/DerivedSources-normal/arm64 -Xcc -I/Users/admin/builder/spi-builder-workspace/.derivedData/Build/Intermediates.noindex/DecisionModels.build/Debug-appletvos/DecisionModelsTesting-t.build/DerivedSources/arm64 -Xcc -I/Users/admin/builder/spi-builder-workspace/.derivedData/Build/Intermediates.noindex/DecisionModels.build/Debug-appletvos/DecisionModelsTesting-t.build/DerivedSources -Xcc -DSWIFT_PACKAGE -Xcc -DDEBUG\=1 -emit-objc-header -emit-objc-header-path /Users/admin/builder/spi-builder-workspace/.derivedData/Build/Intermediates.noindex/DecisionModels.build/Debug-appletvos/DecisionModelsTesting-t.build/Objects-normal/arm64/DecisionModelsTesting-Swift.h -working-directory /Users/admin/builder/spi-builder-workspace/.swiftpm/xcode -experimental-emit-module-separately -disable-cmo
SwiftDriver DecisionModelsOpenRouter normal arm64 com.apple.xcode.tools.swift.compiler (in target 'DecisionModelsOpenRouter' from project 'DecisionModels')
    cd /Users/admin/builder/spi-builder-workspace/.swiftpm/xcode
    builtin-SwiftDriver -- /Applications/Xcode-27.0.0-Release.Candidate.app/Contents/Developer/Toolchains/XcodeDefault.xctoolchain/usr/bin/swiftc -parse-as-library -module-name DecisionModelsOpenRouter -Onone @/Users/admin/builder/spi-builder-workspace/.derivedData/Build/Intermediates.noindex/DecisionModels.build/Debug-appletvos/DecisionModelsOpenRouter-t.build/Objects-normal/arm64/DecisionModelsOpenRouter.SwiftFileList -DSWIFT_PACKAGE -DDEBUG -DSWIFT_MODULE_RESOURCE_BUNDLE_UNAVAILABLE -DXcode -plugin-path /Applications/Xcode-27.0.0-Release.Candidate.app/Contents/Developer/Toolchains/XcodeDefault.xctoolchain/usr/lib/swift/host/plugins/testing -enable-experimental-feature DebugDescriptionMacro -sdk /Applications/Xcode-27.0.0-Release.Candidate.app/Contents/Developer/Platforms/AppleTVOS.platform/Developer/SDKs/AppleTVOS27.0.sdk -target arm64-apple-tvos18.0 -g -module-cache-path /Users/admin/builder/spi-builder-workspace/.derivedData/ModuleCache.noindex -Xfrontend -serialize-debugging-options -profile-coverage-mapping -profile-generate -enable-testing -index-store-path /Users/admin/builder/spi-builder-workspace/.derivedData/Index.noindex/DataStore -Xcc -D_LIBCPP_HARDENING_MODE\=_LIBCPP_HARDENING_MODE_DEBUG -swift-version 6 -I /Users/admin/builder/spi-builder-workspace/.derivedData/Build/Products/Debug-appletvos -Isystem /Applications/Xcode-27.0.0-Release.Candidate.app/Contents/Developer/Platforms/AppleTVOS.platform/Developer/usr/lib -F /Users/admin/builder/spi-builder-workspace/.derivedData/Build/Products/Debug-appletvos/PackageFrameworks -F /Users/admin/builder/spi-builder-workspace/.derivedData/Build/Products/Debug-appletvos -F /Applications/Xcode-27.0.0-Release.Candidate.app/Contents/Developer/Platforms/AppleTVOS.platform/Developer/Library/Frameworks -F /Applications/Xcode-27.0.0-Release.Candidate.app/Contents/Developer/Platforms/AppleTVOS.platform/Developer/SDKs/AppleTVOS27.0.sdk/Developer/Library/Frameworks -Xfrontend -load-plugin-executable -Xfrontend /Users/admin/builder/spi-builder-workspace/.derivedData/Build/Products/Debug/DecisionModelsMacros\#DecisionModelsMacros -c -j10 -enable-batch-mode -incremental -Xcc -ivfsstatcache -Xcc /Users/admin/builder/spi-builder-workspace/.derivedData/SDKStatCaches.noindex/appletvos27.0-24J360-e829b21a6f8c9b70876ba0858053c044b32bfd8d43560033f8d89884cdb90028.sdkstatcache -output-file-map /Users/admin/builder/spi-builder-workspace/.derivedData/Build/Intermediates.noindex/DecisionModels.build/Debug-appletvos/DecisionModelsOpenRouter-t.build/Objects-normal/arm64/DecisionModelsOpenRouter-OutputFileMap.json -save-temps -no-color-diagnostics -explicit-module-build -module-cache-path /Users/admin/builder/spi-builder-workspace/.derivedData/Build/Intermediates.noindex/SwiftExplicitPrecompiledModules -clang-scanner-module-cache-path /Users/admin/builder/spi-builder-workspace/.derivedData/ModuleCache.noindex -sdk-module-cache-path /Users/admin/builder/spi-builder-workspace/.derivedData/SDKExplicitPrecompiledModules -emit-dependencies -emit-module -emit-module-path /Users/admin/builder/spi-builder-workspace/.derivedData/Build/Intermediates.noindex/DecisionModels.build/Debug-appletvos/DecisionModelsOpenRouter-t.build/Objects-normal/arm64/DecisionModelsOpenRouter.swiftmodule -serialize-diagnostics -dependency-scan-serialize-diagnostics-path /Users/admin/builder/spi-builder-workspace/.derivedData/Build/Intermediates.noindex/DecisionModels.build/Debug-appletvos/DecisionModelsOpenRouter-t.build/Objects-normal/arm64/DecisionModelsOpenRouter-dependency-scan.dia -validate-clang-modules-once -clang-build-session-file /Users/admin/builder/spi-builder-workspace/.derivedData/ModuleCache.noindex/Session.modulevalidation -Xcc -fmodules-prune-interval\=86400 -Xcc -fmodules-prune-after\=345600 -package-name spi_builder_workspace -emit-const-values -const-gather-protocols-list /Users/admin/builder/spi-builder-workspace/.derivedData/Build/Intermediates.noindex/DecisionModels.build/Debug-appletvos/DecisionModelsOpenRouter-t.build/Objects-normal/arm64/DecisionModelsOpenRouter_const_extract_protocols.json -Xcc -I/Users/admin/builder/spi-builder-workspace/.derivedData/Build/Products/Debug-appletvos/include -Xcc -I/Users/admin/builder/spi-builder-workspace/.derivedData/Build/Intermediates.noindex/DecisionModels.build/Debug-appletvos/DecisionModelsOpenRouter-t.build/DerivedSources-normal/arm64 -Xcc -I/Users/admin/builder/spi-builder-workspace/.derivedData/Build/Intermediates.noindex/DecisionModels.build/Debug-appletvos/DecisionModelsOpenRouter-t.build/DerivedSources/arm64 -Xcc -I/Users/admin/builder/spi-builder-workspace/.derivedData/Build/Intermediates.noindex/DecisionModels.build/Debug-appletvos/DecisionModelsOpenRouter-t.build/DerivedSources -Xcc -DSWIFT_PACKAGE -Xcc -DDEBUG\=1 -emit-objc-header -emit-objc-header-path /Users/admin/builder/spi-builder-workspace/.derivedData/Build/Intermediates.noindex/DecisionModels.build/Debug-appletvos/DecisionModelsOpenRouter-t.build/Objects-normal/arm64/DecisionModelsOpenRouter-Swift.h -working-directory /Users/admin/builder/spi-builder-workspace/.swiftpm/xcode -experimental-emit-module-separately -disable-cmo
SwiftDriver DecisionModelsApple normal arm64 com.apple.xcode.tools.swift.compiler (in target 'DecisionModelsApple' from project 'DecisionModels')
    cd /Users/admin/builder/spi-builder-workspace/.swiftpm/xcode
    builtin-SwiftDriver -- /Applications/Xcode-27.0.0-Release.Candidate.app/Contents/Developer/Toolchains/XcodeDefault.xctoolchain/usr/bin/swiftc -parse-as-library -module-name DecisionModelsApple -Onone @/Users/admin/builder/spi-builder-workspace/.derivedData/Build/Intermediates.noindex/DecisionModels.build/Debug-appletvos/DecisionModelsApple-t.build/Objects-normal/arm64/DecisionModelsApple.SwiftFileList -DSWIFT_PACKAGE -DDEBUG -DSWIFT_MODULE_RESOURCE_BUNDLE_UNAVAILABLE -DXcode -plugin-path /Applications/Xcode-27.0.0-Release.Candidate.app/Contents/Developer/Toolchains/XcodeDefault.xctoolchain/usr/lib/swift/host/plugins/testing -enable-experimental-feature DebugDescriptionMacro -sdk /Applications/Xcode-27.0.0-Release.Candidate.app/Contents/Developer/Platforms/AppleTVOS.platform/Developer/SDKs/AppleTVOS27.0.sdk -target arm64-apple-tvos18.0 -g -module-cache-path /Users/admin/builder/spi-builder-workspace/.derivedData/ModuleCache.noindex -Xfrontend -serialize-debugging-options -profile-coverage-mapping -profile-generate -enable-testing -index-store-path /Users/admin/builder/spi-builder-workspace/.derivedData/Index.noindex/DataStore -Xcc -D_LIBCPP_HARDENING_MODE\=_LIBCPP_HARDENING_MODE_DEBUG -swift-version 6 -I /Users/admin/builder/spi-builder-workspace/.derivedData/Build/Products/Debug-appletvos -Isystem /Applications/Xcode-27.0.0-Release.Candidate.app/Contents/Developer/Platforms/AppleTVOS.platform/Developer/usr/lib -F /Users/admin/builder/spi-builder-workspace/.derivedData/Build/Products/Debug-appletvos/PackageFrameworks -F /Users/admin/builder/spi-builder-workspace/.derivedData/Build/Products/Debug-appletvos -F /Applications/Xcode-27.0.0-Release.Candidate.app/Contents/Developer/Platforms/AppleTVOS.platform/Developer/Library/Frameworks -F /Applications/Xcode-27.0.0-Release.Candidate.app/Contents/Developer/Platforms/AppleTVOS.platform/Developer/SDKs/AppleTVOS27.0.sdk/Developer/Library/Frameworks -Xfrontend -load-plugin-executable -Xfrontend /Users/admin/builder/spi-builder-workspace/.derivedData/Build/Products/Debug/DecisionModelsMacros\#DecisionModelsMacros -c -j10 -enable-batch-mode -incremental -Xcc -ivfsstatcache -Xcc /Users/admin/builder/spi-builder-workspace/.derivedData/SDKStatCaches.noindex/appletvos27.0-24J360-e829b21a6f8c9b70876ba0858053c044b32bfd8d43560033f8d89884cdb90028.sdkstatcache -output-file-map /Users/admin/builder/spi-builder-workspace/.derivedData/Build/Intermediates.noindex/DecisionModels.build/Debug-appletvos/DecisionModelsApple-t.build/Objects-normal/arm64/DecisionModelsApple-OutputFileMap.json -save-temps -no-color-diagnostics -explicit-module-build -module-cache-path /Users/admin/builder/spi-builder-workspace/.derivedData/Build/Intermediates.noindex/SwiftExplicitPrecompiledModules -clang-scanner-module-cache-path /Users/admin/builder/spi-builder-workspace/.derivedData/ModuleCache.noindex -sdk-module-cache-path /Users/admin/builder/spi-builder-workspace/.derivedData/SDKExplicitPrecompiledModules -emit-dependencies -emit-module -emit-module-path /Users/admin/builder/spi-builder-workspace/.derivedData/Build/Intermediates.noindex/DecisionModels.build/Debug-appletvos/DecisionModelsApple-t.build/Objects-normal/arm64/DecisionModelsApple.swiftmodule -serialize-diagnostics -dependency-scan-serialize-diagnostics-path /Users/admin/builder/spi-builder-workspace/.derivedData/Build/Intermediates.noindex/DecisionModels.build/Debug-appletvos/DecisionModelsApple-t.build/Objects-normal/arm64/DecisionModelsApple-dependency-scan.dia -validate-clang-modules-once -clang-build-session-file /Users/admin/builder/spi-builder-workspace/.derivedData/ModuleCache.noindex/Session.modulevalidation -Xcc -fmodules-prune-interval\=86400 -Xcc -fmodules-prune-after\=345600 -package-name spi_builder_workspace -emit-const-values -const-gather-protocols-list /Users/admin/builder/spi-builder-workspace/.derivedData/Build/Intermediates.noindex/DecisionModels.build/Debug-appletvos/DecisionModelsApple-t.build/Objects-normal/arm64/DecisionModelsApple_const_extract_protocols.json -Xcc -I/Users/admin/builder/spi-builder-workspace/.derivedData/Build/Products/Debug-appletvos/include -Xcc -I/Users/admin/builder/spi-builder-workspace/.derivedData/Build/Intermediates.noindex/DecisionModels.build/Debug-appletvos/DecisionModelsApple-t.build/DerivedSources-normal/arm64 -Xcc -I/Users/admin/builder/spi-builder-workspace/.derivedData/Build/Intermediates.noindex/DecisionModels.build/Debug-appletvos/DecisionModelsApple-t.build/DerivedSources/arm64 -Xcc -I/Users/admin/builder/spi-builder-workspace/.derivedData/Build/Intermediates.noindex/DecisionModels.build/Debug-appletvos/DecisionModelsApple-t.build/DerivedSources -Xcc -DSWIFT_PACKAGE -Xcc -DDEBUG\=1 -emit-objc-header -emit-objc-header-path /Users/admin/builder/spi-builder-workspace/.derivedData/Build/Intermediates.noindex/DecisionModels.build/Debug-appletvos/DecisionModelsApple-t.build/Objects-normal/arm64/DecisionModelsApple-Swift.h -working-directory /Users/admin/builder/spi-builder-workspace/.swiftpm/xcode -experimental-emit-module-separately -disable-cmo
SwiftDriverJobDiscovery normal arm64 Compiling State.swift, StateBuilder.swift, Usage.swift, Verdict.swift (in target 'DecisionModels' from project 'DecisionModels')
SwiftDriverJobDiscovery normal arm64 Compiling ConsensusModel.swift, DecisionCache.swift, ConfidenceMath.swift, Criterion.swift, Decision.swift (in target 'DecisionModels' from project 'DecisionModels')
SwiftDriverJobDiscovery normal arm64 Compiling Hierarchy.swift, Inquiry.swift, Macros.swift, ModelResponse.swift (in target 'DecisionModels' from project 'DecisionModels')
SwiftCompile normal arm64 Compiling\ Evaluation.swift /Users/admin/builder/spi-builder-workspace/Sources/DecisionModelsTesting/Evaluation.swift (in target 'DecisionModelsTesting' from project 'DecisionModels')
SwiftCompile normal arm64 /Users/admin/builder/spi-builder-workspace/Sources/DecisionModelsTesting/Evaluation.swift (in target 'DecisionModelsTesting' from project 'DecisionModels')
    cd /Users/admin/builder/spi-builder-workspace/.swiftpm/xcode
    builtin-SwiftPerFileCompile Evaluation.swift
SwiftCompile normal arm64 Compiling\ DecisionRecord.swift /Users/admin/builder/spi-builder-workspace/Sources/DecisionModelsTesting/DecisionRecord.swift (in target 'DecisionModelsTesting' from project 'DecisionModels')
SwiftCompile normal arm64 /Users/admin/builder/spi-builder-workspace/Sources/DecisionModelsTesting/DecisionRecord.swift (in target 'DecisionModelsTesting' from project 'DecisionModels')
    cd /Users/admin/builder/spi-builder-workspace/.swiftpm/xcode
    builtin-SwiftPerFileCompile DecisionRecord.swift
SwiftCompile normal arm64 Compiling\ Calibration.swift /Users/admin/builder/spi-builder-workspace/Sources/DecisionModelsTesting/Calibration.swift (in target 'DecisionModelsTesting' from project 'DecisionModels')
SwiftCompile normal arm64 /Users/admin/builder/spi-builder-workspace/Sources/DecisionModelsTesting/Calibration.swift (in target 'DecisionModelsTesting' from project 'DecisionModels')
    cd /Users/admin/builder/spi-builder-workspace/.swiftpm/xcode
    builtin-SwiftPerFileCompile Calibration.swift
SwiftCompile normal arm64 Compiling\ RecordingModel.swift /Users/admin/builder/spi-builder-workspace/Sources/DecisionModelsTesting/RecordingModel.swift (in target 'DecisionModelsTesting' from project 'DecisionModels')
SwiftCompile normal arm64 /Users/admin/builder/spi-builder-workspace/Sources/DecisionModelsTesting/RecordingModel.swift (in target 'DecisionModelsTesting' from project 'DecisionModels')
    cd /Users/admin/builder/spi-builder-workspace/.swiftpm/xcode
    builtin-SwiftPerFileCompile RecordingModel.swift
SwiftEmitModule normal arm64 Emitting\ module\ for\ DecisionModelsTesting (in target 'DecisionModelsTesting' from project 'DecisionModels')
SwiftCompile normal arm64 (in target 'DecisionModelsTesting' from project 'DecisionModels')
    cd /Users/admin/builder/spi-builder-workspace/.swiftpm/xcode

SwiftCompile normal arm64 Compiling\ ScriptedModel.swift /Users/admin/builder/spi-builder-workspace/Sources/DecisionModelsTesting/ScriptedModel.swift (in target 'DecisionModelsTesting' from project 'DecisionModels')
SwiftCompile normal arm64 /Users/admin/builder/spi-builder-workspace/Sources/DecisionModelsTesting/ScriptedModel.swift (in target 'DecisionModelsTesting' from project 'DecisionModels')
    cd /Users/admin/builder/spi-builder-workspace/.swiftpm/xcode
    builtin-SwiftPerFileCompile ScriptedModel.swift
SwiftCompile normal arm64 Compiling\ ReplayModel.swift /Users/admin/builder/spi-builder-workspace/Sources/DecisionModelsTesting/ReplayModel.swift (in target 'DecisionModelsTesting' from project 'DecisionModels')
SwiftCompile normal arm64 /Users/admin/builder/spi-builder-workspace/Sources/DecisionModelsTesting/ReplayModel.swift (in target 'DecisionModelsTesting' from project 'DecisionModels')
    cd /Users/admin/builder/spi-builder-workspace/.swiftpm/xcode
    builtin-SwiftPerFileCompile ReplayModel.swift
SwiftEmitModule normal arm64 Emitting\ module\ for\ DecisionModelsOpenRouter (in target 'DecisionModelsOpenRouter' from project 'DecisionModels')
SwiftCompile normal arm64 (in target 'DecisionModelsOpenRouter' from project 'DecisionModels')
    cd /Users/admin/builder/spi-builder-workspace/.swiftpm/xcode

SwiftEmitModule normal arm64 Emitting\ module\ for\ DecisionModelsTypeSafe (in target 'DecisionModelsTypeSafe' from project 'DecisionModels')
SwiftCompile normal arm64 (in target 'DecisionModelsTypeSafe' from project 'DecisionModels')
    cd /Users/admin/builder/spi-builder-workspace/.swiftpm/xcode

SwiftEmitModule normal arm64 Emitting\ module\ for\ DecisionModelsApple (in target 'DecisionModelsApple' from project 'DecisionModels')
/Users/admin/builder/spi-builder-workspace/Sources/DecisionModelsApple/GuidedGenerationModel.swift:29:24: error: 'SystemLanguageModel' is unavailable in tvOS
 27 | @available(macOS 26, iOS 26, *)
 28 | public struct GuidedGenerationModel: DecisionModel {
 29 |     private let model: SystemLanguageModel
    |                        `- error: 'SystemLanguageModel' is unavailable in tvOS
 30 |     private let extraInstructions: String?
 31 |
FoundationModels.SystemLanguageModel:4:20: note: 'SystemLanguageModel' has been explicitly marked unavailable here
2 | @available(tvOS, unavailable)
3 | @available(watchOS, unavailable)
4 | final public class SystemLanguageModel : Sendable {
  |                    `- note: 'SystemLanguageModel' has been explicitly marked unavailable here
5 |     @objc deinit
6 | }
/Users/admin/builder/spi-builder-workspace/Sources/DecisionModelsApple/GuidedGenerationModel.swift:36:26: error: 'SystemLanguageModel' is unavailable in tvOS
 34 |     /// `instructions` are standing rules that follow the task in every
 35 |     /// session, such as the voice or the domain to judge by.
 36 |     public init(_ model: SystemLanguageModel, instructions: String? = nil) {
    |                          `- error: 'SystemLanguageModel' is unavailable in tvOS
 37 |         self.model = model
 38 |         self.extraInstructions = instructions
FoundationModels.SystemLanguageModel:4:20: note: 'SystemLanguageModel' has been explicitly marked unavailable here
2 | @available(tvOS, unavailable)
3 | @available(watchOS, unavailable)
4 | final public class SystemLanguageModel : Sendable {
  |                    `- note: 'SystemLanguageModel' has been explicitly marked unavailable here
5 |     @objc deinit
6 | }
/Users/admin/builder/spi-builder-workspace/Sources/DecisionModelsApple/GuidedGenerationModel.swift:79:22: error: 'SystemLanguageModel' is unavailable in tvOS
 77 |     /// Maps what the system model reports.
 78 |     static func availability(
 79 |         of reported: SystemLanguageModel.Availability
    |                      `- error: 'SystemLanguageModel' is unavailable in tvOS
 80 |     ) -> DecisionModelAvailability {
 81 |         switch reported {
FoundationModels.SystemLanguageModel:4:20: note: 'SystemLanguageModel' has been explicitly marked unavailable here
2 | @available(tvOS, unavailable)
3 | @available(watchOS, unavailable)
4 | final public class SystemLanguageModel : Sendable {
  |                    `- note: 'SystemLanguageModel' has been explicitly marked unavailable here
5 |     @objc deinit
6 | }
/Users/admin/builder/spi-builder-workspace/Sources/DecisionModelsApple/GuidedGenerationModel.swift:198:52: error: 'GenerationOptions' is unavailable in tvOS
196 |     /// an empty `GenerationError`, while small seeds work. Left to itself the
197 |     /// framework picks a seed per call, and the draws do come out different.
198 |     static func generationOptions(samples: Int) -> GenerationOptions {
    |                                                    `- error: 'GenerationOptions' is unavailable in tvOS
199 |         guard samples > 1 else {
200 |             return GenerationOptions(samplingMode: .greedy)
FoundationModels.GenerationOptions:3:15: note: 'GenerationOptions' has been explicitly marked unavailable here
 1 | @available(iOS 26.0, macOS 26.0, watchOS 27.0, *)
 2 | @available(tvOS, unavailable)
 3 | public struct GenerationOptions : Sendable, Equatable {
   |               `- note: 'GenerationOptions' has been explicitly marked unavailable here
 4 |     @available(iOS 26.0, macOS 26.0, watchOS 27.0, *)
 5 |     @available(*, deprecated, renamed: "samplingMode")
/Users/admin/builder/spi-builder-workspace/Sources/DecisionModelsApple/GuidedGenerationModel.swift:224:17: error: 'GenerationSchema' is unavailable in tvOS
222 |         instructions: String,
223 |         prompt: String,
224 |         schema: GenerationSchema,
    |                 `- error: 'GenerationSchema' is unavailable in tvOS
225 |         options: GenerationOptions,
226 |         timeout: Duration?
FoundationModels.GenerationSchema:3:15: note: 'GenerationSchema' has been explicitly marked unavailable here
1 | @available(iOS 26.0, macOS 26.0, watchOS 27.0, *)
2 | @available(tvOS, unavailable)
3 | public struct GenerationSchema : Sendable {
  |               `- note: 'GenerationSchema' has been explicitly marked unavailable here
4 | }
/Users/admin/builder/spi-builder-workspace/Sources/DecisionModelsApple/GuidedGenerationModel.swift:225:18: error: 'GenerationOptions' is unavailable in tvOS
223 |         prompt: String,
224 |         schema: GenerationSchema,
225 |         options: GenerationOptions,
    |                  `- error: 'GenerationOptions' is unavailable in tvOS
226 |         timeout: Duration?
227 |     ) async throws -> GeneratedContent {
FoundationModels.GenerationOptions:3:15: note: 'GenerationOptions' has been explicitly marked unavailable here
 1 | @available(iOS 26.0, macOS 26.0, watchOS 27.0, *)
 2 | @available(tvOS, unavailable)
 3 | public struct GenerationOptions : Sendable, Equatable {
   |               `- note: 'GenerationOptions' has been explicitly marked unavailable here
 4 |     @available(iOS 26.0, macOS 26.0, watchOS 27.0, *)
 5 |     @available(*, deprecated, renamed: "samplingMode")
/Users/admin/builder/spi-builder-workspace/Sources/DecisionModelsApple/GuidedGenerationModel.swift:227:23: error: 'GeneratedContent' is unavailable in tvOS
225 |         options: GenerationOptions,
226 |         timeout: Duration?
227 |     ) async throws -> GeneratedContent {
    |                       `- error: 'GeneratedContent' is unavailable in tvOS
228 |         let session = LanguageModelSession(model: model, instructions: instructions)
229 |         do {
FoundationModels.GeneratedContent:3:15: note: 'GeneratedContent' has been explicitly marked unavailable here
1 | @available(iOS 26.0, macOS 26.0, watchOS 27.0, *)
2 | @available(tvOS, unavailable)
3 | public struct GeneratedContent : Sendable, Equatable, Generable {
  |               `- note: 'GeneratedContent' has been explicitly marked unavailable here
4 |     public var id: GenerationID?
5 |     public static func == (a: GeneratedContent, b: GeneratedContent) -> Bool
/Users/admin/builder/spi-builder-workspace/Sources/DecisionModelsApple/ResponseMapping.swift:24:23: error: 'GeneratedContent' is unavailable in tvOS
 22 |     @available(macOS 26, iOS 26, *)
 23 |     static func outcomes(
 24 |         from content: GeneratedContent,
    |                       `- error: 'GeneratedContent' is unavailable in tvOS
 25 |         questionnaire: Questionnaire,
 26 |         fieldNames: [String: String]
FoundationModels.GeneratedContent:3:15: note: 'GeneratedContent' has been explicitly marked unavailable here
1 | @available(iOS 26.0, macOS 26.0, watchOS 27.0, *)
2 | @available(tvOS, unavailable)
3 | public struct GeneratedContent : Sendable, Equatable, Generable {
  |               `- note: 'GeneratedContent' has been explicitly marked unavailable here
4 |     public var id: GenerationID?
5 |     public static func == (a: GeneratedContent, b: GeneratedContent) -> Bool
/Users/admin/builder/spi-builder-workspace/Sources/DecisionModelsApple/ResponseMapping.swift:146:37: error: 'ConvertibleFromGeneratedContent' is unavailable in tvOS
144 |     /// Reads one field, naming the question when it is not there.
145 |     @available(macOS 26, iOS 26, *)
146 |     private static func read<Value: ConvertibleFromGeneratedContent>(
    |                                     `- error: 'ConvertibleFromGeneratedContent' is unavailable in tvOS
147 |         _ type: Value.Type,
148 |         from content: GeneratedContent,
FoundationModels.ConvertibleFromGeneratedContent:3:17: note: 'ConvertibleFromGeneratedContent' has been explicitly marked unavailable here
1 | @available(iOS 26.0, macOS 26.0, watchOS 27.0, *)
2 | @available(tvOS, unavailable)
3 | public protocol ConvertibleFromGeneratedContent : SendableMetatype {
  |                 `- note: 'ConvertibleFromGeneratedContent' has been explicitly marked unavailable here
4 |     init(_ content: GeneratedContent) throws
5 | }
/Users/admin/builder/spi-builder-workspace/Sources/DecisionModelsApple/ResponseMapping.swift:148:23: error: 'GeneratedContent' is unavailable in tvOS
146 |     private static func read<Value: ConvertibleFromGeneratedContent>(
147 |         _ type: Value.Type,
148 |         from content: GeneratedContent,
    |                       `- error: 'GeneratedContent' is unavailable in tvOS
149 |         field: String,
150 |         question: String
FoundationModels.GeneratedContent:3:15: note: 'GeneratedContent' has been explicitly marked unavailable here
1 | @available(iOS 26.0, macOS 26.0, watchOS 27.0, *)
2 | @available(tvOS, unavailable)
3 | public struct GeneratedContent : Sendable, Equatable, Generable {
  |               `- note: 'GeneratedContent' has been explicitly marked unavailable here
4 |     public var id: GenerationID?
5 |     public static func == (a: GeneratedContent, b: GeneratedContent) -> Bool
/Users/admin/builder/spi-builder-workspace/Sources/DecisionModelsApple/SchemaBuilder.swift:10:17: error: 'GenerationSchema' is unavailable in tvOS
  8 | struct QuestionnaireSchema: Sendable {
  9 |     /// What the model generates against.
 10 |     let schema: GenerationSchema
    |                 `- error: 'GenerationSchema' is unavailable in tvOS
 11 |     /// Question id to JSON field name.
 12 |     let fieldNames: [String: String]
FoundationModels.GenerationSchema:3:15: note: 'GenerationSchema' has been explicitly marked unavailable here
1 | @available(iOS 26.0, macOS 26.0, watchOS 27.0, *)
2 | @available(tvOS, unavailable)
3 | public struct GenerationSchema : Sendable {
  |               `- note: 'GenerationSchema' has been explicitly marked unavailable here
4 | }
/Users/admin/builder/spi-builder-workspace/Sources/DecisionModelsApple/SchemaBuilder.swift:101:59: error: 'DynamicGenerationSchema' is unavailable in tvOS
 99 |     /// The answer space of one question.
100 |     @available(macOS 26, iOS 26, *)
101 |     private static func schema(for spec: QuestionSpec) -> DynamicGenerationSchema {
    |                                                           `- error: 'DynamicGenerationSchema' is unavailable in tvOS
102 |         switch spec.kind {
103 |         case .choice(let options):
FoundationModels.DynamicGenerationSchema:3:15: note: 'DynamicGenerationSchema' has been explicitly marked unavailable here
1 | @available(iOS 26.0, macOS 26.0, watchOS 27.0, *)
2 | @available(tvOS, unavailable)
3 | public struct DynamicGenerationSchema : Sendable {
  |               `- note: 'DynamicGenerationSchema' has been explicitly marked unavailable here
4 | }
Failed frontend command:
/Applications/Xcode-27.0.0-Release.Candidate.app/Contents/Developer/Toolchains/XcodeDefault.xctoolchain/usr/bin/swift-frontend -frontend -emit-module -experimental-skip-non-inlinable-function-bodies-without-types /Users/admin/builder/spi-builder-workspace/Sources/DecisionModelsApple/Compatibility.swift /Users/admin/builder/spi-builder-workspace/Sources/DecisionModelsApple/ErrorMapping.swift /Users/admin/builder/spi-builder-workspace/Sources/DecisionModelsApple/GuidedGenerationModel.swift /Users/admin/builder/spi-builder-workspace/Sources/DecisionModelsApple/PromptBuilder.swift /Users/admin/builder/spi-builder-workspace/Sources/DecisionModelsApple/ResponseMapping.swift /Users/admin/builder/spi-builder-workspace/Sources/DecisionModelsApple/SchemaBuilder.swift -target arm64-apple-tvos18.0 -module-can-import-version FoundationModels 2.0.68.1 0 -disable-cross-import-overlay-search -swift-module-cross-import FoundationModels /Applications/Xcode-27.0.0-Release.Candidate.app/Contents/Developer/Platforms/AppleTVOS.platform/Developer/SDKs/AppleTVOS27.0.sdk/System/Library/Frameworks/FoundationModels.framework/Modules/FoundationModels.swiftcrossimport/UIKit.swiftoverlay -load-resolved-plugin \#/Users/admin/builder/spi-builder-workspace/.derivedData/Build/Products/Debug/DecisionModelsMacros\#DecisionModelsMacros -load-resolved-plugin /Applications/Xcode-27.0.0-Release.Candidate.app/Contents/Developer/Platforms/AppleTVOS.platform/Developer/usr/lib/swift/host/plugins/libFoundationMacros.dylib\#/Applications/Xcode-27.0.0-Release.Candidate.app/Contents/Developer/Platforms/AppleTVOS.platform/Developer/usr/bin/swift-plugin-server\#FoundationMacros -load-resolved-plugin /Applications/Xcode-27.0.0-Release.Candidate.app/Contents/Developer/Platforms/AppleTVOS.platform/Developer/usr/lib/swift/host/plugins/libFoundationModelsMacros.dylib\#/Applications/Xcode-27.0.0-Release.Candidate.app/Contents/Developer/Platforms/AppleTVOS.platform/Developer/usr/bin/swift-plugin-server\#FoundationModelsMacros -load-resolved-plugin /Applications/Xcode-27.0.0-Release.Candidate.app/Contents/Developer/Platforms/AppleTVOS.platform/Developer/usr/lib/swift/host/plugins/libObservationMacros.dylib\#/Applications/Xcode-27.0.0-Release.Candidate.app/Contents/Developer/Platforms/AppleTVOS.platform/Developer/usr/bin/swift-plugin-server\#ObservationMacros -load-resolved-plugin /Applications/Xcode-27.0.0-Release.Candidate.app/Contents/Developer/Platforms/AppleTVOS.platform/Developer/usr/lib/swift/host/plugins/libPreviewsMacros.dylib\#/Applications/Xcode-27.0.0-Release.Candidate.app/Contents/Developer/Platforms/AppleTVOS.platform/Developer/usr/bin/swift-plugin-server\#PreviewsMacros -load-resolved-plugin /Applications/Xcode-27.0.0-Release.Candidate.app/Contents/Developer/Platforms/AppleTVOS.platform/Developer/usr/lib/swift/host/plugins/libSwiftMacros.dylib\#/Applications/Xcode-27.0.0-Release.Candidate.app/Contents/Developer/Platforms/AppleTVOS.platform/Developer/usr/bin/swift-plugin-server\#SwiftMacros -load-resolved-plugin /Applications/Xcode-27.0.0-Release.Candidate.app/Contents/Developer/Platforms/AppleTVOS.platform/Developer/usr/lib/swift/host/plugins/libSwiftUIMacros.dylib\#/Applications/Xcode-27.0.0-Release.Candidate.app/Contents/Developer/Platforms/AppleTVOS.platform/Developer/usr/bin/swift-plugin-server\#SwiftUIMacros -disable-implicit-swift-modules -Xcc -fno-implicit-modules -Xcc -fno-implicit-module-maps -explicit-swift-module-map-file /Users/admin/builder/spi-builder-workspace/.derivedData/Build/Intermediates.noindex/DecisionModels.build/Debug-appletvos/DecisionModelsApple-t.build/Objects-normal/arm64/DecisionModelsApple-dependencies-1.json -Xllvm -aarch64-use-tbi -enable-objc-interop -stack-check -sdk /Applications/Xcode-27.0.0-Release.Candidate.app/Contents/Developer/Platforms/AppleTVOS.platform/Developer/SDKs/AppleTVOS27.0.sdk -I /Users/admin/builder/spi-builder-workspace/.derivedData/Build/Products/Debug-appletvos -Isystem /Applications/Xcode-27.0.0-Release.Candidate.app/Contents/Developer/Platforms/AppleTVOS.platform/Developer/usr/lib -F /Users/admin/builder/spi-builder-workspace/.derivedData/Build/Products/Debug-appletvos/PackageFrameworks -F /Users/admin/builder/spi-builder-workspace/.derivedData/Build/Products/Debug-appletvos -F /Applications/Xcode-27.0.0-Release.Candidate.app/Contents/Developer/Platforms/AppleTVOS.platform/Developer/Library/Frameworks -F /Applications/Xcode-27.0.0-Release.Candidate.app/Contents/Developer/Platforms/AppleTVOS.platform/Developer/SDKs/AppleTVOS27.0.sdk/Developer/Library/Frameworks -module-cache-path /Users/admin/builder/spi-builder-workspace/.derivedData/Build/Intermediates.noindex/SwiftExplicitPrecompiledModules -no-color-diagnostics -Xcc -fno-color-diagnostics -enable-testing -g -debug-info-format\=dwarf -dwarf-version\=5 -profile-generate -profile-coverage-mapping -swift-version 6 -Onone -D SWIFT_PACKAGE -D DEBUG -D SWIFT_MODULE_RESOURCE_BUNDLE_UNAVAILABLE -D Xcode -serialize-debugging-options -load-plugin-executable /Users/admin/builder/spi-builder-workspace/.derivedData/Build/Products/Debug/DecisionModelsMacros\#DecisionModelsMacros -enable-experimental-feature DebugDescriptionMacro -empty-abi-descriptor -validate-clang-modules-once -clang-build-session-file /Users/admin/builder/spi-builder-workspace/.derivedData/ModuleCache.noindex/Session.modulevalidation -Xcc -working-directory -Xcc /Users/admin/builder/spi-builder-workspace/.swiftpm/xcode -enable-anonymous-context-mangled-names -file-compilation-dir /Users/admin/builder/spi-builder-workspace/.swiftpm/xcode -Xcc -D_LIBCPP_HARDENING_MODE\=_LIBCPP_HARDENING_MODE_DEBUG -Xcc -ivfsstatcache -Xcc /Users/admin/builder/spi-builder-workspace/.derivedData/SDKStatCaches.noindex/appletvos27.0-24J360-e829b21a6f8c9b70876ba0858053c044b32bfd8d43560033f8d89884cdb90028.sdkstatcache -Xcc -fmodules-prune-interval\=86400 -Xcc -fmodules-prune-after\=345600 -Xcc -I/Users/admin/builder/spi-builder-workspace/.derivedData/Build/Products/Debug-appletvos/include -Xcc -I/Users/admin/builder/spi-builder-workspace/.derivedData/Build/Intermediates.noindex/DecisionModels.build/Debug-appletvos/DecisionModelsApple-t.build/DerivedSources-normal/arm64 -Xcc -I/Users/admin/builder/spi-builder-workspace/.derivedData/Build/Intermediates.noindex/DecisionModels.build/Debug-appletvos/DecisionModelsApple-t.build/DerivedSources/arm64 -Xcc -I/Users/admin/builder/spi-builder-workspace/.derivedData/Build/Intermediates.noindex/DecisionModels.build/Debug-appletvos/DecisionModelsApple-t.build/DerivedSources -Xcc -DSWIFT_PACKAGE -Xcc -DDEBUG\=1 -no-auto-bridging-header-chaining -module-name DecisionModelsApple -package-name spi_builder_workspace -const-gather-protocols-file /Users/admin/builder/spi-builder-workspace/.derivedData/Build/Intermediates.noindex/DecisionModels.build/Debug-appletvos/DecisionModelsApple-t.build/Objects-normal/arm64/DecisionModelsApple_const_extract_protocols.json -disable-clang-spi -clang-target arm64-apple-tvos27.0 -target-sdk-version 27.0 -target-sdk-name appletvos27.0 -in-process-plugin-server-path /Applications/Xcode-27.0.0-Release.Candidate.app/Contents/Developer/Toolchains/XcodeDefault.xctoolchain/usr/lib/swift/host/libSwiftInProcPluginServer.dylib -emit-module-doc-path /Users/admin/builder/spi-builder-workspace/.derivedData/Build/Intermediates.noindex/DecisionModels.build/Debug-appletvos/DecisionModelsApple-t.build/Objects-normal/arm64/DecisionModelsApple.swiftdoc -emit-module-source-info-path /Users/admin/builder/spi-builder-workspace/.derivedData/Build/Intermediates.noindex/DecisionModels.build/Debug-appletvos/DecisionModelsApple-t.build/Objects-normal/arm64/DecisionModelsApple.swiftsourceinfo -emit-objc-header-path /Users/admin/builder/spi-builder-workspace/.derivedData/Build/Intermediates.noindex/DecisionModels.build/Debug-appletvos/DecisionModelsApple-t.build/Objects-normal/arm64/DecisionModelsApple-Swift.h -serialize-diagnostics-path /Users/admin/builder/spi-builder-workspace/.derivedData/Build/Intermediates.noindex/DecisionModels.build/Debug-appletvos/DecisionModelsApple-t.build/Objects-normal/arm64/DecisionModelsApple-primary-emit-module.dia -emit-dependencies-path /Users/admin/builder/spi-builder-workspace/.derivedData/Build/Intermediates.noindex/DecisionModels.build/Debug-appletvos/DecisionModelsApple-t.build/Objects-normal/arm64/DecisionModelsApple-primary-emit-module.d -parse-as-library -o /Users/admin/builder/spi-builder-workspace/.derivedData/Build/Intermediates.noindex/DecisionModels.build/Debug-appletvos/DecisionModelsApple-t.build/Objects-normal/arm64/DecisionModelsApple.swiftmodule -emit-abi-descriptor-path /Users/admin/builder/spi-builder-workspace/.derivedData/Build/Intermediates.noindex/DecisionModels.build/Debug-appletvos/DecisionModelsApple-t.build/Objects-normal/arm64/DecisionModelsApple.abi.json
SwiftCompile normal arm64 (in target 'DecisionModelsApple' from project 'DecisionModels')
    cd /Users/admin/builder/spi-builder-workspace/.swiftpm/xcode

SwiftDriverJobDiscovery normal arm64 Compiling ScriptedModel.swift (in target 'DecisionModelsTesting' from project 'DecisionModels')
SwiftCompile normal arm64 Compiling\ JevMapping.swift /Users/admin/builder/spi-builder-workspace/Sources/DecisionModelsTypeSafe/JevMapping.swift (in target 'DecisionModelsTypeSafe' from project 'DecisionModels')
SwiftCompile normal arm64 /Users/admin/builder/spi-builder-workspace/Sources/DecisionModelsTypeSafe/JevMapping.swift (in target 'DecisionModelsTypeSafe' from project 'DecisionModels')
    cd /Users/admin/builder/spi-builder-workspace/.swiftpm/xcode
    builtin-SwiftPerFileCompile JevMapping.swift
SwiftDriverJobDiscovery normal arm64 Emitting module for DecisionModelsTesting (in target 'DecisionModelsTesting' from project 'DecisionModels')
SwiftDriver\ Compilation\ Requirements DecisionModelsTesting normal arm64 com.apple.xcode.tools.swift.compiler (in target 'DecisionModelsTesting' from project 'DecisionModels')
    cd /Users/admin/builder/spi-builder-workspace/.swiftpm/xcode
    builtin-Swift-Compilation-Requirements -- /Applications/Xcode-27.0.0-Release.Candidate.app/Contents/Developer/Toolchains/XcodeDefault.xctoolchain/usr/bin/swiftc -parse-as-library -module-name DecisionModelsTesting -Onone @/Users/admin/builder/spi-builder-workspace/.derivedData/Build/Intermediates.noindex/DecisionModels.build/Debug-appletvos/DecisionModelsTesting-t.build/Objects-normal/arm64/DecisionModelsTesting.SwiftFileList -DSWIFT_PACKAGE -DDEBUG -DSWIFT_MODULE_RESOURCE_BUNDLE_UNAVAILABLE -DXcode -plugin-path /Applications/Xcode-27.0.0-Release.Candidate.app/Contents/Developer/Toolchains/XcodeDefault.xctoolchain/usr/lib/swift/host/plugins/testing -enable-experimental-feature DebugDescriptionMacro -sdk /Applications/Xcode-27.0.0-Release.Candidate.app/Contents/Developer/Platforms/AppleTVOS.platform/Developer/SDKs/AppleTVOS27.0.sdk -target arm64-apple-tvos18.0 -g -module-cache-path /Users/admin/builder/spi-builder-workspace/.derivedData/ModuleCache.noindex -Xfrontend -serialize-debugging-options -profile-coverage-mapping -profile-generate -enable-testing -index-store-path /Users/admin/builder/spi-builder-workspace/.derivedData/Index.noindex/DataStore -Xcc -D_LIBCPP_HARDENING_MODE\=_LIBCPP_HARDENING_MODE_DEBUG -swift-version 6 -I /Users/admin/builder/spi-builder-workspace/.derivedData/Build/Products/Debug-appletvos -Isystem /Applications/Xcode-27.0.0-Release.Candidate.app/Contents/Developer/Platforms/AppleTVOS.platform/Developer/usr/lib -F /Users/admin/builder/spi-builder-workspace/.derivedData/Build/Products/Debug-appletvos/PackageFrameworks -F /Users/admin/builder/spi-builder-workspace/.derivedData/Build/Products/Debug-appletvos -F /Applications/Xcode-27.0.0-Release.Candidate.app/Contents/Developer/Platforms/AppleTVOS.platform/Developer/Library/Frameworks -F /Applications/Xcode-27.0.0-Release.Candidate.app/Contents/Developer/Platforms/AppleTVOS.platform/Developer/SDKs/AppleTVOS27.0.sdk/Developer/Library/Frameworks -Xfrontend -load-plugin-executable -Xfrontend /Users/admin/builder/spi-builder-workspace/.derivedData/Build/Products/Debug/DecisionModelsMacros\#DecisionModelsMacros -c -j10 -enable-batch-mode -incremental -Xcc -ivfsstatcache -Xcc /Users/admin/builder/spi-builder-workspace/.derivedData/SDKStatCaches.noindex/appletvos27.0-24J360-e829b21a6f8c9b70876ba0858053c044b32bfd8d43560033f8d89884cdb90028.sdkstatcache -output-file-map /Users/admin/builder/spi-builder-workspace/.derivedData/Build/Intermediates.noindex/DecisionModels.build/Debug-appletvos/DecisionModelsTesting-t.build/Objects-normal/arm64/DecisionModelsTesting-OutputFileMap.json -save-temps -no-color-diagnostics -explicit-module-build -module-cache-path /Users/admin/builder/spi-builder-workspace/.derivedData/Build/Intermediates.noindex/SwiftExplicitPrecompiledModules -clang-scanner-module-cache-path /Users/admin/builder/spi-builder-workspace/.derivedData/ModuleCache.noindex -sdk-module-cache-path /Users/admin/builder/spi-builder-workspace/.derivedData/SDKExplicitPrecompiledModules -emit-dependencies -emit-module -emit-module-path /Users/admin/builder/spi-builder-workspace/.derivedData/Build/Intermediates.noindex/DecisionModels.build/Debug-appletvos/DecisionModelsTesting-t.build/Objects-normal/arm64/DecisionModelsTesting.swiftmodule -serialize-diagnostics -dependency-scan-serialize-diagnostics-path /Users/admin/builder/spi-builder-workspace/.derivedData/Build/Intermediates.noindex/DecisionModels.build/Debug-appletvos/DecisionModelsTesting-t.build/Objects-normal/arm64/DecisionModelsTesting-dependency-scan.dia -validate-clang-modules-once -clang-build-session-file /Users/admin/builder/spi-builder-workspace/.derivedData/ModuleCache.noindex/Session.modulevalidation -Xcc -fmodules-prune-interval\=86400 -Xcc -fmodules-prune-after\=345600 -package-name spi_builder_workspace -emit-const-values -const-gather-protocols-list /Users/admin/builder/spi-builder-workspace/.derivedData/Build/Intermediates.noindex/DecisionModels.build/Debug-appletvos/DecisionModelsTesting-t.build/Objects-normal/arm64/DecisionModelsTesting_const_extract_protocols.json -Xcc -I/Users/admin/builder/spi-builder-workspace/.derivedData/Build/Products/Debug-appletvos/include -Xcc -I/Users/admin/builder/spi-builder-workspace/.derivedData/Build/Intermediates.noindex/DecisionModels.build/Debug-appletvos/DecisionModelsTesting-t.build/DerivedSources-normal/arm64 -Xcc -I/Users/admin/builder/spi-builder-workspace/.derivedData/Build/Intermediates.noindex/DecisionModels.build/Debug-appletvos/DecisionModelsTesting-t.build/DerivedSources/arm64 -Xcc -I/Users/admin/builder/spi-builder-workspace/.derivedData/Build/Intermediates.noindex/DecisionModels.build/Debug-appletvos/DecisionModelsTesting-t.build/DerivedSources -Xcc -DSWIFT_PACKAGE -Xcc -DDEBUG\=1 -emit-objc-header -emit-objc-header-path /Users/admin/builder/spi-builder-workspace/.derivedData/Build/Intermediates.noindex/DecisionModels.build/Debug-appletvos/DecisionModelsTesting-t.build/Objects-normal/arm64/DecisionModelsTesting-Swift.h -working-directory /Users/admin/builder/spi-builder-workspace/.swiftpm/xcode -experimental-emit-module-separately -disable-cmo
SwiftDriverJobDiscovery normal arm64 Emitting module for DecisionModelsOpenRouter (in target 'DecisionModelsOpenRouter' from project 'DecisionModels')
SwiftDriver\ Compilation\ Requirements DecisionModelsOpenRouter normal arm64 com.apple.xcode.tools.swift.compiler (in target 'DecisionModelsOpenRouter' from project 'DecisionModels')
    cd /Users/admin/builder/spi-builder-workspace/.swiftpm/xcode
    builtin-Swift-Compilation-Requirements -- /Applications/Xcode-27.0.0-Release.Candidate.app/Contents/Developer/Toolchains/XcodeDefault.xctoolchain/usr/bin/swiftc -parse-as-library -module-name DecisionModelsOpenRouter -Onone @/Users/admin/builder/spi-builder-workspace/.derivedData/Build/Intermediates.noindex/DecisionModels.build/Debug-appletvos/DecisionModelsOpenRouter-t.build/Objects-normal/arm64/DecisionModelsOpenRouter.SwiftFileList -DSWIFT_PACKAGE -DDEBUG -DSWIFT_MODULE_RESOURCE_BUNDLE_UNAVAILABLE -DXcode -plugin-path /Applications/Xcode-27.0.0-Release.Candidate.app/Contents/Developer/Toolchains/XcodeDefault.xctoolchain/usr/lib/swift/host/plugins/testing -enable-experimental-feature DebugDescriptionMacro -sdk /Applications/Xcode-27.0.0-Release.Candidate.app/Contents/Developer/Platforms/AppleTVOS.platform/Developer/SDKs/AppleTVOS27.0.sdk -target arm64-apple-tvos18.0 -g -module-cache-path /Users/admin/builder/spi-builder-workspace/.derivedData/ModuleCache.noindex -Xfrontend -serialize-debugging-options -profile-coverage-mapping -profile-generate -enable-testing -index-store-path /Users/admin/builder/spi-builder-workspace/.derivedData/Index.noindex/DataStore -Xcc -D_LIBCPP_HARDENING_MODE\=_LIBCPP_HARDENING_MODE_DEBUG -swift-version 6 -I /Users/admin/builder/spi-builder-workspace/.derivedData/Build/Products/Debug-appletvos -Isystem /Applications/Xcode-27.0.0-Release.Candidate.app/Contents/Developer/Platforms/AppleTVOS.platform/Developer/usr/lib -F /Users/admin/builder/spi-builder-workspace/.derivedData/Build/Products/Debug-appletvos/PackageFrameworks -F /Users/admin/builder/spi-builder-workspace/.derivedData/Build/Products/Debug-appletvos -F /Applications/Xcode-27.0.0-Release.Candidate.app/Contents/Developer/Platforms/AppleTVOS.platform/Developer/Library/Frameworks -F /Applications/Xcode-27.0.0-Release.Candidate.app/Contents/Developer/Platforms/AppleTVOS.platform/Developer/SDKs/AppleTVOS27.0.sdk/Developer/Library/Frameworks -Xfrontend -load-plugin-executable -Xfrontend /Users/admin/builder/spi-builder-workspace/.derivedData/Build/Products/Debug/DecisionModelsMacros\#DecisionModelsMacros -c -j10 -enable-batch-mode -incremental -Xcc -ivfsstatcache -Xcc /Users/admin/builder/spi-builder-workspace/.derivedData/SDKStatCaches.noindex/appletvos27.0-24J360-e829b21a6f8c9b70876ba0858053c044b32bfd8d43560033f8d89884cdb90028.sdkstatcache -output-file-map /Users/admin/builder/spi-builder-workspace/.derivedData/Build/Intermediates.noindex/DecisionModels.build/Debug-appletvos/DecisionModelsOpenRouter-t.build/Objects-normal/arm64/DecisionModelsOpenRouter-OutputFileMap.json -save-temps -no-color-diagnostics -explicit-module-build -module-cache-path /Users/admin/builder/spi-builder-workspace/.derivedData/Build/Intermediates.noindex/SwiftExplicitPrecompiledModules -clang-scanner-module-cache-path /Users/admin/builder/spi-builder-workspace/.derivedData/ModuleCache.noindex -sdk-module-cache-path /Users/admin/builder/spi-builder-workspace/.derivedData/SDKExplicitPrecompiledModules -emit-dependencies -emit-module -emit-module-path /Users/admin/builder/spi-builder-workspace/.derivedData/Build/Intermediates.noindex/DecisionModels.build/Debug-appletvos/DecisionModelsOpenRouter-t.build/Objects-normal/arm64/DecisionModelsOpenRouter.swiftmodule -serialize-diagnostics -dependency-scan-serialize-diagnostics-path /Users/admin/builder/spi-builder-workspace/.derivedData/Build/Intermediates.noindex/DecisionModels.build/Debug-appletvos/DecisionModelsOpenRouter-t.build/Objects-normal/arm64/DecisionModelsOpenRouter-dependency-scan.dia -validate-clang-modules-once -clang-build-session-file /Users/admin/builder/spi-builder-workspace/.derivedData/ModuleCache.noindex/Session.modulevalidation -Xcc -fmodules-prune-interval\=86400 -Xcc -fmodules-prune-after\=345600 -package-name spi_builder_workspace -emit-const-values -const-gather-protocols-list /Users/admin/builder/spi-builder-workspace/.derivedData/Build/Intermediates.noindex/DecisionModels.build/Debug-appletvos/DecisionModelsOpenRouter-t.build/Objects-normal/arm64/DecisionModelsOpenRouter_const_extract_protocols.json -Xcc -I/Users/admin/builder/spi-builder-workspace/.derivedData/Build/Products/Debug-appletvos/include -Xcc -I/Users/admin/builder/spi-builder-workspace/.derivedData/Build/Intermediates.noindex/DecisionModels.build/Debug-appletvos/DecisionModelsOpenRouter-t.build/DerivedSources-normal/arm64 -Xcc -I/Users/admin/builder/spi-builder-workspace/.derivedData/Build/Intermediates.noindex/DecisionModels.build/Debug-appletvos/DecisionModelsOpenRouter-t.build/DerivedSources/arm64 -Xcc -I/Users/admin/builder/spi-builder-workspace/.derivedData/Build/Intermediates.noindex/DecisionModels.build/Debug-appletvos/DecisionModelsOpenRouter-t.build/DerivedSources -Xcc -DSWIFT_PACKAGE -Xcc -DDEBUG\=1 -emit-objc-header -emit-objc-header-path /Users/admin/builder/spi-builder-workspace/.derivedData/Build/Intermediates.noindex/DecisionModels.build/Debug-appletvos/DecisionModelsOpenRouter-t.build/Objects-normal/arm64/DecisionModelsOpenRouter-Swift.h -working-directory /Users/admin/builder/spi-builder-workspace/.swiftpm/xcode -experimental-emit-module-separately -disable-cmo
SwiftMergeGeneratedHeaders /Users/admin/builder/spi-builder-workspace/.derivedData/Build/Intermediates.noindex/GeneratedModuleMaps-appletvos/DecisionModelsTesting-Swift.h /Users/admin/builder/spi-builder-workspace/.derivedData/Build/Intermediates.noindex/DecisionModels.build/Debug-appletvos/DecisionModelsTesting-t.build/Objects-normal/arm64/DecisionModelsTesting-Swift.h (in target 'DecisionModelsTesting' from project 'DecisionModels')
    cd /Users/admin/builder/spi-builder-workspace
    builtin-swiftHeaderTool -arch arm64 /Users/admin/builder/spi-builder-workspace/.derivedData/Build/Intermediates.noindex/DecisionModels.build/Debug-appletvos/DecisionModelsTesting-t.build/Objects-normal/arm64/DecisionModelsTesting-Swift.h -o /Users/admin/builder/spi-builder-workspace/.derivedData/Build/Intermediates.noindex/GeneratedModuleMaps-appletvos/DecisionModelsTesting-Swift.h
Copy /Users/admin/builder/spi-builder-workspace/.derivedData/Build/Products/Debug-appletvos/DecisionModelsTesting.swiftmodule/arm64-apple-tvos.swiftmodule /Users/admin/builder/spi-builder-workspace/.derivedData/Build/Intermediates.noindex/DecisionModels.build/Debug-appletvos/DecisionModelsTesting-t.build/Objects-normal/arm64/DecisionModelsTesting.swiftmodule (in target 'DecisionModelsTesting' from project 'DecisionModels')
    cd /Users/admin/builder/spi-builder-workspace
    builtin-copy -exclude .DS_Store -exclude CVS -exclude .svn -exclude .git -exclude .hg -resolve-src-symlinks -rename /Users/admin/builder/spi-builder-workspace/.derivedData/Build/Intermediates.noindex/DecisionModels.build/Debug-appletvos/DecisionModelsTesting-t.build/Objects-normal/arm64/DecisionModelsTesting.swiftmodule /Users/admin/builder/spi-builder-workspace/.derivedData/Build/Products/Debug-appletvos/DecisionModelsTesting.swiftmodule/arm64-apple-tvos.swiftmodule
Copy /Users/admin/builder/spi-builder-workspace/.derivedData/Build/Products/Debug-appletvos/DecisionModelsTesting.swiftmodule/arm64-apple-tvos.swiftdoc /Users/admin/builder/spi-builder-workspace/.derivedData/Build/Intermediates.noindex/DecisionModels.build/Debug-appletvos/DecisionModelsTesting-t.build/Objects-normal/arm64/DecisionModelsTesting.swiftdoc (in target 'DecisionModelsTesting' from project 'DecisionModels')
    cd /Users/admin/builder/spi-builder-workspace
    builtin-copy -exclude .DS_Store -exclude CVS -exclude .svn -exclude .git -exclude .hg -resolve-src-symlinks -rename /Users/admin/builder/spi-builder-workspace/.derivedData/Build/Intermediates.noindex/DecisionModels.build/Debug-appletvos/DecisionModelsTesting-t.build/Objects-normal/arm64/DecisionModelsTesting.swiftdoc /Users/admin/builder/spi-builder-workspace/.derivedData/Build/Products/Debug-appletvos/DecisionModelsTesting.swiftmodule/arm64-apple-tvos.swiftdoc
Copy /Users/admin/builder/spi-builder-workspace/.derivedData/Build/Products/Debug-appletvos/DecisionModelsTesting.swiftmodule/arm64-apple-tvos.abi.json /Users/admin/builder/spi-builder-workspace/.derivedData/Build/Intermediates.noindex/DecisionModels.build/Debug-appletvos/DecisionModelsTesting-t.build/Objects-normal/arm64/DecisionModelsTesting.abi.json (in target 'DecisionModelsTesting' from project 'DecisionModels')
    cd /Users/admin/builder/spi-builder-workspace
    builtin-copy -exclude .DS_Store -exclude CVS -exclude .svn -exclude .git -exclude .hg -resolve-src-symlinks -rename /Users/admin/builder/spi-builder-workspace/.derivedData/Build/Intermediates.noindex/DecisionModels.build/Debug-appletvos/DecisionModelsTesting-t.build/Objects-normal/arm64/DecisionModelsTesting.abi.json /Users/admin/builder/spi-builder-workspace/.derivedData/Build/Products/Debug-appletvos/DecisionModelsTesting.swiftmodule/arm64-apple-tvos.abi.json
Copy /Users/admin/builder/spi-builder-workspace/.derivedData/Build/Products/Debug-appletvos/DecisionModelsTesting.swiftmodule/Project/arm64-apple-tvos.swiftsourceinfo /Users/admin/builder/spi-builder-workspace/.derivedData/Build/Intermediates.noindex/DecisionModels.build/Debug-appletvos/DecisionModelsTesting-t.build/Objects-normal/arm64/DecisionModelsTesting.swiftsourceinfo (in target 'DecisionModelsTesting' from project 'DecisionModels')
    cd /Users/admin/builder/spi-builder-workspace
    builtin-copy -exclude .DS_Store -exclude CVS -exclude .svn -exclude .git -exclude .hg -resolve-src-symlinks -rename /Users/admin/builder/spi-builder-workspace/.derivedData/Build/Intermediates.noindex/DecisionModels.build/Debug-appletvos/DecisionModelsTesting-t.build/Objects-normal/arm64/DecisionModelsTesting.swiftsourceinfo /Users/admin/builder/spi-builder-workspace/.derivedData/Build/Products/Debug-appletvos/DecisionModelsTesting.swiftmodule/Project/arm64-apple-tvos.swiftsourceinfo
SwiftDriverJobDiscovery normal arm64 Emitting module for DecisionModelsTypeSafe (in target 'DecisionModelsTypeSafe' from project 'DecisionModels')
SwiftMergeGeneratedHeaders /Users/admin/builder/spi-builder-workspace/.derivedData/Build/Intermediates.noindex/GeneratedModuleMaps-appletvos/DecisionModelsOpenRouter-Swift.h /Users/admin/builder/spi-builder-workspace/.derivedData/Build/Intermediates.noindex/DecisionModels.build/Debug-appletvos/DecisionModelsOpenRouter-t.build/Objects-normal/arm64/DecisionModelsOpenRouter-Swift.h (in target 'DecisionModelsOpenRouter' from project 'DecisionModels')
    cd /Users/admin/builder/spi-builder-workspace
    builtin-swiftHeaderTool -arch arm64 /Users/admin/builder/spi-builder-workspace/.derivedData/Build/Intermediates.noindex/DecisionModels.build/Debug-appletvos/DecisionModelsOpenRouter-t.build/Objects-normal/arm64/DecisionModelsOpenRouter-Swift.h -o /Users/admin/builder/spi-builder-workspace/.derivedData/Build/Intermediates.noindex/GeneratedModuleMaps-appletvos/DecisionModelsOpenRouter-Swift.h
SwiftDriver\ Compilation\ Requirements DecisionModelsTypeSafe normal arm64 com.apple.xcode.tools.swift.compiler (in target 'DecisionModelsTypeSafe' from project 'DecisionModels')
    cd /Users/admin/builder/spi-builder-workspace/.swiftpm/xcode
    builtin-Swift-Compilation-Requirements -- /Applications/Xcode-27.0.0-Release.Candidate.app/Contents/Developer/Toolchains/XcodeDefault.xctoolchain/usr/bin/swiftc -parse-as-library -module-name DecisionModelsTypeSafe -Onone @/Users/admin/builder/spi-builder-workspace/.derivedData/Build/Intermediates.noindex/DecisionModels.build/Debug-appletvos/DecisionModelsTypeSafe-t.build/Objects-normal/arm64/DecisionModelsTypeSafe.SwiftFileList -DSWIFT_PACKAGE -DDEBUG -DSWIFT_MODULE_RESOURCE_BUNDLE_UNAVAILABLE -DXcode -plugin-path /Applications/Xcode-27.0.0-Release.Candidate.app/Contents/Developer/Toolchains/XcodeDefault.xctoolchain/usr/lib/swift/host/plugins/testing -enable-experimental-feature DebugDescriptionMacro -sdk /Applications/Xcode-27.0.0-Release.Candidate.app/Contents/Developer/Platforms/AppleTVOS.platform/Developer/SDKs/AppleTVOS27.0.sdk -target arm64-apple-tvos18.0 -g -module-cache-path /Users/admin/builder/spi-builder-workspace/.derivedData/ModuleCache.noindex -Xfrontend -serialize-debugging-options -profile-coverage-mapping -profile-generate -enable-testing -index-store-path /Users/admin/builder/spi-builder-workspace/.derivedData/Index.noindex/DataStore -Xcc -D_LIBCPP_HARDENING_MODE\=_LIBCPP_HARDENING_MODE_DEBUG -swift-version 6 -I /Users/admin/builder/spi-builder-workspace/.derivedData/Build/Products/Debug-appletvos -Isystem /Applications/Xcode-27.0.0-Release.Candidate.app/Contents/Developer/Platforms/AppleTVOS.platform/Developer/usr/lib -F /Users/admin/builder/spi-builder-workspace/.derivedData/Build/Products/Debug-appletvos/PackageFrameworks -F /Users/admin/builder/spi-builder-workspace/.derivedData/Build/Products/Debug-appletvos -F /Applications/Xcode-27.0.0-Release.Candidate.app/Contents/Developer/Platforms/AppleTVOS.platform/Developer/Library/Frameworks -F /Applications/Xcode-27.0.0-Release.Candidate.app/Contents/Developer/Platforms/AppleTVOS.platform/Developer/SDKs/AppleTVOS27.0.sdk/Developer/Library/Frameworks -Xfrontend -load-plugin-executable -Xfrontend /Users/admin/builder/spi-builder-workspace/.derivedData/Build/Products/Debug/DecisionModelsMacros\#DecisionModelsMacros -c -j10 -enable-batch-mode -incremental -Xcc -ivfsstatcache -Xcc /Users/admin/builder/spi-builder-workspace/.derivedData/SDKStatCaches.noindex/appletvos27.0-24J360-e829b21a6f8c9b70876ba0858053c044b32bfd8d43560033f8d89884cdb90028.sdkstatcache -output-file-map /Users/admin/builder/spi-builder-workspace/.derivedData/Build/Intermediates.noindex/DecisionModels.build/Debug-appletvos/DecisionModelsTypeSafe-t.build/Objects-normal/arm64/DecisionModelsTypeSafe-OutputFileMap.json -save-temps -no-color-diagnostics -explicit-module-build -module-cache-path /Users/admin/builder/spi-builder-workspace/.derivedData/Build/Intermediates.noindex/SwiftExplicitPrecompiledModules -clang-scanner-module-cache-path /Users/admin/builder/spi-builder-workspace/.derivedData/ModuleCache.noindex -sdk-module-cache-path /Users/admin/builder/spi-builder-workspace/.derivedData/SDKExplicitPrecompiledModules -emit-dependencies -emit-module -emit-module-path /Users/admin/builder/spi-builder-workspace/.derivedData/Build/Intermediates.noindex/DecisionModels.build/Debug-appletvos/DecisionModelsTypeSafe-t.build/Objects-normal/arm64/DecisionModelsTypeSafe.swiftmodule -serialize-diagnostics -dependency-scan-serialize-diagnostics-path /Users/admin/builder/spi-builder-workspace/.derivedData/Build/Intermediates.noindex/DecisionModels.build/Debug-appletvos/DecisionModelsTypeSafe-t.build/Objects-normal/arm64/DecisionModelsTypeSafe-dependency-scan.dia -validate-clang-modules-once -clang-build-session-file /Users/admin/builder/spi-builder-workspace/.derivedData/ModuleCache.noindex/Session.modulevalidation -Xcc -fmodules-prune-interval\=86400 -Xcc -fmodules-prune-after\=345600 -package-name spi_builder_workspace -emit-const-values -const-gather-protocols-list /Users/admin/builder/spi-builder-workspace/.derivedData/Build/Intermediates.noindex/DecisionModels.build/Debug-appletvos/DecisionModelsTypeSafe-t.build/Objects-normal/arm64/DecisionModelsTypeSafe_const_extract_protocols.json -Xcc -I/Users/admin/builder/spi-builder-workspace/.derivedData/Build/Products/Debug-appletvos/include -Xcc -I/Users/admin/builder/spi-builder-workspace/.derivedData/Build/Intermediates.noindex/DecisionModels.build/Debug-appletvos/DecisionModelsTypeSafe-t.build/DerivedSources-normal/arm64 -Xcc -I/Users/admin/builder/spi-builder-workspace/.derivedData/Build/Intermediates.noindex/DecisionModels.build/Debug-appletvos/DecisionModelsTypeSafe-t.build/DerivedSources/arm64 -Xcc -I/Users/admin/builder/spi-builder-workspace/.derivedData/Build/Intermediates.noindex/DecisionModels.build/Debug-appletvos/DecisionModelsTypeSafe-t.build/DerivedSources -Xcc -DSWIFT_PACKAGE -Xcc -DDEBUG\=1 -emit-objc-header -emit-objc-header-path /Users/admin/builder/spi-builder-workspace/.derivedData/Build/Intermediates.noindex/DecisionModels.build/Debug-appletvos/DecisionModelsTypeSafe-t.build/Objects-normal/arm64/DecisionModelsTypeSafe-Swift.h -working-directory /Users/admin/builder/spi-builder-workspace/.swiftpm/xcode -experimental-emit-module-separately -disable-cmo
Copy /Users/admin/builder/spi-builder-workspace/.derivedData/Build/Products/Debug-appletvos/DecisionModelsOpenRouter.swiftmodule/arm64-apple-tvos.swiftmodule /Users/admin/builder/spi-builder-workspace/.derivedData/Build/Intermediates.noindex/DecisionModels.build/Debug-appletvos/DecisionModelsOpenRouter-t.build/Objects-normal/arm64/DecisionModelsOpenRouter.swiftmodule (in target 'DecisionModelsOpenRouter' from project 'DecisionModels')
    cd /Users/admin/builder/spi-builder-workspace
    builtin-copy -exclude .DS_Store -exclude CVS -exclude .svn -exclude .git -exclude .hg -resolve-src-symlinks -rename /Users/admin/builder/spi-builder-workspace/.derivedData/Build/Intermediates.noindex/DecisionModels.build/Debug-appletvos/DecisionModelsOpenRouter-t.build/Objects-normal/arm64/DecisionModelsOpenRouter.swiftmodule /Users/admin/builder/spi-builder-workspace/.derivedData/Build/Products/Debug-appletvos/DecisionModelsOpenRouter.swiftmodule/arm64-apple-tvos.swiftmodule
Copy /Users/admin/builder/spi-builder-workspace/.derivedData/Build/Products/Debug-appletvos/DecisionModelsOpenRouter.swiftmodule/arm64-apple-tvos.swiftdoc /Users/admin/builder/spi-builder-workspace/.derivedData/Build/Intermediates.noindex/DecisionModels.build/Debug-appletvos/DecisionModelsOpenRouter-t.build/Objects-normal/arm64/DecisionModelsOpenRouter.swiftdoc (in target 'DecisionModelsOpenRouter' from project 'DecisionModels')
    cd /Users/admin/builder/spi-builder-workspace
    builtin-copy -exclude .DS_Store -exclude CVS -exclude .svn -exclude .git -exclude .hg -resolve-src-symlinks -rename /Users/admin/builder/spi-builder-workspace/.derivedData/Build/Intermediates.noindex/DecisionModels.build/Debug-appletvos/DecisionModelsOpenRouter-t.build/Objects-normal/arm64/DecisionModelsOpenRouter.swiftdoc /Users/admin/builder/spi-builder-workspace/.derivedData/Build/Products/Debug-appletvos/DecisionModelsOpenRouter.swiftmodule/arm64-apple-tvos.swiftdoc
Copy /Users/admin/builder/spi-builder-workspace/.derivedData/Build/Products/Debug-appletvos/DecisionModelsOpenRouter.swiftmodule/arm64-apple-tvos.abi.json /Users/admin/builder/spi-builder-workspace/.derivedData/Build/Intermediates.noindex/DecisionModels.build/Debug-appletvos/DecisionModelsOpenRouter-t.build/Objects-normal/arm64/DecisionModelsOpenRouter.abi.json (in target 'DecisionModelsOpenRouter' from project 'DecisionModels')
    cd /Users/admin/builder/spi-builder-workspace
    builtin-copy -exclude .DS_Store -exclude CVS -exclude .svn -exclude .git -exclude .hg -resolve-src-symlinks -rename /Users/admin/builder/spi-builder-workspace/.derivedData/Build/Intermediates.noindex/DecisionModels.build/Debug-appletvos/DecisionModelsOpenRouter-t.build/Objects-normal/arm64/DecisionModelsOpenRouter.abi.json /Users/admin/builder/spi-builder-workspace/.derivedData/Build/Products/Debug-appletvos/DecisionModelsOpenRouter.swiftmodule/arm64-apple-tvos.abi.json
SwiftDriverJobDiscovery normal arm64 Compiling RecordingModel.swift (in target 'DecisionModelsTesting' from project 'DecisionModels')
Copy /Users/admin/builder/spi-builder-workspace/.derivedData/Build/Products/Debug-appletvos/DecisionModelsOpenRouter.swiftmodule/Project/arm64-apple-tvos.swiftsourceinfo /Users/admin/builder/spi-builder-workspace/.derivedData/Build/Intermediates.noindex/DecisionModels.build/Debug-appletvos/DecisionModelsOpenRouter-t.build/Objects-normal/arm64/DecisionModelsOpenRouter.swiftsourceinfo (in target 'DecisionModelsOpenRouter' from project 'DecisionModels')
    cd /Users/admin/builder/spi-builder-workspace
    builtin-copy -exclude .DS_Store -exclude CVS -exclude .svn -exclude .git -exclude .hg -resolve-src-symlinks -rename /Users/admin/builder/spi-builder-workspace/.derivedData/Build/Intermediates.noindex/DecisionModels.build/Debug-appletvos/DecisionModelsOpenRouter-t.build/Objects-normal/arm64/DecisionModelsOpenRouter.swiftsourceinfo /Users/admin/builder/spi-builder-workspace/.derivedData/Build/Products/Debug-appletvos/DecisionModelsOpenRouter.swiftmodule/Project/arm64-apple-tvos.swiftsourceinfo
SwiftCompile normal arm64 Compiling\ JevWire.swift /Users/admin/builder/spi-builder-workspace/Sources/DecisionModelsTypeSafe/JevWire.swift (in target 'DecisionModelsTypeSafe' from project 'DecisionModels')
SwiftCompile normal arm64 /Users/admin/builder/spi-builder-workspace/Sources/DecisionModelsTypeSafe/JevWire.swift (in target 'DecisionModelsTypeSafe' from project 'DecisionModels')
    cd /Users/admin/builder/spi-builder-workspace/.swiftpm/xcode
    builtin-SwiftPerFileCompile JevWire.swift
SwiftCompile normal arm64 Compiling\ Jev.swift /Users/admin/builder/spi-builder-workspace/Sources/DecisionModelsTypeSafe/Jev.swift (in target 'DecisionModelsTypeSafe' from project 'DecisionModels')
SwiftCompile normal arm64 /Users/admin/builder/spi-builder-workspace/Sources/DecisionModelsTypeSafe/Jev.swift (in target 'DecisionModelsTypeSafe' from project 'DecisionModels')
    cd /Users/admin/builder/spi-builder-workspace/.swiftpm/xcode
    builtin-SwiftPerFileCompile Jev.swift
SwiftCompile normal arm64 Compiling\ JevError.swift /Users/admin/builder/spi-builder-workspace/Sources/DecisionModelsTypeSafe/JevError.swift (in target 'DecisionModelsTypeSafe' from project 'DecisionModels')
SwiftCompile normal arm64 /Users/admin/builder/spi-builder-workspace/Sources/DecisionModelsTypeSafe/JevError.swift (in target 'DecisionModelsTypeSafe' from project 'DecisionModels')
    cd /Users/admin/builder/spi-builder-workspace/.swiftpm/xcode
    builtin-SwiftPerFileCompile JevError.swift
SwiftDriverJobDiscovery normal arm64 Compiling Calibration.swift (in target 'DecisionModelsTesting' from project 'DecisionModels')
SwiftCompile normal arm64 Compiling\ OpenRouterError.swift /Users/admin/builder/spi-builder-workspace/Sources/DecisionModelsOpenRouter/OpenRouterError.swift (in target 'DecisionModelsOpenRouter' from project 'DecisionModels')
SwiftCompile normal arm64 /Users/admin/builder/spi-builder-workspace/Sources/DecisionModelsOpenRouter/OpenRouterError.swift (in target 'DecisionModelsOpenRouter' from project 'DecisionModels')
    cd /Users/admin/builder/spi-builder-workspace/.swiftpm/xcode
    builtin-SwiftPerFileCompile OpenRouterError.swift
SwiftMergeGeneratedHeaders /Users/admin/builder/spi-builder-workspace/.derivedData/Build/Intermediates.noindex/GeneratedModuleMaps-appletvos/DecisionModelsTypeSafe-Swift.h /Users/admin/builder/spi-builder-workspace/.derivedData/Build/Intermediates.noindex/DecisionModels.build/Debug-appletvos/DecisionModelsTypeSafe-t.build/Objects-normal/arm64/DecisionModelsTypeSafe-Swift.h (in target 'DecisionModelsTypeSafe' from project 'DecisionModels')
    cd /Users/admin/builder/spi-builder-workspace
    builtin-swiftHeaderTool -arch arm64 /Users/admin/builder/spi-builder-workspace/.derivedData/Build/Intermediates.noindex/DecisionModels.build/Debug-appletvos/DecisionModelsTypeSafe-t.build/Objects-normal/arm64/DecisionModelsTypeSafe-Swift.h -o /Users/admin/builder/spi-builder-workspace/.derivedData/Build/Intermediates.noindex/GeneratedModuleMaps-appletvos/DecisionModelsTypeSafe-Swift.h
SwiftDriverJobDiscovery normal arm64 Compiling ReplayModel.swift (in target 'DecisionModelsTesting' from project 'DecisionModels')
Copy /Users/admin/builder/spi-builder-workspace/.derivedData/Build/Products/Debug-appletvos/DecisionModelsTypeSafe.swiftmodule/arm64-apple-tvos.swiftmodule /Users/admin/builder/spi-builder-workspace/.derivedData/Build/Intermediates.noindex/DecisionModels.build/Debug-appletvos/DecisionModelsTypeSafe-t.build/Objects-normal/arm64/DecisionModelsTypeSafe.swiftmodule (in target 'DecisionModelsTypeSafe' from project 'DecisionModels')
    cd /Users/admin/builder/spi-builder-workspace
    builtin-copy -exclude .DS_Store -exclude CVS -exclude .svn -exclude .git -exclude .hg -resolve-src-symlinks -rename /Users/admin/builder/spi-builder-workspace/.derivedData/Build/Intermediates.noindex/DecisionModels.build/Debug-appletvos/DecisionModelsTypeSafe-t.build/Objects-normal/arm64/DecisionModelsTypeSafe.swiftmodule /Users/admin/builder/spi-builder-workspace/.derivedData/Build/Products/Debug-appletvos/DecisionModelsTypeSafe.swiftmodule/arm64-apple-tvos.swiftmodule
Copy /Users/admin/builder/spi-builder-workspace/.derivedData/Build/Products/Debug-appletvos/DecisionModelsTypeSafe.swiftmodule/arm64-apple-tvos.swiftdoc /Users/admin/builder/spi-builder-workspace/.derivedData/Build/Intermediates.noindex/DecisionModels.build/Debug-appletvos/DecisionModelsTypeSafe-t.build/Objects-normal/arm64/DecisionModelsTypeSafe.swiftdoc (in target 'DecisionModelsTypeSafe' from project 'DecisionModels')
    cd /Users/admin/builder/spi-builder-workspace
    builtin-copy -exclude .DS_Store -exclude CVS -exclude .svn -exclude .git -exclude .hg -resolve-src-symlinks -rename /Users/admin/builder/spi-builder-workspace/.derivedData/Build/Intermediates.noindex/DecisionModels.build/Debug-appletvos/DecisionModelsTypeSafe-t.build/Objects-normal/arm64/DecisionModelsTypeSafe.swiftdoc /Users/admin/builder/spi-builder-workspace/.derivedData/Build/Products/Debug-appletvos/DecisionModelsTypeSafe.swiftmodule/arm64-apple-tvos.swiftdoc
Copy /Users/admin/builder/spi-builder-workspace/.derivedData/Build/Products/Debug-appletvos/DecisionModelsTypeSafe.swiftmodule/arm64-apple-tvos.abi.json /Users/admin/builder/spi-builder-workspace/.derivedData/Build/Intermediates.noindex/DecisionModels.build/Debug-appletvos/DecisionModelsTypeSafe-t.build/Objects-normal/arm64/DecisionModelsTypeSafe.abi.json (in target 'DecisionModelsTypeSafe' from project 'DecisionModels')
    cd /Users/admin/builder/spi-builder-workspace
    builtin-copy -exclude .DS_Store -exclude CVS -exclude .svn -exclude .git -exclude .hg -resolve-src-symlinks -rename /Users/admin/builder/spi-builder-workspace/.derivedData/Build/Intermediates.noindex/DecisionModels.build/Debug-appletvos/DecisionModelsTypeSafe-t.build/Objects-normal/arm64/DecisionModelsTypeSafe.abi.json /Users/admin/builder/spi-builder-workspace/.derivedData/Build/Products/Debug-appletvos/DecisionModelsTypeSafe.swiftmodule/arm64-apple-tvos.abi.json
Copy /Users/admin/builder/spi-builder-workspace/.derivedData/Build/Products/Debug-appletvos/DecisionModelsTypeSafe.swiftmodule/Project/arm64-apple-tvos.swiftsourceinfo /Users/admin/builder/spi-builder-workspace/.derivedData/Build/Intermediates.noindex/DecisionModels.build/Debug-appletvos/DecisionModelsTypeSafe-t.build/Objects-normal/arm64/DecisionModelsTypeSafe.swiftsourceinfo (in target 'DecisionModelsTypeSafe' from project 'DecisionModels')
    cd /Users/admin/builder/spi-builder-workspace
    builtin-copy -exclude .DS_Store -exclude CVS -exclude .svn -exclude .git -exclude .hg -resolve-src-symlinks -rename /Users/admin/builder/spi-builder-workspace/.derivedData/Build/Intermediates.noindex/DecisionModels.build/Debug-appletvos/DecisionModelsTypeSafe-t.build/Objects-normal/arm64/DecisionModelsTypeSafe.swiftsourceinfo /Users/admin/builder/spi-builder-workspace/.derivedData/Build/Products/Debug-appletvos/DecisionModelsTypeSafe.swiftmodule/Project/arm64-apple-tvos.swiftsourceinfo
SwiftCompile normal arm64 Compiling\ OpenRouterMapping.swift /Users/admin/builder/spi-builder-workspace/Sources/DecisionModelsOpenRouter/OpenRouterMapping.swift (in target 'DecisionModelsOpenRouter' from project 'DecisionModels')
SwiftCompile normal arm64 /Users/admin/builder/spi-builder-workspace/Sources/DecisionModelsOpenRouter/OpenRouterMapping.swift (in target 'DecisionModelsOpenRouter' from project 'DecisionModels')
    cd /Users/admin/builder/spi-builder-workspace/.swiftpm/xcode
    builtin-SwiftPerFileCompile OpenRouterMapping.swift
SwiftDriverJobDiscovery normal arm64 Compiling DecisionRecord.swift (in target 'DecisionModelsTesting' from project 'DecisionModels')
SwiftCompile normal arm64 Compiling\ OpenRouterAlpha.swift /Users/admin/builder/spi-builder-workspace/Sources/DecisionModelsOpenRouter/OpenRouterAlpha.swift (in target 'DecisionModelsOpenRouter' from project 'DecisionModels')
SwiftCompile normal arm64 /Users/admin/builder/spi-builder-workspace/Sources/DecisionModelsOpenRouter/OpenRouterAlpha.swift (in target 'DecisionModelsOpenRouter' from project 'DecisionModels')
    cd /Users/admin/builder/spi-builder-workspace/.swiftpm/xcode
    builtin-SwiftPerFileCompile OpenRouterAlpha.swift
SwiftDriverJobDiscovery normal arm64 Compiling Evaluation.swift (in target 'DecisionModelsTesting' from project 'DecisionModels')
SwiftCompile normal arm64 Compiling\ OpenRouterWire.swift /Users/admin/builder/spi-builder-workspace/Sources/DecisionModelsOpenRouter/OpenRouterWire.swift (in target 'DecisionModelsOpenRouter' from project 'DecisionModels')
SwiftCompile normal arm64 /Users/admin/builder/spi-builder-workspace/Sources/DecisionModelsOpenRouter/OpenRouterWire.swift (in target 'DecisionModelsOpenRouter' from project 'DecisionModels')
    cd /Users/admin/builder/spi-builder-workspace/.swiftpm/xcode
    builtin-SwiftPerFileCompile OpenRouterWire.swift
SwiftDriver\ Compilation DecisionModelsTesting normal arm64 com.apple.xcode.tools.swift.compiler (in target 'DecisionModelsTesting' from project 'DecisionModels')
    cd /Users/admin/builder/spi-builder-workspace/.swiftpm/xcode
    builtin-Swift-Compilation -- /Applications/Xcode-27.0.0-Release.Candidate.app/Contents/Developer/Toolchains/XcodeDefault.xctoolchain/usr/bin/swiftc -parse-as-library -module-name DecisionModelsTesting -Onone @/Users/admin/builder/spi-builder-workspace/.derivedData/Build/Intermediates.noindex/DecisionModels.build/Debug-appletvos/DecisionModelsTesting-t.build/Objects-normal/arm64/DecisionModelsTesting.SwiftFileList -DSWIFT_PACKAGE -DDEBUG -DSWIFT_MODULE_RESOURCE_BUNDLE_UNAVAILABLE -DXcode -plugin-path /Applications/Xcode-27.0.0-Release.Candidate.app/Contents/Developer/Toolchains/XcodeDefault.xctoolchain/usr/lib/swift/host/plugins/testing -enable-experimental-feature DebugDescriptionMacro -sdk /Applications/Xcode-27.0.0-Release.Candidate.app/Contents/Developer/Platforms/AppleTVOS.platform/Developer/SDKs/AppleTVOS27.0.sdk -target arm64-apple-tvos18.0 -g -module-cache-path /Users/admin/builder/spi-builder-workspace/.derivedData/ModuleCache.noindex -Xfrontend -serialize-debugging-options -profile-coverage-mapping -profile-generate -enable-testing -index-store-path /Users/admin/builder/spi-builder-workspace/.derivedData/Index.noindex/DataStore -Xcc -D_LIBCPP_HARDENING_MODE\=_LIBCPP_HARDENING_MODE_DEBUG -swift-version 6 -I /Users/admin/builder/spi-builder-workspace/.derivedData/Build/Products/Debug-appletvos -Isystem /Applications/Xcode-27.0.0-Release.Candidate.app/Contents/Developer/Platforms/AppleTVOS.platform/Developer/usr/lib -F /Users/admin/builder/spi-builder-workspace/.derivedData/Build/Products/Debug-appletvos/PackageFrameworks -F /Users/admin/builder/spi-builder-workspace/.derivedData/Build/Products/Debug-appletvos -F /Applications/Xcode-27.0.0-Release.Candidate.app/Contents/Developer/Platforms/AppleTVOS.platform/Developer/Library/Frameworks -F /Applications/Xcode-27.0.0-Release.Candidate.app/Contents/Developer/Platforms/AppleTVOS.platform/Developer/SDKs/AppleTVOS27.0.sdk/Developer/Library/Frameworks -Xfrontend -load-plugin-executable -Xfrontend /Users/admin/builder/spi-builder-workspace/.derivedData/Build/Products/Debug/DecisionModelsMacros\#DecisionModelsMacros -c -j10 -enable-batch-mode -incremental -Xcc -ivfsstatcache -Xcc /Users/admin/builder/spi-builder-workspace/.derivedData/SDKStatCaches.noindex/appletvos27.0-24J360-e829b21a6f8c9b70876ba0858053c044b32bfd8d43560033f8d89884cdb90028.sdkstatcache -output-file-map /Users/admin/builder/spi-builder-workspace/.derivedData/Build/Intermediates.noindex/DecisionModels.build/Debug-appletvos/DecisionModelsTesting-t.build/Objects-normal/arm64/DecisionModelsTesting-OutputFileMap.json -save-temps -no-color-diagnostics -explicit-module-build -module-cache-path /Users/admin/builder/spi-builder-workspace/.derivedData/Build/Intermediates.noindex/SwiftExplicitPrecompiledModules -clang-scanner-module-cache-path /Users/admin/builder/spi-builder-workspace/.derivedData/ModuleCache.noindex -sdk-module-cache-path /Users/admin/builder/spi-builder-workspace/.derivedData/SDKExplicitPrecompiledModules -emit-dependencies -emit-module -emit-module-path /Users/admin/builder/spi-builder-workspace/.derivedData/Build/Intermediates.noindex/DecisionModels.build/Debug-appletvos/DecisionModelsTesting-t.build/Objects-normal/arm64/DecisionModelsTesting.swiftmodule -serialize-diagnostics -dependency-scan-serialize-diagnostics-path /Users/admin/builder/spi-builder-workspace/.derivedData/Build/Intermediates.noindex/DecisionModels.build/Debug-appletvos/DecisionModelsTesting-t.build/Objects-normal/arm64/DecisionModelsTesting-dependency-scan.dia -validate-clang-modules-once -clang-build-session-file /Users/admin/builder/spi-builder-workspace/.derivedData/ModuleCache.noindex/Session.modulevalidation -Xcc -fmodules-prune-interval\=86400 -Xcc -fmodules-prune-after\=345600 -package-name spi_builder_workspace -emit-const-values -const-gather-protocols-list /Users/admin/builder/spi-builder-workspace/.derivedData/Build/Intermediates.noindex/DecisionModels.build/Debug-appletvos/DecisionModelsTesting-t.build/Objects-normal/arm64/DecisionModelsTesting_const_extract_protocols.json -Xcc -I/Users/admin/builder/spi-builder-workspace/.derivedData/Build/Products/Debug-appletvos/include -Xcc -I/Users/admin/builder/spi-builder-workspace/.derivedData/Build/Intermediates.noindex/DecisionModels.build/Debug-appletvos/DecisionModelsTesting-t.build/DerivedSources-normal/arm64 -Xcc -I/Users/admin/builder/spi-builder-workspace/.derivedData/Build/Intermediates.noindex/DecisionModels.build/Debug-appletvos/DecisionModelsTesting-t.build/DerivedSources/arm64 -Xcc -I/Users/admin/builder/spi-builder-workspace/.derivedData/Build/Intermediates.noindex/DecisionModels.build/Debug-appletvos/DecisionModelsTesting-t.build/DerivedSources -Xcc -DSWIFT_PACKAGE -Xcc -DDEBUG\=1 -emit-objc-header -emit-objc-header-path /Users/admin/builder/spi-builder-workspace/.derivedData/Build/Intermediates.noindex/DecisionModels.build/Debug-appletvos/DecisionModelsTesting-t.build/Objects-normal/arm64/DecisionModelsTesting-Swift.h -working-directory /Users/admin/builder/spi-builder-workspace/.swiftpm/xcode -experimental-emit-module-separately -disable-cmo
PruneExplicitPrecompiledModules /Users/admin/builder/spi-builder-workspace/.derivedData/SDKExplicitPrecompiledModules
PruneExplicitPrecompiledModules /Users/admin/builder/spi-builder-workspace/.derivedData/Build/Intermediates.noindex/ExplicitPrecompiledModules
PruneExplicitPrecompiledModules /Users/admin/builder/spi-builder-workspace/.derivedData/Build/Intermediates.noindex/SwiftExplicitPrecompiledModules
2026-09-28 19:34:25.960 xcodebuild[692:4350] [MT] IDERunDestination: Supported platforms for the buildables in the current scheme is empty.
** BUILD FAILED **
The following build commands failed:
	SwiftEmitModule normal arm64 Emitting\ module\ for\ DecisionModelsApple (in target 'DecisionModelsApple' from project 'DecisionModels')
	SwiftCompile normal arm64 (in target 'DecisionModelsApple' from project 'DecisionModels')
	Building workspace DecisionModels with scheme DecisionModels-Package
(3 failures)
Command line invocation:
    /Applications/Xcode-27.0.0-Release.Candidate.app/Contents/Developer/usr/bin/xcodebuild -IDEClonedSourcePackagesDirPathOverride=/Users/admin/builder/spi-builder-workspace/.dependencies -resolvePackageDependencies
Resolve Package Graph
Resolved source packages:
  DecisionModels: /Users/admin/builder/spi-builder-workspace
  swift-syntax: https://github.com/swiftlang/swift-syntax.git @ 602.0.0
resolved source packages: DecisionModels, swift-syntax
2026-09-28 19:35:00.590 xcodebuild[1263:7599] [MT] IDERunDestination: Supported platforms for the buildables in the current scheme is empty.
{
  "dependencies" : [
    {
      "identity" : "swift-syntax",
      "requirement" : {
        "range" : [
          {
            "lower_bound" : "602.0.0",
            "upper_bound" : "603.0.0"
          }
        ]
      },
      "type" : "sourceControl",
      "url" : "https://github.com/swiftlang/swift-syntax.git"
    }
  ],
  "manifest_display_name" : "DecisionModels",
  "name" : "DecisionModels",
  "path" : "/Users/admin/builder/spi-builder-workspace",
  "platforms" : [
    {
      "name" : "ios",
      "version" : "18.0"
    },
    {
      "name" : "macos",
      "version" : "15.0"
    }
  ],
  "products" : [
    {
      "name" : "DecisionModels",
      "targets" : [
        "DecisionModels"
      ],
      "type" : {
        "library" : [
          "automatic"
        ]
      }
    },
    {
      "name" : "DecisionModelsTypeSafe",
      "targets" : [
        "DecisionModelsTypeSafe"
      ],
      "type" : {
        "library" : [
          "automatic"
        ]
      }
    },
    {
      "name" : "DecisionModelsOpenRouter",
      "targets" : [
        "DecisionModelsOpenRouter"
      ],
      "type" : {
        "library" : [
          "automatic"
        ]
      }
    },
    {
      "name" : "DecisionModelsApple",
      "targets" : [
        "DecisionModelsApple"
      ],
      "type" : {
        "library" : [
          "automatic"
        ]
      }
    },
    {
      "name" : "DecisionModelsTesting",
      "targets" : [
        "DecisionModelsTesting"
      ],
      "type" : {
        "library" : [
          "automatic"
        ]
      }
    },
    {
      "name" : "DecisionModelsMacros",
      "targets" : [
        "DecisionModelsMacros"
      ],
      "type" : {
        "macro" : null
      }
    }
  ],
  "swift_languages_versions" : [
    "6"
  ],
  "targets" : [
    {
      "c99name" : "DecisionModelsTypeSafeTests",
      "module_type" : "SwiftTarget",
      "name" : "DecisionModelsTypeSafeTests",
      "path" : "Tests/DecisionModelsTypeSafeTests",
      "sources" : [
        "AvailabilityTests.swift",
        "Fixtures.swift",
        "JevLiveTests.swift",
        "RetryTests.swift",
        "WireTests.swift"
      ],
      "target_dependencies" : [
        "DecisionModelsTypeSafe",
        "DecisionModelsTestSupport"
      ],
      "type" : "test"
    },
    {
      "c99name" : "DecisionModelsTypeSafe",
      "module_type" : "SwiftTarget",
      "name" : "DecisionModelsTypeSafe",
      "path" : "Sources/DecisionModelsTypeSafe",
      "product_memberships" : [
        "DecisionModelsTypeSafe"
      ],
      "sources" : [
        "Jev.swift",
        "JevError.swift",
        "JevMapping.swift",
        "JevWire.swift"
      ],
      "target_dependencies" : [
        "DecisionModels"
      ],
      "type" : "library"
    },
    {
      "c99name" : "DecisionModelsTests",
      "module_type" : "SwiftTarget",
      "name" : "DecisionModelsTests",
      "path" : "Tests/DecisionModelsTests",
      "sources" : [
        "AnswerTests.swift",
        "AnswersTests.swift",
        "AskableTests.swift",
        "CodableRoundTripTests.swift",
        "CommandSessionTests.swift",
        "CompositeScoreTests.swift",
        "Composition/CachedModelTests.swift",
        "Composition/CascadeModelTests.swift",
        "Composition/ConsensusModelTests.swift",
        "ConfidenceMathTests.swift",
        "ContextTests.swift",
        "DecisionErrorTests.swift",
        "DistributionTests.swift",
        "FanOutTests.swift",
        "Fixtures.swift",
        "HTTPClientTests.swift",
        "HierarchyTests.swift",
        "MalformedInputTests.swift",
        "PreflightTests.swift",
        "QuestionnaireTests.swift",
        "RatingTieTests.swift",
        "ResolvedAnswersTests.swift",
        "SessionTests.swift",
        "StateBuilderTests.swift",
        "UsageTests.swift"
      ],
      "target_dependencies" : [
        "DecisionModels",
        "DecisionModelsTestSupport"
      ],
      "type" : "test"
    },
    {
      "c99name" : "DecisionModelsTestingTests",
      "module_type" : "SwiftTarget",
      "name" : "DecisionModelsTestingTests",
      "path" : "Tests/DecisionModelsTestingTests",
      "sources" : [
        "CalibrationTests.swift",
        "EvaluationTests.swift",
        "Fixtures.swift",
        "RecordReplayTests.swift"
      ],
      "target_dependencies" : [
        "DecisionModelsTesting"
      ],
      "type" : "test"
    },
    {
      "c99name" : "DecisionModelsTesting",
      "module_type" : "SwiftTarget",
      "name" : "DecisionModelsTesting",
      "path" : "Sources/DecisionModelsTesting",
      "product_memberships" : [
        "DecisionModelsTesting"
      ],
      "sources" : [
        "Calibration.swift",
        "DecisionRecord.swift",
        "Evaluation.swift",
        "RecordingModel.swift",
        "ReplayModel.swift",
        "ScriptedModel.swift"
      ],
      "target_dependencies" : [
        "DecisionModels"
      ],
      "type" : "library"
    },
    {
      "c99name" : "DecisionModelsTestSupport",
      "module_type" : "SwiftTarget",
      "name" : "DecisionModelsTestSupport",
      "path" : "Sources/DecisionModelsTestSupport",
      "sources" : [
        "FakeClock.swift",
        "ScriptedTransport.swift"
      ],
      "target_dependencies" : [
        "DecisionModels"
      ],
      "type" : "library"
    },
    {
      "c99name" : "DecisionModelsOpenRouterTests",
      "module_type" : "SwiftTarget",
      "name" : "DecisionModelsOpenRouterTests",
      "path" : "Tests/DecisionModelsOpenRouterTests",
      "sources" : [
        "AvailabilityTests.swift",
        "ErrorTests.swift",
        "Fixtures.swift",
        "OpenRouterLiveTests.swift",
        "ParityTests.swift",
        "WireTests.swift"
      ],
      "target_dependencies" : [
        "DecisionModelsOpenRouter",
        "DecisionModelsTestSupport",
        "DecisionModelsTypeSafe"
      ],
      "type" : "test"
    },
    {
      "c99name" : "DecisionModelsOpenRouter",
      "module_type" : "SwiftTarget",
      "name" : "DecisionModelsOpenRouter",
      "path" : "Sources/DecisionModelsOpenRouter",
      "product_memberships" : [
        "DecisionModelsOpenRouter"
      ],
      "sources" : [
        "OpenRouterAlpha.swift",
        "OpenRouterError.swift",
        "OpenRouterMapping.swift",
        "OpenRouterWire.swift"
      ],
      "target_dependencies" : [
        "DecisionModels"
      ],
      "type" : "library"
    },
    {
      "c99name" : "DecisionModelsMacrosTests",
      "module_type" : "SwiftTarget",
      "name" : "DecisionModelsMacrosTests",
      "path" : "Tests/DecisionModelsMacrosTests",
      "product_dependencies" : [
        "SwiftSyntaxMacrosGenericTestSupport"
      ],
      "sources" : [
        "AnswerSpaceExpansionTests.swift",
        "AskExpansionTests.swift",
        "CommandEndToEndTests.swift",
        "CommandExpansionTests.swift",
        "DecisionExpansionTests.swift",
        "DiagnosticTests.swift",
        "EndToEndTests.swift",
        "ExpansionSupport.swift",
        "FanOutEndToEndTests.swift",
        "FanOutExpansionTests.swift"
      ],
      "target_dependencies" : [
        "DecisionModels",
        "DecisionModelsMacros"
      ],
      "type" : "test"
    },
    {
      "c99name" : "DecisionModelsMacros",
      "module_type" : "SwiftTarget",
      "name" : "DecisionModelsMacros",
      "path" : "Sources/DecisionModelsMacros",
      "product_dependencies" : [
        "SwiftSyntaxMacros",
        "SwiftCompilerPlugin"
      ],
      "product_memberships" : [
        "DecisionModels",
        "DecisionModelsTypeSafe",
        "DecisionModelsOpenRouter",
        "DecisionModelsApple",
        "DecisionModelsTesting",
        "DecisionModelsMacros"
      ],
      "sources" : [
        "AnswerSpace.swift",
        "AskMacro.swift",
        "AskedProperty.swift",
        "CriterionMacro.swift",
        "DecisionEnumMacro.swift",
        "DecisionMacro.swift",
        "Diagnostics.swift",
        "EnumDiagnostics.swift",
        "LevelsMacro.swift",
        "OptionsMacro.swift",
        "Plugin.swift",
        "Support.swift"
      ],
      "type" : "macro"
    },
    {
      "c99name" : "DecisionModelsAppleTests",
      "module_type" : "SwiftTarget",
      "name" : "DecisionModelsAppleTests",
      "path" : "Tests/DecisionModelsAppleTests",
      "sources" : [
        "ErrorMappingTests.swift",
        "GuidedGenerationLiveTests.swift",
        "GuidedGenerationModelTests.swift",
        "PromptBuilderTests.swift",
        "ResponseMappingTests.swift",
        "SchemaBuilderTests.swift",
        "TestSupport.swift"
      ],
      "target_dependencies" : [
        "DecisionModelsApple"
      ],
      "type" : "test"
    },
    {
      "c99name" : "DecisionModelsApple",
      "module_type" : "SwiftTarget",
      "name" : "DecisionModelsApple",
      "path" : "Sources/DecisionModelsApple",
      "product_memberships" : [
        "DecisionModelsApple"
      ],
      "sources" : [
        "Compatibility.swift",
        "ErrorMapping.swift",
        "GuidedGenerationModel.swift",
        "PromptBuilder.swift",
        "ResponseMapping.swift",
        "SchemaBuilder.swift"
      ],
      "target_dependencies" : [
        "DecisionModels"
      ],
      "type" : "library"
    },
    {
      "c99name" : "DecisionModels",
      "module_type" : "SwiftTarget",
      "name" : "DecisionModels",
      "path" : "Sources/DecisionModels",
      "product_memberships" : [
        "DecisionModels",
        "DecisionModelsTypeSafe",
        "DecisionModelsOpenRouter",
        "DecisionModelsApple",
        "DecisionModelsTesting"
      ],
      "sources" : [
        "Answer.swift",
        "AnswerReader.swift",
        "AnswerRecord.swift",
        "Answers.swift",
        "Askable.swift",
        "Capabilities.swift",
        "Choice.swift",
        "CompositeScore.swift",
        "Composition/CachedModel.swift",
        "Composition/CascadeModel.swift",
        "Composition/ConsensusModel.swift",
        "Composition/DecisionCache.swift",
        "ConfidenceMath.swift",
        "Criterion.swift",
        "Decision.swift",
        "DecisionError.swift",
        "DecisionModel.swift",
        "DecisionModelAvailability.swift",
        "DecisionOptions.swift",
        "DecisionRequest.swift",
        "DecisionResponse.swift",
        "DecisionSession.swift",
        "Distribution.swift",
        "Environment.swift",
        "FanOut.swift",
        "HTTPClient.swift",
        "HTTPTransport.swift",
        "Hierarchy.swift",
        "Inquiry.swift",
        "Macros.swift",
        "ModelResponse.swift",
        "Options.swift",
        "Preflight.swift",
        "ProbabilityQuality.swift",
        "Question.swift",
        "QuestionSpec.swift",
        "Questionnaire.swift",
        "Rating.swift",
        "RetryPolicy.swift",
        "State.swift",
        "StateBuilder.swift",
        "Usage.swift",
        "Verdict.swift"
      ],
      "target_dependencies" : [
        "DecisionModelsMacros"
      ],
      "type" : "library"
    }
  ],
  "tools_version" : "6.2"
}
{
  "workspace" : {
    "name" : "DecisionModels",
    "schemes" : [
      "DecisionModels",
      "DecisionModels-Package",
      "DecisionModelsApple",
      "DecisionModelsOpenRouter",
      "DecisionModelsTesting",
      "DecisionModelsTypeSafe"
    ]
  }
}
2026-09-28 19:35:02.725 xcodebuild[1272:7676] [MT] IDERunDestination: Supported platforms for the buildables in the current scheme is empty.
Running build ...
env DEVELOPER_DIR=/Applications/Xcode-27.0.0-Release.Candidate.app xcrun xcodebuild -IDEClonedSourcePackagesDirPathOverride=$PWD/.dependencies -skipMacroValidation -skipPackagePluginValidation -derivedDataPath $PWD/.derivedData build -scheme DecisionModels-Package -destination generic/platform=tvOS
Command line invocation:
    /Applications/Xcode-27.0.0-Release.Candidate.app/Contents/Developer/usr/bin/xcodebuild -IDEClonedSourcePackagesDirPathOverride=/Users/admin/builder/spi-builder-workspace/.dependencies -skipMacroValidation -skipPackagePluginValidation -derivedDataPath /Users/admin/builder/spi-builder-workspace/.derivedData build -scheme DecisionModels-Package -destination generic/platform=tvOS
Resolve Package Graph
Resolved source packages:
  swift-syntax: https://github.com/swiftlang/swift-syntax.git @ 602.0.0
  DecisionModels: /Users/admin/builder/spi-builder-workspace
ComputePackagePrebuildTargetDependencyGraph
Prepare packages
CreateBuildRequest
SendProjectDescription
CreateBuildOperation
ComputeTargetDependencyGraph
note: Building targets in dependency order
note: Target dependency graph (30 targets)
    Target 'DecisionModelsTesting-product' in project 'DecisionModels'
        ➜ Explicit dependency on target 'DecisionModelsTesting' in project 'DecisionModels'
        ➜ Explicit dependency on target 'DecisionModelsMacros' in project 'DecisionModels'
        ➜ Explicit dependency on target 'DecisionModels' in project 'DecisionModels'
    Target 'DecisionModelsTesting' in project 'DecisionModels'
        ➜ Explicit dependency on target 'DecisionModelsMacros' in project 'DecisionModels'
        ➜ Explicit dependency on target 'DecisionModels' in project 'DecisionModels'
    Target 'DecisionModelsApple-product' in project 'DecisionModels'
        ➜ Explicit dependency on target 'DecisionModelsApple' in project 'DecisionModels'
        ➜ Explicit dependency on target 'DecisionModelsMacros' in project 'DecisionModels'
        ➜ Explicit dependency on target 'DecisionModels' in project 'DecisionModels'
    Target 'DecisionModelsApple' in project 'DecisionModels'
        ➜ Explicit dependency on target 'DecisionModelsMacros' in project 'DecisionModels'
        ➜ Explicit dependency on target 'DecisionModels' in project 'DecisionModels'
    Target 'DecisionModelsOpenRouter-product' in project 'DecisionModels'
        ➜ Explicit dependency on target 'DecisionModelsOpenRouter' in project 'DecisionModels'
        ➜ Explicit dependency on target 'DecisionModelsMacros' in project 'DecisionModels'
        ➜ Explicit dependency on target 'DecisionModels' in project 'DecisionModels'
    Target 'DecisionModelsOpenRouter' in project 'DecisionModels'
        ➜ Explicit dependency on target 'DecisionModelsMacros' in project 'DecisionModels'
        ➜ Explicit dependency on target 'DecisionModels' in project 'DecisionModels'
    Target 'DecisionModelsTypeSafe-product' in project 'DecisionModels'
        ➜ Explicit dependency on target 'DecisionModelsTypeSafe' in project 'DecisionModels'
        ➜ Explicit dependency on target 'DecisionModelsMacros' in project 'DecisionModels'
        ➜ Explicit dependency on target 'DecisionModels' in project 'DecisionModels'
    Target 'DecisionModelsTypeSafe' in project 'DecisionModels'
        ➜ Explicit dependency on target 'DecisionModelsMacros' in project 'DecisionModels'
        ➜ Explicit dependency on target 'DecisionModels' in project 'DecisionModels'
    Target 'DecisionModels-product' in project 'DecisionModels'
        ➜ Explicit dependency on target 'DecisionModels' in project 'DecisionModels'
        ➜ Explicit dependency on target 'DecisionModelsMacros' in project 'DecisionModels'
    Target 'DecisionModels' in project 'DecisionModels'
        ➜ Explicit dependency on target 'DecisionModelsMacros' in project 'DecisionModels'
    Target 'DecisionModelsMacros' in project 'DecisionModels'
        ➜ Explicit dependency on target 'SwiftSyntaxMacros-product' in project 'swift-syntax'
        ➜ Explicit dependency on target 'SwiftCompilerPlugin-product' in project 'swift-syntax'
    Target 'SwiftCompilerPlugin-product' in project 'swift-syntax'
        ➜ Explicit dependency on target 'SwiftCompilerPlugin' in project 'swift-syntax'
        ➜ Explicit dependency on target '_SwiftSyntaxCShims' in project 'swift-syntax'
        ➜ Explicit dependency on target 'SwiftSyntax509' in project 'swift-syntax'
        ➜ Explicit dependency on target 'SwiftSyntax510' in project 'swift-syntax'
        ➜ Explicit dependency on target 'SwiftSyntax600' in project 'swift-syntax'
        ➜ Explicit dependency on target 'SwiftSyntax601' in project 'swift-syntax'
        ➜ Explicit dependency on target 'SwiftSyntax602' in project 'swift-syntax'
        ➜ Explicit dependency on target 'SwiftSyntax' in project 'swift-syntax'
        ➜ Explicit dependency on target 'SwiftDiagnostics' in project 'swift-syntax'
        ➜ Explicit dependency on target 'SwiftParser' in project 'swift-syntax'
        ➜ Explicit dependency on target 'SwiftOperators' in project 'swift-syntax'
        ➜ Explicit dependency on target 'SwiftBasicFormat' in project 'swift-syntax'
        ➜ Explicit dependency on target 'SwiftParserDiagnostics' in project 'swift-syntax'
        ➜ Explicit dependency on target 'SwiftSyntaxBuilder' in project 'swift-syntax'
        ➜ Explicit dependency on target 'SwiftSyntaxMacros' in project 'swift-syntax'
        ➜ Explicit dependency on target 'SwiftSyntaxMacroExpansion' in project 'swift-syntax'
        ➜ Explicit dependency on target 'SwiftCompilerPluginMessageHandling' in project 'swift-syntax'
    Target 'SwiftCompilerPlugin' in project 'swift-syntax'
        ➜ Explicit dependency on target '_SwiftSyntaxCShims' in project 'swift-syntax'
        ➜ Explicit dependency on target 'SwiftSyntax509' in project 'swift-syntax'
        ➜ Explicit dependency on target 'SwiftSyntax510' in project 'swift-syntax'
        ➜ Explicit dependency on target 'SwiftSyntax600' in project 'swift-syntax'
        ➜ Explicit dependency on target 'SwiftSyntax601' in project 'swift-syntax'
        ➜ Explicit dependency on target 'SwiftSyntax602' in project 'swift-syntax'
        ➜ Explicit dependency on target 'SwiftSyntax' in project 'swift-syntax'
        ➜ Explicit dependency on target 'SwiftDiagnostics' in project 'swift-syntax'
        ➜ Explicit dependency on target 'SwiftParser' in project 'swift-syntax'
        ➜ Explicit dependency on target 'SwiftOperators' in project 'swift-syntax'
        ➜ Explicit dependency on target 'SwiftBasicFormat' in project 'swift-syntax'
        ➜ Explicit dependency on target 'SwiftParserDiagnostics' in project 'swift-syntax'
        ➜ Explicit dependency on target 'SwiftSyntaxBuilder' in project 'swift-syntax'
        ➜ Explicit dependency on target 'SwiftSyntaxMacros' in project 'swift-syntax'
        ➜ Explicit dependency on target 'SwiftSyntaxMacroExpansion' in project 'swift-syntax'
        ➜ Explicit dependency on target 'SwiftCompilerPluginMessageHandling' in project 'swift-syntax'
    Target 'SwiftCompilerPluginMessageHandling' in project 'swift-syntax'
        ➜ Explicit dependency on target '_SwiftSyntaxCShims' in project 'swift-syntax'
        ➜ Explicit dependency on target 'SwiftSyntax509' in project 'swift-syntax'
        ➜ Explicit dependency on target 'SwiftSyntax510' in project 'swift-syntax'
        ➜ Explicit dependency on target 'SwiftSyntax600' in project 'swift-syntax'
        ➜ Explicit dependency on target 'SwiftSyntax601' in project 'swift-syntax'
        ➜ Explicit dependency on target 'SwiftSyntax602' in project 'swift-syntax'
        ➜ Explicit dependency on target 'SwiftSyntax' in project 'swift-syntax'
        ➜ Explicit dependency on target 'SwiftDiagnostics' in project 'swift-syntax'
        ➜ Explicit dependency on target 'SwiftParser' in project 'swift-syntax'
        ➜ Explicit dependency on target 'SwiftOperators' in project 'swift-syntax'
        ➜ Explicit dependency on target 'SwiftBasicFormat' in project 'swift-syntax'
        ➜ Explicit dependency on target 'SwiftParserDiagnostics' in project 'swift-syntax'
        ➜ Explicit dependency on target 'SwiftSyntaxBuilder' in project 'swift-syntax'
        ➜ Explicit dependency on target 'SwiftSyntaxMacros' in project 'swift-syntax'
        ➜ Explicit dependency on target 'SwiftSyntaxMacroExpansion' in project 'swift-syntax'
    Target 'SwiftSyntaxMacroExpansion' in project 'swift-syntax'
        ➜ Explicit dependency on target '_SwiftSyntaxCShims' in project 'swift-syntax'
        ➜ Explicit dependency on target 'SwiftSyntax509' in project 'swift-syntax'
        ➜ Explicit dependency on target 'SwiftSyntax510' in project 'swift-syntax'
        ➜ Explicit dependency on target 'SwiftSyntax600' in project 'swift-syntax'
        ➜ Explicit dependency on target 'SwiftSyntax601' in project 'swift-syntax'
        ➜ Explicit dependency on target 'SwiftSyntax602' in project 'swift-syntax'
        ➜ Explicit dependency on target 'SwiftSyntax' in project 'swift-syntax'
        ➜ Explicit dependency on target 'SwiftBasicFormat' in project 'swift-syntax'
        ➜ Explicit dependency on target 'SwiftParser' in project 'swift-syntax'
        ➜ Explicit dependency on target 'SwiftDiagnostics' in project 'swift-syntax'
        ➜ Explicit dependency on target 'SwiftParserDiagnostics' in project 'swift-syntax'
        ➜ Explicit dependency on target 'SwiftSyntaxBuilder' in project 'swift-syntax'
        ➜ Explicit dependency on target 'SwiftSyntaxMacros' in project 'swift-syntax'
        ➜ Explicit dependency on target 'SwiftOperators' in project 'swift-syntax'
    Target 'SwiftOperators' in project 'swift-syntax'
        ➜ Explicit dependency on target '_SwiftSyntaxCShims' in project 'swift-syntax'
        ➜ Explicit dependency on target 'SwiftSyntax509' in project 'swift-syntax'
        ➜ Explicit dependency on target 'SwiftSyntax510' in project 'swift-syntax'
        ➜ Explicit dependency on target 'SwiftSyntax600' in project 'swift-syntax'
        ➜ Explicit dependency on target 'SwiftSyntax601' in project 'swift-syntax'
        ➜ Explicit dependency on target 'SwiftSyntax602' in project 'swift-syntax'
        ➜ Explicit dependency on target 'SwiftSyntax' in project 'swift-syntax'
        ➜ Explicit dependency on target 'SwiftDiagnostics' in project 'swift-syntax'
        ➜ Explicit dependency on target 'SwiftParser' in project 'swift-syntax'
    Target 'SwiftSyntaxMacros-product' in project 'swift-syntax'
        ➜ Explicit dependency on target 'SwiftSyntaxMacros' in project 'swift-syntax'
        ➜ Explicit dependency on target '_SwiftSyntaxCShims' in project 'swift-syntax'
        ➜ Explicit dependency on target 'SwiftSyntax509' in project 'swift-syntax'
        ➜ Explicit dependency on target 'SwiftSyntax510' in project 'swift-syntax'
        ➜ Explicit dependency on target 'SwiftSyntax600' in project 'swift-syntax'
        ➜ Explicit dependency on target 'SwiftSyntax601' in project 'swift-syntax'
        ➜ Explicit dependency on target 'SwiftSyntax602' in project 'swift-syntax'
        ➜ Explicit dependency on target 'SwiftSyntax' in project 'swift-syntax'
        ➜ Explicit dependency on target 'SwiftDiagnostics' in project 'swift-syntax'
        ➜ Explicit dependency on target 'SwiftParser' in project 'swift-syntax'
        ➜ Explicit dependency on target 'SwiftBasicFormat' in project 'swift-syntax'
        ➜ Explicit dependency on target 'SwiftParserDiagnostics' in project 'swift-syntax'
        ➜ Explicit dependency on target 'SwiftSyntaxBuilder' in project 'swift-syntax'
    Target 'SwiftSyntaxMacros' in project 'swift-syntax'
        ➜ Explicit dependency on target '_SwiftSyntaxCShims' in project 'swift-syntax'
        ➜ Explicit dependency on target 'SwiftSyntax509' in project 'swift-syntax'
        ➜ Explicit dependency on target 'SwiftSyntax510' in project 'swift-syntax'
        ➜ Explicit dependency on target 'SwiftSyntax600' in project 'swift-syntax'
        ➜ Explicit dependency on target 'SwiftSyntax601' in project 'swift-syntax'
        ➜ Explicit dependency on target 'SwiftSyntax602' in project 'swift-syntax'
        ➜ Explicit dependency on target 'SwiftSyntax' in project 'swift-syntax'
        ➜ Explicit dependency on target 'SwiftDiagnostics' in project 'swift-syntax'
        ➜ Explicit dependency on target 'SwiftParser' in project 'swift-syntax'
        ➜ Explicit dependency on target 'SwiftBasicFormat' in project 'swift-syntax'
        ➜ Explicit dependency on target 'SwiftParserDiagnostics' in project 'swift-syntax'
        ➜ Explicit dependency on target 'SwiftSyntaxBuilder' in project 'swift-syntax'
    Target 'SwiftSyntaxBuilder' in project 'swift-syntax'
        ➜ Explicit dependency on target '_SwiftSyntaxCShims' in project 'swift-syntax'
        ➜ Explicit dependency on target 'SwiftSyntax509' in project 'swift-syntax'
        ➜ Explicit dependency on target 'SwiftSyntax510' in project 'swift-syntax'
        ➜ Explicit dependency on target 'SwiftSyntax600' in project 'swift-syntax'
        ➜ Explicit dependency on target 'SwiftSyntax601' in project 'swift-syntax'
        ➜ Explicit dependency on target 'SwiftSyntax602' in project 'swift-syntax'
        ➜ Explicit dependency on target 'SwiftSyntax' in project 'swift-syntax'
        ➜ Explicit dependency on target 'SwiftBasicFormat' in project 'swift-syntax'
        ➜ Explicit dependency on target 'SwiftParser' in project 'swift-syntax'
        ➜ Explicit dependency on target 'SwiftDiagnostics' in project 'swift-syntax'
        ➜ Explicit dependency on target 'SwiftParserDiagnostics' in project 'swift-syntax'
    Target 'SwiftParserDiagnostics' in project 'swift-syntax'
        ➜ Explicit dependency on target '_SwiftSyntaxCShims' in project 'swift-syntax'
        ➜ Explicit dependency on target 'SwiftSyntax509' in project 'swift-syntax'
        ➜ Explicit dependency on target 'SwiftSyntax510' in project 'swift-syntax'
        ➜ Explicit dependency on target 'SwiftSyntax600' in project 'swift-syntax'
        ➜ Explicit dependency on target 'SwiftSyntax601' in project 'swift-syntax'
        ➜ Explicit dependency on target 'SwiftSyntax602' in project 'swift-syntax'
        ➜ Explicit dependency on target 'SwiftSyntax' in project 'swift-syntax'
        ➜ Explicit dependency on target 'SwiftBasicFormat' in project 'swift-syntax'
        ➜ Explicit dependency on target 'SwiftDiagnostics' in project 'swift-syntax'
        ➜ Explicit dependency on target 'SwiftParser' in project 'swift-syntax'
    Target 'SwiftBasicFormat' in project 'swift-syntax'
        ➜ Explicit dependency on target '_SwiftSyntaxCShims' in project 'swift-syntax'
        ➜ Explicit dependency on target 'SwiftSyntax509' in project 'swift-syntax'
        ➜ Explicit dependency on target 'SwiftSyntax510' in project 'swift-syntax'
        ➜ Explicit dependency on target 'SwiftSyntax600' in project 'swift-syntax'
        ➜ Explicit dependency on target 'SwiftSyntax601' in project 'swift-syntax'
        ➜ Explicit dependency on target 'SwiftSyntax602' in project 'swift-syntax'
        ➜ Explicit dependency on target 'SwiftSyntax' in project 'swift-syntax'
    Target 'SwiftParser' in project 'swift-syntax'
        ➜ Explicit dependency on target '_SwiftSyntaxCShims' in project 'swift-syntax'
        ➜ Explicit dependency on target 'SwiftSyntax509' in project 'swift-syntax'
        ➜ Explicit dependency on target 'SwiftSyntax510' in project 'swift-syntax'
        ➜ Explicit dependency on target 'SwiftSyntax600' in project 'swift-syntax'
        ➜ Explicit dependency on target 'SwiftSyntax601' in project 'swift-syntax'
        ➜ Explicit dependency on target 'SwiftSyntax602' in project 'swift-syntax'
        ➜ Explicit dependency on target 'SwiftSyntax' in project 'swift-syntax'
    Target 'SwiftDiagnostics' in project 'swift-syntax'
        ➜ Explicit dependency on target '_SwiftSyntaxCShims' in project 'swift-syntax'
        ➜ Explicit dependency on target 'SwiftSyntax509' in project 'swift-syntax'
        ➜ Explicit dependency on target 'SwiftSyntax510' in project 'swift-syntax'
        ➜ Explicit dependency on target 'SwiftSyntax600' in project 'swift-syntax'
        ➜ Explicit dependency on target 'SwiftSyntax601' in project 'swift-syntax'
        ➜ Explicit dependency on target 'SwiftSyntax602' in project 'swift-syntax'
        ➜ Explicit dependency on target 'SwiftSyntax' in project 'swift-syntax'
    Target 'SwiftSyntax' in project 'swift-syntax'
        ➜ Explicit dependency on target '_SwiftSyntaxCShims' in project 'swift-syntax'
        ➜ Explicit dependency on target 'SwiftSyntax509' in project 'swift-syntax'
        ➜ Explicit dependency on target 'SwiftSyntax510' in project 'swift-syntax'
        ➜ Explicit dependency on target 'SwiftSyntax600' in project 'swift-syntax'
        ➜ Explicit dependency on target 'SwiftSyntax601' in project 'swift-syntax'
        ➜ Explicit dependency on target 'SwiftSyntax602' in project 'swift-syntax'
    Target 'SwiftSyntax602' in project 'swift-syntax' (no dependencies)
    Target 'SwiftSyntax601' in project 'swift-syntax' (no dependencies)
    Target 'SwiftSyntax600' in project 'swift-syntax' (no dependencies)
    Target 'SwiftSyntax510' in project 'swift-syntax' (no dependencies)
    Target 'SwiftSyntax509' in project 'swift-syntax' (no dependencies)
    Target '_SwiftSyntaxCShims' in project 'swift-syntax' (no dependencies)
GatherProvisioningInputs
CreateBuildDescription
ClangStatCache /Applications/Xcode-27.0.0-Release.Candidate.app/Contents/Developer/Toolchains/XcodeDefault.xctoolchain/usr/bin/clang-stat-cache /Applications/Xcode-27.0.0-Release.Candidate.app/Contents/Developer/Platforms/AppleTVOS.platform/Developer/SDKs/AppleTVOS27.0.sdk /Users/admin/builder/spi-builder-workspace/.derivedData/SDKStatCaches.noindex/appletvos27.0-24J360-e829b21a6f8c9b70876ba0858053c044b32bfd8d43560033f8d89884cdb90028.sdkstatcache
    cd /Users/admin/builder/spi-builder-workspace/.swiftpm/xcode
    /Applications/Xcode-27.0.0-Release.Candidate.app/Contents/Developer/Toolchains/XcodeDefault.xctoolchain/usr/bin/clang-stat-cache /Applications/Xcode-27.0.0-Release.Candidate.app/Contents/Developer/Platforms/AppleTVOS.platform/Developer/SDKs/AppleTVOS27.0.sdk -o /Users/admin/builder/spi-builder-workspace/.derivedData/SDKStatCaches.noindex/appletvos27.0-24J360-e829b21a6f8c9b70876ba0858053c044b32bfd8d43560033f8d89884cdb90028.sdkstatcache
ClangStatCache /Applications/Xcode-27.0.0-Release.Candidate.app/Contents/Developer/Toolchains/XcodeDefault.xctoolchain/usr/bin/clang-stat-cache /Applications/Xcode-27.0.0-Release.Candidate.app/Contents/Developer/Platforms/MacOSX.platform/Developer/SDKs/MacOSX27.0.sdk /Users/admin/builder/spi-builder-workspace/.derivedData/SDKStatCaches.noindex/macosx27.0-26A425-e829b21a6f8c9b70876ba0858053c0446a22442a12e9d48fe1a705f55a1adfc4.sdkstatcache
    cd /Users/admin/builder/spi-builder-workspace/.swiftpm/xcode
    /Applications/Xcode-27.0.0-Release.Candidate.app/Contents/Developer/Toolchains/XcodeDefault.xctoolchain/usr/bin/clang-stat-cache /Applications/Xcode-27.0.0-Release.Candidate.app/Contents/Developer/Platforms/MacOSX.platform/Developer/SDKs/MacOSX27.0.sdk -o /Users/admin/builder/spi-builder-workspace/.derivedData/SDKStatCaches.noindex/macosx27.0-26A425-e829b21a6f8c9b70876ba0858053c0446a22442a12e9d48fe1a705f55a1adfc4.sdkstatcache
SwiftDriver DecisionModelsApple normal arm64 com.apple.xcode.tools.swift.compiler (in target 'DecisionModelsApple' from project 'DecisionModels')
    cd /Users/admin/builder/spi-builder-workspace/.swiftpm/xcode
    builtin-SwiftDriver -- /Applications/Xcode-27.0.0-Release.Candidate.app/Contents/Developer/Toolchains/XcodeDefault.xctoolchain/usr/bin/swiftc -parse-as-library -module-name DecisionModelsApple -Onone @/Users/admin/builder/spi-builder-workspace/.derivedData/Build/Intermediates.noindex/DecisionModels.build/Debug-appletvos/DecisionModelsApple-t.build/Objects-normal/arm64/DecisionModelsApple.SwiftFileList -DSWIFT_PACKAGE -DDEBUG -DSWIFT_MODULE_RESOURCE_BUNDLE_UNAVAILABLE -DXcode -plugin-path /Applications/Xcode-27.0.0-Release.Candidate.app/Contents/Developer/Toolchains/XcodeDefault.xctoolchain/usr/lib/swift/host/plugins/testing -enable-experimental-feature DebugDescriptionMacro -sdk /Applications/Xcode-27.0.0-Release.Candidate.app/Contents/Developer/Platforms/AppleTVOS.platform/Developer/SDKs/AppleTVOS27.0.sdk -target arm64-apple-tvos18.0 -g -module-cache-path /Users/admin/builder/spi-builder-workspace/.derivedData/ModuleCache.noindex -Xfrontend -serialize-debugging-options -profile-coverage-mapping -profile-generate -enable-testing -index-store-path /Users/admin/builder/spi-builder-workspace/.derivedData/Index.noindex/DataStore -Xcc -D_LIBCPP_HARDENING_MODE\=_LIBCPP_HARDENING_MODE_DEBUG -swift-version 6 -I /Users/admin/builder/spi-builder-workspace/.derivedData/Build/Products/Debug-appletvos -Isystem /Applications/Xcode-27.0.0-Release.Candidate.app/Contents/Developer/Platforms/AppleTVOS.platform/Developer/usr/lib -F /Users/admin/builder/spi-builder-workspace/.derivedData/Build/Products/Debug-appletvos/PackageFrameworks -F /Users/admin/builder/spi-builder-workspace/.derivedData/Build/Products/Debug-appletvos -F /Applications/Xcode-27.0.0-Release.Candidate.app/Contents/Developer/Platforms/AppleTVOS.platform/Developer/Library/Frameworks -F /Applications/Xcode-27.0.0-Release.Candidate.app/Contents/Developer/Platforms/AppleTVOS.platform/Developer/SDKs/AppleTVOS27.0.sdk/Developer/Library/Frameworks -Xfrontend -load-plugin-executable -Xfrontend /Users/admin/builder/spi-builder-workspace/.derivedData/Build/Products/Debug/DecisionModelsMacros\#DecisionModelsMacros -c -j10 -enable-batch-mode -incremental -Xcc -ivfsstatcache -Xcc /Users/admin/builder/spi-builder-workspace/.derivedData/SDKStatCaches.noindex/appletvos27.0-24J360-e829b21a6f8c9b70876ba0858053c044b32bfd8d43560033f8d89884cdb90028.sdkstatcache -output-file-map /Users/admin/builder/spi-builder-workspace/.derivedData/Build/Intermediates.noindex/DecisionModels.build/Debug-appletvos/DecisionModelsApple-t.build/Objects-normal/arm64/DecisionModelsApple-OutputFileMap.json -save-temps -no-color-diagnostics -explicit-module-build -module-cache-path /Users/admin/builder/spi-builder-workspace/.derivedData/Build/Intermediates.noindex/SwiftExplicitPrecompiledModules -clang-scanner-module-cache-path /Users/admin/builder/spi-builder-workspace/.derivedData/ModuleCache.noindex -sdk-module-cache-path /Users/admin/builder/spi-builder-workspace/.derivedData/SDKExplicitPrecompiledModules -emit-dependencies -emit-module -emit-module-path /Users/admin/builder/spi-builder-workspace/.derivedData/Build/Intermediates.noindex/DecisionModels.build/Debug-appletvos/DecisionModelsApple-t.build/Objects-normal/arm64/DecisionModelsApple.swiftmodule -serialize-diagnostics -dependency-scan-serialize-diagnostics-path /Users/admin/builder/spi-builder-workspace/.derivedData/Build/Intermediates.noindex/DecisionModels.build/Debug-appletvos/DecisionModelsApple-t.build/Objects-normal/arm64/DecisionModelsApple-dependency-scan.dia -validate-clang-modules-once -clang-build-session-file /Users/admin/builder/spi-builder-workspace/.derivedData/ModuleCache.noindex/Session.modulevalidation -Xcc -fmodules-prune-interval\=86400 -Xcc -fmodules-prune-after\=345600 -package-name spi_builder_workspace -emit-const-values -const-gather-protocols-list /Users/admin/builder/spi-builder-workspace/.derivedData/Build/Intermediates.noindex/DecisionModels.build/Debug-appletvos/DecisionModelsApple-t.build/Objects-normal/arm64/DecisionModelsApple_const_extract_protocols.json -Xcc -I/Users/admin/builder/spi-builder-workspace/.derivedData/Build/Products/Debug-appletvos/include -Xcc -I/Users/admin/builder/spi-builder-workspace/.derivedData/Build/Intermediates.noindex/DecisionModels.build/Debug-appletvos/DecisionModelsApple-t.build/DerivedSources-normal/arm64 -Xcc -I/Users/admin/builder/spi-builder-workspace/.derivedData/Build/Intermediates.noindex/DecisionModels.build/Debug-appletvos/DecisionModelsApple-t.build/DerivedSources/arm64 -Xcc -I/Users/admin/builder/spi-builder-workspace/.derivedData/Build/Intermediates.noindex/DecisionModels.build/Debug-appletvos/DecisionModelsApple-t.build/DerivedSources -Xcc -DSWIFT_PACKAGE -Xcc -DDEBUG\=1 -emit-objc-header -emit-objc-header-path /Users/admin/builder/spi-builder-workspace/.derivedData/Build/Intermediates.noindex/DecisionModels.build/Debug-appletvos/DecisionModelsApple-t.build/Objects-normal/arm64/DecisionModelsApple-Swift.h -working-directory /Users/admin/builder/spi-builder-workspace/.swiftpm/xcode -experimental-emit-module-separately -disable-cmo
SwiftDriver DecisionModelsTypeSafe normal arm64 com.apple.xcode.tools.swift.compiler (in target 'DecisionModelsTypeSafe' from project 'DecisionModels')
    cd /Users/admin/builder/spi-builder-workspace/.swiftpm/xcode
    builtin-SwiftDriver -- /Applications/Xcode-27.0.0-Release.Candidate.app/Contents/Developer/Toolchains/XcodeDefault.xctoolchain/usr/bin/swiftc -parse-as-library -module-name DecisionModelsTypeSafe -Onone @/Users/admin/builder/spi-builder-workspace/.derivedData/Build/Intermediates.noindex/DecisionModels.build/Debug-appletvos/DecisionModelsTypeSafe-t.build/Objects-normal/arm64/DecisionModelsTypeSafe.SwiftFileList -DSWIFT_PACKAGE -DDEBUG -DSWIFT_MODULE_RESOURCE_BUNDLE_UNAVAILABLE -DXcode -plugin-path /Applications/Xcode-27.0.0-Release.Candidate.app/Contents/Developer/Toolchains/XcodeDefault.xctoolchain/usr/lib/swift/host/plugins/testing -enable-experimental-feature DebugDescriptionMacro -sdk /Applications/Xcode-27.0.0-Release.Candidate.app/Contents/Developer/Platforms/AppleTVOS.platform/Developer/SDKs/AppleTVOS27.0.sdk -target arm64-apple-tvos18.0 -g -module-cache-path /Users/admin/builder/spi-builder-workspace/.derivedData/ModuleCache.noindex -Xfrontend -serialize-debugging-options -profile-coverage-mapping -profile-generate -enable-testing -index-store-path /Users/admin/builder/spi-builder-workspace/.derivedData/Index.noindex/DataStore -Xcc -D_LIBCPP_HARDENING_MODE\=_LIBCPP_HARDENING_MODE_DEBUG -swift-version 6 -I /Users/admin/builder/spi-builder-workspace/.derivedData/Build/Products/Debug-appletvos -Isystem /Applications/Xcode-27.0.0-Release.Candidate.app/Contents/Developer/Platforms/AppleTVOS.platform/Developer/usr/lib -F /Users/admin/builder/spi-builder-workspace/.derivedData/Build/Products/Debug-appletvos/PackageFrameworks -F /Users/admin/builder/spi-builder-workspace/.derivedData/Build/Products/Debug-appletvos -F /Applications/Xcode-27.0.0-Release.Candidate.app/Contents/Developer/Platforms/AppleTVOS.platform/Developer/Library/Frameworks -F /Applications/Xcode-27.0.0-Release.Candidate.app/Contents/Developer/Platforms/AppleTVOS.platform/Developer/SDKs/AppleTVOS27.0.sdk/Developer/Library/Frameworks -Xfrontend -load-plugin-executable -Xfrontend /Users/admin/builder/spi-builder-workspace/.derivedData/Build/Products/Debug/DecisionModelsMacros\#DecisionModelsMacros -c -j10 -enable-batch-mode -incremental -Xcc -ivfsstatcache -Xcc /Users/admin/builder/spi-builder-workspace/.derivedData/SDKStatCaches.noindex/appletvos27.0-24J360-e829b21a6f8c9b70876ba0858053c044b32bfd8d43560033f8d89884cdb90028.sdkstatcache -output-file-map /Users/admin/builder/spi-builder-workspace/.derivedData/Build/Intermediates.noindex/DecisionModels.build/Debug-appletvos/DecisionModelsTypeSafe-t.build/Objects-normal/arm64/DecisionModelsTypeSafe-OutputFileMap.json -save-temps -no-color-diagnostics -explicit-module-build -module-cache-path /Users/admin/builder/spi-builder-workspace/.derivedData/Build/Intermediates.noindex/SwiftExplicitPrecompiledModules -clang-scanner-module-cache-path /Users/admin/builder/spi-builder-workspace/.derivedData/ModuleCache.noindex -sdk-module-cache-path /Users/admin/builder/spi-builder-workspace/.derivedData/SDKExplicitPrecompiledModules -emit-dependencies -emit-module -emit-module-path /Users/admin/builder/spi-builder-workspace/.derivedData/Build/Intermediates.noindex/DecisionModels.build/Debug-appletvos/DecisionModelsTypeSafe-t.build/Objects-normal/arm64/DecisionModelsTypeSafe.swiftmodule -serialize-diagnostics -dependency-scan-serialize-diagnostics-path /Users/admin/builder/spi-builder-workspace/.derivedData/Build/Intermediates.noindex/DecisionModels.build/Debug-appletvos/DecisionModelsTypeSafe-t.build/Objects-normal/arm64/DecisionModelsTypeSafe-dependency-scan.dia -validate-clang-modules-once -clang-build-session-file /Users/admin/builder/spi-builder-workspace/.derivedData/ModuleCache.noindex/Session.modulevalidation -Xcc -fmodules-prune-interval\=86400 -Xcc -fmodules-prune-after\=345600 -package-name spi_builder_workspace -emit-const-values -const-gather-protocols-list /Users/admin/builder/spi-builder-workspace/.derivedData/Build/Intermediates.noindex/DecisionModels.build/Debug-appletvos/DecisionModelsTypeSafe-t.build/Objects-normal/arm64/DecisionModelsTypeSafe_const_extract_protocols.json -Xcc -I/Users/admin/builder/spi-builder-workspace/.derivedData/Build/Products/Debug-appletvos/include -Xcc -I/Users/admin/builder/spi-builder-workspace/.derivedData/Build/Intermediates.noindex/DecisionModels.build/Debug-appletvos/DecisionModelsTypeSafe-t.build/DerivedSources-normal/arm64 -Xcc -I/Users/admin/builder/spi-builder-workspace/.derivedData/Build/Intermediates.noindex/DecisionModels.build/Debug-appletvos/DecisionModelsTypeSafe-t.build/DerivedSources/arm64 -Xcc -I/Users/admin/builder/spi-builder-workspace/.derivedData/Build/Intermediates.noindex/DecisionModels.build/Debug-appletvos/DecisionModelsTypeSafe-t.build/DerivedSources -Xcc -DSWIFT_PACKAGE -Xcc -DDEBUG\=1 -emit-objc-header -emit-objc-header-path /Users/admin/builder/spi-builder-workspace/.derivedData/Build/Intermediates.noindex/DecisionModels.build/Debug-appletvos/DecisionModelsTypeSafe-t.build/Objects-normal/arm64/DecisionModelsTypeSafe-Swift.h -working-directory /Users/admin/builder/spi-builder-workspace/.swiftpm/xcode -experimental-emit-module-separately -disable-cmo
SwiftDriver DecisionModelsTesting normal arm64 com.apple.xcode.tools.swift.compiler (in target 'DecisionModelsTesting' from project 'DecisionModels')
    cd /Users/admin/builder/spi-builder-workspace/.swiftpm/xcode
    builtin-SwiftDriver -- /Applications/Xcode-27.0.0-Release.Candidate.app/Contents/Developer/Toolchains/XcodeDefault.xctoolchain/usr/bin/swiftc -parse-as-library -module-name DecisionModelsTesting -Onone @/Users/admin/builder/spi-builder-workspace/.derivedData/Build/Intermediates.noindex/DecisionModels.build/Debug-appletvos/DecisionModelsTesting-t.build/Objects-normal/arm64/DecisionModelsTesting.SwiftFileList -DSWIFT_PACKAGE -DDEBUG -DSWIFT_MODULE_RESOURCE_BUNDLE_UNAVAILABLE -DXcode -plugin-path /Applications/Xcode-27.0.0-Release.Candidate.app/Contents/Developer/Toolchains/XcodeDefault.xctoolchain/usr/lib/swift/host/plugins/testing -enable-experimental-feature DebugDescriptionMacro -sdk /Applications/Xcode-27.0.0-Release.Candidate.app/Contents/Developer/Platforms/AppleTVOS.platform/Developer/SDKs/AppleTVOS27.0.sdk -target arm64-apple-tvos18.0 -g -module-cache-path /Users/admin/builder/spi-builder-workspace/.derivedData/ModuleCache.noindex -Xfrontend -serialize-debugging-options -profile-coverage-mapping -profile-generate -enable-testing -index-store-path /Users/admin/builder/spi-builder-workspace/.derivedData/Index.noindex/DataStore -Xcc -D_LIBCPP_HARDENING_MODE\=_LIBCPP_HARDENING_MODE_DEBUG -swift-version 6 -I /Users/admin/builder/spi-builder-workspace/.derivedData/Build/Products/Debug-appletvos -Isystem /Applications/Xcode-27.0.0-Release.Candidate.app/Contents/Developer/Platforms/AppleTVOS.platform/Developer/usr/lib -F /Users/admin/builder/spi-builder-workspace/.derivedData/Build/Products/Debug-appletvos/PackageFrameworks -F /Users/admin/builder/spi-builder-workspace/.derivedData/Build/Products/Debug-appletvos -F /Applications/Xcode-27.0.0-Release.Candidate.app/Contents/Developer/Platforms/AppleTVOS.platform/Developer/Library/Frameworks -F /Applications/Xcode-27.0.0-Release.Candidate.app/Contents/Developer/Platforms/AppleTVOS.platform/Developer/SDKs/AppleTVOS27.0.sdk/Developer/Library/Frameworks -Xfrontend -load-plugin-executable -Xfrontend /Users/admin/builder/spi-builder-workspace/.derivedData/Build/Products/Debug/DecisionModelsMacros\#DecisionModelsMacros -c -j10 -enable-batch-mode -incremental -Xcc -ivfsstatcache -Xcc /Users/admin/builder/spi-builder-workspace/.derivedData/SDKStatCaches.noindex/appletvos27.0-24J360-e829b21a6f8c9b70876ba0858053c044b32bfd8d43560033f8d89884cdb90028.sdkstatcache -output-file-map /Users/admin/builder/spi-builder-workspace/.derivedData/Build/Intermediates.noindex/DecisionModels.build/Debug-appletvos/DecisionModelsTesting-t.build/Objects-normal/arm64/DecisionModelsTesting-OutputFileMap.json -save-temps -no-color-diagnostics -explicit-module-build -module-cache-path /Users/admin/builder/spi-builder-workspace/.derivedData/Build/Intermediates.noindex/SwiftExplicitPrecompiledModules -clang-scanner-module-cache-path /Users/admin/builder/spi-builder-workspace/.derivedData/ModuleCache.noindex -sdk-module-cache-path /Users/admin/builder/spi-builder-workspace/.derivedData/SDKExplicitPrecompiledModules -emit-dependencies -emit-module -emit-module-path /Users/admin/builder/spi-builder-workspace/.derivedData/Build/Intermediates.noindex/DecisionModels.build/Debug-appletvos/DecisionModelsTesting-t.build/Objects-normal/arm64/DecisionModelsTesting.swiftmodule -serialize-diagnostics -dependency-scan-serialize-diagnostics-path /Users/admin/builder/spi-builder-workspace/.derivedData/Build/Intermediates.noindex/DecisionModels.build/Debug-appletvos/DecisionModelsTesting-t.build/Objects-normal/arm64/DecisionModelsTesting-dependency-scan.dia -validate-clang-modules-once -clang-build-session-file /Users/admin/builder/spi-builder-workspace/.derivedData/ModuleCache.noindex/Session.modulevalidation -Xcc -fmodules-prune-interval\=86400 -Xcc -fmodules-prune-after\=345600 -package-name spi_builder_workspace -emit-const-values -const-gather-protocols-list /Users/admin/builder/spi-builder-workspace/.derivedData/Build/Intermediates.noindex/DecisionModels.build/Debug-appletvos/DecisionModelsTesting-t.build/Objects-normal/arm64/DecisionModelsTesting_const_extract_protocols.json -Xcc -I/Users/admin/builder/spi-builder-workspace/.derivedData/Build/Products/Debug-appletvos/include -Xcc -I/Users/admin/builder/spi-builder-workspace/.derivedData/Build/Intermediates.noindex/DecisionModels.build/Debug-appletvos/DecisionModelsTesting-t.build/DerivedSources-normal/arm64 -Xcc -I/Users/admin/builder/spi-builder-workspace/.derivedData/Build/Intermediates.noindex/DecisionModels.build/Debug-appletvos/DecisionModelsTesting-t.build/DerivedSources/arm64 -Xcc -I/Users/admin/builder/spi-builder-workspace/.derivedData/Build/Intermediates.noindex/DecisionModels.build/Debug-appletvos/DecisionModelsTesting-t.build/DerivedSources -Xcc -DSWIFT_PACKAGE -Xcc -DDEBUG\=1 -emit-objc-header -emit-objc-header-path /Users/admin/builder/spi-builder-workspace/.derivedData/Build/Intermediates.noindex/DecisionModels.build/Debug-appletvos/DecisionModelsTesting-t.build/Objects-normal/arm64/DecisionModelsTesting-Swift.h -working-directory /Users/admin/builder/spi-builder-workspace/.swiftpm/xcode -experimental-emit-module-separately -disable-cmo
SwiftDriver DecisionModelsOpenRouter normal arm64 com.apple.xcode.tools.swift.compiler (in target 'DecisionModelsOpenRouter' from project 'DecisionModels')
    cd /Users/admin/builder/spi-builder-workspace/.swiftpm/xcode
    builtin-SwiftDriver -- /Applications/Xcode-27.0.0-Release.Candidate.app/Contents/Developer/Toolchains/XcodeDefault.xctoolchain/usr/bin/swiftc -parse-as-library -module-name DecisionModelsOpenRouter -Onone @/Users/admin/builder/spi-builder-workspace/.derivedData/Build/Intermediates.noindex/DecisionModels.build/Debug-appletvos/DecisionModelsOpenRouter-t.build/Objects-normal/arm64/DecisionModelsOpenRouter.SwiftFileList -DSWIFT_PACKAGE -DDEBUG -DSWIFT_MODULE_RESOURCE_BUNDLE_UNAVAILABLE -DXcode -plugin-path /Applications/Xcode-27.0.0-Release.Candidate.app/Contents/Developer/Toolchains/XcodeDefault.xctoolchain/usr/lib/swift/host/plugins/testing -enable-experimental-feature DebugDescriptionMacro -sdk /Applications/Xcode-27.0.0-Release.Candidate.app/Contents/Developer/Platforms/AppleTVOS.platform/Developer/SDKs/AppleTVOS27.0.sdk -target arm64-apple-tvos18.0 -g -module-cache-path /Users/admin/builder/spi-builder-workspace/.derivedData/ModuleCache.noindex -Xfrontend -serialize-debugging-options -profile-coverage-mapping -profile-generate -enable-testing -index-store-path /Users/admin/builder/spi-builder-workspace/.derivedData/Index.noindex/DataStore -Xcc -D_LIBCPP_HARDENING_MODE\=_LIBCPP_HARDENING_MODE_DEBUG -swift-version 6 -I /Users/admin/builder/spi-builder-workspace/.derivedData/Build/Products/Debug-appletvos -Isystem /Applications/Xcode-27.0.0-Release.Candidate.app/Contents/Developer/Platforms/AppleTVOS.platform/Developer/usr/lib -F /Users/admin/builder/spi-builder-workspace/.derivedData/Build/Products/Debug-appletvos/PackageFrameworks -F /Users/admin/builder/spi-builder-workspace/.derivedData/Build/Products/Debug-appletvos -F /Applications/Xcode-27.0.0-Release.Candidate.app/Contents/Developer/Platforms/AppleTVOS.platform/Developer/Library/Frameworks -F /Applications/Xcode-27.0.0-Release.Candidate.app/Contents/Developer/Platforms/AppleTVOS.platform/Developer/SDKs/AppleTVOS27.0.sdk/Developer/Library/Frameworks -Xfrontend -load-plugin-executable -Xfrontend /Users/admin/builder/spi-builder-workspace/.derivedData/Build/Products/Debug/DecisionModelsMacros\#DecisionModelsMacros -c -j10 -enable-batch-mode -incremental -Xcc -ivfsstatcache -Xcc /Users/admin/builder/spi-builder-workspace/.derivedData/SDKStatCaches.noindex/appletvos27.0-24J360-e829b21a6f8c9b70876ba0858053c044b32bfd8d43560033f8d89884cdb90028.sdkstatcache -output-file-map /Users/admin/builder/spi-builder-workspace/.derivedData/Build/Intermediates.noindex/DecisionModels.build/Debug-appletvos/DecisionModelsOpenRouter-t.build/Objects-normal/arm64/DecisionModelsOpenRouter-OutputFileMap.json -save-temps -no-color-diagnostics -explicit-module-build -module-cache-path /Users/admin/builder/spi-builder-workspace/.derivedData/Build/Intermediates.noindex/SwiftExplicitPrecompiledModules -clang-scanner-module-cache-path /Users/admin/builder/spi-builder-workspace/.derivedData/ModuleCache.noindex -sdk-module-cache-path /Users/admin/builder/spi-builder-workspace/.derivedData/SDKExplicitPrecompiledModules -emit-dependencies -emit-module -emit-module-path /Users/admin/builder/spi-builder-workspace/.derivedData/Build/Intermediates.noindex/DecisionModels.build/Debug-appletvos/DecisionModelsOpenRouter-t.build/Objects-normal/arm64/DecisionModelsOpenRouter.swiftmodule -serialize-diagnostics -dependency-scan-serialize-diagnostics-path /Users/admin/builder/spi-builder-workspace/.derivedData/Build/Intermediates.noindex/DecisionModels.build/Debug-appletvos/DecisionModelsOpenRouter-t.build/Objects-normal/arm64/DecisionModelsOpenRouter-dependency-scan.dia -validate-clang-modules-once -clang-build-session-file /Users/admin/builder/spi-builder-workspace/.derivedData/ModuleCache.noindex/Session.modulevalidation -Xcc -fmodules-prune-interval\=86400 -Xcc -fmodules-prune-after\=345600 -package-name spi_builder_workspace -emit-const-values -const-gather-protocols-list /Users/admin/builder/spi-builder-workspace/.derivedData/Build/Intermediates.noindex/DecisionModels.build/Debug-appletvos/DecisionModelsOpenRouter-t.build/Objects-normal/arm64/DecisionModelsOpenRouter_const_extract_protocols.json -Xcc -I/Users/admin/builder/spi-builder-workspace/.derivedData/Build/Products/Debug-appletvos/include -Xcc -I/Users/admin/builder/spi-builder-workspace/.derivedData/Build/Intermediates.noindex/DecisionModels.build/Debug-appletvos/DecisionModelsOpenRouter-t.build/DerivedSources-normal/arm64 -Xcc -I/Users/admin/builder/spi-builder-workspace/.derivedData/Build/Intermediates.noindex/DecisionModels.build/Debug-appletvos/DecisionModelsOpenRouter-t.build/DerivedSources/arm64 -Xcc -I/Users/admin/builder/spi-builder-workspace/.derivedData/Build/Intermediates.noindex/DecisionModels.build/Debug-appletvos/DecisionModelsOpenRouter-t.build/DerivedSources -Xcc -DSWIFT_PACKAGE -Xcc -DDEBUG\=1 -emit-objc-header -emit-objc-header-path /Users/admin/builder/spi-builder-workspace/.derivedData/Build/Intermediates.noindex/DecisionModels.build/Debug-appletvos/DecisionModelsOpenRouter-t.build/Objects-normal/arm64/DecisionModelsOpenRouter-Swift.h -working-directory /Users/admin/builder/spi-builder-workspace/.swiftpm/xcode -experimental-emit-module-separately -disable-cmo
SwiftDriver DecisionModels normal arm64 com.apple.xcode.tools.swift.compiler (in target 'DecisionModels' from project 'DecisionModels')
    cd /Users/admin/builder/spi-builder-workspace/.swiftpm/xcode
    builtin-SwiftDriver -- /Applications/Xcode-27.0.0-Release.Candidate.app/Contents/Developer/Toolchains/XcodeDefault.xctoolchain/usr/bin/swiftc -parse-as-library -module-name DecisionModels -Onone @/Users/admin/builder/spi-builder-workspace/.derivedData/Build/Intermediates.noindex/DecisionModels.build/Debug-appletvos/DecisionModels-t.build/Objects-normal/arm64/DecisionModels.SwiftFileList -DSWIFT_PACKAGE -DDEBUG -DSWIFT_MODULE_RESOURCE_BUNDLE_UNAVAILABLE -DXcode -plugin-path /Applications/Xcode-27.0.0-Release.Candidate.app/Contents/Developer/Toolchains/XcodeDefault.xctoolchain/usr/lib/swift/host/plugins/testing -enable-experimental-feature DebugDescriptionMacro -sdk /Applications/Xcode-27.0.0-Release.Candidate.app/Contents/Developer/Platforms/AppleTVOS.platform/Developer/SDKs/AppleTVOS27.0.sdk -target arm64-apple-tvos18.0 -g -module-cache-path /Users/admin/builder/spi-builder-workspace/.derivedData/ModuleCache.noindex -Xfrontend -serialize-debugging-options -profile-coverage-mapping -profile-generate -enable-testing -index-store-path /Users/admin/builder/spi-builder-workspace/.derivedData/Index.noindex/DataStore -Xcc -D_LIBCPP_HARDENING_MODE\=_LIBCPP_HARDENING_MODE_DEBUG -swift-version 6 -I /Users/admin/builder/spi-builder-workspace/.derivedData/Build/Products/Debug-appletvos -Isystem /Applications/Xcode-27.0.0-Release.Candidate.app/Contents/Developer/Platforms/AppleTVOS.platform/Developer/usr/lib -F /Users/admin/builder/spi-builder-workspace/.derivedData/Build/Products/Debug-appletvos -F /Applications/Xcode-27.0.0-Release.Candidate.app/Contents/Developer/Platforms/AppleTVOS.platform/Developer/Library/Frameworks -F /Applications/Xcode-27.0.0-Release.Candidate.app/Contents/Developer/Platforms/AppleTVOS.platform/Developer/SDKs/AppleTVOS27.0.sdk/Developer/Library/Frameworks -Xfrontend -load-plugin-executable -Xfrontend /Users/admin/builder/spi-builder-workspace/.derivedData/Build/Products/Debug/DecisionModelsMacros\#DecisionModelsMacros -c -j10 -enable-batch-mode -incremental -Xcc -ivfsstatcache -Xcc /Users/admin/builder/spi-builder-workspace/.derivedData/SDKStatCaches.noindex/appletvos27.0-24J360-e829b21a6f8c9b70876ba0858053c044b32bfd8d43560033f8d89884cdb90028.sdkstatcache -output-file-map /Users/admin/builder/spi-builder-workspace/.derivedData/Build/Intermediates.noindex/DecisionModels.build/Debug-appletvos/DecisionModels-t.build/Objects-normal/arm64/DecisionModels-OutputFileMap.json -save-temps -no-color-diagnostics -explicit-module-build -module-cache-path /Users/admin/builder/spi-builder-workspace/.derivedData/Build/Intermediates.noindex/SwiftExplicitPrecompiledModules -clang-scanner-module-cache-path /Users/admin/builder/spi-builder-workspace/.derivedData/ModuleCache.noindex -sdk-module-cache-path /Users/admin/builder/spi-builder-workspace/.derivedData/SDKExplicitPrecompiledModules -emit-dependencies -emit-module -emit-module-path /Users/admin/builder/spi-builder-workspace/.derivedData/Build/Intermediates.noindex/DecisionModels.build/Debug-appletvos/DecisionModels-t.build/Objects-normal/arm64/DecisionModels.swiftmodule -serialize-diagnostics -dependency-scan-serialize-diagnostics-path /Users/admin/builder/spi-builder-workspace/.derivedData/Build/Intermediates.noindex/DecisionModels.build/Debug-appletvos/DecisionModels-t.build/Objects-normal/arm64/DecisionModels-dependency-scan.dia -validate-clang-modules-once -clang-build-session-file /Users/admin/builder/spi-builder-workspace/.derivedData/ModuleCache.noindex/Session.modulevalidation -Xcc -fmodules-prune-interval\=86400 -Xcc -fmodules-prune-after\=345600 -package-name spi_builder_workspace -emit-const-values -const-gather-protocols-list /Users/admin/builder/spi-builder-workspace/.derivedData/Build/Intermediates.noindex/DecisionModels.build/Debug-appletvos/DecisionModels-t.build/Objects-normal/arm64/DecisionModels_const_extract_protocols.json -Xcc -I/Users/admin/builder/spi-builder-workspace/.derivedData/Build/Products/Debug-appletvos/include -Xcc -I/Users/admin/builder/spi-builder-workspace/.derivedData/Build/Intermediates.noindex/DecisionModels.build/Debug-appletvos/DecisionModels-t.build/DerivedSources-normal/arm64 -Xcc -I/Users/admin/builder/spi-builder-workspace/.derivedData/Build/Intermediates.noindex/DecisionModels.build/Debug-appletvos/DecisionModels-t.build/DerivedSources/arm64 -Xcc -I/Users/admin/builder/spi-builder-workspace/.derivedData/Build/Intermediates.noindex/DecisionModels.build/Debug-appletvos/DecisionModels-t.build/DerivedSources -Xcc -DSWIFT_PACKAGE -Xcc -DDEBUG\=1 -emit-objc-header -emit-objc-header-path /Users/admin/builder/spi-builder-workspace/.derivedData/Build/Intermediates.noindex/DecisionModels.build/Debug-appletvos/DecisionModels-t.build/Objects-normal/arm64/DecisionModels-Swift.h -working-directory /Users/admin/builder/spi-builder-workspace/.swiftpm/xcode -experimental-emit-module-separately -disable-cmo
SwiftCompile normal arm64 Compiling\ OpenRouterAlpha.swift /Users/admin/builder/spi-builder-workspace/Sources/DecisionModelsOpenRouter/OpenRouterAlpha.swift (in target 'DecisionModelsOpenRouter' from project 'DecisionModels')
SwiftCompile normal arm64 /Users/admin/builder/spi-builder-workspace/Sources/DecisionModelsOpenRouter/OpenRouterAlpha.swift (in target 'DecisionModelsOpenRouter' from project 'DecisionModels')
    cd /Users/admin/builder/spi-builder-workspace/.swiftpm/xcode
    builtin-SwiftPerFileCompile OpenRouterAlpha.swift
SwiftCompile normal arm64 Compiling\ OpenRouterWire.swift /Users/admin/builder/spi-builder-workspace/Sources/DecisionModelsOpenRouter/OpenRouterWire.swift (in target 'DecisionModelsOpenRouter' from project 'DecisionModels')
SwiftCompile normal arm64 /Users/admin/builder/spi-builder-workspace/Sources/DecisionModelsOpenRouter/OpenRouterWire.swift (in target 'DecisionModelsOpenRouter' from project 'DecisionModels')
    cd /Users/admin/builder/spi-builder-workspace/.swiftpm/xcode
    builtin-SwiftPerFileCompile OpenRouterWire.swift
SwiftEmitModule normal arm64 Emitting\ module\ for\ DecisionModelsOpenRouter (in target 'DecisionModelsOpenRouter' from project 'DecisionModels')
SwiftCompile normal arm64 (in target 'DecisionModelsOpenRouter' from project 'DecisionModels')
    cd /Users/admin/builder/spi-builder-workspace/.swiftpm/xcode

SwiftCompile normal arm64 Compiling\ OpenRouterMapping.swift /Users/admin/builder/spi-builder-workspace/Sources/DecisionModelsOpenRouter/OpenRouterMapping.swift (in target 'DecisionModelsOpenRouter' from project 'DecisionModels')
SwiftCompile normal arm64 /Users/admin/builder/spi-builder-workspace/Sources/DecisionModelsOpenRouter/OpenRouterMapping.swift (in target 'DecisionModelsOpenRouter' from project 'DecisionModels')
    cd /Users/admin/builder/spi-builder-workspace/.swiftpm/xcode
    builtin-SwiftPerFileCompile OpenRouterMapping.swift
SwiftCompile normal arm64 Compiling\ OpenRouterError.swift /Users/admin/builder/spi-builder-workspace/Sources/DecisionModelsOpenRouter/OpenRouterError.swift (in target 'DecisionModelsOpenRouter' from project 'DecisionModels')
SwiftCompile normal arm64 /Users/admin/builder/spi-builder-workspace/Sources/DecisionModelsOpenRouter/OpenRouterError.swift (in target 'DecisionModelsOpenRouter' from project 'DecisionModels')
    cd /Users/admin/builder/spi-builder-workspace/.swiftpm/xcode
    builtin-SwiftPerFileCompile OpenRouterError.swift
SwiftDriver\ Compilation DecisionModelsTesting normal arm64 com.apple.xcode.tools.swift.compiler (in target 'DecisionModelsTesting' from project 'DecisionModels')
    cd /Users/admin/builder/spi-builder-workspace/.swiftpm/xcode
    builtin-Swift-Compilation -- /Applications/Xcode-27.0.0-Release.Candidate.app/Contents/Developer/Toolchains/XcodeDefault.xctoolchain/usr/bin/swiftc -parse-as-library -module-name DecisionModelsTesting -Onone @/Users/admin/builder/spi-builder-workspace/.derivedData/Build/Intermediates.noindex/DecisionModels.build/Debug-appletvos/DecisionModelsTesting-t.build/Objects-normal/arm64/DecisionModelsTesting.SwiftFileList -DSWIFT_PACKAGE -DDEBUG -DSWIFT_MODULE_RESOURCE_BUNDLE_UNAVAILABLE -DXcode -plugin-path /Applications/Xcode-27.0.0-Release.Candidate.app/Contents/Developer/Toolchains/XcodeDefault.xctoolchain/usr/lib/swift/host/plugins/testing -enable-experimental-feature DebugDescriptionMacro -sdk /Applications/Xcode-27.0.0-Release.Candidate.app/Contents/Developer/Platforms/AppleTVOS.platform/Developer/SDKs/AppleTVOS27.0.sdk -target arm64-apple-tvos18.0 -g -module-cache-path /Users/admin/builder/spi-builder-workspace/.derivedData/ModuleCache.noindex -Xfrontend -serialize-debugging-options -profile-coverage-mapping -profile-generate -enable-testing -index-store-path /Users/admin/builder/spi-builder-workspace/.derivedData/Index.noindex/DataStore -Xcc -D_LIBCPP_HARDENING_MODE\=_LIBCPP_HARDENING_MODE_DEBUG -swift-version 6 -I /Users/admin/builder/spi-builder-workspace/.derivedData/Build/Products/Debug-appletvos -Isystem /Applications/Xcode-27.0.0-Release.Candidate.app/Contents/Developer/Platforms/AppleTVOS.platform/Developer/usr/lib -F /Users/admin/builder/spi-builder-workspace/.derivedData/Build/Products/Debug-appletvos/PackageFrameworks -F /Users/admin/builder/spi-builder-workspace/.derivedData/Build/Products/Debug-appletvos -F /Applications/Xcode-27.0.0-Release.Candidate.app/Contents/Developer/Platforms/AppleTVOS.platform/Developer/Library/Frameworks -F /Applications/Xcode-27.0.0-Release.Candidate.app/Contents/Developer/Platforms/AppleTVOS.platform/Developer/SDKs/AppleTVOS27.0.sdk/Developer/Library/Frameworks -Xfrontend -load-plugin-executable -Xfrontend /Users/admin/builder/spi-builder-workspace/.derivedData/Build/Products/Debug/DecisionModelsMacros\#DecisionModelsMacros -c -j10 -enable-batch-mode -incremental -Xcc -ivfsstatcache -Xcc /Users/admin/builder/spi-builder-workspace/.derivedData/SDKStatCaches.noindex/appletvos27.0-24J360-e829b21a6f8c9b70876ba0858053c044b32bfd8d43560033f8d89884cdb90028.sdkstatcache -output-file-map /Users/admin/builder/spi-builder-workspace/.derivedData/Build/Intermediates.noindex/DecisionModels.build/Debug-appletvos/DecisionModelsTesting-t.build/Objects-normal/arm64/DecisionModelsTesting-OutputFileMap.json -save-temps -no-color-diagnostics -explicit-module-build -module-cache-path /Users/admin/builder/spi-builder-workspace/.derivedData/Build/Intermediates.noindex/SwiftExplicitPrecompiledModules -clang-scanner-module-cache-path /Users/admin/builder/spi-builder-workspace/.derivedData/ModuleCache.noindex -sdk-module-cache-path /Users/admin/builder/spi-builder-workspace/.derivedData/SDKExplicitPrecompiledModules -emit-dependencies -emit-module -emit-module-path /Users/admin/builder/spi-builder-workspace/.derivedData/Build/Intermediates.noindex/DecisionModels.build/Debug-appletvos/DecisionModelsTesting-t.build/Objects-normal/arm64/DecisionModelsTesting.swiftmodule -serialize-diagnostics -dependency-scan-serialize-diagnostics-path /Users/admin/builder/spi-builder-workspace/.derivedData/Build/Intermediates.noindex/DecisionModels.build/Debug-appletvos/DecisionModelsTesting-t.build/Objects-normal/arm64/DecisionModelsTesting-dependency-scan.dia -validate-clang-modules-once -clang-build-session-file /Users/admin/builder/spi-builder-workspace/.derivedData/ModuleCache.noindex/Session.modulevalidation -Xcc -fmodules-prune-interval\=86400 -Xcc -fmodules-prune-after\=345600 -package-name spi_builder_workspace -emit-const-values -const-gather-protocols-list /Users/admin/builder/spi-builder-workspace/.derivedData/Build/Intermediates.noindex/DecisionModels.build/Debug-appletvos/DecisionModelsTesting-t.build/Objects-normal/arm64/DecisionModelsTesting_const_extract_protocols.json -Xcc -I/Users/admin/builder/spi-builder-workspace/.derivedData/Build/Products/Debug-appletvos/include -Xcc -I/Users/admin/builder/spi-builder-workspace/.derivedData/Build/Intermediates.noindex/DecisionModels.build/Debug-appletvos/DecisionModelsTesting-t.build/DerivedSources-normal/arm64 -Xcc -I/Users/admin/builder/spi-builder-workspace/.derivedData/Build/Intermediates.noindex/DecisionModels.build/Debug-appletvos/DecisionModelsTesting-t.build/DerivedSources/arm64 -Xcc -I/Users/admin/builder/spi-builder-workspace/.derivedData/Build/Intermediates.noindex/DecisionModels.build/Debug-appletvos/DecisionModelsTesting-t.build/DerivedSources -Xcc -DSWIFT_PACKAGE -Xcc -DDEBUG\=1 -emit-objc-header -emit-objc-header-path /Users/admin/builder/spi-builder-workspace/.derivedData/Build/Intermediates.noindex/DecisionModels.build/Debug-appletvos/DecisionModelsTesting-t.build/Objects-normal/arm64/DecisionModelsTesting-Swift.h -working-directory /Users/admin/builder/spi-builder-workspace/.swiftpm/xcode -experimental-emit-module-separately -disable-cmo
SwiftCompile normal arm64 Compiling\ GuidedGenerationModel.swift /Users/admin/builder/spi-builder-workspace/Sources/DecisionModelsApple/GuidedGenerationModel.swift (in target 'DecisionModelsApple' from project 'DecisionModels')
/Users/admin/builder/spi-builder-workspace/Sources/DecisionModelsApple/GuidedGenerationModel.swift:29:24: error: 'SystemLanguageModel' is unavailable in tvOS
 27 | @available(macOS 26, iOS 26, *)
 28 | public struct GuidedGenerationModel: DecisionModel {
 29 |     private let model: SystemLanguageModel
    |                        `- error: 'SystemLanguageModel' is unavailable in tvOS
 30 |     private let extraInstructions: String?
 31 |
FoundationModels.SystemLanguageModel:4:20: note: 'SystemLanguageModel' has been explicitly marked unavailable here
2 | @available(tvOS, unavailable)
3 | @available(watchOS, unavailable)
4 | final public class SystemLanguageModel : Sendable {
  |                    `- note: 'SystemLanguageModel' has been explicitly marked unavailable here
5 |     @objc deinit
6 | }
/Users/admin/builder/spi-builder-workspace/Sources/DecisionModelsApple/GuidedGenerationModel.swift:36:26: error: 'SystemLanguageModel' is unavailable in tvOS
 34 |     /// `instructions` are standing rules that follow the task in every
 35 |     /// session, such as the voice or the domain to judge by.
 36 |     public init(_ model: SystemLanguageModel, instructions: String? = nil) {
    |                          `- error: 'SystemLanguageModel' is unavailable in tvOS
 37 |         self.model = model
 38 |         self.extraInstructions = instructions
FoundationModels.SystemLanguageModel:4:20: note: 'SystemLanguageModel' has been explicitly marked unavailable here
2 | @available(tvOS, unavailable)
3 | @available(watchOS, unavailable)
4 | final public class SystemLanguageModel : Sendable {
  |                    `- note: 'SystemLanguageModel' has been explicitly marked unavailable here
5 |     @objc deinit
6 | }
/Users/admin/builder/spi-builder-workspace/Sources/DecisionModelsApple/GuidedGenerationModel.swift:79:22: error: 'SystemLanguageModel' is unavailable in tvOS
 77 |     /// Maps what the system model reports.
 78 |     static func availability(
 79 |         of reported: SystemLanguageModel.Availability
    |                      `- error: 'SystemLanguageModel' is unavailable in tvOS
 80 |     ) -> DecisionModelAvailability {
 81 |         switch reported {
FoundationModels.SystemLanguageModel:4:20: note: 'SystemLanguageModel' has been explicitly marked unavailable here
2 | @available(tvOS, unavailable)
3 | @available(watchOS, unavailable)
4 | final public class SystemLanguageModel : Sendable {
  |                    `- note: 'SystemLanguageModel' has been explicitly marked unavailable here
5 |     @objc deinit
6 | }
/Users/admin/builder/spi-builder-workspace/Sources/DecisionModelsApple/GuidedGenerationModel.swift:198:52: error: 'GenerationOptions' is unavailable in tvOS
196 |     /// an empty `GenerationError`, while small seeds work. Left to itself the
197 |     /// framework picks a seed per call, and the draws do come out different.
198 |     static func generationOptions(samples: Int) -> GenerationOptions {
    |                                                    `- error: 'GenerationOptions' is unavailable in tvOS
199 |         guard samples > 1 else {
200 |             return GenerationOptions(samplingMode: .greedy)
FoundationModels.GenerationOptions:3:15: note: 'GenerationOptions' has been explicitly marked unavailable here
 1 | @available(iOS 26.0, macOS 26.0, watchOS 27.0, *)
 2 | @available(tvOS, unavailable)
 3 | public struct GenerationOptions : Sendable, Equatable {
   |               `- note: 'GenerationOptions' has been explicitly marked unavailable here
 4 |     @available(iOS 26.0, macOS 26.0, watchOS 27.0, *)
 5 |     @available(*, deprecated, renamed: "samplingMode")
/Users/admin/builder/spi-builder-workspace/Sources/DecisionModelsApple/GuidedGenerationModel.swift:224:17: error: 'GenerationSchema' is unavailable in tvOS
222 |         instructions: String,
223 |         prompt: String,
224 |         schema: GenerationSchema,
    |                 `- error: 'GenerationSchema' is unavailable in tvOS
225 |         options: GenerationOptions,
226 |         timeout: Duration?
FoundationModels.GenerationSchema:3:15: note: 'GenerationSchema' has been explicitly marked unavailable here
1 | @available(iOS 26.0, macOS 26.0, watchOS 27.0, *)
2 | @available(tvOS, unavailable)
3 | public struct GenerationSchema : Sendable {
  |               `- note: 'GenerationSchema' has been explicitly marked unavailable here
4 | }
/Users/admin/builder/spi-builder-workspace/Sources/DecisionModelsApple/GuidedGenerationModel.swift:225:18: error: 'GenerationOptions' is unavailable in tvOS
223 |         prompt: String,
224 |         schema: GenerationSchema,
225 |         options: GenerationOptions,
    |                  `- error: 'GenerationOptions' is unavailable in tvOS
226 |         timeout: Duration?
227 |     ) async throws -> GeneratedContent {
FoundationModels.GenerationOptions:3:15: note: 'GenerationOptions' has been explicitly marked unavailable here
 1 | @available(iOS 26.0, macOS 26.0, watchOS 27.0, *)
 2 | @available(tvOS, unavailable)
 3 | public struct GenerationOptions : Sendable, Equatable {
   |               `- note: 'GenerationOptions' has been explicitly marked unavailable here
 4 |     @available(iOS 26.0, macOS 26.0, watchOS 27.0, *)
 5 |     @available(*, deprecated, renamed: "samplingMode")
/Users/admin/builder/spi-builder-workspace/Sources/DecisionModelsApple/GuidedGenerationModel.swift:227:23: error: 'GeneratedContent' is unavailable in tvOS
225 |         options: GenerationOptions,
226 |         timeout: Duration?
227 |     ) async throws -> GeneratedContent {
    |                       `- error: 'GeneratedContent' is unavailable in tvOS
228 |         let session = LanguageModelSession(model: model, instructions: instructions)
229 |         do {
FoundationModels.GeneratedContent:3:15: note: 'GeneratedContent' has been explicitly marked unavailable here
1 | @available(iOS 26.0, macOS 26.0, watchOS 27.0, *)
2 | @available(tvOS, unavailable)
3 | public struct GeneratedContent : Sendable, Equatable, Generable {
  |               `- note: 'GeneratedContent' has been explicitly marked unavailable here
4 |     public var id: GenerationID?
5 |     public static func == (a: GeneratedContent, b: GeneratedContent) -> Bool
/Users/admin/builder/spi-builder-workspace/Sources/DecisionModelsApple/GuidedGenerationModel.swift:68:26: error: 'contextSize' is unavailable in tvOS
 66 |     var contextTokens: Int {
 67 |         if #available(macOS 26.4, iOS 26.4, *) {
 68 |             return model.contextSize
    |                          `- error: 'contextSize' is unavailable in tvOS
 69 |         }
 70 |         return 4096
FoundationModels.SystemLanguageModel.contextSize:6:20: note: 'contextSize' has been explicitly marked unavailable here
4 |   @available(tvOS, unavailable)
5 |   @available(watchOS, unavailable)
6 |   final public var contextSize: Int { get }}
  |                    `- note: 'contextSize' has been explicitly marked unavailable here
7 |
/Users/admin/builder/spi-builder-workspace/Sources/DecisionModelsApple/GuidedGenerationModel.swift:74:49: error: 'availability' is unavailable in tvOS
 72 |
 73 |     public var availability: DecisionModelAvailability {
 74 |         get async { Self.availability(of: model.availability) }
    |                                                 `- error: 'availability' is unavailable in tvOS
 75 |     }
 76 |
FoundationModels.SystemLanguageModel.availability:2:18: note: 'availability' has been explicitly marked unavailable here
1 | class SystemLanguageModel {
2 | final public var availability: SystemLanguageModel.Availability { get }}
  |                  `- note: 'availability' has been explicitly marked unavailable here
3 |
/Users/admin/builder/spi-builder-workspace/Sources/DecisionModelsApple/GuidedGenerationModel.swift:99:9: error: 'LanguageModelSession' is unavailable in tvOS
 97 |
 98 |     public func prewarm() async {
 99 |         LanguageModelSession(
    |         `- error: 'LanguageModelSession' is unavailable in tvOS
100 |             model: model,
101 |             instructions: DecisionPromptBuilder.instructions(adding: extraInstructions)
FoundationModels.LanguageModelSession:3:20: note: 'LanguageModelSession' has been explicitly marked unavailable here
1 | @available(iOS 26.0, macOS 26.0, watchOS 27.0, *)
2 | @available(tvOS, unavailable)
3 | final public class LanguageModelSession {
  |                    `- note: 'LanguageModelSession' has been explicitly marked unavailable here
4 |     final public var transcript: Transcript { get set }
5 |     @objc deinit
/Users/admin/builder/spi-builder-workspace/Sources/DecisionModelsApple/GuidedGenerationModel.swift:99:9: error: 'init(model:tools:instructions:)' is unavailable in tvOS
 97 |
 98 |     public func prewarm() async {
 99 |         LanguageModelSession(
    |         `- error: 'init(model:tools:instructions:)' is unavailable in tvOS
100 |             model: model,
101 |             instructions: DecisionPromptBuilder.instructions(adding: extraInstructions)
FoundationModels.LanguageModelSession.init:2:20: note: 'init(model:tools:instructions:)' has been explicitly marked unavailable here
1 | class LanguageModelSession {
2 | public convenience init(model: SystemLanguageModel = .default, tools: [any Tool] = [], instructions: String? = nil)}
  |                    `- note: 'init(model:tools:instructions:)' has been explicitly marked unavailable here
3 |
/Users/admin/builder/spi-builder-workspace/Sources/DecisionModelsApple/GuidedGenerationModel.swift:102:11: error: 'prewarm(promptPrefix:)' is unavailable in tvOS
100 |             model: model,
101 |             instructions: DecisionPromptBuilder.instructions(adding: extraInstructions)
102 |         ).prewarm()
    |           `- error: 'prewarm(promptPrefix:)' is unavailable in tvOS
103 |     }
104 |
FoundationModels.LanguageModelSession.prewarm:2:19: note: 'prewarm(promptPrefix:)' has been explicitly marked unavailable here
1 | class LanguageModelSession {
2 | final public func prewarm(promptPrefix: Prompt? = nil)}
  |                   `- note: 'prewarm(promptPrefix:)' has been explicitly marked unavailable here
3 |
/Users/admin/builder/spi-builder-workspace/Sources/DecisionModelsApple/GuidedGenerationModel.swift:134:53: error: 'tokenCount(for:)' is unavailable in tvOS
132 |             if #available(macOS 26.4, iOS 26.4, *) {
133 |                 let model = self.model
134 |                 counter = { text in try await model.tokenCount(for: text) }
    |                                                     `- error: 'tokenCount(for:)' is unavailable in tvOS
135 |                 schemaTokens = try await model.tokenCount(for: built.schema)
136 |             } else {
FoundationModels.SystemLanguageModel.tokenCount:5:45: note: 'tokenCount(for:)' has been explicitly marked unavailable here
3 |   @available(tvOS, unavailable)
4 |   @available(watchOS, unavailable)
5 |   nonisolated(nonsending) final public func tokenCount(for prompt: some PromptRepresentable) async throws -> Int}
  |                                             `- note: 'tokenCount(for:)' has been explicitly marked unavailable here
6 |
SwiftCompile normal arm64 /Users/admin/builder/spi-builder-workspace/Sources/DecisionModelsApple/GuidedGenerationModel.swift (in target 'DecisionModelsApple' from project 'DecisionModels')
    cd /Users/admin/builder/spi-builder-workspace/.swiftpm/xcode
    builtin-SwiftPerFileCompile GuidedGenerationModel.swift
SwiftEmitModule normal arm64 Emitting\ module\ for\ DecisionModelsTypeSafe (in target 'DecisionModelsTypeSafe' from project 'DecisionModels')
SwiftCompile normal arm64 (in target 'DecisionModelsTypeSafe' from project 'DecisionModels')
    cd /Users/admin/builder/spi-builder-workspace/.swiftpm/xcode

SwiftEmitModule normal arm64 Emitting\ module\ for\ DecisionModelsApple (in target 'DecisionModelsApple' from project 'DecisionModels')
/Users/admin/builder/spi-builder-workspace/Sources/DecisionModelsApple/GuidedGenerationModel.swift:29:24: error: 'SystemLanguageModel' is unavailable in tvOS
 27 | @available(macOS 26, iOS 26, *)
 28 | public struct GuidedGenerationModel: DecisionModel {
 29 |     private let model: SystemLanguageModel
    |                        `- error: 'SystemLanguageModel' is unavailable in tvOS
 30 |     private let extraInstructions: String?
 31 |
FoundationModels.SystemLanguageModel:4:20: note: 'SystemLanguageModel' has been explicitly marked unavailable here
2 | @available(tvOS, unavailable)
3 | @available(watchOS, unavailable)
4 | final public class SystemLanguageModel : Sendable {
  |                    `- note: 'SystemLanguageModel' has been explicitly marked unavailable here
5 |     @objc deinit
6 | }
/Users/admin/builder/spi-builder-workspace/Sources/DecisionModelsApple/GuidedGenerationModel.swift:36:26: error: 'SystemLanguageModel' is unavailable in tvOS
 34 |     /// `instructions` are standing rules that follow the task in every
 35 |     /// session, such as the voice or the domain to judge by.
 36 |     public init(_ model: SystemLanguageModel, instructions: String? = nil) {
    |                          `- error: 'SystemLanguageModel' is unavailable in tvOS
 37 |         self.model = model
 38 |         self.extraInstructions = instructions
FoundationModels.SystemLanguageModel:4:20: note: 'SystemLanguageModel' has been explicitly marked unavailable here
2 | @available(tvOS, unavailable)
3 | @available(watchOS, unavailable)
4 | final public class SystemLanguageModel : Sendable {
  |                    `- note: 'SystemLanguageModel' has been explicitly marked unavailable here
5 |     @objc deinit
6 | }
/Users/admin/builder/spi-builder-workspace/Sources/DecisionModelsApple/GuidedGenerationModel.swift:79:22: error: 'SystemLanguageModel' is unavailable in tvOS
 77 |     /// Maps what the system model reports.
 78 |     static func availability(
 79 |         of reported: SystemLanguageModel.Availability
    |                      `- error: 'SystemLanguageModel' is unavailable in tvOS
 80 |     ) -> DecisionModelAvailability {
 81 |         switch reported {
FoundationModels.SystemLanguageModel:4:20: note: 'SystemLanguageModel' has been explicitly marked unavailable here
2 | @available(tvOS, unavailable)
3 | @available(watchOS, unavailable)
4 | final public class SystemLanguageModel : Sendable {
  |                    `- note: 'SystemLanguageModel' has been explicitly marked unavailable here
5 |     @objc deinit
6 | }
/Users/admin/builder/spi-builder-workspace/Sources/DecisionModelsApple/GuidedGenerationModel.swift:198:52: error: 'GenerationOptions' is unavailable in tvOS
196 |     /// an empty `GenerationError`, while small seeds work. Left to itself the
197 |     /// framework picks a seed per call, and the draws do come out different.
198 |     static func generationOptions(samples: Int) -> GenerationOptions {
    |                                                    `- error: 'GenerationOptions' is unavailable in tvOS
199 |         guard samples > 1 else {
200 |             return GenerationOptions(samplingMode: .greedy)
FoundationModels.GenerationOptions:3:15: note: 'GenerationOptions' has been explicitly marked unavailable here
 1 | @available(iOS 26.0, macOS 26.0, watchOS 27.0, *)
 2 | @available(tvOS, unavailable)
 3 | public struct GenerationOptions : Sendable, Equatable {
   |               `- note: 'GenerationOptions' has been explicitly marked unavailable here
 4 |     @available(iOS 26.0, macOS 26.0, watchOS 27.0, *)
 5 |     @available(*, deprecated, renamed: "samplingMode")
/Users/admin/builder/spi-builder-workspace/Sources/DecisionModelsApple/GuidedGenerationModel.swift:224:17: error: 'GenerationSchema' is unavailable in tvOS
222 |         instructions: String,
223 |         prompt: String,
224 |         schema: GenerationSchema,
    |                 `- error: 'GenerationSchema' is unavailable in tvOS
225 |         options: GenerationOptions,
226 |         timeout: Duration?
FoundationModels.GenerationSchema:3:15: note: 'GenerationSchema' has been explicitly marked unavailable here
1 | @available(iOS 26.0, macOS 26.0, watchOS 27.0, *)
2 | @available(tvOS, unavailable)
3 | public struct GenerationSchema : Sendable {
  |               `- note: 'GenerationSchema' has been explicitly marked unavailable here
4 | }
/Users/admin/builder/spi-builder-workspace/Sources/DecisionModelsApple/GuidedGenerationModel.swift:225:18: error: 'GenerationOptions' is unavailable in tvOS
223 |         prompt: String,
224 |         schema: GenerationSchema,
225 |         options: GenerationOptions,
    |                  `- error: 'GenerationOptions' is unavailable in tvOS
226 |         timeout: Duration?
227 |     ) async throws -> GeneratedContent {
FoundationModels.GenerationOptions:3:15: note: 'GenerationOptions' has been explicitly marked unavailable here
 1 | @available(iOS 26.0, macOS 26.0, watchOS 27.0, *)
 2 | @available(tvOS, unavailable)
 3 | public struct GenerationOptions : Sendable, Equatable {
   |               `- note: 'GenerationOptions' has been explicitly marked unavailable here
 4 |     @available(iOS 26.0, macOS 26.0, watchOS 27.0, *)
 5 |     @available(*, deprecated, renamed: "samplingMode")
/Users/admin/builder/spi-builder-workspace/Sources/DecisionModelsApple/GuidedGenerationModel.swift:227:23: error: 'GeneratedContent' is unavailable in tvOS
225 |         options: GenerationOptions,
226 |         timeout: Duration?
227 |     ) async throws -> GeneratedContent {
    |                       `- error: 'GeneratedContent' is unavailable in tvOS
228 |         let session = LanguageModelSession(model: model, instructions: instructions)
229 |         do {
FoundationModels.GeneratedContent:3:15: note: 'GeneratedContent' has been explicitly marked unavailable here
1 | @available(iOS 26.0, macOS 26.0, watchOS 27.0, *)
2 | @available(tvOS, unavailable)
3 | public struct GeneratedContent : Sendable, Equatable, Generable {
  |               `- note: 'GeneratedContent' has been explicitly marked unavailable here
4 |     public var id: GenerationID?
5 |     public static func == (a: GeneratedContent, b: GeneratedContent) -> Bool
/Users/admin/builder/spi-builder-workspace/Sources/DecisionModelsApple/ResponseMapping.swift:24:23: error: 'GeneratedContent' is unavailable in tvOS
 22 |     @available(macOS 26, iOS 26, *)
 23 |     static func outcomes(
 24 |         from content: GeneratedContent,
    |                       `- error: 'GeneratedContent' is unavailable in tvOS
 25 |         questionnaire: Questionnaire,
 26 |         fieldNames: [String: String]
FoundationModels.GeneratedContent:3:15: note: 'GeneratedContent' has been explicitly marked unavailable here
1 | @available(iOS 26.0, macOS 26.0, watchOS 27.0, *)
2 | @available(tvOS, unavailable)
3 | public struct GeneratedContent : Sendable, Equatable, Generable {
  |               `- note: 'GeneratedContent' has been explicitly marked unavailable here
4 |     public var id: GenerationID?
5 |     public static func == (a: GeneratedContent, b: GeneratedContent) -> Bool
/Users/admin/builder/spi-builder-workspace/Sources/DecisionModelsApple/ResponseMapping.swift:146:37: error: 'ConvertibleFromGeneratedContent' is unavailable in tvOS
144 |     /// Reads one field, naming the question when it is not there.
145 |     @available(macOS 26, iOS 26, *)
146 |     private static func read<Value: ConvertibleFromGeneratedContent>(
    |                                     `- error: 'ConvertibleFromGeneratedContent' is unavailable in tvOS
147 |         _ type: Value.Type,
148 |         from content: GeneratedContent,
FoundationModels.ConvertibleFromGeneratedContent:3:17: note: 'ConvertibleFromGeneratedContent' has been explicitly marked unavailable here
1 | @available(iOS 26.0, macOS 26.0, watchOS 27.0, *)
2 | @available(tvOS, unavailable)
3 | public protocol ConvertibleFromGeneratedContent : SendableMetatype {
  |                 `- note: 'ConvertibleFromGeneratedContent' has been explicitly marked unavailable here
4 |     init(_ content: GeneratedContent) throws
5 | }
/Users/admin/builder/spi-builder-workspace/Sources/DecisionModelsApple/ResponseMapping.swift:148:23: error: 'GeneratedContent' is unavailable in tvOS
146 |     private static func read<Value: ConvertibleFromGeneratedContent>(
147 |         _ type: Value.Type,
148 |         from content: GeneratedContent,
    |                       `- error: 'GeneratedContent' is unavailable in tvOS
149 |         field: String,
150 |         question: String
FoundationModels.GeneratedContent:3:15: note: 'GeneratedContent' has been explicitly marked unavailable here
1 | @available(iOS 26.0, macOS 26.0, watchOS 27.0, *)
2 | @available(tvOS, unavailable)
3 | public struct GeneratedContent : Sendable, Equatable, Generable {
  |               `- note: 'GeneratedContent' has been explicitly marked unavailable here
4 |     public var id: GenerationID?
5 |     public static func == (a: GeneratedContent, b: GeneratedContent) -> Bool
/Users/admin/builder/spi-builder-workspace/Sources/DecisionModelsApple/SchemaBuilder.swift:10:17: error: 'GenerationSchema' is unavailable in tvOS
  8 | struct QuestionnaireSchema: Sendable {
  9 |     /// What the model generates against.
 10 |     let schema: GenerationSchema
    |                 `- error: 'GenerationSchema' is unavailable in tvOS
 11 |     /// Question id to JSON field name.
 12 |     let fieldNames: [String: String]
FoundationModels.GenerationSchema:3:15: note: 'GenerationSchema' has been explicitly marked unavailable here
1 | @available(iOS 26.0, macOS 26.0, watchOS 27.0, *)
2 | @available(tvOS, unavailable)
3 | public struct GenerationSchema : Sendable {
  |               `- note: 'GenerationSchema' has been explicitly marked unavailable here
4 | }
/Users/admin/builder/spi-builder-workspace/Sources/DecisionModelsApple/SchemaBuilder.swift:101:59: error: 'DynamicGenerationSchema' is unavailable in tvOS
 99 |     /// The answer space of one question.
100 |     @available(macOS 26, iOS 26, *)
101 |     private static func schema(for spec: QuestionSpec) -> DynamicGenerationSchema {
    |                                                           `- error: 'DynamicGenerationSchema' is unavailable in tvOS
102 |         switch spec.kind {
103 |         case .choice(let options):
FoundationModels.DynamicGenerationSchema:3:15: note: 'DynamicGenerationSchema' has been explicitly marked unavailable here
1 | @available(iOS 26.0, macOS 26.0, watchOS 27.0, *)
2 | @available(tvOS, unavailable)
3 | public struct DynamicGenerationSchema : Sendable {
  |               `- note: 'DynamicGenerationSchema' has been explicitly marked unavailable here
4 | }
Failed frontend command:
/Applications/Xcode-27.0.0-Release.Candidate.app/Contents/Developer/Toolchains/XcodeDefault.xctoolchain/usr/bin/swift-frontend -frontend -emit-module -experimental-skip-non-inlinable-function-bodies-without-types /Users/admin/builder/spi-builder-workspace/Sources/DecisionModelsApple/Compatibility.swift /Users/admin/builder/spi-builder-workspace/Sources/DecisionModelsApple/ErrorMapping.swift /Users/admin/builder/spi-builder-workspace/Sources/DecisionModelsApple/GuidedGenerationModel.swift /Users/admin/builder/spi-builder-workspace/Sources/DecisionModelsApple/PromptBuilder.swift /Users/admin/builder/spi-builder-workspace/Sources/DecisionModelsApple/ResponseMapping.swift /Users/admin/builder/spi-builder-workspace/Sources/DecisionModelsApple/SchemaBuilder.swift -target arm64-apple-tvos18.0 -module-can-import-version FoundationModels 2.0.68.1 0 -disable-cross-import-overlay-search -swift-module-cross-import FoundationModels /Applications/Xcode-27.0.0-Release.Candidate.app/Contents/Developer/Platforms/AppleTVOS.platform/Developer/SDKs/AppleTVOS27.0.sdk/System/Library/Frameworks/FoundationModels.framework/Modules/FoundationModels.swiftcrossimport/UIKit.swiftoverlay -load-resolved-plugin \#/Users/admin/builder/spi-builder-workspace/.derivedData/Build/Products/Debug/DecisionModelsMacros\#DecisionModelsMacros -load-resolved-plugin /Applications/Xcode-27.0.0-Release.Candidate.app/Contents/Developer/Platforms/AppleTVOS.platform/Developer/usr/lib/swift/host/plugins/libFoundationMacros.dylib\#/Applications/Xcode-27.0.0-Release.Candidate.app/Contents/Developer/Platforms/AppleTVOS.platform/Developer/usr/bin/swift-plugin-server\#FoundationMacros -load-resolved-plugin /Applications/Xcode-27.0.0-Release.Candidate.app/Contents/Developer/Platforms/AppleTVOS.platform/Developer/usr/lib/swift/host/plugins/libFoundationModelsMacros.dylib\#/Applications/Xcode-27.0.0-Release.Candidate.app/Contents/Developer/Platforms/AppleTVOS.platform/Developer/usr/bin/swift-plugin-server\#FoundationModelsMacros -load-resolved-plugin /Applications/Xcode-27.0.0-Release.Candidate.app/Contents/Developer/Platforms/AppleTVOS.platform/Developer/usr/lib/swift/host/plugins/libObservationMacros.dylib\#/Applications/Xcode-27.0.0-Release.Candidate.app/Contents/Developer/Platforms/AppleTVOS.platform/Developer/usr/bin/swift-plugin-server\#ObservationMacros -load-resolved-plugin /Applications/Xcode-27.0.0-Release.Candidate.app/Contents/Developer/Platforms/AppleTVOS.platform/Developer/usr/lib/swift/host/plugins/libPreviewsMacros.dylib\#/Applications/Xcode-27.0.0-Release.Candidate.app/Contents/Developer/Platforms/AppleTVOS.platform/Developer/usr/bin/swift-plugin-server\#PreviewsMacros -load-resolved-plugin /Applications/Xcode-27.0.0-Release.Candidate.app/Contents/Developer/Platforms/AppleTVOS.platform/Developer/usr/lib/swift/host/plugins/libSwiftMacros.dylib\#/Applications/Xcode-27.0.0-Release.Candidate.app/Contents/Developer/Platforms/AppleTVOS.platform/Developer/usr/bin/swift-plugin-server\#SwiftMacros -load-resolved-plugin /Applications/Xcode-27.0.0-Release.Candidate.app/Contents/Developer/Platforms/AppleTVOS.platform/Developer/usr/lib/swift/host/plugins/libSwiftUIMacros.dylib\#/Applications/Xcode-27.0.0-Release.Candidate.app/Contents/Developer/Platforms/AppleTVOS.platform/Developer/usr/bin/swift-plugin-server\#SwiftUIMacros -disable-implicit-swift-modules -Xcc -fno-implicit-modules -Xcc -fno-implicit-module-maps -explicit-swift-module-map-file /Users/admin/builder/spi-builder-workspace/.derivedData/Build/Intermediates.noindex/DecisionModels.build/Debug-appletvos/DecisionModelsApple-t.build/Objects-normal/arm64/DecisionModelsApple-dependencies-1.json -Xllvm -aarch64-use-tbi -enable-objc-interop -stack-check -sdk /Applications/Xcode-27.0.0-Release.Candidate.app/Contents/Developer/Platforms/AppleTVOS.platform/Developer/SDKs/AppleTVOS27.0.sdk -I /Users/admin/builder/spi-builder-workspace/.derivedData/Build/Products/Debug-appletvos -Isystem /Applications/Xcode-27.0.0-Release.Candidate.app/Contents/Developer/Platforms/AppleTVOS.platform/Developer/usr/lib -F /Users/admin/builder/spi-builder-workspace/.derivedData/Build/Products/Debug-appletvos/PackageFrameworks -F /Users/admin/builder/spi-builder-workspace/.derivedData/Build/Products/Debug-appletvos -F /Applications/Xcode-27.0.0-Release.Candidate.app/Contents/Developer/Platforms/AppleTVOS.platform/Developer/Library/Frameworks -F /Applications/Xcode-27.0.0-Release.Candidate.app/Contents/Developer/Platforms/AppleTVOS.platform/Developer/SDKs/AppleTVOS27.0.sdk/Developer/Library/Frameworks -module-cache-path /Users/admin/builder/spi-builder-workspace/.derivedData/Build/Intermediates.noindex/SwiftExplicitPrecompiledModules -no-color-diagnostics -Xcc -fno-color-diagnostics -enable-testing -g -debug-info-format\=dwarf -dwarf-version\=5 -profile-generate -profile-coverage-mapping -swift-version 6 -Onone -D SWIFT_PACKAGE -D DEBUG -D SWIFT_MODULE_RESOURCE_BUNDLE_UNAVAILABLE -D Xcode -serialize-debugging-options -load-plugin-executable /Users/admin/builder/spi-builder-workspace/.derivedData/Build/Products/Debug/DecisionModelsMacros\#DecisionModelsMacros -enable-experimental-feature DebugDescriptionMacro -empty-abi-descriptor -validate-clang-modules-once -clang-build-session-file /Users/admin/builder/spi-builder-workspace/.derivedData/ModuleCache.noindex/Session.modulevalidation -Xcc -working-directory -Xcc /Users/admin/builder/spi-builder-workspace/.swiftpm/xcode -enable-anonymous-context-mangled-names -file-compilation-dir /Users/admin/builder/spi-builder-workspace/.swiftpm/xcode -Xcc -D_LIBCPP_HARDENING_MODE\=_LIBCPP_HARDENING_MODE_DEBUG -Xcc -ivfsstatcache -Xcc /Users/admin/builder/spi-builder-workspace/.derivedData/SDKStatCaches.noindex/appletvos27.0-24J360-e829b21a6f8c9b70876ba0858053c044b32bfd8d43560033f8d89884cdb90028.sdkstatcache -Xcc -fmodules-prune-interval\=86400 -Xcc -fmodules-prune-after\=345600 -Xcc -I/Users/admin/builder/spi-builder-workspace/.derivedData/Build/Products/Debug-appletvos/include -Xcc -I/Users/admin/builder/spi-builder-workspace/.derivedData/Build/Intermediates.noindex/DecisionModels.build/Debug-appletvos/DecisionModelsApple-t.build/DerivedSources-normal/arm64 -Xcc -I/Users/admin/builder/spi-builder-workspace/.derivedData/Build/Intermediates.noindex/DecisionModels.build/Debug-appletvos/DecisionModelsApple-t.build/DerivedSources/arm64 -Xcc -I/Users/admin/builder/spi-builder-workspace/.derivedData/Build/Intermediates.noindex/DecisionModels.build/Debug-appletvos/DecisionModelsApple-t.build/DerivedSources -Xcc -DSWIFT_PACKAGE -Xcc -DDEBUG\=1 -no-auto-bridging-header-chaining -module-name DecisionModelsApple -package-name spi_builder_workspace -const-gather-protocols-file /Users/admin/builder/spi-builder-workspace/.derivedData/Build/Intermediates.noindex/DecisionModels.build/Debug-appletvos/DecisionModelsApple-t.build/Objects-normal/arm64/DecisionModelsApple_const_extract_protocols.json -disable-clang-spi -clang-target arm64-apple-tvos27.0 -target-sdk-version 27.0 -target-sdk-name appletvos27.0 -in-process-plugin-server-path /Applications/Xcode-27.0.0-Release.Candidate.app/Contents/Developer/Toolchains/XcodeDefault.xctoolchain/usr/lib/swift/host/libSwiftInProcPluginServer.dylib -emit-module-doc-path /Users/admin/builder/spi-builder-workspace/.derivedData/Build/Intermediates.noindex/DecisionModels.build/Debug-appletvos/DecisionModelsApple-t.build/Objects-normal/arm64/DecisionModelsApple.swiftdoc -emit-module-source-info-path /Users/admin/builder/spi-builder-workspace/.derivedData/Build/Intermediates.noindex/DecisionModels.build/Debug-appletvos/DecisionModelsApple-t.build/Objects-normal/arm64/DecisionModelsApple.swiftsourceinfo -emit-objc-header-path /Users/admin/builder/spi-builder-workspace/.derivedData/Build/Intermediates.noindex/DecisionModels.build/Debug-appletvos/DecisionModelsApple-t.build/Objects-normal/arm64/DecisionModelsApple-Swift.h -serialize-diagnostics-path /Users/admin/builder/spi-builder-workspace/.derivedData/Build/Intermediates.noindex/DecisionModels.build/Debug-appletvos/DecisionModelsApple-t.build/Objects-normal/arm64/DecisionModelsApple-primary-emit-module.dia -emit-dependencies-path /Users/admin/builder/spi-builder-workspace/.derivedData/Build/Intermediates.noindex/DecisionModels.build/Debug-appletvos/DecisionModelsApple-t.build/Objects-normal/arm64/DecisionModelsApple-primary-emit-module.d -parse-as-library -o /Users/admin/builder/spi-builder-workspace/.derivedData/Build/Intermediates.noindex/DecisionModels.build/Debug-appletvos/DecisionModelsApple-t.build/Objects-normal/arm64/DecisionModelsApple.swiftmodule -emit-abi-descriptor-path /Users/admin/builder/spi-builder-workspace/.derivedData/Build/Intermediates.noindex/DecisionModels.build/Debug-appletvos/DecisionModelsApple-t.build/Objects-normal/arm64/DecisionModelsApple.abi.json
SwiftCompile normal arm64 (in target 'DecisionModelsApple' from project 'DecisionModels')
    cd /Users/admin/builder/spi-builder-workspace/.swiftpm/xcode

SwiftCompile normal arm64 Compiling\ JevError.swift /Users/admin/builder/spi-builder-workspace/Sources/DecisionModelsTypeSafe/JevError.swift (in target 'DecisionModelsTypeSafe' from project 'DecisionModels')
SwiftCompile normal arm64 /Users/admin/builder/spi-builder-workspace/Sources/DecisionModelsTypeSafe/JevError.swift (in target 'DecisionModelsTypeSafe' from project 'DecisionModels')
    cd /Users/admin/builder/spi-builder-workspace/.swiftpm/xcode
    builtin-SwiftPerFileCompile JevError.swift
SwiftCompile normal arm64 Compiling\ Jev.swift /Users/admin/builder/spi-builder-workspace/Sources/DecisionModelsTypeSafe/Jev.swift (in target 'DecisionModelsTypeSafe' from project 'DecisionModels')
SwiftCompile normal arm64 /Users/admin/builder/spi-builder-workspace/Sources/DecisionModelsTypeSafe/Jev.swift (in target 'DecisionModelsTypeSafe' from project 'DecisionModels')
    cd /Users/admin/builder/spi-builder-workspace/.swiftpm/xcode
    builtin-SwiftPerFileCompile Jev.swift
PruneExplicitPrecompiledModules /Users/admin/builder/spi-builder-workspace/.derivedData/Build/Intermediates.noindex/ExplicitPrecompiledModules
PruneExplicitPrecompiledModules /Users/admin/builder/spi-builder-workspace/.derivedData/Build/Intermediates.noindex/SwiftExplicitPrecompiledModules
PruneExplicitPrecompiledModules /Users/admin/builder/spi-builder-workspace/.derivedData/SDKExplicitPrecompiledModules
2026-09-28 19:35:04.511 xcodebuild[1274:7712] [MT] IDERunDestination: Supported platforms for the buildables in the current scheme is empty.
** BUILD FAILED **
The following build commands failed:
	SwiftEmitModule normal arm64 Emitting\ module\ for\ DecisionModelsApple (in target 'DecisionModelsApple' from project 'DecisionModels')
	SwiftCompile normal arm64 (in target 'DecisionModelsApple' from project 'DecisionModels')
	Building workspace DecisionModels with scheme DecisionModels-Package
(3 failures)
BUILD FAILURE 6.4 tvOS