The Swift Package Index logo.Swift Package Index

Build Information

Failed to build RxOmnibar, reference 1.0.1 (cd69e5), with Swift 6.4 for iOS using Xcode 27.0 on 21 Sep 2026 17:25:05 UTC.

Build Command

env DEVELOPER_DIR=/Applications/Xcode-27.0.0-Release.Candidate.app xcrun xcodebuild -IDEClonedSourcePackagesDirPathOverride=$PWD/.dependencies -skipMacroValidation -skipPackagePluginValidation -derivedDataPath $PWD/.derivedData build -scheme RxOmnibar-Package -destination generic/platform=iOS

Build Log

========================================
RunAll
========================================
Builder version: 5.1.0
Interrupt handler set up.
========================================
Checkout
========================================
Clone URL: https://github.com/CleanCocoa/RxOmnibar.git
Reference: 1.0.1
Initialized empty Git repository in /Users/admin/builder/spi-builder-workspace/.git/
From https://github.com/CleanCocoa/RxOmnibar
 * tag               1.0.1      -> FETCH_HEAD
HEAD is now at cd69e5c bump RxSwift
Cloned https://github.com/CleanCocoa/RxOmnibar.git
Revision (git rev-parse @):
cd69e5c18800df0690d5e79bc82210f1adea6d94
SUCCESS checkout https://github.com/CleanCocoa/RxOmnibar.git at 1.0.1
========================================
Build
========================================
Selected platform:         iOS
Swift version:             6.4
Building package at path:  $PWD
https://github.com/CleanCocoa/RxOmnibar.git
Command line invocation:
    /Applications/Xcode-27.0.0-Release.Candidate.app/Contents/Developer/usr/bin/xcodebuild -IDEClonedSourcePackagesDirPathOverride=/Users/admin/builder/spi-builder-workspace/.dependencies -resolvePackageDependencies
resolved source packages:
{
  "dependencies" : [
    {
      "identity" : "rxswift",
      "requirement" : {
        "range" : [
          {
            "lower_bound" : "6.6.0",
            "upper_bound" : "7.0.0"
          }
        ]
      },
      "type" : "sourceControl",
      "url" : "https://github.com/ReactiveX/RxSwift.git"
    },
    {
      "identity" : "omnibar",
      "requirement" : {
        "range" : [
          {
            "lower_bound" : "1.0.0",
            "upper_bound" : "2.0.0"
          }
        ]
      },
      "type" : "sourceControl",
      "url" : "https://github.com/CleanCocoa/Omnibar.git"
    }
  ],
  "manifest_display_name" : "RxOmnibar",
  "name" : "RxOmnibar",
  "path" : "/Users/admin/builder/spi-builder-workspace",
  "platforms" : [
  ],
  "products" : [
    {
      "name" : "RxOmnibar",
      "targets" : [
        "RxOmnibar"
      ],
      "type" : {
        "library" : [
          "automatic"
        ]
      }
    },
    {
      "name" : "RxOmnibar-Static",
      "targets" : [
        "RxOmnibar"
      ],
      "type" : {
        "library" : [
          "static"
        ]
      }
    },
    {
      "name" : "RxOmnibar-Dynamic",
      "targets" : [
        "RxOmnibar"
      ],
      "type" : {
        "library" : [
          "dynamic"
        ]
      }
    }
  ],
  "targets" : [
    {
      "c99name" : "RxOmnibarTests",
      "module_type" : "SwiftTarget",
      "name" : "RxOmnibarTests",
      "path" : "Tests/RxOmnibarTests",
      "product_dependencies" : [
        "RxTest"
      ],
      "sources" : [
        "Omnibar+RxTests.swift",
        "RxTestHelpers.swift"
      ],
      "target_dependencies" : [
        "RxOmnibar"
      ],
      "type" : "test"
    },
    {
      "c99name" : "RxOmnibar",
      "module_type" : "SwiftTarget",
      "name" : "RxOmnibar",
      "path" : "Sources/RxOmnibar",
      "product_dependencies" : [
        "Omnibar",
        "RxSwift",
        "RxCocoa",
        "RxRelay"
      ],
      "product_memberships" : [
        "RxOmnibar",
        "RxOmnibar-Static",
        "RxOmnibar-Dynamic"
      ],
      "sources" : [
        "Omnibar+Rx.swift",
        "RxCocoaCasting.swift",
        "RxOmnibarDelegateProxy.swift"
      ],
      "type" : "library"
    }
  ],
  "tools_version" : "5.7"
}
{
  "project" : {
    "configurations" : [
      "Debug",
      "Release"
    ],
    "name" : "RxOmnibar",
    "schemes" : [
      "ExampleModel",
      "RxExample",
      "RxOmnibar"
    ],
    "targets" : [
      "RxOmnibar",
      "RxOmnibarTests",
      "RxExample",
      "ExampleModel"
    ]
  }
}
{
  "workspace" : {
    "name" : "RxOmnibar",
    "schemes" : [
      "RxOmnibar",
      "RxOmnibar-Dynamic",
      "RxOmnibar-Package",
      "RxOmnibar-Static"
    ]
  }
}
2026-09-21 13:24:54.228 xcodebuild[645:4112] [MT] IDERunDestination: Supported platforms for the buildables in the current scheme is empty.
Running build ...
env DEVELOPER_DIR=/Applications/Xcode-27.0.0-Release.Candidate.app xcrun xcodebuild -IDEClonedSourcePackagesDirPathOverride=$PWD/.dependencies -skipMacroValidation -skipPackagePluginValidation -derivedDataPath $PWD/.derivedData build -scheme RxOmnibar-Package -destination generic/platform=iOS
Command line invocation:
    /Applications/Xcode-27.0.0-Release.Candidate.app/Contents/Developer/usr/bin/xcodebuild -IDEClonedSourcePackagesDirPathOverride=/Users/admin/builder/spi-builder-workspace/.dependencies -skipMacroValidation -skipPackagePluginValidation -derivedDataPath /Users/admin/builder/spi-builder-workspace/.derivedData build -scheme RxOmnibar-Package -destination generic/platform=iOS
Resolve Package Graph
Resolve Package Graph
Resolved source packages:
  Omnibar: https://github.com/CleanCocoa/Omnibar.git @ 1.0.0
  RxOmnibar: /Users/admin/builder/spi-builder-workspace
  RxSwift: https://github.com/ReactiveX/RxSwift.git @ 6.10.2
ComputePackagePrebuildTargetDependencyGraph
Prepare packages
CreateBuildRequest
SendProjectDescription
CreateBuildOperation
ComputeTargetDependencyGraph
note: Building targets in dependency order
note: Target dependency graph (17 targets)
    Target 'RxOmnibar-Dynamic-product' in project 'RxOmnibar'
        ➜ Explicit dependency on target 'RxOmnibar' in project 'RxOmnibar'
        ➜ Explicit dependency on target 'Omnibar-product' in project 'Omnibar'
        ➜ Explicit dependency on target 'RxSwift-product' in project 'RxSwift'
        ➜ Explicit dependency on target 'RxCocoa-product' in project 'RxSwift'
        ➜ Explicit dependency on target 'RxRelay-product' in project 'RxSwift'
    Target 'RxOmnibar-Static-product' in project 'RxOmnibar'
        ➜ Explicit dependency on target 'RxOmnibar' in project 'RxOmnibar'
        ➜ Explicit dependency on target 'Omnibar-product' in project 'Omnibar'
        ➜ Explicit dependency on target 'RxSwift-product' in project 'RxSwift'
        ➜ Explicit dependency on target 'RxCocoa-product' in project 'RxSwift'
        ➜ Explicit dependency on target 'RxRelay-product' in project 'RxSwift'
    Target 'RxOmnibar-product' in project 'RxOmnibar'
        ➜ Explicit dependency on target 'RxOmnibar' in project 'RxOmnibar'
        ➜ Explicit dependency on target 'Omnibar-product' in project 'Omnibar'
        ➜ Explicit dependency on target 'RxSwift-product' in project 'RxSwift'
        ➜ Explicit dependency on target 'RxCocoa-product' in project 'RxSwift'
        ➜ Explicit dependency on target 'RxRelay-product' in project 'RxSwift'
    Target 'RxOmnibar' in project 'RxOmnibar'
        ➜ Explicit dependency on target 'Omnibar-product' in project 'Omnibar'
        ➜ Explicit dependency on target 'RxSwift-product' in project 'RxSwift'
        ➜ Explicit dependency on target 'RxCocoa-product' in project 'RxSwift'
        ➜ Explicit dependency on target 'RxRelay-product' in project 'RxSwift'
    Target 'RxRelay-product' in project 'RxSwift'
        ➜ Explicit dependency on target 'RxRelay' in project 'RxSwift'
        ➜ Explicit dependency on target 'RxSwift_RxRelay' in project 'RxSwift'
        ➜ Explicit dependency on target 'RxSwift' in project 'RxSwift'
    Target 'RxCocoa-product' in project 'RxSwift'
        ➜ Explicit dependency on target 'RxCocoa' in project 'RxSwift'
        ➜ Explicit dependency on target 'RxSwift_RxCocoa' in project 'RxSwift'
        ➜ Explicit dependency on target 'RxSwift' in project 'RxSwift'
        ➜ Explicit dependency on target 'RxRelay' in project 'RxSwift'
        ➜ Explicit dependency on target 'RxCocoaRuntime' in project 'RxSwift'
    Target 'RxCocoa' in project 'RxSwift'
        ➜ Explicit dependency on target 'RxSwift_RxCocoa' in project 'RxSwift'
        ➜ Explicit dependency on target 'RxSwift' in project 'RxSwift'
        ➜ Explicit dependency on target 'RxRelay' in project 'RxSwift'
        ➜ Explicit dependency on target 'RxCocoaRuntime' in project 'RxSwift'
    Target 'RxCocoaRuntime' in project 'RxSwift'
        ➜ Explicit dependency on target 'RxSwift_RxCocoaRuntime' in project 'RxSwift'
        ➜ Explicit dependency on target 'RxSwift' in project 'RxSwift'
    Target 'RxSwift_RxCocoaRuntime' in project 'RxSwift' (no dependencies)
    Target 'RxRelay' in project 'RxSwift'
        ➜ Explicit dependency on target 'RxSwift_RxRelay' in project 'RxSwift'
        ➜ Explicit dependency on target 'RxSwift' in project 'RxSwift'
    Target 'RxSwift_RxRelay' in project 'RxSwift' (no dependencies)
    Target 'RxSwift_RxCocoa' in project 'RxSwift' (no dependencies)
    Target 'RxSwift-product' in project 'RxSwift'
        ➜ Explicit dependency on target 'RxSwift' in project 'RxSwift'
        ➜ Explicit dependency on target 'RxSwift_RxSwift' in project 'RxSwift'
    Target 'RxSwift' in project 'RxSwift'
        ➜ Explicit dependency on target 'RxSwift_RxSwift' in project 'RxSwift'
    Target 'RxSwift_RxSwift' in project 'RxSwift' (no dependencies)
    Target 'Omnibar-product' in project 'Omnibar'
        ➜ Explicit dependency on target 'Omnibar' in project 'Omnibar'
    Target 'Omnibar' in project 'Omnibar' (no dependencies)
GatherProvisioningInputs
CreateBuildDescription
ExecuteExternalTool /Applications/Xcode-27.0.0-Release.Candidate.app/Contents/Developer/Toolchains/XcodeDefault.xctoolchain/usr/bin/swiftc --version
ExecuteExternalTool /Applications/Xcode-27.0.0-Release.Candidate.app/Contents/Developer/Toolchains/XcodeDefault.xctoolchain/usr/bin/clang -v -E -dM -arch arm64 -isysroot /Applications/Xcode-27.0.0-Release.Candidate.app/Contents/Developer/Platforms/iPhoneOS.platform/Developer/SDKs/iPhoneOS27.0.sdk -x objective-c -c /dev/null
ExecuteExternalTool /Applications/Xcode-27.0.0-Release.Candidate.app/Contents/Developer/Toolchains/XcodeDefault.xctoolchain/usr/bin/clang -v -E -dM -isysroot /Applications/Xcode-27.0.0-Release.Candidate.app/Contents/Developer/Platforms/iPhoneOS.platform/Developer/SDKs/iPhoneOS27.0.sdk -x c -c /dev/null
ExecuteExternalTool /Applications/Xcode-27.0.0-Release.Candidate.app/Contents/Developer/Toolchains/XcodeDefault.xctoolchain/usr/bin/clang -v -E -dM -arch arm64 -isysroot /Applications/Xcode-27.0.0-Release.Candidate.app/Contents/Developer/Platforms/iPhoneOS.platform/Developer/SDKs/iPhoneOS27.0.sdk -x c -c /dev/null
ExecuteExternalTool /Applications/Xcode-27.0.0-Release.Candidate.app/Contents/Developer/Toolchains/XcodeDefault.xctoolchain/usr/bin/ld -version_details
Build description signature: b39eac33f91098bd010cd94b308d2b73
Build description path: /Users/admin/builder/spi-builder-workspace/.derivedData/Build/Intermediates.noindex/XCBuildData/b39eac33f91098bd010cd94b308d2b73.xcbuilddata
CreateBuildDirectory /Users/admin/builder/spi-builder-workspace/.derivedData/ModuleCache.noindex
    cd /Users/admin/builder/spi-builder-workspace/.swiftpm/xcode
    builtin-create-build-directory /Users/admin/builder/spi-builder-workspace/.derivedData/ModuleCache.noindex
CreateBuildDirectory /Users/admin/builder/spi-builder-workspace/.derivedData/SDKExplicitPrecompiledModules
    cd /Users/admin/builder/spi-builder-workspace/.swiftpm/xcode
    builtin-create-build-directory /Users/admin/builder/spi-builder-workspace/.derivedData/SDKExplicitPrecompiledModules
CreateBuildDirectory /Users/admin/builder/spi-builder-workspace/.derivedData/CompilationCache.noindex
    cd /Users/admin/builder/spi-builder-workspace/.swiftpm/xcode
    builtin-create-build-directory /Users/admin/builder/spi-builder-workspace/.derivedData/CompilationCache.noindex
ClangStatCache /Applications/Xcode-27.0.0-Release.Candidate.app/Contents/Developer/Toolchains/XcodeDefault.xctoolchain/usr/bin/clang-stat-cache /Applications/Xcode-27.0.0-Release.Candidate.app/Contents/Developer/Platforms/iPhoneOS.platform/Developer/SDKs/iPhoneOS27.0.sdk /Users/admin/builder/spi-builder-workspace/.derivedData/SDKStatCaches.noindex/iphoneos27.0-24A430-e829b21a6f8c9b70876ba0858053c04440ceaa042ed91876912b2eeea4e3aa14.sdkstatcache
    cd /Users/admin/builder/spi-builder-workspace/.swiftpm/xcode
    /Applications/Xcode-27.0.0-Release.Candidate.app/Contents/Developer/Toolchains/XcodeDefault.xctoolchain/usr/bin/clang-stat-cache /Applications/Xcode-27.0.0-Release.Candidate.app/Contents/Developer/Platforms/iPhoneOS.platform/Developer/SDKs/iPhoneOS27.0.sdk -o /Users/admin/builder/spi-builder-workspace/.derivedData/SDKStatCaches.noindex/iphoneos27.0-24A430-e829b21a6f8c9b70876ba0858053c04440ceaa042ed91876912b2eeea4e3aa14.sdkstatcache
CreateBuildDirectory /Users/admin/builder/spi-builder-workspace/.derivedData/Build/Intermediates.noindex
    cd /Users/admin/builder/spi-builder-workspace/.swiftpm/xcode
    builtin-create-build-directory /Users/admin/builder/spi-builder-workspace/.derivedData/Build/Intermediates.noindex
CreateBuildDirectory /Users/admin/builder/spi-builder-workspace/.derivedData/Build/Products
    cd /Users/admin/builder/spi-builder-workspace/.swiftpm/xcode
    builtin-create-build-directory /Users/admin/builder/spi-builder-workspace/.derivedData/Build/Products
CreateBuildDirectory /Users/admin/builder/spi-builder-workspace/.derivedData/Build/Intermediates.noindex/SwiftExplicitPrecompiledModules
    cd /Users/admin/builder/spi-builder-workspace/.swiftpm/xcode
    builtin-create-build-directory /Users/admin/builder/spi-builder-workspace/.derivedData/Build/Intermediates.noindex/SwiftExplicitPrecompiledModules
CreateBuildDirectory /Users/admin/builder/spi-builder-workspace/.derivedData/Build/Products/Debug-iphoneos
    cd /Users/admin/builder/spi-builder-workspace/.swiftpm/xcode
    builtin-create-build-directory /Users/admin/builder/spi-builder-workspace/.derivedData/Build/Products/Debug-iphoneos
CreateBuildDirectory /Users/admin/builder/spi-builder-workspace/.derivedData/Build/Intermediates.noindex/PrecompiledHeaders
    cd /Users/admin/builder/spi-builder-workspace/.swiftpm/xcode
    builtin-create-build-directory /Users/admin/builder/spi-builder-workspace/.derivedData/Build/Intermediates.noindex/PrecompiledHeaders
CreateBuildDirectory /Users/admin/builder/spi-builder-workspace/.derivedData/Build/Intermediates.noindex/ExplicitPrecompiledModules
    cd /Users/admin/builder/spi-builder-workspace/.swiftpm/xcode
    builtin-create-build-directory /Users/admin/builder/spi-builder-workspace/.derivedData/Build/Intermediates.noindex/ExplicitPrecompiledModules
CreateBuildDirectory /Users/admin/builder/spi-builder-workspace/.derivedData/Build/Intermediates.noindex/EagerLinkingTBDs/Debug-iphoneos
    cd /Users/admin/builder/spi-builder-workspace/.swiftpm/xcode
    builtin-create-build-directory /Users/admin/builder/spi-builder-workspace/.derivedData/Build/Intermediates.noindex/EagerLinkingTBDs/Debug-iphoneos
CreateBuildDirectory /Users/admin/builder/spi-builder-workspace/.derivedData/Build/Products/Debug-iphoneos/PackageFrameworks
    cd /Users/admin/builder/spi-builder-workspace/.swiftpm/xcode
    builtin-create-build-directory /Users/admin/builder/spi-builder-workspace/.derivedData/Build/Products/Debug-iphoneos/PackageFrameworks
WriteAuxiliaryFile /Users/admin/builder/spi-builder-workspace/.derivedData/Build/Intermediates.noindex/RxSwift.build/Debug-iphoneos/RxSwift_RxSwift-b.build/RxSwift_RxSwift.DependencyMetadataFileList (in target 'RxSwift_RxSwift' from project 'RxSwift')
    cd /Users/admin/builder/spi-builder-workspace/.dependencies/checkouts/RxSwift
    write-file /Users/admin/builder/spi-builder-workspace/.derivedData/Build/Intermediates.noindex/RxSwift.build/Debug-iphoneos/RxSwift_RxSwift-b.build/RxSwift_RxSwift.DependencyMetadataFileList
WriteAuxiliaryFile /Users/admin/builder/spi-builder-workspace/.derivedData/Build/Intermediates.noindex/RxSwift.build/Debug-iphoneos/RxSwift_RxSwift-b.build/empty-RxSwift_RxSwift.plist (in target 'RxSwift_RxSwift' from project 'RxSwift')
    cd /Users/admin/builder/spi-builder-workspace/.dependencies/checkouts/RxSwift
    write-file /Users/admin/builder/spi-builder-workspace/.derivedData/Build/Intermediates.noindex/RxSwift.build/Debug-iphoneos/RxSwift_RxSwift-b.build/empty-RxSwift_RxSwift.plist
WriteAuxiliaryFile /Users/admin/builder/spi-builder-workspace/.derivedData/Build/Intermediates.noindex/RxSwift.build/Debug-iphoneos/RxSwift_RxSwift-b.build/RxSwift_RxSwift.DependencyStaticMetadataFileList (in target 'RxSwift_RxSwift' from project 'RxSwift')
    cd /Users/admin/builder/spi-builder-workspace/.dependencies/checkouts/RxSwift
    write-file /Users/admin/builder/spi-builder-workspace/.derivedData/Build/Intermediates.noindex/RxSwift.build/Debug-iphoneos/RxSwift_RxSwift-b.build/RxSwift_RxSwift.DependencyStaticMetadataFileList
WriteAuxiliaryFile /Users/admin/builder/spi-builder-workspace/.derivedData/Build/Intermediates.noindex/RxSwift.build/Debug-iphoneos/RxSwift_RxRelay-b.build/RxSwift_RxRelay.DependencyStaticMetadataFileList (in target 'RxSwift_RxRelay' from project 'RxSwift')
    cd /Users/admin/builder/spi-builder-workspace/.dependencies/checkouts/RxSwift
    write-file /Users/admin/builder/spi-builder-workspace/.derivedData/Build/Intermediates.noindex/RxSwift.build/Debug-iphoneos/RxSwift_RxRelay-b.build/RxSwift_RxRelay.DependencyStaticMetadataFileList
WriteAuxiliaryFile /Users/admin/builder/spi-builder-workspace/.derivedData/Build/Intermediates.noindex/RxSwift.build/Debug-iphoneos/RxSwift_RxRelay-b.build/RxSwift_RxRelay.DependencyMetadataFileList (in target 'RxSwift_RxRelay' from project 'RxSwift')
    cd /Users/admin/builder/spi-builder-workspace/.dependencies/checkouts/RxSwift
    write-file /Users/admin/builder/spi-builder-workspace/.derivedData/Build/Intermediates.noindex/RxSwift.build/Debug-iphoneos/RxSwift_RxRelay-b.build/RxSwift_RxRelay.DependencyMetadataFileList
WriteAuxiliaryFile /Users/admin/builder/spi-builder-workspace/.derivedData/Build/Intermediates.noindex/RxSwift.build/Debug-iphoneos/RxSwift_RxRelay-b.build/empty-RxSwift_RxRelay.plist (in target 'RxSwift_RxRelay' from project 'RxSwift')
    cd /Users/admin/builder/spi-builder-workspace/.dependencies/checkouts/RxSwift
    write-file /Users/admin/builder/spi-builder-workspace/.derivedData/Build/Intermediates.noindex/RxSwift.build/Debug-iphoneos/RxSwift_RxRelay-b.build/empty-RxSwift_RxRelay.plist
WriteAuxiliaryFile /Users/admin/builder/spi-builder-workspace/.derivedData/Build/Intermediates.noindex/RxSwift.build/Debug-iphoneos/RxSwift_RxCocoaRuntime-b.build/empty-RxSwift_RxCocoaRuntime.plist (in target 'RxSwift_RxCocoaRuntime' from project 'RxSwift')
    cd /Users/admin/builder/spi-builder-workspace/.dependencies/checkouts/RxSwift
    write-file /Users/admin/builder/spi-builder-workspace/.derivedData/Build/Intermediates.noindex/RxSwift.build/Debug-iphoneos/RxSwift_RxCocoaRuntime-b.build/empty-RxSwift_RxCocoaRuntime.plist
WriteAuxiliaryFile /Users/admin/builder/spi-builder-workspace/.derivedData/Build/Intermediates.noindex/RxSwift.build/Debug-iphoneos/RxSwift_RxCocoaRuntime-b.build/RxSwift_RxCocoaRuntime.DependencyStaticMetadataFileList (in target 'RxSwift_RxCocoaRuntime' from project 'RxSwift')
    cd /Users/admin/builder/spi-builder-workspace/.dependencies/checkouts/RxSwift
    write-file /Users/admin/builder/spi-builder-workspace/.derivedData/Build/Intermediates.noindex/RxSwift.build/Debug-iphoneos/RxSwift_RxCocoaRuntime-b.build/RxSwift_RxCocoaRuntime.DependencyStaticMetadataFileList
WriteAuxiliaryFile /Users/admin/builder/spi-builder-workspace/.derivedData/Build/Intermediates.noindex/RxSwift.build/Debug-iphoneos/RxSwift_RxCocoaRuntime-b.build/RxSwift_RxCocoaRuntime.DependencyMetadataFileList (in target 'RxSwift_RxCocoaRuntime' from project 'RxSwift')
    cd /Users/admin/builder/spi-builder-workspace/.dependencies/checkouts/RxSwift
    write-file /Users/admin/builder/spi-builder-workspace/.derivedData/Build/Intermediates.noindex/RxSwift.build/Debug-iphoneos/RxSwift_RxCocoaRuntime-b.build/RxSwift_RxCocoaRuntime.DependencyMetadataFileList
WriteAuxiliaryFile /Users/admin/builder/spi-builder-workspace/.derivedData/Build/Intermediates.noindex/RxSwift.build/Debug-iphoneos/RxSwift_RxCocoa-b.build/RxSwift_RxCocoa.DependencyStaticMetadataFileList (in target 'RxSwift_RxCocoa' from project 'RxSwift')
    cd /Users/admin/builder/spi-builder-workspace/.dependencies/checkouts/RxSwift
    write-file /Users/admin/builder/spi-builder-workspace/.derivedData/Build/Intermediates.noindex/RxSwift.build/Debug-iphoneos/RxSwift_RxCocoa-b.build/RxSwift_RxCocoa.DependencyStaticMetadataFileList
WriteAuxiliaryFile /Users/admin/builder/spi-builder-workspace/.derivedData/Build/Intermediates.noindex/RxSwift.build/Debug-iphoneos/RxSwift_RxCocoa-b.build/RxSwift_RxCocoa.DependencyMetadataFileList (in target 'RxSwift_RxCocoa' from project 'RxSwift')
    cd /Users/admin/builder/spi-builder-workspace/.dependencies/checkouts/RxSwift
    write-file /Users/admin/builder/spi-builder-workspace/.derivedData/Build/Intermediates.noindex/RxSwift.build/Debug-iphoneos/RxSwift_RxCocoa-b.build/RxSwift_RxCocoa.DependencyMetadataFileList
WriteAuxiliaryFile /Users/admin/builder/spi-builder-workspace/.derivedData/Build/Intermediates.noindex/RxSwift.build/Debug-iphoneos/RxSwift_RxCocoa-b.build/empty-RxSwift_RxCocoa.plist (in target 'RxSwift_RxCocoa' from project 'RxSwift')
    cd /Users/admin/builder/spi-builder-workspace/.dependencies/checkouts/RxSwift
    write-file /Users/admin/builder/spi-builder-workspace/.derivedData/Build/Intermediates.noindex/RxSwift.build/Debug-iphoneos/RxSwift_RxCocoa-b.build/empty-RxSwift_RxCocoa.plist
WriteAuxiliaryFile /Users/admin/builder/spi-builder-workspace/.derivedData/Build/Intermediates.noindex/RxSwift.build/Debug-iphoneos/RxSwift-t.build/RxSwift.modulemap (in target 'RxSwift' from project 'RxSwift')
    cd /Users/admin/builder/spi-builder-workspace/.dependencies/checkouts/RxSwift
    write-file /Users/admin/builder/spi-builder-workspace/.derivedData/Build/Intermediates.noindex/RxSwift.build/Debug-iphoneos/RxSwift-t.build/RxSwift.modulemap
WriteAuxiliaryFile /Users/admin/builder/spi-builder-workspace/.derivedData/Build/Intermediates.noindex/RxSwift.build/Debug-iphoneos/RxSwift-t.build/RxSwift.DependencyStaticMetadataFileList (in target 'RxSwift' from project 'RxSwift')
    cd /Users/admin/builder/spi-builder-workspace/.dependencies/checkouts/RxSwift
    write-file /Users/admin/builder/spi-builder-workspace/.derivedData/Build/Intermediates.noindex/RxSwift.build/Debug-iphoneos/RxSwift-t.build/RxSwift.DependencyStaticMetadataFileList
WriteAuxiliaryFile /Users/admin/builder/spi-builder-workspace/.derivedData/Build/Intermediates.noindex/RxSwift.build/Debug-iphoneos/RxSwift-t.build/RxSwift.DependencyMetadataFileList (in target 'RxSwift' from project 'RxSwift')
    cd /Users/admin/builder/spi-builder-workspace/.dependencies/checkouts/RxSwift
    write-file /Users/admin/builder/spi-builder-workspace/.derivedData/Build/Intermediates.noindex/RxSwift.build/Debug-iphoneos/RxSwift-t.build/RxSwift.DependencyMetadataFileList
WriteAuxiliaryFile /Users/admin/builder/spi-builder-workspace/.derivedData/Build/Intermediates.noindex/RxSwift.build/Debug-iphoneos/RxSwift-t.build/Objects-normal/arm64/RxSwift_const_extract_protocols.json (in target 'RxSwift' from project 'RxSwift')
    cd /Users/admin/builder/spi-builder-workspace/.dependencies/checkouts/RxSwift
    write-file /Users/admin/builder/spi-builder-workspace/.derivedData/Build/Intermediates.noindex/RxSwift.build/Debug-iphoneos/RxSwift-t.build/Objects-normal/arm64/RxSwift_const_extract_protocols.json
WriteAuxiliaryFile /Users/admin/builder/spi-builder-workspace/.derivedData/Build/Intermediates.noindex/RxSwift.build/Debug-iphoneos/RxSwift-t.build/Objects-normal/arm64/RxSwift.SwiftFileList (in target 'RxSwift' from project 'RxSwift')
    cd /Users/admin/builder/spi-builder-workspace/.dependencies/checkouts/RxSwift
    write-file /Users/admin/builder/spi-builder-workspace/.derivedData/Build/Intermediates.noindex/RxSwift.build/Debug-iphoneos/RxSwift-t.build/Objects-normal/arm64/RxSwift.SwiftFileList
WriteAuxiliaryFile /Users/admin/builder/spi-builder-workspace/.derivedData/Build/Intermediates.noindex/RxSwift.build/Debug-iphoneos/RxSwift-t.build/Objects-normal/arm64/RxSwift.SwiftConstValuesFileList (in target 'RxSwift' from project 'RxSwift')
    cd /Users/admin/builder/spi-builder-workspace/.dependencies/checkouts/RxSwift
    write-file /Users/admin/builder/spi-builder-workspace/.derivedData/Build/Intermediates.noindex/RxSwift.build/Debug-iphoneos/RxSwift-t.build/Objects-normal/arm64/RxSwift.SwiftConstValuesFileList
WriteAuxiliaryFile /Users/admin/builder/spi-builder-workspace/.derivedData/Build/Intermediates.noindex/RxSwift.build/Debug-iphoneos/RxSwift-t.build/Objects-normal/arm64/RxSwift.LinkFileList (in target 'RxSwift' from project 'RxSwift')
    cd /Users/admin/builder/spi-builder-workspace/.dependencies/checkouts/RxSwift
    write-file /Users/admin/builder/spi-builder-workspace/.derivedData/Build/Intermediates.noindex/RxSwift.build/Debug-iphoneos/RxSwift-t.build/Objects-normal/arm64/RxSwift.LinkFileList
WriteAuxiliaryFile /Users/admin/builder/spi-builder-workspace/.derivedData/Build/Intermediates.noindex/RxSwift.build/Debug-iphoneos/RxSwift-t.build/Objects-normal/arm64/RxSwift-OutputFileMap.json (in target 'RxSwift' from project 'RxSwift')
    cd /Users/admin/builder/spi-builder-workspace/.dependencies/checkouts/RxSwift
    write-file /Users/admin/builder/spi-builder-workspace/.derivedData/Build/Intermediates.noindex/RxSwift.build/Debug-iphoneos/RxSwift-t.build/Objects-normal/arm64/RxSwift-OutputFileMap.json
MkDir /Users/admin/builder/spi-builder-workspace/.derivedData/Build/Products/Debug-iphoneos/RxSwift_RxSwift.bundle (in target 'RxSwift_RxSwift' from project 'RxSwift')
    cd /Users/admin/builder/spi-builder-workspace/.dependencies/checkouts/RxSwift
    /bin/mkdir -p /Users/admin/builder/spi-builder-workspace/.derivedData/Build/Products/Debug-iphoneos/RxSwift_RxSwift.bundle
WriteAuxiliaryFile /Users/admin/builder/spi-builder-workspace/.derivedData/Build/Intermediates.noindex/RxSwift.build/Debug-iphoneos/RxSwift-t.build/DerivedSources/resource_bundle_accessor.swift (in target 'RxSwift' from project 'RxSwift')
    cd /Users/admin/builder/spi-builder-workspace/.dependencies/checkouts/RxSwift
    write-file /Users/admin/builder/spi-builder-workspace/.derivedData/Build/Intermediates.noindex/RxSwift.build/Debug-iphoneos/RxSwift-t.build/DerivedSources/resource_bundle_accessor.swift
Copy /Users/admin/builder/spi-builder-workspace/.derivedData/Build/Intermediates.noindex/GeneratedModuleMaps-iphoneos/RxSwift.modulemap /Users/admin/builder/spi-builder-workspace/.derivedData/Build/Intermediates.noindex/RxSwift.build/Debug-iphoneos/RxSwift-t.build/RxSwift.modulemap (in target 'RxSwift' from project 'RxSwift')
    cd /Users/admin/builder/spi-builder-workspace/.dependencies/checkouts/RxSwift
    builtin-copy -exclude .DS_Store -exclude CVS -exclude .svn -exclude .git -exclude .hg -resolve-src-symlinks /Users/admin/builder/spi-builder-workspace/.derivedData/Build/Intermediates.noindex/RxSwift.build/Debug-iphoneos/RxSwift-t.build/RxSwift.modulemap /Users/admin/builder/spi-builder-workspace/.derivedData/Build/Intermediates.noindex/GeneratedModuleMaps-iphoneos
MkDir /Users/admin/builder/spi-builder-workspace/.derivedData/Build/Products/Debug-iphoneos/RxSwift_RxRelay.bundle (in target 'RxSwift_RxRelay' from project 'RxSwift')
    cd /Users/admin/builder/spi-builder-workspace/.dependencies/checkouts/RxSwift
    /bin/mkdir -p /Users/admin/builder/spi-builder-workspace/.derivedData/Build/Products/Debug-iphoneos/RxSwift_RxRelay.bundle
MkDir /Users/admin/builder/spi-builder-workspace/.derivedData/Build/Products/Debug-iphoneos/RxSwift_RxCocoaRuntime.bundle (in target 'RxSwift_RxCocoaRuntime' from project 'RxSwift')
    cd /Users/admin/builder/spi-builder-workspace/.dependencies/checkouts/RxSwift
    /bin/mkdir -p /Users/admin/builder/spi-builder-workspace/.derivedData/Build/Products/Debug-iphoneos/RxSwift_RxCocoaRuntime.bundle
MkDir /Users/admin/builder/spi-builder-workspace/.derivedData/Build/Products/Debug-iphoneos/RxSwift_RxCocoa.bundle (in target 'RxSwift_RxCocoa' from project 'RxSwift')
    cd /Users/admin/builder/spi-builder-workspace/.dependencies/checkouts/RxSwift
    /bin/mkdir -p /Users/admin/builder/spi-builder-workspace/.derivedData/Build/Products/Debug-iphoneos/RxSwift_RxCocoa.bundle
WriteAuxiliaryFile /Users/admin/builder/spi-builder-workspace/.derivedData/Build/Intermediates.noindex/RxSwift.build/Debug-iphoneos/RxRelay-t.build/RxRelay.modulemap (in target 'RxRelay' from project 'RxSwift')
    cd /Users/admin/builder/spi-builder-workspace/.dependencies/checkouts/RxSwift
    write-file /Users/admin/builder/spi-builder-workspace/.derivedData/Build/Intermediates.noindex/RxSwift.build/Debug-iphoneos/RxRelay-t.build/RxRelay.modulemap
WriteAuxiliaryFile /Users/admin/builder/spi-builder-workspace/.derivedData/Build/Intermediates.noindex/RxSwift.build/Debug-iphoneos/RxRelay-t.build/RxRelay.DependencyStaticMetadataFileList (in target 'RxRelay' from project 'RxSwift')
    cd /Users/admin/builder/spi-builder-workspace/.dependencies/checkouts/RxSwift
    write-file /Users/admin/builder/spi-builder-workspace/.derivedData/Build/Intermediates.noindex/RxSwift.build/Debug-iphoneos/RxRelay-t.build/RxRelay.DependencyStaticMetadataFileList
WriteAuxiliaryFile /Users/admin/builder/spi-builder-workspace/.derivedData/Build/Intermediates.noindex/RxSwift.build/Debug-iphoneos/RxRelay-t.build/RxRelay.DependencyMetadataFileList (in target 'RxRelay' from project 'RxSwift')
    cd /Users/admin/builder/spi-builder-workspace/.dependencies/checkouts/RxSwift
    write-file /Users/admin/builder/spi-builder-workspace/.derivedData/Build/Intermediates.noindex/RxSwift.build/Debug-iphoneos/RxRelay-t.build/RxRelay.DependencyMetadataFileList
WriteAuxiliaryFile /Users/admin/builder/spi-builder-workspace/.derivedData/Build/Intermediates.noindex/RxSwift.build/Debug-iphoneos/RxRelay-t.build/Objects-normal/arm64/RxRelay_const_extract_protocols.json (in target 'RxRelay' from project 'RxSwift')
    cd /Users/admin/builder/spi-builder-workspace/.dependencies/checkouts/RxSwift
    write-file /Users/admin/builder/spi-builder-workspace/.derivedData/Build/Intermediates.noindex/RxSwift.build/Debug-iphoneos/RxRelay-t.build/Objects-normal/arm64/RxRelay_const_extract_protocols.json
WriteAuxiliaryFile /Users/admin/builder/spi-builder-workspace/.derivedData/Build/Intermediates.noindex/RxSwift.build/Debug-iphoneos/RxRelay-t.build/Objects-normal/arm64/RxRelay.SwiftFileList (in target 'RxRelay' from project 'RxSwift')
    cd /Users/admin/builder/spi-builder-workspace/.dependencies/checkouts/RxSwift
    write-file /Users/admin/builder/spi-builder-workspace/.derivedData/Build/Intermediates.noindex/RxSwift.build/Debug-iphoneos/RxRelay-t.build/Objects-normal/arm64/RxRelay.SwiftFileList
WriteAuxiliaryFile /Users/admin/builder/spi-builder-workspace/.derivedData/Build/Intermediates.noindex/RxSwift.build/Debug-iphoneos/RxRelay-t.build/Objects-normal/arm64/RxRelay.SwiftConstValuesFileList (in target 'RxRelay' from project 'RxSwift')
    cd /Users/admin/builder/spi-builder-workspace/.dependencies/checkouts/RxSwift
    write-file /Users/admin/builder/spi-builder-workspace/.derivedData/Build/Intermediates.noindex/RxSwift.build/Debug-iphoneos/RxRelay-t.build/Objects-normal/arm64/RxRelay.SwiftConstValuesFileList
WriteAuxiliaryFile /Users/admin/builder/spi-builder-workspace/.derivedData/Build/Intermediates.noindex/RxSwift.build/Debug-iphoneos/RxRelay-t.build/Objects-normal/arm64/RxRelay.LinkFileList (in target 'RxRelay' from project 'RxSwift')
    cd /Users/admin/builder/spi-builder-workspace/.dependencies/checkouts/RxSwift
    write-file /Users/admin/builder/spi-builder-workspace/.derivedData/Build/Intermediates.noindex/RxSwift.build/Debug-iphoneos/RxRelay-t.build/Objects-normal/arm64/RxRelay.LinkFileList
WriteAuxiliaryFile /Users/admin/builder/spi-builder-workspace/.derivedData/Build/Intermediates.noindex/RxSwift.build/Debug-iphoneos/RxRelay-t.build/Objects-normal/arm64/RxRelay-OutputFileMap.json (in target 'RxRelay' from project 'RxSwift')
    cd /Users/admin/builder/spi-builder-workspace/.dependencies/checkouts/RxSwift
    write-file /Users/admin/builder/spi-builder-workspace/.derivedData/Build/Intermediates.noindex/RxSwift.build/Debug-iphoneos/RxRelay-t.build/Objects-normal/arm64/RxRelay-OutputFileMap.json
WriteAuxiliaryFile /Users/admin/builder/spi-builder-workspace/.derivedData/Build/Intermediates.noindex/RxSwift.build/Debug-iphoneos/RxRelay-t.build/DerivedSources/resource_bundle_accessor.swift (in target 'RxRelay' from project 'RxSwift')
    cd /Users/admin/builder/spi-builder-workspace/.dependencies/checkouts/RxSwift
    write-file /Users/admin/builder/spi-builder-workspace/.derivedData/Build/Intermediates.noindex/RxSwift.build/Debug-iphoneos/RxRelay-t.build/DerivedSources/resource_bundle_accessor.swift
WriteAuxiliaryFile /Users/admin/builder/spi-builder-workspace/.derivedData/Build/Intermediates.noindex/RxOmnibar.build/Debug-iphoneos/RxOmnibar-t.build/RxOmnibar.DependencyStaticMetadataFileList (in target 'RxOmnibar' from project 'RxOmnibar')
    cd /Users/admin/builder/spi-builder-workspace
    write-file /Users/admin/builder/spi-builder-workspace/.derivedData/Build/Intermediates.noindex/RxOmnibar.build/Debug-iphoneos/RxOmnibar-t.build/RxOmnibar.DependencyStaticMetadataFileList
WriteAuxiliaryFile /Users/admin/builder/spi-builder-workspace/.derivedData/Build/Intermediates.noindex/RxOmnibar.build/Debug-iphoneos/RxOmnibar-t.build/RxOmnibar.DependencyMetadataFileList (in target 'RxOmnibar' from project 'RxOmnibar')
    cd /Users/admin/builder/spi-builder-workspace
    write-file /Users/admin/builder/spi-builder-workspace/.derivedData/Build/Intermediates.noindex/RxOmnibar.build/Debug-iphoneos/RxOmnibar-t.build/RxOmnibar.DependencyMetadataFileList
WriteAuxiliaryFile /Users/admin/builder/spi-builder-workspace/.derivedData/Build/Intermediates.noindex/RxOmnibar.build/Debug-iphoneos/RxOmnibar-t.build/RxOmnibar.modulemap (in target 'RxOmnibar' from project 'RxOmnibar')
    cd /Users/admin/builder/spi-builder-workspace
    write-file /Users/admin/builder/spi-builder-workspace/.derivedData/Build/Intermediates.noindex/RxOmnibar.build/Debug-iphoneos/RxOmnibar-t.build/RxOmnibar.modulemap
WriteAuxiliaryFile /Users/admin/builder/spi-builder-workspace/.derivedData/Build/Intermediates.noindex/RxOmnibar.build/Debug-iphoneos/RxOmnibar-t.build/Objects-normal/arm64/RxOmnibar_const_extract_protocols.json (in target 'RxOmnibar' from project 'RxOmnibar')
    cd /Users/admin/builder/spi-builder-workspace
    write-file /Users/admin/builder/spi-builder-workspace/.derivedData/Build/Intermediates.noindex/RxOmnibar.build/Debug-iphoneos/RxOmnibar-t.build/Objects-normal/arm64/RxOmnibar_const_extract_protocols.json
WriteAuxiliaryFile /Users/admin/builder/spi-builder-workspace/.derivedData/Build/Intermediates.noindex/RxOmnibar.build/Debug-iphoneos/RxOmnibar-t.build/Objects-normal/arm64/RxOmnibar.SwiftFileList (in target 'RxOmnibar' from project 'RxOmnibar')
    cd /Users/admin/builder/spi-builder-workspace
    write-file /Users/admin/builder/spi-builder-workspace/.derivedData/Build/Intermediates.noindex/RxOmnibar.build/Debug-iphoneos/RxOmnibar-t.build/Objects-normal/arm64/RxOmnibar.SwiftFileList
WriteAuxiliaryFile /Users/admin/builder/spi-builder-workspace/.derivedData/Build/Intermediates.noindex/RxOmnibar.build/Debug-iphoneos/RxOmnibar-t.build/Objects-normal/arm64/RxOmnibar.SwiftConstValuesFileList (in target 'RxOmnibar' from project 'RxOmnibar')
    cd /Users/admin/builder/spi-builder-workspace
    write-file /Users/admin/builder/spi-builder-workspace/.derivedData/Build/Intermediates.noindex/RxOmnibar.build/Debug-iphoneos/RxOmnibar-t.build/Objects-normal/arm64/RxOmnibar.SwiftConstValuesFileList
Copy /Users/admin/builder/spi-builder-workspace/.derivedData/Build/Intermediates.noindex/GeneratedModuleMaps-iphoneos/RxRelay.modulemap /Users/admin/builder/spi-builder-workspace/.derivedData/Build/Intermediates.noindex/RxSwift.build/Debug-iphoneos/RxRelay-t.build/RxRelay.modulemap (in target 'RxRelay' from project 'RxSwift')
    cd /Users/admin/builder/spi-builder-workspace/.dependencies/checkouts/RxSwift
    builtin-copy -exclude .DS_Store -exclude CVS -exclude .svn -exclude .git -exclude .hg -resolve-src-symlinks /Users/admin/builder/spi-builder-workspace/.derivedData/Build/Intermediates.noindex/RxSwift.build/Debug-iphoneos/RxRelay-t.build/RxRelay.modulemap /Users/admin/builder/spi-builder-workspace/.derivedData/Build/Intermediates.noindex/GeneratedModuleMaps-iphoneos
WriteAuxiliaryFile /Users/admin/builder/spi-builder-workspace/.derivedData/Build/Intermediates.noindex/RxOmnibar.build/Debug-iphoneos/RxOmnibar-t.build/Objects-normal/arm64/RxOmnibar.LinkFileList (in target 'RxOmnibar' from project 'RxOmnibar')
    cd /Users/admin/builder/spi-builder-workspace
    write-file /Users/admin/builder/spi-builder-workspace/.derivedData/Build/Intermediates.noindex/RxOmnibar.build/Debug-iphoneos/RxOmnibar-t.build/Objects-normal/arm64/RxOmnibar.LinkFileList
WriteAuxiliaryFile /Users/admin/builder/spi-builder-workspace/.derivedData/Build/Intermediates.noindex/RxOmnibar.build/Debug-iphoneos/RxOmnibar-t.build/Objects-normal/arm64/RxOmnibar-OutputFileMap.json (in target 'RxOmnibar' from project 'RxOmnibar')
    cd /Users/admin/builder/spi-builder-workspace
    write-file /Users/admin/builder/spi-builder-workspace/.derivedData/Build/Intermediates.noindex/RxOmnibar.build/Debug-iphoneos/RxOmnibar-t.build/Objects-normal/arm64/RxOmnibar-OutputFileMap.json
WriteAuxiliaryFile /Users/admin/builder/spi-builder-workspace/.derivedData/Build/Intermediates.noindex/RxOmnibar.build/Debug-iphoneos/RxOmnibar-Dynamic-product-t.build/RxOmnibar-Dynamic.DependencyStaticMetadataFileList (in target 'RxOmnibar-Dynamic-product' from project 'RxOmnibar')
    cd /Users/admin/builder/spi-builder-workspace
    write-file /Users/admin/builder/spi-builder-workspace/.derivedData/Build/Intermediates.noindex/RxOmnibar.build/Debug-iphoneos/RxOmnibar-Dynamic-product-t.build/RxOmnibar-Dynamic.DependencyStaticMetadataFileList
WriteAuxiliaryFile /Users/admin/builder/spi-builder-workspace/.derivedData/Build/Intermediates.noindex/RxOmnibar.build/Debug-iphoneos/RxOmnibar-Dynamic-product-t.build/empty-RxOmnibar-Dynamic.plist (in target 'RxOmnibar-Dynamic-product' from project 'RxOmnibar')
    cd /Users/admin/builder/spi-builder-workspace
    write-file /Users/admin/builder/spi-builder-workspace/.derivedData/Build/Intermediates.noindex/RxOmnibar.build/Debug-iphoneos/RxOmnibar-Dynamic-product-t.build/empty-RxOmnibar-Dynamic.plist
WriteAuxiliaryFile /Users/admin/builder/spi-builder-workspace/.derivedData/Build/Intermediates.noindex/RxOmnibar.build/Debug-iphoneos/RxOmnibar-Dynamic-product-t.build/RxOmnibar-Dynamic.DependencyMetadataFileList (in target 'RxOmnibar-Dynamic-product' from project 'RxOmnibar')
    cd /Users/admin/builder/spi-builder-workspace
    write-file /Users/admin/builder/spi-builder-workspace/.derivedData/Build/Intermediates.noindex/RxOmnibar.build/Debug-iphoneos/RxOmnibar-Dynamic-product-t.build/RxOmnibar-Dynamic.DependencyMetadataFileList
WriteAuxiliaryFile /Users/admin/builder/spi-builder-workspace/.derivedData/Build/Intermediates.noindex/RxOmnibar.build/Debug-iphoneos/RxOmnibar-Dynamic-product-t.build/Objects-normal/arm64/RxOmnibar-Dynamic.LinkFileList (in target 'RxOmnibar-Dynamic-product' from project 'RxOmnibar')
    cd /Users/admin/builder/spi-builder-workspace
    write-file /Users/admin/builder/spi-builder-workspace/.derivedData/Build/Intermediates.noindex/RxOmnibar.build/Debug-iphoneos/RxOmnibar-Dynamic-product-t.build/Objects-normal/arm64/RxOmnibar-Dynamic.LinkFileList
Copy /Users/admin/builder/spi-builder-workspace/.derivedData/Build/Intermediates.noindex/GeneratedModuleMaps-iphoneos/RxOmnibar.modulemap /Users/admin/builder/spi-builder-workspace/.derivedData/Build/Intermediates.noindex/RxOmnibar.build/Debug-iphoneos/RxOmnibar-t.build/RxOmnibar.modulemap (in target 'RxOmnibar' from project 'RxOmnibar')
    cd /Users/admin/builder/spi-builder-workspace
    builtin-copy -exclude .DS_Store -exclude CVS -exclude .svn -exclude .git -exclude .hg -resolve-src-symlinks /Users/admin/builder/spi-builder-workspace/.derivedData/Build/Intermediates.noindex/RxOmnibar.build/Debug-iphoneos/RxOmnibar-t.build/RxOmnibar.modulemap /Users/admin/builder/spi-builder-workspace/.derivedData/Build/Intermediates.noindex/GeneratedModuleMaps-iphoneos
WriteAuxiliaryFile /Users/admin/builder/spi-builder-workspace/.derivedData/Build/Intermediates.noindex/RxSwift.build/Debug-iphoneos/RxCocoaRuntime-t.build/RxCocoaRuntime.modulemap (in target 'RxCocoaRuntime' from project 'RxSwift')
    cd /Users/admin/builder/spi-builder-workspace/.dependencies/checkouts/RxSwift
    write-file /Users/admin/builder/spi-builder-workspace/.derivedData/Build/Intermediates.noindex/RxSwift.build/Debug-iphoneos/RxCocoaRuntime-t.build/RxCocoaRuntime.modulemap
WriteAuxiliaryFile /Users/admin/builder/spi-builder-workspace/.derivedData/Build/Intermediates.noindex/RxSwift.build/Debug-iphoneos/RxCocoaRuntime-t.build/RxCocoaRuntime.DependencyStaticMetadataFileList (in target 'RxCocoaRuntime' from project 'RxSwift')
    cd /Users/admin/builder/spi-builder-workspace/.dependencies/checkouts/RxSwift
    write-file /Users/admin/builder/spi-builder-workspace/.derivedData/Build/Intermediates.noindex/RxSwift.build/Debug-iphoneos/RxCocoaRuntime-t.build/RxCocoaRuntime.DependencyStaticMetadataFileList
WriteAuxiliaryFile /Users/admin/builder/spi-builder-workspace/.derivedData/Build/Intermediates.noindex/RxSwift.build/Debug-iphoneos/RxCocoaRuntime-t.build/RxCocoaRuntime.DependencyMetadataFileList (in target 'RxCocoaRuntime' from project 'RxSwift')
    cd /Users/admin/builder/spi-builder-workspace/.dependencies/checkouts/RxSwift
    write-file /Users/admin/builder/spi-builder-workspace/.derivedData/Build/Intermediates.noindex/RxSwift.build/Debug-iphoneos/RxCocoaRuntime-t.build/RxCocoaRuntime.DependencyMetadataFileList
WriteAuxiliaryFile /Users/admin/builder/spi-builder-workspace/.derivedData/Build/Intermediates.noindex/RxSwift.build/Debug-iphoneos/RxCocoaRuntime-t.build/Objects-normal/arm64/e6072d4f65d7061329687fe24e3d63a7-common-args.resp (in target 'RxCocoaRuntime' from project 'RxSwift')
    cd /Users/admin/builder/spi-builder-workspace/.dependencies/checkouts/RxSwift
    write-file /Users/admin/builder/spi-builder-workspace/.derivedData/Build/Intermediates.noindex/RxSwift.build/Debug-iphoneos/RxCocoaRuntime-t.build/Objects-normal/arm64/e6072d4f65d7061329687fe24e3d63a7-common-args.resp
-fobjc-arc -fmodules -gmodules '-fmodules-cache-path=/Users/admin/builder/spi-builder-workspace/.derivedData/ModuleCache.noindex' '-fmodule-name=RxCocoaRuntime' -fpascal-strings -O0 -DSWIFT_PACKAGE '-DDEBUG=1' '-DOBJC_OLD_DISPATCH_PROTOTYPES=1' -g -fprofile-instr-generate -fcoverage-mapping -I/Users/admin/builder/spi-builder-workspace/.derivedData/Build/Products/Debug-iphoneos/include -I/Users/admin/builder/spi-builder-workspace/.dependencies/checkouts/RxSwift/Sources/RxCocoaRuntime/include -I/Users/admin/builder/spi-builder-workspace/.derivedData/Build/Intermediates.noindex/RxSwift.build/Debug-iphoneos/RxCocoaRuntime-t.build/DerivedSources-normal/arm64 -I/Users/admin/builder/spi-builder-workspace/.derivedData/Build/Intermediates.noindex/RxSwift.build/Debug-iphoneos/RxCocoaRuntime-t.build/DerivedSources/arm64 -I/Users/admin/builder/spi-builder-workspace/.derivedData/Build/Intermediates.noindex/RxSwift.build/Debug-iphoneos/RxCocoaRuntime-t.build/DerivedSources -F/Users/admin/builder/spi-builder-workspace/.derivedData/Build/Products/Debug-iphoneos/PackageFrameworks -F/Users/admin/builder/spi-builder-workspace/.derivedData/Build/Products/Debug-iphoneos -iframework /Applications/Xcode-27.0.0-Release.Candidate.app/Contents/Developer/Platforms/iPhoneOS.platform/Developer/Library/Frameworks -iframework /Applications/Xcode-27.0.0-Release.Candidate.app/Contents/Developer/Platforms/iPhoneOS.platform/Developer/SDKs/iPhoneOS27.0.sdk/Developer/Library/Frameworks '-fmodule-map-file=/Users/admin/builder/spi-builder-workspace/.derivedData/Build/Intermediates.noindex/GeneratedModuleMaps-iphoneos/RxSwift.modulemap' -DXcode
WriteAuxiliaryFile /Users/admin/builder/spi-builder-workspace/.derivedData/Build/Intermediates.noindex/RxSwift.build/Debug-iphoneos/RxCocoaRuntime-t.build/Objects-normal/arm64/RxCocoaRuntime.LinkFileList (in target 'RxCocoaRuntime' from project 'RxSwift')
    cd /Users/admin/builder/spi-builder-workspace/.dependencies/checkouts/RxSwift
    write-file /Users/admin/builder/spi-builder-workspace/.derivedData/Build/Intermediates.noindex/RxSwift.build/Debug-iphoneos/RxCocoaRuntime-t.build/Objects-normal/arm64/RxCocoaRuntime.LinkFileList
WriteAuxiliaryFile /Users/admin/builder/spi-builder-workspace/.derivedData/Build/Intermediates.noindex/RxSwift.build/Debug-iphoneos/RxCocoaRuntime-t.build/DerivedSources/resource_bundle_accessor.m (in target 'RxCocoaRuntime' from project 'RxSwift')
    cd /Users/admin/builder/spi-builder-workspace/.dependencies/checkouts/RxSwift
    write-file /Users/admin/builder/spi-builder-workspace/.derivedData/Build/Intermediates.noindex/RxSwift.build/Debug-iphoneos/RxCocoaRuntime-t.build/DerivedSources/resource_bundle_accessor.m
WriteAuxiliaryFile /Users/admin/builder/spi-builder-workspace/.derivedData/Build/Intermediates.noindex/RxSwift.build/Debug-iphoneos/RxCocoaRuntime-t.build/DerivedSources/resource_bundle_accessor.h (in target 'RxCocoaRuntime' from project 'RxSwift')
    cd /Users/admin/builder/spi-builder-workspace/.dependencies/checkouts/RxSwift
    write-file /Users/admin/builder/spi-builder-workspace/.derivedData/Build/Intermediates.noindex/RxSwift.build/Debug-iphoneos/RxCocoaRuntime-t.build/DerivedSources/resource_bundle_accessor.h
WriteAuxiliaryFile /Users/admin/builder/spi-builder-workspace/.derivedData/Build/Intermediates.noindex/RxSwift.build/Debug-iphoneos/RxCocoa-t.build/RxCocoa.modulemap (in target 'RxCocoa' from project 'RxSwift')
    cd /Users/admin/builder/spi-builder-workspace/.dependencies/checkouts/RxSwift
    write-file /Users/admin/builder/spi-builder-workspace/.derivedData/Build/Intermediates.noindex/RxSwift.build/Debug-iphoneos/RxCocoa-t.build/RxCocoa.modulemap
WriteAuxiliaryFile /Users/admin/builder/spi-builder-workspace/.derivedData/Build/Intermediates.noindex/RxSwift.build/Debug-iphoneos/RxCocoa-t.build/RxCocoa.DependencyStaticMetadataFileList (in target 'RxCocoa' from project 'RxSwift')
    cd /Users/admin/builder/spi-builder-workspace/.dependencies/checkouts/RxSwift
    write-file /Users/admin/builder/spi-builder-workspace/.derivedData/Build/Intermediates.noindex/RxSwift.build/Debug-iphoneos/RxCocoa-t.build/RxCocoa.DependencyStaticMetadataFileList
Copy /Users/admin/builder/spi-builder-workspace/.derivedData/Build/Intermediates.noindex/GeneratedModuleMaps-iphoneos/RxCocoaRuntime.modulemap /Users/admin/builder/spi-builder-workspace/.derivedData/Build/Intermediates.noindex/RxSwift.build/Debug-iphoneos/RxCocoaRuntime-t.build/RxCocoaRuntime.modulemap (in target 'RxCocoaRuntime' from project 'RxSwift')
    cd /Users/admin/builder/spi-builder-workspace/.dependencies/checkouts/RxSwift
    builtin-copy -exclude .DS_Store -exclude CVS -exclude .svn -exclude .git -exclude .hg -resolve-src-symlinks /Users/admin/builder/spi-builder-workspace/.derivedData/Build/Intermediates.noindex/RxSwift.build/Debug-iphoneos/RxCocoaRuntime-t.build/RxCocoaRuntime.modulemap /Users/admin/builder/spi-builder-workspace/.derivedData/Build/Intermediates.noindex/GeneratedModuleMaps-iphoneos
WriteAuxiliaryFile /Users/admin/builder/spi-builder-workspace/.derivedData/Build/Intermediates.noindex/RxSwift.build/Debug-iphoneos/RxCocoa-t.build/RxCocoa.DependencyMetadataFileList (in target 'RxCocoa' from project 'RxSwift')
    cd /Users/admin/builder/spi-builder-workspace/.dependencies/checkouts/RxSwift
    write-file /Users/admin/builder/spi-builder-workspace/.derivedData/Build/Intermediates.noindex/RxSwift.build/Debug-iphoneos/RxCocoa-t.build/RxCocoa.DependencyMetadataFileList
WriteAuxiliaryFile /Users/admin/builder/spi-builder-workspace/.derivedData/Build/Intermediates.noindex/RxSwift.build/Debug-iphoneos/RxCocoa-t.build/Objects-normal/arm64/RxCocoa.SwiftFileList (in target 'RxCocoa' from project 'RxSwift')
    cd /Users/admin/builder/spi-builder-workspace/.dependencies/checkouts/RxSwift
    write-file /Users/admin/builder/spi-builder-workspace/.derivedData/Build/Intermediates.noindex/RxSwift.build/Debug-iphoneos/RxCocoa-t.build/Objects-normal/arm64/RxCocoa.SwiftFileList
WriteAuxiliaryFile /Users/admin/builder/spi-builder-workspace/.derivedData/Build/Intermediates.noindex/RxSwift.build/Debug-iphoneos/RxCocoa-t.build/Objects-normal/arm64/RxCocoa_const_extract_protocols.json (in target 'RxCocoa' from project 'RxSwift')
    cd /Users/admin/builder/spi-builder-workspace/.dependencies/checkouts/RxSwift
    write-file /Users/admin/builder/spi-builder-workspace/.derivedData/Build/Intermediates.noindex/RxSwift.build/Debug-iphoneos/RxCocoa-t.build/Objects-normal/arm64/RxCocoa_const_extract_protocols.json
WriteAuxiliaryFile /Users/admin/builder/spi-builder-workspace/.derivedData/Build/Intermediates.noindex/RxSwift.build/Debug-iphoneos/RxCocoa-t.build/Objects-normal/arm64/RxCocoa.SwiftConstValuesFileList (in target 'RxCocoa' from project 'RxSwift')
    cd /Users/admin/builder/spi-builder-workspace/.dependencies/checkouts/RxSwift
    write-file /Users/admin/builder/spi-builder-workspace/.derivedData/Build/Intermediates.noindex/RxSwift.build/Debug-iphoneos/RxCocoa-t.build/Objects-normal/arm64/RxCocoa.SwiftConstValuesFileList
WriteAuxiliaryFile /Users/admin/builder/spi-builder-workspace/.derivedData/Build/Intermediates.noindex/RxSwift.build/Debug-iphoneos/RxCocoa-t.build/Objects-normal/arm64/RxCocoa.LinkFileList (in target 'RxCocoa' from project 'RxSwift')
    cd /Users/admin/builder/spi-builder-workspace/.dependencies/checkouts/RxSwift
    write-file /Users/admin/builder/spi-builder-workspace/.derivedData/Build/Intermediates.noindex/RxSwift.build/Debug-iphoneos/RxCocoa-t.build/Objects-normal/arm64/RxCocoa.LinkFileList
WriteAuxiliaryFile /Users/admin/builder/spi-builder-workspace/.derivedData/Build/Intermediates.noindex/RxSwift.build/Debug-iphoneos/RxCocoa-t.build/Objects-normal/arm64/RxCocoa-OutputFileMap.json (in target 'RxCocoa' from project 'RxSwift')
    cd /Users/admin/builder/spi-builder-workspace/.dependencies/checkouts/RxSwift
    write-file /Users/admin/builder/spi-builder-workspace/.derivedData/Build/Intermediates.noindex/RxSwift.build/Debug-iphoneos/RxCocoa-t.build/Objects-normal/arm64/RxCocoa-OutputFileMap.json
WriteAuxiliaryFile /Users/admin/builder/spi-builder-workspace/.derivedData/Build/Intermediates.noindex/RxSwift.build/Debug-iphoneos/RxCocoa-t.build/DerivedSources/resource_bundle_accessor.swift (in target 'RxCocoa' from project 'RxSwift')
    cd /Users/admin/builder/spi-builder-workspace/.dependencies/checkouts/RxSwift
    write-file /Users/admin/builder/spi-builder-workspace/.derivedData/Build/Intermediates.noindex/RxSwift.build/Debug-iphoneos/RxCocoa-t.build/DerivedSources/resource_bundle_accessor.swift
Copy /Users/admin/builder/spi-builder-workspace/.derivedData/Build/Intermediates.noindex/GeneratedModuleMaps-iphoneos/RxCocoa.modulemap /Users/admin/builder/spi-builder-workspace/.derivedData/Build/Intermediates.noindex/RxSwift.build/Debug-iphoneos/RxCocoa-t.build/RxCocoa.modulemap (in target 'RxCocoa' from project 'RxSwift')
    cd /Users/admin/builder/spi-builder-workspace/.dependencies/checkouts/RxSwift
    builtin-copy -exclude .DS_Store -exclude CVS -exclude .svn -exclude .git -exclude .hg -resolve-src-symlinks /Users/admin/builder/spi-builder-workspace/.derivedData/Build/Intermediates.noindex/RxSwift.build/Debug-iphoneos/RxCocoa-t.build/RxCocoa.modulemap /Users/admin/builder/spi-builder-workspace/.derivedData/Build/Intermediates.noindex/GeneratedModuleMaps-iphoneos
WriteAuxiliaryFile /Users/admin/builder/spi-builder-workspace/.derivedData/Build/Intermediates.noindex/Omnibar.build/Debug-iphoneos/Omnibar-t.build/Omnibar.modulemap (in target 'Omnibar' from project 'Omnibar')
    cd /Users/admin/builder/spi-builder-workspace/.dependencies/checkouts/Omnibar
    write-file /Users/admin/builder/spi-builder-workspace/.derivedData/Build/Intermediates.noindex/Omnibar.build/Debug-iphoneos/Omnibar-t.build/Omnibar.modulemap
WriteAuxiliaryFile /Users/admin/builder/spi-builder-workspace/.derivedData/Build/Intermediates.noindex/Omnibar.build/Debug-iphoneos/Omnibar-t.build/Omnibar.DependencyMetadataFileList (in target 'Omnibar' from project 'Omnibar')
    cd /Users/admin/builder/spi-builder-workspace/.dependencies/checkouts/Omnibar
    write-file /Users/admin/builder/spi-builder-workspace/.derivedData/Build/Intermediates.noindex/Omnibar.build/Debug-iphoneos/Omnibar-t.build/Omnibar.DependencyMetadataFileList
WriteAuxiliaryFile /Users/admin/builder/spi-builder-workspace/.derivedData/Build/Intermediates.noindex/Omnibar.build/Debug-iphoneos/Omnibar-t.build/Omnibar.DependencyStaticMetadataFileList (in target 'Omnibar' from project 'Omnibar')
    cd /Users/admin/builder/spi-builder-workspace/.dependencies/checkouts/Omnibar
    write-file /Users/admin/builder/spi-builder-workspace/.derivedData/Build/Intermediates.noindex/Omnibar.build/Debug-iphoneos/Omnibar-t.build/Omnibar.DependencyStaticMetadataFileList
WriteAuxiliaryFile /Users/admin/builder/spi-builder-workspace/.derivedData/Build/Intermediates.noindex/Omnibar.build/Debug-iphoneos/Omnibar-t.build/Objects-normal/arm64/Omnibar.SwiftConstValuesFileList (in target 'Omnibar' from project 'Omnibar')
    cd /Users/admin/builder/spi-builder-workspace/.dependencies/checkouts/Omnibar
    write-file /Users/admin/builder/spi-builder-workspace/.derivedData/Build/Intermediates.noindex/Omnibar.build/Debug-iphoneos/Omnibar-t.build/Objects-normal/arm64/Omnibar.SwiftConstValuesFileList
WriteAuxiliaryFile /Users/admin/builder/spi-builder-workspace/.derivedData/Build/Intermediates.noindex/Omnibar.build/Debug-iphoneos/Omnibar-t.build/Objects-normal/arm64/Omnibar.LinkFileList (in target 'Omnibar' from project 'Omnibar')
    cd /Users/admin/builder/spi-builder-workspace/.dependencies/checkouts/Omnibar
    write-file /Users/admin/builder/spi-builder-workspace/.derivedData/Build/Intermediates.noindex/Omnibar.build/Debug-iphoneos/Omnibar-t.build/Objects-normal/arm64/Omnibar.LinkFileList
WriteAuxiliaryFile /Users/admin/builder/spi-builder-workspace/.derivedData/Build/Intermediates.noindex/Omnibar.build/Debug-iphoneos/Omnibar-t.build/Objects-normal/arm64/Omnibar-OutputFileMap.json (in target 'Omnibar' from project 'Omnibar')
    cd /Users/admin/builder/spi-builder-workspace/.dependencies/checkouts/Omnibar
    write-file /Users/admin/builder/spi-builder-workspace/.derivedData/Build/Intermediates.noindex/Omnibar.build/Debug-iphoneos/Omnibar-t.build/Objects-normal/arm64/Omnibar-OutputFileMap.json
WriteAuxiliaryFile /Users/admin/builder/spi-builder-workspace/.derivedData/Build/Intermediates.noindex/Omnibar.build/Debug-iphoneos/Omnibar-t.build/Objects-normal/arm64/Omnibar_const_extract_protocols.json (in target 'Omnibar' from project 'Omnibar')
    cd /Users/admin/builder/spi-builder-workspace/.dependencies/checkouts/Omnibar
    write-file /Users/admin/builder/spi-builder-workspace/.derivedData/Build/Intermediates.noindex/Omnibar.build/Debug-iphoneos/Omnibar-t.build/Objects-normal/arm64/Omnibar_const_extract_protocols.json
WriteAuxiliaryFile /Users/admin/builder/spi-builder-workspace/.derivedData/Build/Intermediates.noindex/Omnibar.build/Debug-iphoneos/Omnibar-t.build/Objects-normal/arm64/Omnibar.SwiftFileList (in target 'Omnibar' from project 'Omnibar')
    cd /Users/admin/builder/spi-builder-workspace/.dependencies/checkouts/Omnibar
    write-file /Users/admin/builder/spi-builder-workspace/.derivedData/Build/Intermediates.noindex/Omnibar.build/Debug-iphoneos/Omnibar-t.build/Objects-normal/arm64/Omnibar.SwiftFileList
MkDir /Users/admin/builder/spi-builder-workspace/.derivedData/Build/Products/Debug-iphoneos/PackageFrameworks/RxOmnibar-Dynamic.framework (in target 'RxOmnibar-Dynamic-product' from project 'RxOmnibar')
    cd /Users/admin/builder/spi-builder-workspace
    /bin/mkdir -p /Users/admin/builder/spi-builder-workspace/.derivedData/Build/Products/Debug-iphoneos/PackageFrameworks/RxOmnibar-Dynamic.framework
Copy /Users/admin/builder/spi-builder-workspace/.derivedData/Build/Intermediates.noindex/GeneratedModuleMaps-iphoneos/Omnibar.modulemap /Users/admin/builder/spi-builder-workspace/.derivedData/Build/Intermediates.noindex/Omnibar.build/Debug-iphoneos/Omnibar-t.build/Omnibar.modulemap (in target 'Omnibar' from project 'Omnibar')
    cd /Users/admin/builder/spi-builder-workspace/.dependencies/checkouts/Omnibar
    builtin-copy -exclude .DS_Store -exclude CVS -exclude .svn -exclude .git -exclude .hg -resolve-src-symlinks /Users/admin/builder/spi-builder-workspace/.derivedData/Build/Intermediates.noindex/Omnibar.build/Debug-iphoneos/Omnibar-t.build/Omnibar.modulemap /Users/admin/builder/spi-builder-workspace/.derivedData/Build/Intermediates.noindex/GeneratedModuleMaps-iphoneos
ProcessInfoPlistFile /Users/admin/builder/spi-builder-workspace/.derivedData/Build/Products/Debug-iphoneos/RxSwift_RxSwift.bundle/Info.plist /Users/admin/builder/spi-builder-workspace/.derivedData/Build/Intermediates.noindex/RxSwift.build/Debug-iphoneos/RxSwift_RxSwift-b.build/empty-RxSwift_RxSwift.plist (in target 'RxSwift_RxSwift' from project 'RxSwift')
    cd /Users/admin/builder/spi-builder-workspace/.dependencies/checkouts/RxSwift
    builtin-infoPlistUtility /Users/admin/builder/spi-builder-workspace/.derivedData/Build/Intermediates.noindex/RxSwift.build/Debug-iphoneos/RxSwift_RxSwift-b.build/empty-RxSwift_RxSwift.plist -producttype com.apple.product-type.bundle -expandbuildsettings -format binary -platform iphoneos -requiredArchitecture arm64 -o /Users/admin/builder/spi-builder-workspace/.derivedData/Build/Products/Debug-iphoneos/RxSwift_RxSwift.bundle/Info.plist
CpResource /Users/admin/builder/spi-builder-workspace/.derivedData/Build/Products/Debug-iphoneos/RxSwift_RxSwift.bundle/PrivacyInfo.xcprivacy /Users/admin/builder/spi-builder-workspace/.dependencies/checkouts/RxSwift/Sources/RxSwift/PrivacyInfo.xcprivacy (in target 'RxSwift_RxSwift' from project 'RxSwift')
    cd /Users/admin/builder/spi-builder-workspace/.dependencies/checkouts/RxSwift
    builtin-copy -exclude .DS_Store -exclude CVS -exclude .svn -exclude .git -exclude .hg -resolve-src-symlinks /Users/admin/builder/spi-builder-workspace/.dependencies/checkouts/RxSwift/Sources/RxSwift/PrivacyInfo.xcprivacy /Users/admin/builder/spi-builder-workspace/.derivedData/Build/Products/Debug-iphoneos/RxSwift_RxSwift.bundle
ProcessInfoPlistFile /Users/admin/builder/spi-builder-workspace/.derivedData/Build/Products/Debug-iphoneos/RxSwift_RxRelay.bundle/Info.plist /Users/admin/builder/spi-builder-workspace/.derivedData/Build/Intermediates.noindex/RxSwift.build/Debug-iphoneos/RxSwift_RxRelay-b.build/empty-RxSwift_RxRelay.plist (in target 'RxSwift_RxRelay' from project 'RxSwift')
    cd /Users/admin/builder/spi-builder-workspace/.dependencies/checkouts/RxSwift
    builtin-infoPlistUtility /Users/admin/builder/spi-builder-workspace/.derivedData/Build/Intermediates.noindex/RxSwift.build/Debug-iphoneos/RxSwift_RxRelay-b.build/empty-RxSwift_RxRelay.plist -producttype com.apple.product-type.bundle -expandbuildsettings -format binary -platform iphoneos -requiredArchitecture arm64 -o /Users/admin/builder/spi-builder-workspace/.derivedData/Build/Products/Debug-iphoneos/RxSwift_RxRelay.bundle/Info.plist
CpResource /Users/admin/builder/spi-builder-workspace/.derivedData/Build/Products/Debug-iphoneos/RxSwift_RxRelay.bundle/PrivacyInfo.xcprivacy /Users/admin/builder/spi-builder-workspace/.dependencies/checkouts/RxSwift/Sources/RxRelay/PrivacyInfo.xcprivacy (in target 'RxSwift_RxRelay' from project 'RxSwift')
    cd /Users/admin/builder/spi-builder-workspace/.dependencies/checkouts/RxSwift
    builtin-copy -exclude .DS_Store -exclude CVS -exclude .svn -exclude .git -exclude .hg -resolve-src-symlinks /Users/admin/builder/spi-builder-workspace/.dependencies/checkouts/RxSwift/Sources/RxRelay/PrivacyInfo.xcprivacy /Users/admin/builder/spi-builder-workspace/.derivedData/Build/Products/Debug-iphoneos/RxSwift_RxRelay.bundle
ProcessInfoPlistFile /Users/admin/builder/spi-builder-workspace/.derivedData/Build/Products/Debug-iphoneos/RxSwift_RxCocoaRuntime.bundle/Info.plist /Users/admin/builder/spi-builder-workspace/.derivedData/Build/Intermediates.noindex/RxSwift.build/Debug-iphoneos/RxSwift_RxCocoaRuntime-b.build/empty-RxSwift_RxCocoaRuntime.plist (in target 'RxSwift_RxCocoaRuntime' from project 'RxSwift')
    cd /Users/admin/builder/spi-builder-workspace/.dependencies/checkouts/RxSwift
    builtin-infoPlistUtility /Users/admin/builder/spi-builder-workspace/.derivedData/Build/Intermediates.noindex/RxSwift.build/Debug-iphoneos/RxSwift_RxCocoaRuntime-b.build/empty-RxSwift_RxCocoaRuntime.plist -producttype com.apple.product-type.bundle -expandbuildsettings -format binary -platform iphoneos -requiredArchitecture arm64 -o /Users/admin/builder/spi-builder-workspace/.derivedData/Build/Products/Debug-iphoneos/RxSwift_RxCocoaRuntime.bundle/Info.plist
CpResource /Users/admin/builder/spi-builder-workspace/.derivedData/Build/Products/Debug-iphoneos/RxSwift_RxCocoaRuntime.bundle/PrivacyInfo.xcprivacy /Users/admin/builder/spi-builder-workspace/.dependencies/checkouts/RxSwift/Sources/RxCocoaRuntime/PrivacyInfo.xcprivacy (in target 'RxSwift_RxCocoaRuntime' from project 'RxSwift')
    cd /Users/admin/builder/spi-builder-workspace/.dependencies/checkouts/RxSwift
    builtin-copy -exclude .DS_Store -exclude CVS -exclude .svn -exclude .git -exclude .hg -resolve-src-symlinks /Users/admin/builder/spi-builder-workspace/.dependencies/checkouts/RxSwift/Sources/RxCocoaRuntime/PrivacyInfo.xcprivacy /Users/admin/builder/spi-builder-workspace/.derivedData/Build/Products/Debug-iphoneos/RxSwift_RxCocoaRuntime.bundle
ProcessInfoPlistFile /Users/admin/builder/spi-builder-workspace/.derivedData/Build/Products/Debug-iphoneos/RxSwift_RxCocoa.bundle/Info.plist /Users/admin/builder/spi-builder-workspace/.derivedData/Build/Intermediates.noindex/RxSwift.build/Debug-iphoneos/RxSwift_RxCocoa-b.build/empty-RxSwift_RxCocoa.plist (in target 'RxSwift_RxCocoa' from project 'RxSwift')
    cd /Users/admin/builder/spi-builder-workspace/.dependencies/checkouts/RxSwift
    builtin-infoPlistUtility /Users/admin/builder/spi-builder-workspace/.derivedData/Build/Intermediates.noindex/RxSwift.build/Debug-iphoneos/RxSwift_RxCocoa-b.build/empty-RxSwift_RxCocoa.plist -producttype com.apple.product-type.bundle -expandbuildsettings -format binary -platform iphoneos -requiredArchitecture arm64 -o /Users/admin/builder/spi-builder-workspace/.derivedData/Build/Products/Debug-iphoneos/RxSwift_RxCocoa.bundle/Info.plist
CpResource /Users/admin/builder/spi-builder-workspace/.derivedData/Build/Products/Debug-iphoneos/RxSwift_RxCocoa.bundle/PrivacyInfo.xcprivacy /Users/admin/builder/spi-builder-workspace/.dependencies/checkouts/RxSwift/Sources/RxCocoa/PrivacyInfo.xcprivacy (in target 'RxSwift_RxCocoa' from project 'RxSwift')
    cd /Users/admin/builder/spi-builder-workspace/.dependencies/checkouts/RxSwift
    builtin-copy -exclude .DS_Store -exclude CVS -exclude .svn -exclude .git -exclude .hg -resolve-src-symlinks /Users/admin/builder/spi-builder-workspace/.dependencies/checkouts/RxSwift/Sources/RxCocoa/PrivacyInfo.xcprivacy /Users/admin/builder/spi-builder-workspace/.derivedData/Build/Products/Debug-iphoneos/RxSwift_RxCocoa.bundle
RegisterExecutionPolicyException /Users/admin/builder/spi-builder-workspace/.derivedData/Build/Products/Debug-iphoneos/RxSwift_RxSwift.bundle (in target 'RxSwift_RxSwift' from project 'RxSwift')
    cd /Users/admin/builder/spi-builder-workspace/.dependencies/checkouts/RxSwift
    builtin-RegisterExecutionPolicyException /Users/admin/builder/spi-builder-workspace/.derivedData/Build/Products/Debug-iphoneos/RxSwift_RxSwift.bundle
RegisterExecutionPolicyException /Users/admin/builder/spi-builder-workspace/.derivedData/Build/Products/Debug-iphoneos/RxSwift_RxRelay.bundle (in target 'RxSwift_RxRelay' from project 'RxSwift')
    cd /Users/admin/builder/spi-builder-workspace/.dependencies/checkouts/RxSwift
    builtin-RegisterExecutionPolicyException /Users/admin/builder/spi-builder-workspace/.derivedData/Build/Products/Debug-iphoneos/RxSwift_RxRelay.bundle
RegisterExecutionPolicyException /Users/admin/builder/spi-builder-workspace/.derivedData/Build/Products/Debug-iphoneos/RxSwift_RxCocoaRuntime.bundle (in target 'RxSwift_RxCocoaRuntime' from project 'RxSwift')
    cd /Users/admin/builder/spi-builder-workspace/.dependencies/checkouts/RxSwift
    builtin-RegisterExecutionPolicyException /Users/admin/builder/spi-builder-workspace/.derivedData/Build/Products/Debug-iphoneos/RxSwift_RxCocoaRuntime.bundle
RegisterExecutionPolicyException /Users/admin/builder/spi-builder-workspace/.derivedData/Build/Products/Debug-iphoneos/RxSwift_RxCocoa.bundle (in target 'RxSwift_RxCocoa' from project 'RxSwift')
    cd /Users/admin/builder/spi-builder-workspace/.dependencies/checkouts/RxSwift
    builtin-RegisterExecutionPolicyException /Users/admin/builder/spi-builder-workspace/.derivedData/Build/Products/Debug-iphoneos/RxSwift_RxCocoa.bundle
Touch /Users/admin/builder/spi-builder-workspace/.derivedData/Build/Products/Debug-iphoneos/RxSwift_RxCocoa.bundle (in target 'RxSwift_RxCocoa' from project 'RxSwift')
    cd /Users/admin/builder/spi-builder-workspace/.dependencies/checkouts/RxSwift
    /usr/bin/touch -c /Users/admin/builder/spi-builder-workspace/.derivedData/Build/Products/Debug-iphoneos/RxSwift_RxCocoa.bundle
Touch /Users/admin/builder/spi-builder-workspace/.derivedData/Build/Products/Debug-iphoneos/RxSwift_RxCocoaRuntime.bundle (in target 'RxSwift_RxCocoaRuntime' from project 'RxSwift')
    cd /Users/admin/builder/spi-builder-workspace/.dependencies/checkouts/RxSwift
    /usr/bin/touch -c /Users/admin/builder/spi-builder-workspace/.derivedData/Build/Products/Debug-iphoneos/RxSwift_RxCocoaRuntime.bundle
Touch /Users/admin/builder/spi-builder-workspace/.derivedData/Build/Products/Debug-iphoneos/RxSwift_RxSwift.bundle (in target 'RxSwift_RxSwift' from project 'RxSwift')
    cd /Users/admin/builder/spi-builder-workspace/.dependencies/checkouts/RxSwift
    /usr/bin/touch -c /Users/admin/builder/spi-builder-workspace/.derivedData/Build/Products/Debug-iphoneos/RxSwift_RxSwift.bundle
Touch /Users/admin/builder/spi-builder-workspace/.derivedData/Build/Products/Debug-iphoneos/RxSwift_RxRelay.bundle (in target 'RxSwift_RxRelay' from project 'RxSwift')
    cd /Users/admin/builder/spi-builder-workspace/.dependencies/checkouts/RxSwift
    /usr/bin/touch -c /Users/admin/builder/spi-builder-workspace/.derivedData/Build/Products/Debug-iphoneos/RxSwift_RxRelay.bundle
SwiftDriver RxSwift normal arm64 com.apple.xcode.tools.swift.compiler (in target 'RxSwift' from project 'RxSwift')
    cd /Users/admin/builder/spi-builder-workspace/.swiftpm/xcode
    builtin-SwiftDriver -- /Applications/Xcode-27.0.0-Release.Candidate.app/Contents/Developer/Toolchains/XcodeDefault.xctoolchain/usr/bin/swiftc -parse-as-library -module-name RxSwift -Onone @/Users/admin/builder/spi-builder-workspace/.derivedData/Build/Intermediates.noindex/RxSwift.build/Debug-iphoneos/RxSwift-t.build/Objects-normal/arm64/RxSwift.SwiftFileList -DSWIFT_PACKAGE -DDEBUG -DSWIFT_MODULE_RESOURCE_BUNDLE_AVAILABLE -DXcode -plugin-path /Applications/Xcode-27.0.0-Release.Candidate.app/Contents/Developer/Toolchains/XcodeDefault.xctoolchain/usr/lib/swift/host/plugins/testing -enable-experimental-feature DebugDescriptionMacro -sdk /Applications/Xcode-27.0.0-Release.Candidate.app/Contents/Developer/Platforms/iPhoneOS.platform/Developer/SDKs/iPhoneOS27.0.sdk -target arm64-apple-ios15.0 -g -module-cache-path /Users/admin/builder/spi-builder-workspace/.derivedData/ModuleCache.noindex -Xfrontend -serialize-debugging-options -profile-coverage-mapping -profile-generate -enable-testing -suppress-warnings -index-store-path /Users/admin/builder/spi-builder-workspace/.derivedData/Index.noindex/DataStore -Xcc -D_LIBCPP_HARDENING_MODE\=_LIBCPP_HARDENING_MODE_DEBUG -swift-version 5 -I /Users/admin/builder/spi-builder-workspace/.derivedData/Build/Products/Debug-iphoneos -Isystem /Applications/Xcode-27.0.0-Release.Candidate.app/Contents/Developer/Platforms/iPhoneOS.platform/Developer/usr/lib -F /Users/admin/builder/spi-builder-workspace/.derivedData/Build/Products/Debug-iphoneos -F /Applications/Xcode-27.0.0-Release.Candidate.app/Contents/Developer/Platforms/iPhoneOS.platform/Developer/Library/Frameworks -F /Applications/Xcode-27.0.0-Release.Candidate.app/Contents/Developer/Platforms/iPhoneOS.platform/Developer/SDKs/iPhoneOS27.0.sdk/Developer/Library/Frameworks -c -j10 -enable-batch-mode -incremental -Xcc -ivfsstatcache -Xcc /Users/admin/builder/spi-builder-workspace/.derivedData/SDKStatCaches.noindex/iphoneos27.0-24A430-e829b21a6f8c9b70876ba0858053c04440ceaa042ed91876912b2eeea4e3aa14.sdkstatcache -output-file-map /Users/admin/builder/spi-builder-workspace/.derivedData/Build/Intermediates.noindex/RxSwift.build/Debug-iphoneos/RxSwift-t.build/Objects-normal/arm64/RxSwift-OutputFileMap.json -save-temps -no-color-diagnostics -explicit-module-build -module-cache-path /Users/admin/builder/spi-builder-workspace/.derivedData/Build/Intermediates.noindex/SwiftExplicitPrecompiledModules -clang-scanner-module-cache-path /Users/admin/builder/spi-builder-workspace/.derivedData/ModuleCache.noindex -sdk-module-cache-path /Users/admin/builder/spi-builder-workspace/.derivedData/SDKExplicitPrecompiledModules -emit-dependencies -emit-module -emit-module-path /Users/admin/builder/spi-builder-workspace/.derivedData/Build/Intermediates.noindex/RxSwift.build/Debug-iphoneos/RxSwift-t.build/Objects-normal/arm64/RxSwift.swiftmodule -serialize-diagnostics -dependency-scan-serialize-diagnostics-path /Users/admin/builder/spi-builder-workspace/.derivedData/Build/Intermediates.noindex/RxSwift.build/Debug-iphoneos/RxSwift-t.build/Objects-normal/arm64/RxSwift-dependency-scan.dia -validate-clang-modules-once -clang-build-session-file /Users/admin/builder/spi-builder-workspace/.derivedData/ModuleCache.noindex/Session.modulevalidation -Xcc -fmodules-prune-interval\=86400 -Xcc -fmodules-prune-after\=345600 -package-name rxswift -emit-const-values -const-gather-protocols-list /Users/admin/builder/spi-builder-workspace/.derivedData/Build/Intermediates.noindex/RxSwift.build/Debug-iphoneos/RxSwift-t.build/Objects-normal/arm64/RxSwift_const_extract_protocols.json -Xcc -I/Users/admin/builder/spi-builder-workspace/.derivedData/Build/Products/Debug-iphoneos/include -Xcc -I/Users/admin/builder/spi-builder-workspace/.derivedData/Build/Intermediates.noindex/RxSwift.build/Debug-iphoneos/RxSwift-t.build/DerivedSources-normal/arm64 -Xcc -I/Users/admin/builder/spi-builder-workspace/.derivedData/Build/Intermediates.noindex/RxSwift.build/Debug-iphoneos/RxSwift-t.build/DerivedSources/arm64 -Xcc -I/Users/admin/builder/spi-builder-workspace/.derivedData/Build/Intermediates.noindex/RxSwift.build/Debug-iphoneos/RxSwift-t.build/DerivedSources -Xcc -DSWIFT_PACKAGE -Xcc -DDEBUG\=1 -emit-objc-header -emit-objc-header-path /Users/admin/builder/spi-builder-workspace/.derivedData/Build/Intermediates.noindex/RxSwift.build/Debug-iphoneos/RxSwift-t.build/Objects-normal/arm64/RxSwift-Swift.h -working-directory /Users/admin/builder/spi-builder-workspace/.swiftpm/xcode -experimental-emit-module-separately -disable-cmo
SwiftDriver Omnibar normal arm64 com.apple.xcode.tools.swift.compiler (in target 'Omnibar' from project 'Omnibar')
    cd /Users/admin/builder/spi-builder-workspace/.swiftpm/xcode
    builtin-SwiftDriver -- /Applications/Xcode-27.0.0-Release.Candidate.app/Contents/Developer/Toolchains/XcodeDefault.xctoolchain/usr/bin/swiftc -parse-as-library -module-name Omnibar -Onone @/Users/admin/builder/spi-builder-workspace/.derivedData/Build/Intermediates.noindex/Omnibar.build/Debug-iphoneos/Omnibar-t.build/Objects-normal/arm64/Omnibar.SwiftFileList -DSWIFT_PACKAGE -DDEBUG -DSWIFT_MODULE_RESOURCE_BUNDLE_UNAVAILABLE -DXcode -plugin-path /Applications/Xcode-27.0.0-Release.Candidate.app/Contents/Developer/Toolchains/XcodeDefault.xctoolchain/usr/lib/swift/host/plugins/testing -enable-experimental-feature DebugDescriptionMacro -sdk /Applications/Xcode-27.0.0-Release.Candidate.app/Contents/Developer/Platforms/iPhoneOS.platform/Developer/SDKs/iPhoneOS27.0.sdk -target arm64-apple-ios15.0 -g -module-cache-path /Users/admin/builder/spi-builder-workspace/.derivedData/ModuleCache.noindex -Xfrontend -serialize-debugging-options -profile-coverage-mapping -profile-generate -enable-testing -suppress-warnings -index-store-path /Users/admin/builder/spi-builder-workspace/.derivedData/Index.noindex/DataStore -Xcc -D_LIBCPP_HARDENING_MODE\=_LIBCPP_HARDENING_MODE_DEBUG -swift-version 5 -I /Users/admin/builder/spi-builder-workspace/.derivedData/Build/Products/Debug-iphoneos -Isystem /Applications/Xcode-27.0.0-Release.Candidate.app/Contents/Developer/Platforms/iPhoneOS.platform/Developer/usr/lib -F /Users/admin/builder/spi-builder-workspace/.derivedData/Build/Products/Debug-iphoneos -F /Applications/Xcode-27.0.0-Release.Candidate.app/Contents/Developer/Platforms/iPhoneOS.platform/Developer/Library/Frameworks -F /Applications/Xcode-27.0.0-Release.Candidate.app/Contents/Developer/Platforms/iPhoneOS.platform/Developer/SDKs/iPhoneOS27.0.sdk/Developer/Library/Frameworks -c -j10 -enable-batch-mode -incremental -Xcc -ivfsstatcache -Xcc /Users/admin/builder/spi-builder-workspace/.derivedData/SDKStatCaches.noindex/iphoneos27.0-24A430-e829b21a6f8c9b70876ba0858053c04440ceaa042ed91876912b2eeea4e3aa14.sdkstatcache -output-file-map /Users/admin/builder/spi-builder-workspace/.derivedData/Build/Intermediates.noindex/Omnibar.build/Debug-iphoneos/Omnibar-t.build/Objects-normal/arm64/Omnibar-OutputFileMap.json -save-temps -no-color-diagnostics -explicit-module-build -module-cache-path /Users/admin/builder/spi-builder-workspace/.derivedData/Build/Intermediates.noindex/SwiftExplicitPrecompiledModules -clang-scanner-module-cache-path /Users/admin/builder/spi-builder-workspace/.derivedData/ModuleCache.noindex -sdk-module-cache-path /Users/admin/builder/spi-builder-workspace/.derivedData/SDKExplicitPrecompiledModules -emit-dependencies -emit-module -emit-module-path /Users/admin/builder/spi-builder-workspace/.derivedData/Build/Intermediates.noindex/Omnibar.build/Debug-iphoneos/Omnibar-t.build/Objects-normal/arm64/Omnibar.swiftmodule -serialize-diagnostics -dependency-scan-serialize-diagnostics-path /Users/admin/builder/spi-builder-workspace/.derivedData/Build/Intermediates.noindex/Omnibar.build/Debug-iphoneos/Omnibar-t.build/Objects-normal/arm64/Omnibar-dependency-scan.dia -validate-clang-modules-once -clang-build-session-file /Users/admin/builder/spi-builder-workspace/.derivedData/ModuleCache.noindex/Session.modulevalidation -Xcc -fmodules-prune-interval\=86400 -Xcc -fmodules-prune-after\=345600 -emit-const-values -const-gather-protocols-list /Users/admin/builder/spi-builder-workspace/.derivedData/Build/Intermediates.noindex/Omnibar.build/Debug-iphoneos/Omnibar-t.build/Objects-normal/arm64/Omnibar_const_extract_protocols.json -Xcc -I/Users/admin/builder/spi-builder-workspace/.derivedData/Build/Products/Debug-iphoneos/include -Xcc -I/Users/admin/builder/spi-builder-workspace/.derivedData/Build/Intermediates.noindex/Omnibar.build/Debug-iphoneos/Omnibar-t.build/DerivedSources-normal/arm64 -Xcc -I/Users/admin/builder/spi-builder-workspace/.derivedData/Build/Intermediates.noindex/Omnibar.build/Debug-iphoneos/Omnibar-t.build/DerivedSources/arm64 -Xcc -I/Users/admin/builder/spi-builder-workspace/.derivedData/Build/Intermediates.noindex/Omnibar.build/Debug-iphoneos/Omnibar-t.build/DerivedSources -Xcc -DSWIFT_PACKAGE -Xcc -DDEBUG\=1 -emit-objc-header -emit-objc-header-path /Users/admin/builder/spi-builder-workspace/.derivedData/Build/Intermediates.noindex/Omnibar.build/Debug-iphoneos/Omnibar-t.build/Objects-normal/arm64/Omnibar-Swift.h -working-directory /Users/admin/builder/spi-builder-workspace/.swiftpm/xcode -experimental-emit-module-separately -disable-cmo
/Users/admin/builder/spi-builder-workspace/.dependencies/checkouts/Omnibar/Sources/Omnibar/EditableText.swift:3:8: error: Unable to resolve module dependency: 'Cocoa' (in target 'Omnibar' from project 'Omnibar')
    note: A dependency of main module 'Omnibar'
    /Users/admin/builder/spi-builder-workspace/.dependencies/checkouts/Omnibar/Sources/Omnibar/FieldEditor.swift:3:8: note: Also imported here
    /Users/admin/builder/spi-builder-workspace/.dependencies/checkouts/Omnibar/Sources/Omnibar/NSText+FieldEditor.swift:3:8: note: Also imported here
    /Users/admin/builder/spi-builder-workspace/.dependencies/checkouts/Omnibar/Sources/Omnibar/NSView+constrainToSuperviewBounds.swift:3:8: note: Also imported here
    /Users/admin/builder/spi-builder-workspace/.dependencies/checkouts/Omnibar/Sources/Omnibar/Omnibar.swift:3:8: note: Also imported here
    /Users/admin/builder/spi-builder-workspace/.dependencies/checkouts/Omnibar/Sources/Omnibar/OmnibarTextFieldCell.swift:3:8: note: Also imported here
/Users/admin/builder/spi-builder-workspace/.dependencies/checkouts/Omnibar/Sources/Omnibar/EditableText.swift:3:8: note: A dependency of main module 'Omnibar'
import Cocoa
       ^ (in target 'Omnibar' from project 'Omnibar')
/Users/admin/builder/spi-builder-workspace/.dependencies/checkouts/Omnibar/Sources/Omnibar/FieldEditor.swift:3:8: note: Also imported here
import Cocoa
       ^ (in target 'Omnibar' from project 'Omnibar')
/Users/admin/builder/spi-builder-workspace/.dependencies/checkouts/Omnibar/Sources/Omnibar/NSText+FieldEditor.swift:3:8: note: Also imported here
import Cocoa
       ^ (in target 'Omnibar' from project 'Omnibar')
/Users/admin/builder/spi-builder-workspace/.dependencies/checkouts/Omnibar/Sources/Omnibar/NSView+constrainToSuperviewBounds.swift:3:8: note: Also imported here
import Cocoa
       ^ (in target 'Omnibar' from project 'Omnibar')
/Users/admin/builder/spi-builder-workspace/.dependencies/checkouts/Omnibar/Sources/Omnibar/Omnibar.swift:3:8: note: Also imported here
import Cocoa
       ^ (in target 'Omnibar' from project 'Omnibar')
/Users/admin/builder/spi-builder-workspace/.dependencies/checkouts/Omnibar/Sources/Omnibar/OmnibarTextFieldCell.swift:3:8: note: Also imported here
import Cocoa
       ^ (in target 'Omnibar' from project 'Omnibar')
PruneExplicitPrecompiledModules /Users/admin/builder/spi-builder-workspace/.derivedData/SDKExplicitPrecompiledModules
PruneExplicitPrecompiledModules /Users/admin/builder/spi-builder-workspace/.derivedData/Build/Intermediates.noindex/SwiftExplicitPrecompiledModules
PruneExplicitPrecompiledModules /Users/admin/builder/spi-builder-workspace/.derivedData/Build/Intermediates.noindex/ExplicitPrecompiledModules
2026-09-21 13:24:57.093 xcodebuild[729:4638] [MT] IDERunDestination: Supported platforms for the buildables in the current scheme is empty.
** BUILD FAILED **
The following build commands failed:
	SwiftDriver Omnibar normal arm64 com.apple.xcode.tools.swift.compiler (in target 'Omnibar' from project 'Omnibar')
	Building workspace RxOmnibar with scheme RxOmnibar-Package
(2 failures)
Command line invocation:
    /Applications/Xcode-27.0.0-Release.Candidate.app/Contents/Developer/usr/bin/xcodebuild -IDEClonedSourcePackagesDirPathOverride=/Users/admin/builder/spi-builder-workspace/.dependencies -resolvePackageDependencies
Resolve Package Graph
Resolved source packages:
  RxOmnibar: /Users/admin/builder/spi-builder-workspace
  Omnibar: https://github.com/CleanCocoa/Omnibar.git @ 1.0.0
  RxSwift: https://github.com/ReactiveX/RxSwift.git @ 6.10.2
resolved source packages: RxOmnibar, Omnibar, RxSwift
2026-09-21 13:25:01.274 xcodebuild[768:4942] [MT] IDERunDestination: Supported platforms for the buildables in the current scheme is empty.
{
  "dependencies" : [
    {
      "identity" : "rxswift",
      "requirement" : {
        "range" : [
          {
            "lower_bound" : "6.6.0",
            "upper_bound" : "7.0.0"
          }
        ]
      },
      "type" : "sourceControl",
      "url" : "https://github.com/ReactiveX/RxSwift.git"
    },
    {
      "identity" : "omnibar",
      "requirement" : {
        "range" : [
          {
            "lower_bound" : "1.0.0",
            "upper_bound" : "2.0.0"
          }
        ]
      },
      "type" : "sourceControl",
      "url" : "https://github.com/CleanCocoa/Omnibar.git"
    }
  ],
  "manifest_display_name" : "RxOmnibar",
  "name" : "RxOmnibar",
  "path" : "/Users/admin/builder/spi-builder-workspace",
  "platforms" : [
  ],
  "products" : [
    {
      "name" : "RxOmnibar",
      "targets" : [
        "RxOmnibar"
      ],
      "type" : {
        "library" : [
          "automatic"
        ]
      }
    },
    {
      "name" : "RxOmnibar-Static",
      "targets" : [
        "RxOmnibar"
      ],
      "type" : {
        "library" : [
          "static"
        ]
      }
    },
    {
      "name" : "RxOmnibar-Dynamic",
      "targets" : [
        "RxOmnibar"
      ],
      "type" : {
        "library" : [
          "dynamic"
        ]
      }
    }
  ],
  "targets" : [
    {
      "c99name" : "RxOmnibarTests",
      "module_type" : "SwiftTarget",
      "name" : "RxOmnibarTests",
      "path" : "Tests/RxOmnibarTests",
      "product_dependencies" : [
        "RxTest"
      ],
      "sources" : [
        "Omnibar+RxTests.swift",
        "RxTestHelpers.swift"
      ],
      "target_dependencies" : [
        "RxOmnibar"
      ],
      "type" : "test"
    },
    {
      "c99name" : "RxOmnibar",
      "module_type" : "SwiftTarget",
      "name" : "RxOmnibar",
      "path" : "Sources/RxOmnibar",
      "product_dependencies" : [
        "Omnibar",
        "RxSwift",
        "RxCocoa",
        "RxRelay"
      ],
      "product_memberships" : [
        "RxOmnibar",
        "RxOmnibar-Static",
        "RxOmnibar-Dynamic"
      ],
      "sources" : [
        "Omnibar+Rx.swift",
        "RxCocoaCasting.swift",
        "RxOmnibarDelegateProxy.swift"
      ],
      "type" : "library"
    }
  ],
  "tools_version" : "5.7"
}
{
  "workspace" : {
    "name" : "RxOmnibar",
    "schemes" : [
      "RxOmnibar",
      "RxOmnibar-Dynamic",
      "RxOmnibar-Package",
      "RxOmnibar-Static"
    ]
  }
}
2026-09-21 13:25:02.770 xcodebuild[776:5008] [MT] IDERunDestination: Supported platforms for the buildables in the current scheme is empty.
Running build ...
env DEVELOPER_DIR=/Applications/Xcode-27.0.0-Release.Candidate.app xcrun xcodebuild -IDEClonedSourcePackagesDirPathOverride=$PWD/.dependencies -skipMacroValidation -skipPackagePluginValidation -derivedDataPath $PWD/.derivedData build -scheme RxOmnibar-Package -destination generic/platform=iOS
Command line invocation:
    /Applications/Xcode-27.0.0-Release.Candidate.app/Contents/Developer/usr/bin/xcodebuild -IDEClonedSourcePackagesDirPathOverride=/Users/admin/builder/spi-builder-workspace/.dependencies -skipMacroValidation -skipPackagePluginValidation -derivedDataPath /Users/admin/builder/spi-builder-workspace/.derivedData build -scheme RxOmnibar-Package -destination generic/platform=iOS
Resolve Package Graph
Resolved source packages:
  Omnibar: https://github.com/CleanCocoa/Omnibar.git @ 1.0.0
  RxSwift: https://github.com/ReactiveX/RxSwift.git @ 6.10.2
  RxOmnibar: /Users/admin/builder/spi-builder-workspace
ComputePackagePrebuildTargetDependencyGraph
Prepare packages
CreateBuildRequest
SendProjectDescription
CreateBuildOperation
ComputeTargetDependencyGraph
note: Building targets in dependency order
note: Target dependency graph (17 targets)
    Target 'RxOmnibar-Dynamic-product' in project 'RxOmnibar'
        ➜ Explicit dependency on target 'RxOmnibar' in project 'RxOmnibar'
        ➜ Explicit dependency on target 'Omnibar-product' in project 'Omnibar'
        ➜ Explicit dependency on target 'RxSwift-product' in project 'RxSwift'
        ➜ Explicit dependency on target 'RxCocoa-product' in project 'RxSwift'
        ➜ Explicit dependency on target 'RxRelay-product' in project 'RxSwift'
    Target 'RxOmnibar-Static-product' in project 'RxOmnibar'
        ➜ Explicit dependency on target 'RxOmnibar' in project 'RxOmnibar'
        ➜ Explicit dependency on target 'Omnibar-product' in project 'Omnibar'
        ➜ Explicit dependency on target 'RxSwift-product' in project 'RxSwift'
        ➜ Explicit dependency on target 'RxCocoa-product' in project 'RxSwift'
        ➜ Explicit dependency on target 'RxRelay-product' in project 'RxSwift'
    Target 'RxOmnibar-product' in project 'RxOmnibar'
        ➜ Explicit dependency on target 'RxOmnibar' in project 'RxOmnibar'
        ➜ Explicit dependency on target 'Omnibar-product' in project 'Omnibar'
        ➜ Explicit dependency on target 'RxSwift-product' in project 'RxSwift'
        ➜ Explicit dependency on target 'RxCocoa-product' in project 'RxSwift'
        ➜ Explicit dependency on target 'RxRelay-product' in project 'RxSwift'
    Target 'RxOmnibar' in project 'RxOmnibar'
        ➜ Explicit dependency on target 'Omnibar-product' in project 'Omnibar'
        ➜ Explicit dependency on target 'RxSwift-product' in project 'RxSwift'
        ➜ Explicit dependency on target 'RxCocoa-product' in project 'RxSwift'
        ➜ Explicit dependency on target 'RxRelay-product' in project 'RxSwift'
    Target 'RxRelay-product' in project 'RxSwift'
        ➜ Explicit dependency on target 'RxRelay' in project 'RxSwift'
        ➜ Explicit dependency on target 'RxSwift_RxRelay' in project 'RxSwift'
        ➜ Explicit dependency on target 'RxSwift' in project 'RxSwift'
    Target 'RxCocoa-product' in project 'RxSwift'
        ➜ Explicit dependency on target 'RxCocoa' in project 'RxSwift'
        ➜ Explicit dependency on target 'RxSwift_RxCocoa' in project 'RxSwift'
        ➜ Explicit dependency on target 'RxSwift' in project 'RxSwift'
        ➜ Explicit dependency on target 'RxRelay' in project 'RxSwift'
        ➜ Explicit dependency on target 'RxCocoaRuntime' in project 'RxSwift'
    Target 'RxCocoa' in project 'RxSwift'
        ➜ Explicit dependency on target 'RxSwift_RxCocoa' in project 'RxSwift'
        ➜ Explicit dependency on target 'RxSwift' in project 'RxSwift'
        ➜ Explicit dependency on target 'RxRelay' in project 'RxSwift'
        ➜ Explicit dependency on target 'RxCocoaRuntime' in project 'RxSwift'
    Target 'RxCocoaRuntime' in project 'RxSwift'
        ➜ Explicit dependency on target 'RxSwift_RxCocoaRuntime' in project 'RxSwift'
        ➜ Explicit dependency on target 'RxSwift' in project 'RxSwift'
    Target 'RxSwift_RxCocoaRuntime' in project 'RxSwift' (no dependencies)
    Target 'RxRelay' in project 'RxSwift'
        ➜ Explicit dependency on target 'RxSwift_RxRelay' in project 'RxSwift'
        ➜ Explicit dependency on target 'RxSwift' in project 'RxSwift'
    Target 'RxSwift_RxRelay' in project 'RxSwift' (no dependencies)
    Target 'RxSwift_RxCocoa' in project 'RxSwift' (no dependencies)
    Target 'RxSwift-product' in project 'RxSwift'
        ➜ Explicit dependency on target 'RxSwift' in project 'RxSwift'
        ➜ Explicit dependency on target 'RxSwift_RxSwift' in project 'RxSwift'
    Target 'RxSwift' in project 'RxSwift'
        ➜ Explicit dependency on target 'RxSwift_RxSwift' in project 'RxSwift'
    Target 'RxSwift_RxSwift' in project 'RxSwift' (no dependencies)
    Target 'Omnibar-product' in project 'Omnibar'
        ➜ Explicit dependency on target 'Omnibar' in project 'Omnibar'
    Target 'Omnibar' in project 'Omnibar' (no dependencies)
GatherProvisioningInputs
CreateBuildDescription
ClangStatCache /Applications/Xcode-27.0.0-Release.Candidate.app/Contents/Developer/Toolchains/XcodeDefault.xctoolchain/usr/bin/clang-stat-cache /Applications/Xcode-27.0.0-Release.Candidate.app/Contents/Developer/Platforms/iPhoneOS.platform/Developer/SDKs/iPhoneOS27.0.sdk /Users/admin/builder/spi-builder-workspace/.derivedData/SDKStatCaches.noindex/iphoneos27.0-24A430-e829b21a6f8c9b70876ba0858053c04440ceaa042ed91876912b2eeea4e3aa14.sdkstatcache
    cd /Users/admin/builder/spi-builder-workspace/.swiftpm/xcode
    /Applications/Xcode-27.0.0-Release.Candidate.app/Contents/Developer/Toolchains/XcodeDefault.xctoolchain/usr/bin/clang-stat-cache /Applications/Xcode-27.0.0-Release.Candidate.app/Contents/Developer/Platforms/iPhoneOS.platform/Developer/SDKs/iPhoneOS27.0.sdk -o /Users/admin/builder/spi-builder-workspace/.derivedData/SDKStatCaches.noindex/iphoneos27.0-24A430-e829b21a6f8c9b70876ba0858053c04440ceaa042ed91876912b2eeea4e3aa14.sdkstatcache
SwiftDriver Omnibar normal arm64 com.apple.xcode.tools.swift.compiler (in target 'Omnibar' from project 'Omnibar')
    cd /Users/admin/builder/spi-builder-workspace/.swiftpm/xcode
    builtin-SwiftDriver -- /Applications/Xcode-27.0.0-Release.Candidate.app/Contents/Developer/Toolchains/XcodeDefault.xctoolchain/usr/bin/swiftc -parse-as-library -module-name Omnibar -Onone @/Users/admin/builder/spi-builder-workspace/.derivedData/Build/Intermediates.noindex/Omnibar.build/Debug-iphoneos/Omnibar-t.build/Objects-normal/arm64/Omnibar.SwiftFileList -DSWIFT_PACKAGE -DDEBUG -DSWIFT_MODULE_RESOURCE_BUNDLE_UNAVAILABLE -DXcode -plugin-path /Applications/Xcode-27.0.0-Release.Candidate.app/Contents/Developer/Toolchains/XcodeDefault.xctoolchain/usr/lib/swift/host/plugins/testing -enable-experimental-feature DebugDescriptionMacro -sdk /Applications/Xcode-27.0.0-Release.Candidate.app/Contents/Developer/Platforms/iPhoneOS.platform/Developer/SDKs/iPhoneOS27.0.sdk -target arm64-apple-ios15.0 -g -module-cache-path /Users/admin/builder/spi-builder-workspace/.derivedData/ModuleCache.noindex -Xfrontend -serialize-debugging-options -profile-coverage-mapping -profile-generate -enable-testing -suppress-warnings -index-store-path /Users/admin/builder/spi-builder-workspace/.derivedData/Index.noindex/DataStore -Xcc -D_LIBCPP_HARDENING_MODE\=_LIBCPP_HARDENING_MODE_DEBUG -swift-version 5 -I /Users/admin/builder/spi-builder-workspace/.derivedData/Build/Products/Debug-iphoneos -Isystem /Applications/Xcode-27.0.0-Release.Candidate.app/Contents/Developer/Platforms/iPhoneOS.platform/Developer/usr/lib -F /Users/admin/builder/spi-builder-workspace/.derivedData/Build/Products/Debug-iphoneos -F /Applications/Xcode-27.0.0-Release.Candidate.app/Contents/Developer/Platforms/iPhoneOS.platform/Developer/Library/Frameworks -F /Applications/Xcode-27.0.0-Release.Candidate.app/Contents/Developer/Platforms/iPhoneOS.platform/Developer/SDKs/iPhoneOS27.0.sdk/Developer/Library/Frameworks -c -j10 -enable-batch-mode -incremental -Xcc -ivfsstatcache -Xcc /Users/admin/builder/spi-builder-workspace/.derivedData/SDKStatCaches.noindex/iphoneos27.0-24A430-e829b21a6f8c9b70876ba0858053c04440ceaa042ed91876912b2eeea4e3aa14.sdkstatcache -output-file-map /Users/admin/builder/spi-builder-workspace/.derivedData/Build/Intermediates.noindex/Omnibar.build/Debug-iphoneos/Omnibar-t.build/Objects-normal/arm64/Omnibar-OutputFileMap.json -save-temps -no-color-diagnostics -explicit-module-build -module-cache-path /Users/admin/builder/spi-builder-workspace/.derivedData/Build/Intermediates.noindex/SwiftExplicitPrecompiledModules -clang-scanner-module-cache-path /Users/admin/builder/spi-builder-workspace/.derivedData/ModuleCache.noindex -sdk-module-cache-path /Users/admin/builder/spi-builder-workspace/.derivedData/SDKExplicitPrecompiledModules -emit-dependencies -emit-module -emit-module-path /Users/admin/builder/spi-builder-workspace/.derivedData/Build/Intermediates.noindex/Omnibar.build/Debug-iphoneos/Omnibar-t.build/Objects-normal/arm64/Omnibar.swiftmodule -serialize-diagnostics -dependency-scan-serialize-diagnostics-path /Users/admin/builder/spi-builder-workspace/.derivedData/Build/Intermediates.noindex/Omnibar.build/Debug-iphoneos/Omnibar-t.build/Objects-normal/arm64/Omnibar-dependency-scan.dia -validate-clang-modules-once -clang-build-session-file /Users/admin/builder/spi-builder-workspace/.derivedData/ModuleCache.noindex/Session.modulevalidation -Xcc -fmodules-prune-interval\=86400 -Xcc -fmodules-prune-after\=345600 -emit-const-values -const-gather-protocols-list /Users/admin/builder/spi-builder-workspace/.derivedData/Build/Intermediates.noindex/Omnibar.build/Debug-iphoneos/Omnibar-t.build/Objects-normal/arm64/Omnibar_const_extract_protocols.json -Xcc -I/Users/admin/builder/spi-builder-workspace/.derivedData/Build/Products/Debug-iphoneos/include -Xcc -I/Users/admin/builder/spi-builder-workspace/.derivedData/Build/Intermediates.noindex/Omnibar.build/Debug-iphoneos/Omnibar-t.build/DerivedSources-normal/arm64 -Xcc -I/Users/admin/builder/spi-builder-workspace/.derivedData/Build/Intermediates.noindex/Omnibar.build/Debug-iphoneos/Omnibar-t.build/DerivedSources/arm64 -Xcc -I/Users/admin/builder/spi-builder-workspace/.derivedData/Build/Intermediates.noindex/Omnibar.build/Debug-iphoneos/Omnibar-t.build/DerivedSources -Xcc -DSWIFT_PACKAGE -Xcc -DDEBUG\=1 -emit-objc-header -emit-objc-header-path /Users/admin/builder/spi-builder-workspace/.derivedData/Build/Intermediates.noindex/Omnibar.build/Debug-iphoneos/Omnibar-t.build/Objects-normal/arm64/Omnibar-Swift.h -working-directory /Users/admin/builder/spi-builder-workspace/.swiftpm/xcode -experimental-emit-module-separately -disable-cmo
/Users/admin/builder/spi-builder-workspace/.dependencies/checkouts/Omnibar/Sources/Omnibar/EditableText.swift:3:8: error: Unable to resolve module dependency: 'Cocoa' (in target 'Omnibar' from project 'Omnibar')
    note: A dependency of main module 'Omnibar'
    /Users/admin/builder/spi-builder-workspace/.dependencies/checkouts/Omnibar/Sources/Omnibar/FieldEditor.swift:3:8: note: Also imported here
    /Users/admin/builder/spi-builder-workspace/.dependencies/checkouts/Omnibar/Sources/Omnibar/NSText+FieldEditor.swift:3:8: note: Also imported here
    /Users/admin/builder/spi-builder-workspace/.dependencies/checkouts/Omnibar/Sources/Omnibar/NSView+constrainToSuperviewBounds.swift:3:8: note: Also imported here
    /Users/admin/builder/spi-builder-workspace/.dependencies/checkouts/Omnibar/Sources/Omnibar/Omnibar.swift:3:8: note: Also imported here
    /Users/admin/builder/spi-builder-workspace/.dependencies/checkouts/Omnibar/Sources/Omnibar/OmnibarTextFieldCell.swift:3:8: note: Also imported here
/Users/admin/builder/spi-builder-workspace/.dependencies/checkouts/Omnibar/Sources/Omnibar/EditableText.swift:3:8: note: A dependency of main module 'Omnibar'
import Cocoa
       ^ (in target 'Omnibar' from project 'Omnibar')
/Users/admin/builder/spi-builder-workspace/.dependencies/checkouts/Omnibar/Sources/Omnibar/FieldEditor.swift:3:8: note: Also imported here
import Cocoa
       ^ (in target 'Omnibar' from project 'Omnibar')
/Users/admin/builder/spi-builder-workspace/.dependencies/checkouts/Omnibar/Sources/Omnibar/NSText+FieldEditor.swift:3:8: note: Also imported here
import Cocoa
       ^ (in target 'Omnibar' from project 'Omnibar')
/Users/admin/builder/spi-builder-workspace/.dependencies/checkouts/Omnibar/Sources/Omnibar/NSView+constrainToSuperviewBounds.swift:3:8: note: Also imported here
import Cocoa
       ^ (in target 'Omnibar' from project 'Omnibar')
/Users/admin/builder/spi-builder-workspace/.dependencies/checkouts/Omnibar/Sources/Omnibar/Omnibar.swift:3:8: note: Also imported here
import Cocoa
       ^ (in target 'Omnibar' from project 'Omnibar')
/Users/admin/builder/spi-builder-workspace/.dependencies/checkouts/Omnibar/Sources/Omnibar/OmnibarTextFieldCell.swift:3:8: note: Also imported here
import Cocoa
       ^ (in target 'Omnibar' from project 'Omnibar')
SwiftDriver RxSwift normal arm64 com.apple.xcode.tools.swift.compiler (in target 'RxSwift' from project 'RxSwift')
    cd /Users/admin/builder/spi-builder-workspace/.swiftpm/xcode
    builtin-SwiftDriver -- /Applications/Xcode-27.0.0-Release.Candidate.app/Contents/Developer/Toolchains/XcodeDefault.xctoolchain/usr/bin/swiftc -parse-as-library -module-name RxSwift -Onone @/Users/admin/builder/spi-builder-workspace/.derivedData/Build/Intermediates.noindex/RxSwift.build/Debug-iphoneos/RxSwift-t.build/Objects-normal/arm64/RxSwift.SwiftFileList -DSWIFT_PACKAGE -DDEBUG -DSWIFT_MODULE_RESOURCE_BUNDLE_AVAILABLE -DXcode -plugin-path /Applications/Xcode-27.0.0-Release.Candidate.app/Contents/Developer/Toolchains/XcodeDefault.xctoolchain/usr/lib/swift/host/plugins/testing -enable-experimental-feature DebugDescriptionMacro -sdk /Applications/Xcode-27.0.0-Release.Candidate.app/Contents/Developer/Platforms/iPhoneOS.platform/Developer/SDKs/iPhoneOS27.0.sdk -target arm64-apple-ios15.0 -g -module-cache-path /Users/admin/builder/spi-builder-workspace/.derivedData/ModuleCache.noindex -Xfrontend -serialize-debugging-options -profile-coverage-mapping -profile-generate -enable-testing -suppress-warnings -index-store-path /Users/admin/builder/spi-builder-workspace/.derivedData/Index.noindex/DataStore -Xcc -D_LIBCPP_HARDENING_MODE\=_LIBCPP_HARDENING_MODE_DEBUG -swift-version 5 -I /Users/admin/builder/spi-builder-workspace/.derivedData/Build/Products/Debug-iphoneos -Isystem /Applications/Xcode-27.0.0-Release.Candidate.app/Contents/Developer/Platforms/iPhoneOS.platform/Developer/usr/lib -F /Users/admin/builder/spi-builder-workspace/.derivedData/Build/Products/Debug-iphoneos -F /Applications/Xcode-27.0.0-Release.Candidate.app/Contents/Developer/Platforms/iPhoneOS.platform/Developer/Library/Frameworks -F /Applications/Xcode-27.0.0-Release.Candidate.app/Contents/Developer/Platforms/iPhoneOS.platform/Developer/SDKs/iPhoneOS27.0.sdk/Developer/Library/Frameworks -c -j10 -enable-batch-mode -incremental -Xcc -ivfsstatcache -Xcc /Users/admin/builder/spi-builder-workspace/.derivedData/SDKStatCaches.noindex/iphoneos27.0-24A430-e829b21a6f8c9b70876ba0858053c04440ceaa042ed91876912b2eeea4e3aa14.sdkstatcache -output-file-map /Users/admin/builder/spi-builder-workspace/.derivedData/Build/Intermediates.noindex/RxSwift.build/Debug-iphoneos/RxSwift-t.build/Objects-normal/arm64/RxSwift-OutputFileMap.json -save-temps -no-color-diagnostics -explicit-module-build -module-cache-path /Users/admin/builder/spi-builder-workspace/.derivedData/Build/Intermediates.noindex/SwiftExplicitPrecompiledModules -clang-scanner-module-cache-path /Users/admin/builder/spi-builder-workspace/.derivedData/ModuleCache.noindex -sdk-module-cache-path /Users/admin/builder/spi-builder-workspace/.derivedData/SDKExplicitPrecompiledModules -emit-dependencies -emit-module -emit-module-path /Users/admin/builder/spi-builder-workspace/.derivedData/Build/Intermediates.noindex/RxSwift.build/Debug-iphoneos/RxSwift-t.build/Objects-normal/arm64/RxSwift.swiftmodule -serialize-diagnostics -dependency-scan-serialize-diagnostics-path /Users/admin/builder/spi-builder-workspace/.derivedData/Build/Intermediates.noindex/RxSwift.build/Debug-iphoneos/RxSwift-t.build/Objects-normal/arm64/RxSwift-dependency-scan.dia -validate-clang-modules-once -clang-build-session-file /Users/admin/builder/spi-builder-workspace/.derivedData/ModuleCache.noindex/Session.modulevalidation -Xcc -fmodules-prune-interval\=86400 -Xcc -fmodules-prune-after\=345600 -package-name rxswift -emit-const-values -const-gather-protocols-list /Users/admin/builder/spi-builder-workspace/.derivedData/Build/Intermediates.noindex/RxSwift.build/Debug-iphoneos/RxSwift-t.build/Objects-normal/arm64/RxSwift_const_extract_protocols.json -Xcc -I/Users/admin/builder/spi-builder-workspace/.derivedData/Build/Products/Debug-iphoneos/include -Xcc -I/Users/admin/builder/spi-builder-workspace/.derivedData/Build/Intermediates.noindex/RxSwift.build/Debug-iphoneos/RxSwift-t.build/DerivedSources-normal/arm64 -Xcc -I/Users/admin/builder/spi-builder-workspace/.derivedData/Build/Intermediates.noindex/RxSwift.build/Debug-iphoneos/RxSwift-t.build/DerivedSources/arm64 -Xcc -I/Users/admin/builder/spi-builder-workspace/.derivedData/Build/Intermediates.noindex/RxSwift.build/Debug-iphoneos/RxSwift-t.build/DerivedSources -Xcc -DSWIFT_PACKAGE -Xcc -DDEBUG\=1 -emit-objc-header -emit-objc-header-path /Users/admin/builder/spi-builder-workspace/.derivedData/Build/Intermediates.noindex/RxSwift.build/Debug-iphoneos/RxSwift-t.build/Objects-normal/arm64/RxSwift-Swift.h -working-directory /Users/admin/builder/spi-builder-workspace/.swiftpm/xcode -experimental-emit-module-separately -disable-cmo
PruneExplicitPrecompiledModules /Users/admin/builder/spi-builder-workspace/.derivedData/Build/Intermediates.noindex/SwiftExplicitPrecompiledModules
PruneExplicitPrecompiledModules /Users/admin/builder/spi-builder-workspace/.derivedData/SDKExplicitPrecompiledModules
PruneExplicitPrecompiledModules /Users/admin/builder/spi-builder-workspace/.derivedData/Build/Intermediates.noindex/ExplicitPrecompiledModules
2026-09-21 13:25:03.869 xcodebuild[777:5033] [MT] IDERunDestination: Supported platforms for the buildables in the current scheme is empty.
** BUILD FAILED **
The following build commands failed:
	SwiftDriver Omnibar normal arm64 com.apple.xcode.tools.swift.compiler (in target 'Omnibar' from project 'Omnibar')
	Building workspace RxOmnibar with scheme RxOmnibar-Package
(2 failures)
BUILD FAILURE 6.4 iOS