Build Information
Failed to build RavelinEncrypt, reference 1.1.2 (53e829), with Swift 6.4 for watchOS using Xcode 27.0 on 20 Sep 2026 10:54:49 UTC.
Build Command
env DEVELOPER_DIR=/Applications/Xcode-27.0.0-Release.Candidate.app xcrun xcodebuild -IDEClonedSourcePackagesDirPathOverride=$PWD/.dependencies -skipMacroValidation -skipPackagePluginValidation -derivedDataPath $PWD/.derivedData build -scheme RavelinEncrypt -destination generic/platform=watchOSBuild Log
========================================
RunAll
========================================
Builder version: 5.1.0
Interrupt handler set up.
========================================
Checkout
========================================
Clone URL: https://github.com/unravelin/ravelin-encrypt-ios-xcframework-distribution.git
Reference: 1.1.2
Initialized empty Git repository in /Users/admin/builder/spi-builder-workspace/.git/
From https://github.com/unravelin/ravelin-encrypt-ios-xcframework-distribution
* tag 1.1.2 -> FETCH_HEAD
HEAD is now at 53e8292 Merge pull request #2 from unravelin/feature/privacy-support
Cloned https://github.com/unravelin/ravelin-encrypt-ios-xcframework-distribution.git
Revision (git rev-parse @):
53e8292982546accc2704eaecdc37039f26ecd3b
SUCCESS checkout https://github.com/unravelin/ravelin-encrypt-ios-xcframework-distribution.git at 1.1.2
========================================
Build
========================================
Selected platform: watchOS
Swift version: 6.4
Building package at path: $PWD
https://github.com/unravelin/ravelin-encrypt-ios-xcframework-distribution.git
Command line invocation:
/Applications/Xcode-27.0.0-Release.Candidate.app/Contents/Developer/usr/bin/xcodebuild -IDEClonedSourcePackagesDirPathOverride=/Users/admin/builder/spi-builder-workspace/.dependencies -resolvePackageDependencies
Resolve Package Graph
Resolve Package Graph
Resolved source packages:
RavelinEncrypt: /Users/admin/builder/spi-builder-workspace
resolved source packages: RavelinEncrypt
2026-09-20 06:54:02.580 xcodebuild[525:2990] [MT] IDERunDestination: Supported platforms for the buildables in the current scheme is empty.
{
"dependencies" : [
],
"manifest_display_name" : "RavelinEncrypt",
"name" : "RavelinEncrypt",
"path" : "/Users/admin/builder/spi-builder-workspace",
"platforms" : [
{
"name" : "ios",
"version" : "11.0"
}
],
"products" : [
{
"name" : "RavelinEncrypt",
"targets" : [
"RavelinEncrypt"
],
"type" : {
"library" : [
"automatic"
]
}
}
],
"targets" : [
{
"c99name" : "RavelinEncrypt",
"module_type" : "BinaryTarget",
"name" : "RavelinEncrypt",
"path" : "RavelinEncrypt.xcframework",
"product_memberships" : [
"RavelinEncrypt"
],
"sources" : [
],
"type" : "binary"
}
],
"tools_version" : "5.3"
}
{
"workspace" : {
"name" : "RavelinEncrypt",
"schemes" : [
"RavelinEncrypt"
]
}
}
2026-09-20 06:54:43.749 xcodebuild[623:3935] [MT] IDERunDestination: Supported platforms for the buildables in the current scheme is empty.
Running build ...
env DEVELOPER_DIR=/Applications/Xcode-27.0.0-Release.Candidate.app xcrun xcodebuild -IDEClonedSourcePackagesDirPathOverride=$PWD/.dependencies -skipMacroValidation -skipPackagePluginValidation -derivedDataPath $PWD/.derivedData build -scheme RavelinEncrypt -destination generic/platform=watchOS
Command line invocation:
/Applications/Xcode-27.0.0-Release.Candidate.app/Contents/Developer/usr/bin/xcodebuild -IDEClonedSourcePackagesDirPathOverride=/Users/admin/builder/spi-builder-workspace/.dependencies -skipMacroValidation -skipPackagePluginValidation -derivedDataPath /Users/admin/builder/spi-builder-workspace/.derivedData build -scheme RavelinEncrypt -destination generic/platform=watchOS
Resolve Package Graph
Resolved source packages:
RavelinEncrypt: /Users/admin/builder/spi-builder-workspace
ComputePackagePrebuildTargetDependencyGraph
Prepare packages
CreateBuildRequest
SendProjectDescription
CreateBuildOperation
ComputeTargetDependencyGraph
note: Building targets in dependency order
note: Target dependency graph (1 target)
Target 'RavelinEncrypt-product' in project 'RavelinEncrypt' (no dependencies)
GatherProvisioningInputs
CreateBuildDescription
ExecuteExternalTool /Applications/Xcode-27.0.0-Release.Candidate.app/Contents/Developer/Toolchains/XcodeDefault.xctoolchain/usr/bin/clang -v -E -dM -isysroot /Applications/Xcode-27.0.0-Release.Candidate.app/Contents/Developer/Platforms/WatchOS.platform/Developer/SDKs/WatchOS27.0.sdk -x c -c /dev/null
Build description signature: 8fa8c554d8efd0c92771809843940417
Build description path: /Users/admin/builder/spi-builder-workspace/.derivedData/Build/Intermediates.noindex/XCBuildData/8fa8c554d8efd0c92771809843940417.xcbuilddata
/Users/admin/builder/spi-builder-workspace/RavelinEncrypt.xcframework:1:1: error: While building for watchOS, no library for this platform was found in '/Users/admin/builder/spi-builder-workspace/RavelinEncrypt.xcframework'. (in target 'RavelinEncrypt-product' from project 'RavelinEncrypt')
2026-09-20 06:54:45.362 xcodebuild[651:4192] [MT] IDERunDestination: Supported platforms for the buildables in the current scheme is empty.
** BUILD FAILED **
The following build commands failed:
Building workspace RavelinEncrypt with scheme RavelinEncrypt
(1 failure)
Command line invocation:
/Applications/Xcode-27.0.0-Release.Candidate.app/Contents/Developer/usr/bin/xcodebuild -IDEClonedSourcePackagesDirPathOverride=/Users/admin/builder/spi-builder-workspace/.dependencies -resolvePackageDependencies
Resolve Package Graph
Resolved source packages:
RavelinEncrypt: /Users/admin/builder/spi-builder-workspace
resolved source packages: RavelinEncrypt
2026-09-20 06:54:46.897 xcodebuild[669:4329] [MT] IDERunDestination: Supported platforms for the buildables in the current scheme is empty.
{
"dependencies" : [
],
"manifest_display_name" : "RavelinEncrypt",
"name" : "RavelinEncrypt",
"path" : "/Users/admin/builder/spi-builder-workspace",
"platforms" : [
{
"name" : "ios",
"version" : "11.0"
}
],
"products" : [
{
"name" : "RavelinEncrypt",
"targets" : [
"RavelinEncrypt"
],
"type" : {
"library" : [
"automatic"
]
}
}
],
"targets" : [
{
"c99name" : "RavelinEncrypt",
"module_type" : "BinaryTarget",
"name" : "RavelinEncrypt",
"path" : "RavelinEncrypt.xcframework",
"product_memberships" : [
"RavelinEncrypt"
],
"sources" : [
],
"type" : "binary"
}
],
"tools_version" : "5.3"
}
{
"workspace" : {
"name" : "RavelinEncrypt",
"schemes" : [
"RavelinEncrypt"
]
}
}
2026-09-20 06:54:48.105 xcodebuild[677:4389] [MT] IDERunDestination: Supported platforms for the buildables in the current scheme is empty.
Running build ...
env DEVELOPER_DIR=/Applications/Xcode-27.0.0-Release.Candidate.app xcrun xcodebuild -IDEClonedSourcePackagesDirPathOverride=$PWD/.dependencies -skipMacroValidation -skipPackagePluginValidation -derivedDataPath $PWD/.derivedData build -scheme RavelinEncrypt -destination generic/platform=watchOS
Command line invocation:
/Applications/Xcode-27.0.0-Release.Candidate.app/Contents/Developer/usr/bin/xcodebuild -IDEClonedSourcePackagesDirPathOverride=/Users/admin/builder/spi-builder-workspace/.dependencies -skipMacroValidation -skipPackagePluginValidation -derivedDataPath /Users/admin/builder/spi-builder-workspace/.derivedData build -scheme RavelinEncrypt -destination generic/platform=watchOS
Resolve Package Graph
Resolved source packages:
RavelinEncrypt: /Users/admin/builder/spi-builder-workspace
ComputePackagePrebuildTargetDependencyGraph
Prepare packages
CreateBuildRequest
SendProjectDescription
CreateBuildOperation
ComputeTargetDependencyGraph
note: Building targets in dependency order
note: Target dependency graph (1 target)
Target 'RavelinEncrypt-product' in project 'RavelinEncrypt' (no dependencies)
GatherProvisioningInputs
CreateBuildDescription
/Users/admin/builder/spi-builder-workspace/RavelinEncrypt.xcframework:1:1: error: While building for watchOS, no library for this platform was found in '/Users/admin/builder/spi-builder-workspace/RavelinEncrypt.xcframework'. (in target 'RavelinEncrypt-product' from project 'RavelinEncrypt')
2026-09-20 06:54:49.044 xcodebuild[678:4413] [MT] IDERunDestination: Supported platforms for the buildables in the current scheme is empty.
** BUILD FAILED **
The following build commands failed:
Building workspace RavelinEncrypt with scheme RavelinEncrypt
(1 failure)
BUILD FAILURE 6.4 watchOS