Build Information
Failed to build CodexAgentSDK, reference main (350607), with Swift 6.1 for Linux on 17 Jul 2026 21:56:50 UTC.
Build Command
bash -c docker run --pull=always --rm -v "checkouts-54344847-1":/host -w "$PWD" -e JAVA_HOME="/root/.sdkman/candidates/java/current" -e SPI_BUILD="1" -e SPI_PROCESSING="1" registry.gitlab.com/saguaro1/spi-images:basic-6.1-latest swift build --triple x86_64-unknown-linux-gnu 2>&1Build Log
========================================
RunAll
========================================
Builder version: 333316120c8b89ed7d21f1b34865290794301d91
Interrupt handler set up.
========================================
Checkout
========================================
Clone URL: https://github.com/kiliczsh/codex-agents-sdk-swift.git
Reference: main
Initialized empty Git repository in /host/spi-builder-workspace/.git/
hint: Using 'master' as the name for the initial branch. This default branch name
hint: is subject to change. To configure the initial branch name to use in all
hint: of your new repositories, which will suppress this warning, call:
hint:
hint: git config --global init.defaultBranch <name>
hint:
hint: Names commonly chosen instead of 'master' are 'main', 'trunk' and
hint: 'development'. The just-created branch can be renamed via this command:
hint:
hint: git branch -m <name>
From https://github.com/kiliczsh/codex-agents-sdk-swift
* branch main -> FETCH_HEAD
* [new branch] main -> origin/main
HEAD is now at 3506079 Add contributing guidelines
Cloned https://github.com/kiliczsh/codex-agents-sdk-swift.git
Revision (git rev-parse @):
35060797946e0852dcee20375634809aa93dc28c
SPI manifest file found: $PWD/.spi.yml
SUCCESS checkout https://github.com/kiliczsh/codex-agents-sdk-swift.git at main
========================================
Build
========================================
Selected platform: linux
Swift version: 6.1
Building package at path: $PWD
https://github.com/kiliczsh/codex-agents-sdk-swift.git
https://github.com/kiliczsh/codex-agents-sdk-swift.git
WARNING: environment variable SUPPRESS_SWIFT_6_FLAGS is not set
Running build ...
bash -c docker run --pull=always --rm -v "checkouts-54344847-1":/host -w "$PWD" -e JAVA_HOME="/root/.sdkman/candidates/java/current" -e SPI_BUILD="1" -e SPI_PROCESSING="1" registry.gitlab.com/saguaro1/spi-images:basic-6.1-latest swift build --triple x86_64-unknown-linux-gnu -Xswiftc -Xfrontend -Xswiftc -stats-output-dir -Xswiftc -Xfrontend -Xswiftc .stats -Xswiftc -strict-concurrency=complete -Xswiftc -enable-upcoming-feature -Xswiftc StrictConcurrency -Xswiftc -enable-upcoming-feature -Xswiftc DisableOutwardActorInference -Xswiftc -enable-upcoming-feature -Xswiftc GlobalActorIsolatedTypesUsability -Xswiftc -enable-upcoming-feature -Xswiftc InferSendableFromCaptures 2>&1
basic-6.1-latest: Pulling from saguaro1/spi-images
Digest: sha256:0f094b998e61bb35b7a666f42e392cfb12929ea8fa9160622b1badd8b73d5c87
Status: Image is up to date for registry.gitlab.com/saguaro1/spi-images:basic-6.1-latest
Building for debugging...
[0/2] Write sources
[1/2] Write swift-version-24593BA9C3E375BF.txt
[3/10] Compiling CodexAgentSDK CodexAppServerClient.swift
/host/spi-builder-workspace/Sources/CodexAgentSDK/CodexProcessTransport.swift:1:8: error: no such module 'Darwin'
1 | import Darwin
| `- error: no such module 'Darwin'
2 | import Foundation
3 |
error: emit-module command failed with exit code 1 (use -v to see invocation)
[4/11] Emitting module CodexAgentSDK
/host/spi-builder-workspace/Sources/CodexAgentSDK/CodexProcessTransport.swift:1:8: error: no such module 'Darwin'
1 | import Darwin
| `- error: no such module 'Darwin'
2 | import Foundation
3 |
[5/11] Compiling CodexAgentSDK CodexAgentError.swift
/host/spi-builder-workspace/Sources/CodexAgentSDK/CodexProcessTransport.swift:1:8: error: no such module 'Darwin'
1 | import Darwin
| `- error: no such module 'Darwin'
2 | import Foundation
3 |
[6/11] Compiling CodexAgentSDK CodexDynamicTool.swift
/host/spi-builder-workspace/Sources/CodexAgentSDK/CodexProcessTransport.swift:1:8: error: no such module 'Darwin'
1 | import Darwin
| `- error: no such module 'Darwin'
2 | import Foundation
3 |
[7/11] Compiling CodexAgentSDK CodexAgentSession.swift
/host/spi-builder-workspace/Sources/CodexAgentSDK/CodexProcessTransport.swift:1:8: error: no such module 'Darwin'
1 | import Darwin
| `- error: no such module 'Darwin'
2 | import Foundation
3 |
[8/11] Compiling CodexAgentSDK CodexCLIResolver.swift
/host/spi-builder-workspace/Sources/CodexAgentSDK/CodexProcessTransport.swift:1:8: error: no such module 'Darwin'
1 | import Darwin
| `- error: no such module 'Darwin'
2 | import Foundation
3 |
[9/11] Compiling CodexAgentSDK JSONValue.swift
/host/spi-builder-workspace/Sources/CodexAgentSDK/CodexProcessTransport.swift:1:8: error: no such module 'Darwin'
1 | import Darwin
| `- error: no such module 'Darwin'
2 | import Foundation
3 |
[10/11] Compiling CodexAgentSDK CodexTypes.swift
/host/spi-builder-workspace/Sources/CodexAgentSDK/CodexProcessTransport.swift:1:8: error: no such module 'Darwin'
1 | import Darwin
| `- error: no such module 'Darwin'
2 | import Foundation
3 |
[11/11] Compiling CodexAgentSDK CodexProcessTransport.swift
/host/spi-builder-workspace/Sources/CodexAgentSDK/CodexProcessTransport.swift:1:8: error: no such module 'Darwin'
1 | import Darwin
| `- error: no such module 'Darwin'
2 | import Foundation
3 |
Running build ...
bash -c docker run --pull=always --rm -v "checkouts-54344847-1":/host -w "$PWD" -e JAVA_HOME="/root/.sdkman/candidates/java/current" -e SPI_BUILD="1" -e SPI_PROCESSING="1" registry.gitlab.com/saguaro1/spi-images:basic-6.1-latest swift build --triple x86_64-unknown-linux-gnu 2>&1
basic-6.1-latest: Pulling from saguaro1/spi-images
Digest: sha256:0f094b998e61bb35b7a666f42e392cfb12929ea8fa9160622b1badd8b73d5c87
Status: Image is up to date for registry.gitlab.com/saguaro1/spi-images:basic-6.1-latest
[0/1] Planning build
Building for debugging...
[0/1] Write swift-version-24593BA9C3E375BF.txt
[2/9] Compiling CodexAgentSDK CodexAgentError.swift
/host/spi-builder-workspace/Sources/CodexAgentSDK/CodexProcessTransport.swift:1:8: error: no such module 'Darwin'
1 | import Darwin
| `- error: no such module 'Darwin'
2 | import Foundation
3 |
[3/9] Compiling CodexAgentSDK CodexAppServerClient.swift
/host/spi-builder-workspace/Sources/CodexAgentSDK/CodexProcessTransport.swift:1:8: error: no such module 'Darwin'
1 | import Darwin
| `- error: no such module 'Darwin'
2 | import Foundation
3 |
error: emit-module command failed with exit code 1 (use -v to see invocation)
[4/10] Emitting module CodexAgentSDK
/host/spi-builder-workspace/Sources/CodexAgentSDK/CodexProcessTransport.swift:1:8: error: no such module 'Darwin'
1 | import Darwin
| `- error: no such module 'Darwin'
2 | import Foundation
3 |
[5/10] Compiling CodexAgentSDK CodexProcessTransport.swift
/host/spi-builder-workspace/Sources/CodexAgentSDK/CodexProcessTransport.swift:1:8: error: no such module 'Darwin'
1 | import Darwin
| `- error: no such module 'Darwin'
2 | import Foundation
3 |
[6/10] Compiling CodexAgentSDK CodexTypes.swift
/host/spi-builder-workspace/Sources/CodexAgentSDK/CodexProcessTransport.swift:1:8: error: no such module 'Darwin'
1 | import Darwin
| `- error: no such module 'Darwin'
2 | import Foundation
3 |
[7/10] Compiling CodexAgentSDK CodexCLIResolver.swift
/host/spi-builder-workspace/Sources/CodexAgentSDK/CodexProcessTransport.swift:1:8: error: no such module 'Darwin'
1 | import Darwin
| `- error: no such module 'Darwin'
2 | import Foundation
3 |
[8/10] Compiling CodexAgentSDK CodexDynamicTool.swift
/host/spi-builder-workspace/Sources/CodexAgentSDK/CodexProcessTransport.swift:1:8: error: no such module 'Darwin'
1 | import Darwin
| `- error: no such module 'Darwin'
2 | import Foundation
3 |
[9/10] Compiling CodexAgentSDK CodexAgentSession.swift
/host/spi-builder-workspace/Sources/CodexAgentSDK/CodexProcessTransport.swift:1:8: error: no such module 'Darwin'
1 | import Darwin
| `- error: no such module 'Darwin'
2 | import Foundation
3 |
[10/10] Compiling CodexAgentSDK JSONValue.swift
/host/spi-builder-workspace/Sources/CodexAgentSDK/CodexProcessTransport.swift:1:8: error: no such module 'Darwin'
1 | import Darwin
| `- error: no such module 'Darwin'
2 | import Foundation
3 |
BUILD FAILURE 6.1 linux