Build Information
Failed to build iONess, reference 2.0.2 (39e7b9), with Swift 6.4 for macOS (Xcode) using Xcode 27.0 on 18 Sep 2026 10:53:34 UTC.
Build Command
env DEVELOPER_DIR=/Applications/Xcode-27.0.0-Release.Candidate.app xcrun xcodebuild -IDEClonedSourcePackagesDirPathOverride=$PWD/.dependencies -skipMacroValidation -skipPackagePluginValidation -derivedDataPath $PWD/.derivedData build -scheme iONess -destination platform=macOS,arch=arm64Build Log
========================================
RunAll
========================================
Builder version: 5.1.0
Interrupt handler set up.
========================================
Checkout
========================================
Clone URL: https://github.com/oss-homecredit-id/iONess.git
Reference: 2.0.2
Initialized empty Git repository in /Users/admin/builder/spi-builder-workspace/.git/
From https://github.com/oss-homecredit-id/iONess
* tag 2.0.2 -> FETCH_HEAD
HEAD is now at 39e7b96 Update iONess.podspec
Cloned https://github.com/oss-homecredit-id/iONess.git
Revision (git rev-parse @):
39e7b96ac685e122f847e9fc5f19d43721ed2ea7
SUCCESS checkout https://github.com/oss-homecredit-id/iONess.git at 2.0.2
========================================
Build
========================================
Selected platform: macosXcodebuild
Swift version: 6.4
Building package at path: $PWD
https://github.com/oss-homecredit-id/iONess.git
Command line invocation:
/Applications/Xcode-27.0.0-Release.Candidate.app/Contents/Developer/usr/bin/xcodebuild -IDEClonedSourcePackagesDirPathOverride=/Users/admin/builder/spi-builder-workspace/.dependencies -resolvePackageDependencies
resolved source packages:
{
"dependencies" : [
{
"identity" : "ergo",
"requirement" : {
"range" : [
{
"lower_bound" : "1.3.0",
"upper_bound" : "2.0.0"
}
]
},
"type" : "sourceControl",
"url" : "https://github.com/nayanda1/Ergo.git"
},
{
"identity" : "quick",
"requirement" : {
"range" : [
{
"lower_bound" : "4.0.0",
"upper_bound" : "5.0.0"
}
]
},
"type" : "sourceControl",
"url" : "https://github.com/Quick/Quick.git"
},
{
"identity" : "nimble",
"requirement" : {
"range" : [
{
"lower_bound" : "9.2.1",
"upper_bound" : "10.0.0"
}
]
},
"type" : "sourceControl",
"url" : "https://github.com/Quick/Nimble.git"
}
],
"manifest_display_name" : "iONess",
"name" : "iONess",
"path" : "/Users/admin/builder/spi-builder-workspace",
"platforms" : [
{
"name" : "ios",
"version" : "10.0"
},
{
"name" : "macos",
"version" : "10.10"
},
{
"name" : "tvos",
"version" : "10.0"
}
],
"products" : [
{
"name" : "iONess",
"targets" : [
"iONess"
],
"type" : {
"library" : [
"automatic"
]
}
}
],
"targets" : [
{
"c99name" : "iONessTests",
"module_type" : "SwiftTarget",
"name" : "iONessTests",
"path" : "Example/Tests",
"product_dependencies" : [
"Quick",
"Nimble"
],
"sources" : [
"IntegratedTest.swift",
"Mock.swift",
"ResponseDecoderSpec.swift"
],
"target_dependencies" : [
"iONess"
],
"type" : "test"
},
{
"c99name" : "iONess",
"module_type" : "SwiftTarget",
"name" : "iONess",
"path" : "iONess/Classes",
"product_dependencies" : [
"Ergo"
],
"product_memberships" : [
"iONess"
],
"sources" : [
"Common/LockRunner.swift",
"Common/URLCompatible.swift",
"Control/DuplicatedHandler.swift",
"Control/HTTPValidator.swift",
"Control/ResponseValidator.swift",
"Control/RetryControl.swift",
"EncoderAndDecoder/RequestBodyEncoder.swift",
"EncoderAndDecoder/ResponseDecoder.swift",
"Manager/NetworkSessionManager+Extensions.swift",
"Manager/NetworkSessionManager.swift",
"Model/HTTPRequestMessage.swift",
"Model/HTTPResponseMessage.swift",
"Model/NetworkRequest.swift",
"Model/NetworkResult.swift",
"Model/NetworkSessionError.swift",
"Model/RequestMessage.swift",
"Request/RequestBuilder.swift",
"Request/RequestHandler.swift",
"Request/RequestPromise.swift",
"Request/Resumable.swift"
],
"type" : "library"
}
],
"tools_version" : "5.1"
}
{
"project" : {
"configurations" : [
"Debug",
"Release"
],
"name" : "Pods",
"schemes" : [
"Ergo",
"iONess",
"Nimble",
"Pods-iONess_Example",
"Pods-iONess_Tests",
"Quick"
],
"targets" : [
"Ergo",
"iONess",
"Nimble",
"Pods-iONess_Example",
"Pods-iONess_Tests",
"Quick"
]
}
}
{
"workspace" : {
"name" : "iONess",
"schemes" : [
"iONess"
]
}
}
2026-09-18 06:53:16.049 xcodebuild[621:3920] [MT] IDERunDestination: Supported platforms for the buildables in the current scheme is empty.
Running build ...
env DEVELOPER_DIR=/Applications/Xcode-27.0.0-Release.Candidate.app xcrun xcodebuild -IDEClonedSourcePackagesDirPathOverride=$PWD/.dependencies -skipMacroValidation -skipPackagePluginValidation -derivedDataPath $PWD/.derivedData build -scheme iONess -destination platform=macOS,arch=arm64
Command line invocation:
/Applications/Xcode-27.0.0-Release.Candidate.app/Contents/Developer/usr/bin/xcodebuild -IDEClonedSourcePackagesDirPathOverride=/Users/admin/builder/spi-builder-workspace/.dependencies -skipMacroValidation -skipPackagePluginValidation -derivedDataPath /Users/admin/builder/spi-builder-workspace/.derivedData build -scheme iONess -destination platform=macOS,arch=arm64
Resolve Package Graph
Resolve Package Graph
Resolved source packages:
Quick: https://github.com/Quick/Quick.git @ 4.0.0
iONess: /Users/admin/builder/spi-builder-workspace
CwlCatchException: https://github.com/mattgallagher/CwlCatchException.git @ 2.2.1
Nimble: https://github.com/Quick/Nimble.git @ 9.2.1
Chary: https://github.com/hainayanda/Chary.git @ 1.0.7
CwlPreconditionTesting: https://github.com/mattgallagher/CwlPreconditionTesting.git @ 2.2.2
Ergo: https://github.com/nayanda1/Ergo.git @ 1.4.0
ComputePackagePrebuildTargetDependencyGraph
Prepare packages
CreateBuildRequest
SendProjectDescription
CreateBuildOperation
ComputeTargetDependencyGraph
note: Building targets in dependency order
note: Target dependency graph (6 targets)
Target 'iONess-product' in project 'iONess'
➜ Explicit dependency on target 'iONess' in project 'iONess'
➜ Explicit dependency on target 'Ergo-product' in project 'Ergo'
Target 'iONess' in project 'iONess'
➜ Explicit dependency on target 'Ergo-product' in project 'Ergo'
Target 'Ergo-product' in project 'Ergo'
➜ Explicit dependency on target 'Ergo' in project 'Ergo'
➜ Explicit dependency on target 'Chary-product' in project 'Chary'
Target 'Ergo' in project 'Ergo'
➜ Explicit dependency on target 'Chary-product' in project 'Chary'
Target 'Chary-product' in project 'Chary'
➜ Explicit dependency on target 'Chary' in project 'Chary'
Target 'Chary' in project 'Chary' (no dependencies)
GatherProvisioningInputs
CreateBuildDescription
ExecuteExternalTool /Applications/Xcode-27.0.0-Release.Candidate.app/Contents/Developer/Toolchains/XcodeDefault.xctoolchain/usr/bin/swiftc --version
ExecuteExternalTool /Applications/Xcode-27.0.0-Release.Candidate.app/Contents/Developer/Toolchains/XcodeDefault.xctoolchain/usr/bin/clang -v -E -dM -isysroot /Applications/Xcode-27.0.0-Release.Candidate.app/Contents/Developer/Platforms/MacOSX.platform/Developer/SDKs/MacOSX27.0.sdk -x c -c /dev/null
ExecuteExternalTool /Applications/Xcode-27.0.0-Release.Candidate.app/Contents/Developer/Toolchains/XcodeDefault.xctoolchain/usr/bin/ld -version_details
Build description signature: b80a778c768463f59c18d4dbb6c28a3a
Build description path: /Users/admin/builder/spi-builder-workspace/.derivedData/Build/Intermediates.noindex/XCBuildData/b80a778c768463f59c18d4dbb6c28a3a.xcbuilddata
CreateBuildDirectory /Users/admin/builder/spi-builder-workspace/.derivedData/CompilationCache.noindex
cd /Users/admin/builder/spi-builder-workspace/.swiftpm/xcode
builtin-create-build-directory /Users/admin/builder/spi-builder-workspace/.derivedData/CompilationCache.noindex
CreateBuildDirectory /Users/admin/builder/spi-builder-workspace/.derivedData/SDKExplicitPrecompiledModules
cd /Users/admin/builder/spi-builder-workspace/.swiftpm/xcode
builtin-create-build-directory /Users/admin/builder/spi-builder-workspace/.derivedData/SDKExplicitPrecompiledModules
CreateBuildDirectory /Users/admin/builder/spi-builder-workspace/.derivedData/ModuleCache.noindex
cd /Users/admin/builder/spi-builder-workspace/.swiftpm/xcode
builtin-create-build-directory /Users/admin/builder/spi-builder-workspace/.derivedData/ModuleCache.noindex
ClangStatCache /Applications/Xcode-27.0.0-Release.Candidate.app/Contents/Developer/Toolchains/XcodeDefault.xctoolchain/usr/bin/clang-stat-cache /Applications/Xcode-27.0.0-Release.Candidate.app/Contents/Developer/Platforms/MacOSX.platform/Developer/SDKs/MacOSX27.0.sdk /Users/admin/builder/spi-builder-workspace/.derivedData/SDKStatCaches.noindex/macosx27.0-26A425-e829b21a6f8c9b70876ba0858053c0446a22442a12e9d48fe1a705f55a1adfc4.sdkstatcache
cd /Users/admin/builder/spi-builder-workspace/.swiftpm/xcode
/Applications/Xcode-27.0.0-Release.Candidate.app/Contents/Developer/Toolchains/XcodeDefault.xctoolchain/usr/bin/clang-stat-cache /Applications/Xcode-27.0.0-Release.Candidate.app/Contents/Developer/Platforms/MacOSX.platform/Developer/SDKs/MacOSX27.0.sdk -o /Users/admin/builder/spi-builder-workspace/.derivedData/SDKStatCaches.noindex/macosx27.0-26A425-e829b21a6f8c9b70876ba0858053c0446a22442a12e9d48fe1a705f55a1adfc4.sdkstatcache
CreateBuildDirectory /Users/admin/builder/spi-builder-workspace/.derivedData/Build/Products
cd /Users/admin/builder/spi-builder-workspace/.swiftpm/xcode
builtin-create-build-directory /Users/admin/builder/spi-builder-workspace/.derivedData/Build/Products
CreateBuildDirectory /Users/admin/builder/spi-builder-workspace/.derivedData/Build/Intermediates.noindex
cd /Users/admin/builder/spi-builder-workspace/.swiftpm/xcode
builtin-create-build-directory /Users/admin/builder/spi-builder-workspace/.derivedData/Build/Intermediates.noindex
CreateBuildDirectory /Users/admin/builder/spi-builder-workspace/.derivedData/Build/Intermediates.noindex/PrecompiledHeaders
cd /Users/admin/builder/spi-builder-workspace/.swiftpm/xcode
builtin-create-build-directory /Users/admin/builder/spi-builder-workspace/.derivedData/Build/Intermediates.noindex/PrecompiledHeaders
CreateBuildDirectory /Users/admin/builder/spi-builder-workspace/.derivedData/Build/Intermediates.noindex/SwiftExplicitPrecompiledModules
cd /Users/admin/builder/spi-builder-workspace/.swiftpm/xcode
builtin-create-build-directory /Users/admin/builder/spi-builder-workspace/.derivedData/Build/Intermediates.noindex/SwiftExplicitPrecompiledModules
CreateBuildDirectory /Users/admin/builder/spi-builder-workspace/.derivedData/Build/Intermediates.noindex/ExplicitPrecompiledModules
cd /Users/admin/builder/spi-builder-workspace/.swiftpm/xcode
builtin-create-build-directory /Users/admin/builder/spi-builder-workspace/.derivedData/Build/Intermediates.noindex/ExplicitPrecompiledModules
CreateBuildDirectory /Users/admin/builder/spi-builder-workspace/.derivedData/Build/Intermediates.noindex/EagerLinkingTBDs/Debug
cd /Users/admin/builder/spi-builder-workspace/.swiftpm/xcode
builtin-create-build-directory /Users/admin/builder/spi-builder-workspace/.derivedData/Build/Intermediates.noindex/EagerLinkingTBDs/Debug
CreateBuildDirectory /Users/admin/builder/spi-builder-workspace/.derivedData/Build/Products/Debug
cd /Users/admin/builder/spi-builder-workspace/.swiftpm/xcode
builtin-create-build-directory /Users/admin/builder/spi-builder-workspace/.derivedData/Build/Products/Debug
CreateBuildDirectory /Users/admin/builder/spi-builder-workspace/.derivedData/Build/Products/Debug/PackageFrameworks
cd /Users/admin/builder/spi-builder-workspace/.swiftpm/xcode
builtin-create-build-directory /Users/admin/builder/spi-builder-workspace/.derivedData/Build/Products/Debug/PackageFrameworks
WriteAuxiliaryFile /Users/admin/builder/spi-builder-workspace/.derivedData/Build/Intermediates.noindex/iONess.build/Debug/iONess-t.build/iONess.DependencyMetadataFileList (in target 'iONess' from project 'iONess')
cd /Users/admin/builder/spi-builder-workspace
write-file /Users/admin/builder/spi-builder-workspace/.derivedData/Build/Intermediates.noindex/iONess.build/Debug/iONess-t.build/iONess.DependencyMetadataFileList
WriteAuxiliaryFile /Users/admin/builder/spi-builder-workspace/.derivedData/Build/Intermediates.noindex/iONess.build/Debug/iONess-t.build/iONess.DependencyStaticMetadataFileList (in target 'iONess' from project 'iONess')
cd /Users/admin/builder/spi-builder-workspace
write-file /Users/admin/builder/spi-builder-workspace/.derivedData/Build/Intermediates.noindex/iONess.build/Debug/iONess-t.build/iONess.DependencyStaticMetadataFileList
WriteAuxiliaryFile /Users/admin/builder/spi-builder-workspace/.derivedData/Build/Intermediates.noindex/iONess.build/Debug/iONess-t.build/iONess.modulemap (in target 'iONess' from project 'iONess')
cd /Users/admin/builder/spi-builder-workspace
write-file /Users/admin/builder/spi-builder-workspace/.derivedData/Build/Intermediates.noindex/iONess.build/Debug/iONess-t.build/iONess.modulemap
WriteAuxiliaryFile /Users/admin/builder/spi-builder-workspace/.derivedData/Build/Intermediates.noindex/iONess.build/Debug/iONess-t.build/Objects-normal/arm64/iONess.LinkFileList (in target 'iONess' from project 'iONess')
cd /Users/admin/builder/spi-builder-workspace
write-file /Users/admin/builder/spi-builder-workspace/.derivedData/Build/Intermediates.noindex/iONess.build/Debug/iONess-t.build/Objects-normal/arm64/iONess.LinkFileList
WriteAuxiliaryFile /Users/admin/builder/spi-builder-workspace/.derivedData/Build/Intermediates.noindex/iONess.build/Debug/iONess-t.build/Objects-normal/arm64/iONess-OutputFileMap.json (in target 'iONess' from project 'iONess')
cd /Users/admin/builder/spi-builder-workspace
write-file /Users/admin/builder/spi-builder-workspace/.derivedData/Build/Intermediates.noindex/iONess.build/Debug/iONess-t.build/Objects-normal/arm64/iONess-OutputFileMap.json
WriteAuxiliaryFile /Users/admin/builder/spi-builder-workspace/.derivedData/Build/Intermediates.noindex/iONess.build/Debug/iONess-t.build/Objects-normal/arm64/iONess_const_extract_protocols.json (in target 'iONess' from project 'iONess')
cd /Users/admin/builder/spi-builder-workspace
write-file /Users/admin/builder/spi-builder-workspace/.derivedData/Build/Intermediates.noindex/iONess.build/Debug/iONess-t.build/Objects-normal/arm64/iONess_const_extract_protocols.json
WriteAuxiliaryFile /Users/admin/builder/spi-builder-workspace/.derivedData/Build/Intermediates.noindex/iONess.build/Debug/iONess-t.build/Objects-normal/arm64/iONess.SwiftFileList (in target 'iONess' from project 'iONess')
cd /Users/admin/builder/spi-builder-workspace
write-file /Users/admin/builder/spi-builder-workspace/.derivedData/Build/Intermediates.noindex/iONess.build/Debug/iONess-t.build/Objects-normal/arm64/iONess.SwiftFileList
WriteAuxiliaryFile /Users/admin/builder/spi-builder-workspace/.derivedData/Build/Intermediates.noindex/iONess.build/Debug/iONess-t.build/Objects-normal/arm64/iONess.SwiftConstValuesFileList (in target 'iONess' from project 'iONess')
cd /Users/admin/builder/spi-builder-workspace
write-file /Users/admin/builder/spi-builder-workspace/.derivedData/Build/Intermediates.noindex/iONess.build/Debug/iONess-t.build/Objects-normal/arm64/iONess.SwiftConstValuesFileList
Copy /Users/admin/builder/spi-builder-workspace/.derivedData/Build/Intermediates.noindex/GeneratedModuleMaps/iONess.modulemap /Users/admin/builder/spi-builder-workspace/.derivedData/Build/Intermediates.noindex/iONess.build/Debug/iONess-t.build/iONess.modulemap (in target 'iONess' from project 'iONess')
cd /Users/admin/builder/spi-builder-workspace
builtin-copy -exclude .DS_Store -exclude CVS -exclude .svn -exclude .git -exclude .hg -resolve-src-symlinks /Users/admin/builder/spi-builder-workspace/.derivedData/Build/Intermediates.noindex/iONess.build/Debug/iONess-t.build/iONess.modulemap /Users/admin/builder/spi-builder-workspace/.derivedData/Build/Intermediates.noindex/GeneratedModuleMaps
WriteAuxiliaryFile /Users/admin/builder/spi-builder-workspace/.derivedData/Build/Intermediates.noindex/Ergo.build/Debug/Ergo-t.build/Ergo.modulemap (in target 'Ergo' from project 'Ergo')
cd /Users/admin/builder/spi-builder-workspace/.dependencies/checkouts/Ergo
write-file /Users/admin/builder/spi-builder-workspace/.derivedData/Build/Intermediates.noindex/Ergo.build/Debug/Ergo-t.build/Ergo.modulemap
WriteAuxiliaryFile /Users/admin/builder/spi-builder-workspace/.derivedData/Build/Intermediates.noindex/Ergo.build/Debug/Ergo-t.build/Objects-normal/arm64/Ergo.LinkFileList (in target 'Ergo' from project 'Ergo')
cd /Users/admin/builder/spi-builder-workspace/.dependencies/checkouts/Ergo
write-file /Users/admin/builder/spi-builder-workspace/.derivedData/Build/Intermediates.noindex/Ergo.build/Debug/Ergo-t.build/Objects-normal/arm64/Ergo.LinkFileList
WriteAuxiliaryFile /Users/admin/builder/spi-builder-workspace/.derivedData/Build/Intermediates.noindex/Ergo.build/Debug/Ergo-t.build/Objects-normal/arm64/Ergo_const_extract_protocols.json (in target 'Ergo' from project 'Ergo')
cd /Users/admin/builder/spi-builder-workspace/.dependencies/checkouts/Ergo
write-file /Users/admin/builder/spi-builder-workspace/.derivedData/Build/Intermediates.noindex/Ergo.build/Debug/Ergo-t.build/Objects-normal/arm64/Ergo_const_extract_protocols.json
WriteAuxiliaryFile /Users/admin/builder/spi-builder-workspace/.derivedData/Build/Intermediates.noindex/Ergo.build/Debug/Ergo-t.build/Objects-normal/arm64/Ergo.SwiftConstValuesFileList (in target 'Ergo' from project 'Ergo')
cd /Users/admin/builder/spi-builder-workspace/.dependencies/checkouts/Ergo
write-file /Users/admin/builder/spi-builder-workspace/.derivedData/Build/Intermediates.noindex/Ergo.build/Debug/Ergo-t.build/Objects-normal/arm64/Ergo.SwiftConstValuesFileList
WriteAuxiliaryFile /Users/admin/builder/spi-builder-workspace/.derivedData/Build/Intermediates.noindex/Ergo.build/Debug/Ergo-t.build/Objects-normal/arm64/Ergo-OutputFileMap.json (in target 'Ergo' from project 'Ergo')
cd /Users/admin/builder/spi-builder-workspace/.dependencies/checkouts/Ergo
write-file /Users/admin/builder/spi-builder-workspace/.derivedData/Build/Intermediates.noindex/Ergo.build/Debug/Ergo-t.build/Objects-normal/arm64/Ergo-OutputFileMap.json
WriteAuxiliaryFile /Users/admin/builder/spi-builder-workspace/.derivedData/Build/Intermediates.noindex/Ergo.build/Debug/Ergo-t.build/Objects-normal/arm64/Ergo.SwiftFileList (in target 'Ergo' from project 'Ergo')
cd /Users/admin/builder/spi-builder-workspace/.dependencies/checkouts/Ergo
write-file /Users/admin/builder/spi-builder-workspace/.derivedData/Build/Intermediates.noindex/Ergo.build/Debug/Ergo-t.build/Objects-normal/arm64/Ergo.SwiftFileList
WriteAuxiliaryFile /Users/admin/builder/spi-builder-workspace/.derivedData/Build/Intermediates.noindex/Ergo.build/Debug/Ergo-t.build/Ergo.DependencyStaticMetadataFileList (in target 'Ergo' from project 'Ergo')
cd /Users/admin/builder/spi-builder-workspace/.dependencies/checkouts/Ergo
write-file /Users/admin/builder/spi-builder-workspace/.derivedData/Build/Intermediates.noindex/Ergo.build/Debug/Ergo-t.build/Ergo.DependencyStaticMetadataFileList
WriteAuxiliaryFile /Users/admin/builder/spi-builder-workspace/.derivedData/Build/Intermediates.noindex/Ergo.build/Debug/Ergo-t.build/Ergo.DependencyMetadataFileList (in target 'Ergo' from project 'Ergo')
cd /Users/admin/builder/spi-builder-workspace/.dependencies/checkouts/Ergo
write-file /Users/admin/builder/spi-builder-workspace/.derivedData/Build/Intermediates.noindex/Ergo.build/Debug/Ergo-t.build/Ergo.DependencyMetadataFileList
Copy /Users/admin/builder/spi-builder-workspace/.derivedData/Build/Intermediates.noindex/GeneratedModuleMaps/Ergo.modulemap /Users/admin/builder/spi-builder-workspace/.derivedData/Build/Intermediates.noindex/Ergo.build/Debug/Ergo-t.build/Ergo.modulemap (in target 'Ergo' from project 'Ergo')
cd /Users/admin/builder/spi-builder-workspace/.dependencies/checkouts/Ergo
builtin-copy -exclude .DS_Store -exclude CVS -exclude .svn -exclude .git -exclude .hg -resolve-src-symlinks /Users/admin/builder/spi-builder-workspace/.derivedData/Build/Intermediates.noindex/Ergo.build/Debug/Ergo-t.build/Ergo.modulemap /Users/admin/builder/spi-builder-workspace/.derivedData/Build/Intermediates.noindex/GeneratedModuleMaps
WriteAuxiliaryFile /Users/admin/builder/spi-builder-workspace/.derivedData/Build/Intermediates.noindex/Chary.build/Debug/Chary-t.build/Chary.modulemap (in target 'Chary' from project 'Chary')
cd /Users/admin/builder/spi-builder-workspace/.dependencies/checkouts/Chary
write-file /Users/admin/builder/spi-builder-workspace/.derivedData/Build/Intermediates.noindex/Chary.build/Debug/Chary-t.build/Chary.modulemap
WriteAuxiliaryFile /Users/admin/builder/spi-builder-workspace/.derivedData/Build/Intermediates.noindex/Chary.build/Debug/Chary-t.build/Objects-normal/arm64/Chary.LinkFileList (in target 'Chary' from project 'Chary')
cd /Users/admin/builder/spi-builder-workspace/.dependencies/checkouts/Chary
write-file /Users/admin/builder/spi-builder-workspace/.derivedData/Build/Intermediates.noindex/Chary.build/Debug/Chary-t.build/Objects-normal/arm64/Chary.LinkFileList
WriteAuxiliaryFile /Users/admin/builder/spi-builder-workspace/.derivedData/Build/Intermediates.noindex/Chary.build/Debug/Chary-t.build/Objects-normal/arm64/Chary.SwiftFileList (in target 'Chary' from project 'Chary')
cd /Users/admin/builder/spi-builder-workspace/.dependencies/checkouts/Chary
write-file /Users/admin/builder/spi-builder-workspace/.derivedData/Build/Intermediates.noindex/Chary.build/Debug/Chary-t.build/Objects-normal/arm64/Chary.SwiftFileList
WriteAuxiliaryFile /Users/admin/builder/spi-builder-workspace/.derivedData/Build/Intermediates.noindex/Chary.build/Debug/Chary-t.build/Objects-normal/arm64/Chary_const_extract_protocols.json (in target 'Chary' from project 'Chary')
cd /Users/admin/builder/spi-builder-workspace/.dependencies/checkouts/Chary
write-file /Users/admin/builder/spi-builder-workspace/.derivedData/Build/Intermediates.noindex/Chary.build/Debug/Chary-t.build/Objects-normal/arm64/Chary_const_extract_protocols.json
WriteAuxiliaryFile /Users/admin/builder/spi-builder-workspace/.derivedData/Build/Intermediates.noindex/Chary.build/Debug/Chary-t.build/Objects-normal/arm64/Chary-OutputFileMap.json (in target 'Chary' from project 'Chary')
cd /Users/admin/builder/spi-builder-workspace/.dependencies/checkouts/Chary
write-file /Users/admin/builder/spi-builder-workspace/.derivedData/Build/Intermediates.noindex/Chary.build/Debug/Chary-t.build/Objects-normal/arm64/Chary-OutputFileMap.json
WriteAuxiliaryFile /Users/admin/builder/spi-builder-workspace/.derivedData/Build/Intermediates.noindex/Chary.build/Debug/Chary-t.build/Objects-normal/arm64/Chary.SwiftConstValuesFileList (in target 'Chary' from project 'Chary')
cd /Users/admin/builder/spi-builder-workspace/.dependencies/checkouts/Chary
write-file /Users/admin/builder/spi-builder-workspace/.derivedData/Build/Intermediates.noindex/Chary.build/Debug/Chary-t.build/Objects-normal/arm64/Chary.SwiftConstValuesFileList
WriteAuxiliaryFile /Users/admin/builder/spi-builder-workspace/.derivedData/Build/Intermediates.noindex/Chary.build/Debug/Chary-t.build/Chary.DependencyStaticMetadataFileList (in target 'Chary' from project 'Chary')
cd /Users/admin/builder/spi-builder-workspace/.dependencies/checkouts/Chary
write-file /Users/admin/builder/spi-builder-workspace/.derivedData/Build/Intermediates.noindex/Chary.build/Debug/Chary-t.build/Chary.DependencyStaticMetadataFileList
WriteAuxiliaryFile /Users/admin/builder/spi-builder-workspace/.derivedData/Build/Intermediates.noindex/Chary.build/Debug/Chary-t.build/Chary.DependencyMetadataFileList (in target 'Chary' from project 'Chary')
cd /Users/admin/builder/spi-builder-workspace/.dependencies/checkouts/Chary
write-file /Users/admin/builder/spi-builder-workspace/.derivedData/Build/Intermediates.noindex/Chary.build/Debug/Chary-t.build/Chary.DependencyMetadataFileList
Copy /Users/admin/builder/spi-builder-workspace/.derivedData/Build/Intermediates.noindex/GeneratedModuleMaps/Chary.modulemap /Users/admin/builder/spi-builder-workspace/.derivedData/Build/Intermediates.noindex/Chary.build/Debug/Chary-t.build/Chary.modulemap (in target 'Chary' from project 'Chary')
cd /Users/admin/builder/spi-builder-workspace/.dependencies/checkouts/Chary
builtin-copy -exclude .DS_Store -exclude CVS -exclude .svn -exclude .git -exclude .hg -resolve-src-symlinks /Users/admin/builder/spi-builder-workspace/.derivedData/Build/Intermediates.noindex/Chary.build/Debug/Chary-t.build/Chary.modulemap /Users/admin/builder/spi-builder-workspace/.derivedData/Build/Intermediates.noindex/GeneratedModuleMaps
SwiftDriver Chary normal arm64 com.apple.xcode.tools.swift.compiler (in target 'Chary' from project 'Chary')
cd /Users/admin/builder/spi-builder-workspace/.swiftpm/xcode
builtin-SwiftDriver -- /Applications/Xcode-27.0.0-Release.Candidate.app/Contents/Developer/Toolchains/XcodeDefault.xctoolchain/usr/bin/swiftc -parse-as-library -module-name Chary -Onone @/Users/admin/builder/spi-builder-workspace/.derivedData/Build/Intermediates.noindex/Chary.build/Debug/Chary-t.build/Objects-normal/arm64/Chary.SwiftFileList -DSWIFT_PACKAGE -DDEBUG -DSWIFT_MODULE_RESOURCE_BUNDLE_UNAVAILABLE -DXcode -plugin-path /Applications/Xcode-27.0.0-Release.Candidate.app/Contents/Developer/Toolchains/XcodeDefault.xctoolchain/usr/lib/swift/host/plugins/testing -enable-experimental-feature DebugDescriptionMacro -sdk /Applications/Xcode-27.0.0-Release.Candidate.app/Contents/Developer/Platforms/MacOSX.platform/Developer/SDKs/MacOSX27.0.sdk -target arm64-apple-macos12.0 -g -module-cache-path /Users/admin/builder/spi-builder-workspace/.derivedData/ModuleCache.noindex -Xfrontend -serialize-debugging-options -profile-coverage-mapping -profile-generate -enable-testing -suppress-warnings -index-store-path /Users/admin/builder/spi-builder-workspace/.derivedData/Index.noindex/DataStore -Xcc -D_LIBCPP_HARDENING_MODE\=_LIBCPP_HARDENING_MODE_DEBUG -swift-version 5 -I /Users/admin/builder/spi-builder-workspace/.derivedData/Build/Products/Debug -Isystem /Applications/Xcode-27.0.0-Release.Candidate.app/Contents/Developer/Platforms/MacOSX.platform/Developer/usr/lib -F /Users/admin/builder/spi-builder-workspace/.derivedData/Build/Products/Debug -F /Applications/Xcode-27.0.0-Release.Candidate.app/Contents/Developer/Platforms/MacOSX.platform/Developer/Library/Frameworks -c -j10 -enable-batch-mode -incremental -Xcc -ivfsstatcache -Xcc /Users/admin/builder/spi-builder-workspace/.derivedData/SDKStatCaches.noindex/macosx27.0-26A425-e829b21a6f8c9b70876ba0858053c0446a22442a12e9d48fe1a705f55a1adfc4.sdkstatcache -output-file-map /Users/admin/builder/spi-builder-workspace/.derivedData/Build/Intermediates.noindex/Chary.build/Debug/Chary-t.build/Objects-normal/arm64/Chary-OutputFileMap.json -save-temps -no-color-diagnostics -explicit-module-build -module-cache-path /Users/admin/builder/spi-builder-workspace/.derivedData/Build/Intermediates.noindex/SwiftExplicitPrecompiledModules -clang-scanner-module-cache-path /Users/admin/builder/spi-builder-workspace/.derivedData/ModuleCache.noindex -sdk-module-cache-path /Users/admin/builder/spi-builder-workspace/.derivedData/SDKExplicitPrecompiledModules -emit-dependencies -emit-module -emit-module-path /Users/admin/builder/spi-builder-workspace/.derivedData/Build/Intermediates.noindex/Chary.build/Debug/Chary-t.build/Objects-normal/arm64/Chary.swiftmodule -serialize-diagnostics -dependency-scan-serialize-diagnostics-path /Users/admin/builder/spi-builder-workspace/.derivedData/Build/Intermediates.noindex/Chary.build/Debug/Chary-t.build/Objects-normal/arm64/Chary-dependency-scan.dia -validate-clang-modules-once -clang-build-session-file /Users/admin/builder/spi-builder-workspace/.derivedData/ModuleCache.noindex/Session.modulevalidation -Xcc -fmodules-prune-interval\=86400 -Xcc -fmodules-prune-after\=345600 -emit-const-values -const-gather-protocols-list /Users/admin/builder/spi-builder-workspace/.derivedData/Build/Intermediates.noindex/Chary.build/Debug/Chary-t.build/Objects-normal/arm64/Chary_const_extract_protocols.json -Xcc -I/Users/admin/builder/spi-builder-workspace/.derivedData/Build/Products/Debug/include -Xcc -I/Users/admin/builder/spi-builder-workspace/.derivedData/Build/Intermediates.noindex/Chary.build/Debug/Chary-t.build/DerivedSources-normal/arm64 -Xcc -I/Users/admin/builder/spi-builder-workspace/.derivedData/Build/Intermediates.noindex/Chary.build/Debug/Chary-t.build/DerivedSources/arm64 -Xcc -I/Users/admin/builder/spi-builder-workspace/.derivedData/Build/Intermediates.noindex/Chary.build/Debug/Chary-t.build/DerivedSources -Xcc -DSWIFT_PACKAGE -Xcc -DDEBUG\=1 -emit-objc-header -emit-objc-header-path /Users/admin/builder/spi-builder-workspace/.derivedData/Build/Intermediates.noindex/Chary.build/Debug/Chary-t.build/Objects-normal/arm64/Chary-Swift.h -working-directory /Users/admin/builder/spi-builder-workspace/.swiftpm/xcode -experimental-emit-module-separately -disable-cmo
SwiftExplicitDependencyGeneratePcm arm64 /Users/admin/builder/spi-builder-workspace/.derivedData/SDKExplicitPrecompiledModules/_SwiftConcurrencyShims-BLUUWKI6AGMD7TJ4RGYS7DP6T.pcm
SwiftExplicitDependencyGeneratePcm arm64 /Users/admin/builder/spi-builder-workspace/.derivedData/SDKExplicitPrecompiledModules/_Builtin_stddef-3GI9GOKXSW3QCTFOI1USFLDZO.pcm
SwiftExplicitDependencyGeneratePcm arm64 /Users/admin/builder/spi-builder-workspace/.derivedData/SDKExplicitPrecompiledModules/SwiftShims-C4V0DQ62WSTCYBYGILXXGQNO3.pcm
SwiftExplicitDependencyGeneratePcm arm64 /Users/admin/builder/spi-builder-workspace/.derivedData/SDKExplicitPrecompiledModules/ptrauth-2W92ZJRLNJU99RJUQGGJG3OC3.pcm
SwiftExplicitDependencyGeneratePcm arm64 /Users/admin/builder/spi-builder-workspace/.derivedData/SDKExplicitPrecompiledModules/ptrcheck-DHLCBWKPNUZOYTPJ1J3QVTCXK.pcm
SwiftExplicitDependencyGeneratePcm arm64 /Users/admin/builder/spi-builder-workspace/.derivedData/SDKExplicitPrecompiledModules/_Builtin_stdbool-KYV2HKP8IKLKMKQS9DGA2GUQ.pcm
SwiftExplicitDependencyGeneratePcm arm64 /Users/admin/builder/spi-builder-workspace/.derivedData/SDKExplicitPrecompiledModules/_Builtin_float-105CRCDRP90FQCQO5ZX1LHV7H.pcm
SwiftExplicitDependencyGeneratePcm arm64 /Users/admin/builder/spi-builder-workspace/.derivedData/SDKExplicitPrecompiledModules/_AvailabilityInternal-CJTV5E7EL3MWRA437DUFPBVN2.pcm
SwiftExplicitDependencyGeneratePcm arm64 /Users/admin/builder/spi-builder-workspace/.derivedData/SDKExplicitPrecompiledModules/_Builtin_stdarg-7CFWA9OSW5N24E7PG4ZOCF1VH.pcm
SwiftExplicitDependencyGeneratePcm arm64 /Users/admin/builder/spi-builder-workspace/.derivedData/SDKExplicitPrecompiledModules/_DarwinFoundation1-7PRJIG163YE9KSKYA3BS35ZZP.pcm
SwiftExplicitDependencyGeneratePcm arm64 /Users/admin/builder/spi-builder-workspace/.derivedData/SDKExplicitPrecompiledModules/_DarwinFoundation2-94WUUGE4H5R03OWXE0QFZX1DN.pcm
SwiftExplicitDependencyGeneratePcm arm64 /Users/admin/builder/spi-builder-workspace/.derivedData/SDKExplicitPrecompiledModules/_Builtin_limits-AXGUGXBFPC0I7QDLJFB0K341Y.pcm
SwiftExplicitDependencyGeneratePcm arm64 /Users/admin/builder/spi-builder-workspace/.derivedData/SDKExplicitPrecompiledModules/string_h-10WPXBF3YFYMX5HUAW06LSABR.pcm
SwiftExplicitDependencyGeneratePcm arm64 /Users/admin/builder/spi-builder-workspace/.derivedData/SDKExplicitPrecompiledModules/sys_types-F4RNCN6UR5R5OWTLTOUM7TN3E.pcm
SwiftExplicitDependencyGeneratePcm arm64 /Users/admin/builder/spi-builder-workspace/.derivedData/SDKExplicitPrecompiledModules/_Builtin_stdint-22CBBOK8BNSF0UELDCAXSHGB.pcm
SwiftExplicitDependencyGeneratePcm arm64 /Users/admin/builder/spi-builder-workspace/.derivedData/SDKExplicitPrecompiledModules/libDER-5RCYOD0PCUUY2UGMBNE9LI8N9.pcm
SwiftExplicitDependencyGeneratePcm arm64 /Users/admin/builder/spi-builder-workspace/.derivedData/SDKExplicitPrecompiledModules/_DarwinFoundation3-32PO5Q4RCB6WXH5VFO3HA3AVS.pcm
SwiftExplicitDependencyGeneratePcm arm64 /Users/admin/builder/spi-builder-workspace/.derivedData/SDKExplicitPrecompiledModules/_Builtin_inttypes-1U6AP9A8AJ4G9WD98E9RHLGTJ.pcm
SwiftExplicitDependencyGeneratePcm arm64 /Users/admin/builder/spi-builder-workspace/.derivedData/SDKExplicitPrecompiledModules/Darwin-1RAAWNGKQM8YGHV0YJNNN5YDY.pcm
SwiftExplicitDependencyGeneratePcm arm64 /Users/admin/builder/spi-builder-workspace/.derivedData/SDKExplicitPrecompiledModules/MachO-AWTJ65TFR7TMST2NUE6ZCC1SL.pcm
SwiftExplicitDependencyGeneratePcm arm64 /Users/admin/builder/spi-builder-workspace/.derivedData/SDKExplicitPrecompiledModules/libkern-22MDXN9G35RPO3OLKX9B2PN16.pcm
SwiftExplicitDependencyGeneratePcm arm64 /Users/admin/builder/spi-builder-workspace/.derivedData/SDKExplicitPrecompiledModules/launch-2XAORMJNLLVS0OVKC1M0752GY.pcm
SwiftExplicitDependencyGeneratePcm arm64 /Users/admin/builder/spi-builder-workspace/.derivedData/SDKExplicitPrecompiledModules/ObjectiveC-B89IQP2TC4CFSWOUMTUZRI1VZ.pcm
SwiftExplicitDependencyGeneratePcm arm64 /Users/admin/builder/spi-builder-workspace/.derivedData/SDKExplicitPrecompiledModules/os_object-3KLCCI03OX6OQTLJ92KQH2KIO.pcm
SwiftExplicitDependencyGeneratePcm arm64 /Users/admin/builder/spi-builder-workspace/.derivedData/SDKExplicitPrecompiledModules/os_workgroup-10SJ5M8R2OB4BG1TPFL9SZMKV.pcm
SwiftExplicitDependencyGeneratePcm arm64 /Users/admin/builder/spi-builder-workspace/.derivedData/SDKExplicitPrecompiledModules/Dispatch-NAMWF9KN29KC7Z5OS3TTTAE8.pcm
SwiftExplicitDependencyGeneratePcm arm64 /Users/admin/builder/spi-builder-workspace/.derivedData/SDKExplicitPrecompiledModules/XPC-E1MSAZG4ZNL24S2WK6K6Y7GWW.pcm
SwiftExplicitDependencyGeneratePcm arm64 /Users/admin/builder/spi-builder-workspace/.derivedData/SDKExplicitPrecompiledModules/CoreFoundation-4ZIITQ30SOGUQE8KJAB99ZV0Q.pcm
SwiftExplicitDependencyGeneratePcm arm64 /Users/admin/builder/spi-builder-workspace/.derivedData/SDKExplicitPrecompiledModules/IOKit-6H3X691EDBH124EYTC2PEOP5T.pcm
SwiftExplicitDependencyGeneratePcm arm64 /Users/admin/builder/spi-builder-workspace/.derivedData/SDKExplicitPrecompiledModules/Security-ESPJ7FP0YAY1EL3VXBGY9MCZ8.pcm
SwiftExplicitDependencyGeneratePcm arm64 /Users/admin/builder/spi-builder-workspace/.derivedData/SDKExplicitPrecompiledModules/CFNetwork-CVHS5CT20191MFYXQIEDWSRGJ.pcm
SwiftExplicitDependencyGeneratePcm arm64 /Users/admin/builder/spi-builder-workspace/.derivedData/SDKExplicitPrecompiledModules/DiskArbitration-ZNZZU7T0SYELB0DAR56WQF0R.pcm
SwiftExplicitDependencyGeneratePcm arm64 /Users/admin/builder/spi-builder-workspace/.derivedData/SDKExplicitPrecompiledModules/CoreServices-CGCGY0FOMEQGSNMO3HQSC09XU.pcm
SwiftExplicitDependencyGeneratePcm arm64 /Users/admin/builder/spi-builder-workspace/.derivedData/SDKExplicitPrecompiledModules/Foundation-44WR0NU86C67CV5BW8W1MGKNG.pcm
SwiftEmitModule normal arm64 Emitting\ module\ for\ Chary (in target 'Chary' from project 'Chary')
SwiftCompile normal arm64 (in target 'Chary' from project 'Chary')
cd /Users/admin/builder/spi-builder-workspace/.swiftpm/xcode
SwiftCompile normal arm64 Compiling\ DispatchQueue+Extensions.swift /Users/admin/builder/spi-builder-workspace/.dependencies/checkouts/Chary/Chary/Classes/DispatchQueue+Extensions.swift (in target 'Chary' from project 'Chary')
SwiftCompile normal arm64 /Users/admin/builder/spi-builder-workspace/.dependencies/checkouts/Chary/Chary/Classes/DispatchQueue+Extensions.swift (in target 'Chary' from project 'Chary')
cd /Users/admin/builder/spi-builder-workspace/.swiftpm/xcode
builtin-SwiftPerFileCompile DispatchQueue+Extensions.swift
SwiftCompile normal arm64 Compiling\ Atomic.swift /Users/admin/builder/spi-builder-workspace/.dependencies/checkouts/Chary/Chary/Classes/Atomic.swift (in target 'Chary' from project 'Chary')
SwiftCompile normal arm64 /Users/admin/builder/spi-builder-workspace/.dependencies/checkouts/Chary/Chary/Classes/Atomic.swift (in target 'Chary' from project 'Chary')
cd /Users/admin/builder/spi-builder-workspace/.swiftpm/xcode
builtin-SwiftPerFileCompile Atomic.swift
SwiftDriverJobDiscovery normal arm64 Emitting module for Chary (in target 'Chary' from project 'Chary')
SwiftDriver\ Compilation\ Requirements Chary normal arm64 com.apple.xcode.tools.swift.compiler (in target 'Chary' from project 'Chary')
cd /Users/admin/builder/spi-builder-workspace/.swiftpm/xcode
builtin-Swift-Compilation-Requirements -- /Applications/Xcode-27.0.0-Release.Candidate.app/Contents/Developer/Toolchains/XcodeDefault.xctoolchain/usr/bin/swiftc -parse-as-library -module-name Chary -Onone @/Users/admin/builder/spi-builder-workspace/.derivedData/Build/Intermediates.noindex/Chary.build/Debug/Chary-t.build/Objects-normal/arm64/Chary.SwiftFileList -DSWIFT_PACKAGE -DDEBUG -DSWIFT_MODULE_RESOURCE_BUNDLE_UNAVAILABLE -DXcode -plugin-path /Applications/Xcode-27.0.0-Release.Candidate.app/Contents/Developer/Toolchains/XcodeDefault.xctoolchain/usr/lib/swift/host/plugins/testing -enable-experimental-feature DebugDescriptionMacro -sdk /Applications/Xcode-27.0.0-Release.Candidate.app/Contents/Developer/Platforms/MacOSX.platform/Developer/SDKs/MacOSX27.0.sdk -target arm64-apple-macos12.0 -g -module-cache-path /Users/admin/builder/spi-builder-workspace/.derivedData/ModuleCache.noindex -Xfrontend -serialize-debugging-options -profile-coverage-mapping -profile-generate -enable-testing -suppress-warnings -index-store-path /Users/admin/builder/spi-builder-workspace/.derivedData/Index.noindex/DataStore -Xcc -D_LIBCPP_HARDENING_MODE\=_LIBCPP_HARDENING_MODE_DEBUG -swift-version 5 -I /Users/admin/builder/spi-builder-workspace/.derivedData/Build/Products/Debug -Isystem /Applications/Xcode-27.0.0-Release.Candidate.app/Contents/Developer/Platforms/MacOSX.platform/Developer/usr/lib -F /Users/admin/builder/spi-builder-workspace/.derivedData/Build/Products/Debug -F /Applications/Xcode-27.0.0-Release.Candidate.app/Contents/Developer/Platforms/MacOSX.platform/Developer/Library/Frameworks -c -j10 -enable-batch-mode -incremental -Xcc -ivfsstatcache -Xcc /Users/admin/builder/spi-builder-workspace/.derivedData/SDKStatCaches.noindex/macosx27.0-26A425-e829b21a6f8c9b70876ba0858053c0446a22442a12e9d48fe1a705f55a1adfc4.sdkstatcache -output-file-map /Users/admin/builder/spi-builder-workspace/.derivedData/Build/Intermediates.noindex/Chary.build/Debug/Chary-t.build/Objects-normal/arm64/Chary-OutputFileMap.json -save-temps -no-color-diagnostics -explicit-module-build -module-cache-path /Users/admin/builder/spi-builder-workspace/.derivedData/Build/Intermediates.noindex/SwiftExplicitPrecompiledModules -clang-scanner-module-cache-path /Users/admin/builder/spi-builder-workspace/.derivedData/ModuleCache.noindex -sdk-module-cache-path /Users/admin/builder/spi-builder-workspace/.derivedData/SDKExplicitPrecompiledModules -emit-dependencies -emit-module -emit-module-path /Users/admin/builder/spi-builder-workspace/.derivedData/Build/Intermediates.noindex/Chary.build/Debug/Chary-t.build/Objects-normal/arm64/Chary.swiftmodule -serialize-diagnostics -dependency-scan-serialize-diagnostics-path /Users/admin/builder/spi-builder-workspace/.derivedData/Build/Intermediates.noindex/Chary.build/Debug/Chary-t.build/Objects-normal/arm64/Chary-dependency-scan.dia -validate-clang-modules-once -clang-build-session-file /Users/admin/builder/spi-builder-workspace/.derivedData/ModuleCache.noindex/Session.modulevalidation -Xcc -fmodules-prune-interval\=86400 -Xcc -fmodules-prune-after\=345600 -emit-const-values -const-gather-protocols-list /Users/admin/builder/spi-builder-workspace/.derivedData/Build/Intermediates.noindex/Chary.build/Debug/Chary-t.build/Objects-normal/arm64/Chary_const_extract_protocols.json -Xcc -I/Users/admin/builder/spi-builder-workspace/.derivedData/Build/Products/Debug/include -Xcc -I/Users/admin/builder/spi-builder-workspace/.derivedData/Build/Intermediates.noindex/Chary.build/Debug/Chary-t.build/DerivedSources-normal/arm64 -Xcc -I/Users/admin/builder/spi-builder-workspace/.derivedData/Build/Intermediates.noindex/Chary.build/Debug/Chary-t.build/DerivedSources/arm64 -Xcc -I/Users/admin/builder/spi-builder-workspace/.derivedData/Build/Intermediates.noindex/Chary.build/Debug/Chary-t.build/DerivedSources -Xcc -DSWIFT_PACKAGE -Xcc -DDEBUG\=1 -emit-objc-header -emit-objc-header-path /Users/admin/builder/spi-builder-workspace/.derivedData/Build/Intermediates.noindex/Chary.build/Debug/Chary-t.build/Objects-normal/arm64/Chary-Swift.h -working-directory /Users/admin/builder/spi-builder-workspace/.swiftpm/xcode -experimental-emit-module-separately -disable-cmo
SwiftMergeGeneratedHeaders /Users/admin/builder/spi-builder-workspace/.derivedData/Build/Intermediates.noindex/GeneratedModuleMaps/Chary-Swift.h /Users/admin/builder/spi-builder-workspace/.derivedData/Build/Intermediates.noindex/Chary.build/Debug/Chary-t.build/Objects-normal/arm64/Chary-Swift.h (in target 'Chary' from project 'Chary')
cd /Users/admin/builder/spi-builder-workspace/.dependencies/checkouts/Chary
builtin-swiftHeaderTool -arch arm64 /Users/admin/builder/spi-builder-workspace/.derivedData/Build/Intermediates.noindex/Chary.build/Debug/Chary-t.build/Objects-normal/arm64/Chary-Swift.h -o /Users/admin/builder/spi-builder-workspace/.derivedData/Build/Intermediates.noindex/GeneratedModuleMaps/Chary-Swift.h
Copy /Users/admin/builder/spi-builder-workspace/.derivedData/Build/Products/Debug/Chary.swiftmodule/arm64-apple-macos.swiftmodule /Users/admin/builder/spi-builder-workspace/.derivedData/Build/Intermediates.noindex/Chary.build/Debug/Chary-t.build/Objects-normal/arm64/Chary.swiftmodule (in target 'Chary' from project 'Chary')
cd /Users/admin/builder/spi-builder-workspace/.dependencies/checkouts/Chary
builtin-copy -exclude .DS_Store -exclude CVS -exclude .svn -exclude .git -exclude .hg -resolve-src-symlinks -rename /Users/admin/builder/spi-builder-workspace/.derivedData/Build/Intermediates.noindex/Chary.build/Debug/Chary-t.build/Objects-normal/arm64/Chary.swiftmodule /Users/admin/builder/spi-builder-workspace/.derivedData/Build/Products/Debug/Chary.swiftmodule/arm64-apple-macos.swiftmodule
Copy /Users/admin/builder/spi-builder-workspace/.derivedData/Build/Products/Debug/Chary.swiftmodule/arm64-apple-macos.abi.json /Users/admin/builder/spi-builder-workspace/.derivedData/Build/Intermediates.noindex/Chary.build/Debug/Chary-t.build/Objects-normal/arm64/Chary.abi.json (in target 'Chary' from project 'Chary')
cd /Users/admin/builder/spi-builder-workspace/.dependencies/checkouts/Chary
builtin-copy -exclude .DS_Store -exclude CVS -exclude .svn -exclude .git -exclude .hg -resolve-src-symlinks -rename /Users/admin/builder/spi-builder-workspace/.derivedData/Build/Intermediates.noindex/Chary.build/Debug/Chary-t.build/Objects-normal/arm64/Chary.abi.json /Users/admin/builder/spi-builder-workspace/.derivedData/Build/Products/Debug/Chary.swiftmodule/arm64-apple-macos.abi.json
Copy /Users/admin/builder/spi-builder-workspace/.derivedData/Build/Products/Debug/Chary.swiftmodule/arm64-apple-macos.swiftdoc /Users/admin/builder/spi-builder-workspace/.derivedData/Build/Intermediates.noindex/Chary.build/Debug/Chary-t.build/Objects-normal/arm64/Chary.swiftdoc (in target 'Chary' from project 'Chary')
cd /Users/admin/builder/spi-builder-workspace/.dependencies/checkouts/Chary
builtin-copy -exclude .DS_Store -exclude CVS -exclude .svn -exclude .git -exclude .hg -resolve-src-symlinks -rename /Users/admin/builder/spi-builder-workspace/.derivedData/Build/Intermediates.noindex/Chary.build/Debug/Chary-t.build/Objects-normal/arm64/Chary.swiftdoc /Users/admin/builder/spi-builder-workspace/.derivedData/Build/Products/Debug/Chary.swiftmodule/arm64-apple-macos.swiftdoc
Copy /Users/admin/builder/spi-builder-workspace/.derivedData/Build/Products/Debug/Chary.swiftmodule/Project/arm64-apple-macos.swiftsourceinfo /Users/admin/builder/spi-builder-workspace/.derivedData/Build/Intermediates.noindex/Chary.build/Debug/Chary-t.build/Objects-normal/arm64/Chary.swiftsourceinfo (in target 'Chary' from project 'Chary')
cd /Users/admin/builder/spi-builder-workspace/.dependencies/checkouts/Chary
builtin-copy -exclude .DS_Store -exclude CVS -exclude .svn -exclude .git -exclude .hg -resolve-src-symlinks -rename /Users/admin/builder/spi-builder-workspace/.derivedData/Build/Intermediates.noindex/Chary.build/Debug/Chary-t.build/Objects-normal/arm64/Chary.swiftsourceinfo /Users/admin/builder/spi-builder-workspace/.derivedData/Build/Products/Debug/Chary.swiftmodule/Project/arm64-apple-macos.swiftsourceinfo
SwiftDriver Ergo normal arm64 com.apple.xcode.tools.swift.compiler (in target 'Ergo' from project 'Ergo')
cd /Users/admin/builder/spi-builder-workspace/.swiftpm/xcode
builtin-SwiftDriver -- /Applications/Xcode-27.0.0-Release.Candidate.app/Contents/Developer/Toolchains/XcodeDefault.xctoolchain/usr/bin/swiftc -parse-as-library -module-name Ergo -Onone @/Users/admin/builder/spi-builder-workspace/.derivedData/Build/Intermediates.noindex/Ergo.build/Debug/Ergo-t.build/Objects-normal/arm64/Ergo.SwiftFileList -DSWIFT_PACKAGE -DDEBUG -DSWIFT_MODULE_RESOURCE_BUNDLE_UNAVAILABLE -DXcode -plugin-path /Applications/Xcode-27.0.0-Release.Candidate.app/Contents/Developer/Toolchains/XcodeDefault.xctoolchain/usr/lib/swift/host/plugins/testing -enable-experimental-feature DebugDescriptionMacro -sdk /Applications/Xcode-27.0.0-Release.Candidate.app/Contents/Developer/Platforms/MacOSX.platform/Developer/SDKs/MacOSX27.0.sdk -target arm64-apple-macos12.0 -g -module-cache-path /Users/admin/builder/spi-builder-workspace/.derivedData/ModuleCache.noindex -Xfrontend -serialize-debugging-options -profile-coverage-mapping -profile-generate -enable-testing -suppress-warnings -index-store-path /Users/admin/builder/spi-builder-workspace/.derivedData/Index.noindex/DataStore -Xcc -D_LIBCPP_HARDENING_MODE\=_LIBCPP_HARDENING_MODE_DEBUG -swift-version 5 -I /Users/admin/builder/spi-builder-workspace/.derivedData/Build/Products/Debug -Isystem /Applications/Xcode-27.0.0-Release.Candidate.app/Contents/Developer/Platforms/MacOSX.platform/Developer/usr/lib -F /Users/admin/builder/spi-builder-workspace/.derivedData/Build/Products/Debug/PackageFrameworks -F /Users/admin/builder/spi-builder-workspace/.derivedData/Build/Products/Debug -F /Applications/Xcode-27.0.0-Release.Candidate.app/Contents/Developer/Platforms/MacOSX.platform/Developer/Library/Frameworks -c -j10 -enable-batch-mode -incremental -Xcc -ivfsstatcache -Xcc /Users/admin/builder/spi-builder-workspace/.derivedData/SDKStatCaches.noindex/macosx27.0-26A425-e829b21a6f8c9b70876ba0858053c0446a22442a12e9d48fe1a705f55a1adfc4.sdkstatcache -output-file-map /Users/admin/builder/spi-builder-workspace/.derivedData/Build/Intermediates.noindex/Ergo.build/Debug/Ergo-t.build/Objects-normal/arm64/Ergo-OutputFileMap.json -save-temps -no-color-diagnostics -explicit-module-build -module-cache-path /Users/admin/builder/spi-builder-workspace/.derivedData/Build/Intermediates.noindex/SwiftExplicitPrecompiledModules -clang-scanner-module-cache-path /Users/admin/builder/spi-builder-workspace/.derivedData/ModuleCache.noindex -sdk-module-cache-path /Users/admin/builder/spi-builder-workspace/.derivedData/SDKExplicitPrecompiledModules -emit-dependencies -emit-module -emit-module-path /Users/admin/builder/spi-builder-workspace/.derivedData/Build/Intermediates.noindex/Ergo.build/Debug/Ergo-t.build/Objects-normal/arm64/Ergo.swiftmodule -serialize-diagnostics -dependency-scan-serialize-diagnostics-path /Users/admin/builder/spi-builder-workspace/.derivedData/Build/Intermediates.noindex/Ergo.build/Debug/Ergo-t.build/Objects-normal/arm64/Ergo-dependency-scan.dia -validate-clang-modules-once -clang-build-session-file /Users/admin/builder/spi-builder-workspace/.derivedData/ModuleCache.noindex/Session.modulevalidation -Xcc -fmodules-prune-interval\=86400 -Xcc -fmodules-prune-after\=345600 -emit-const-values -const-gather-protocols-list /Users/admin/builder/spi-builder-workspace/.derivedData/Build/Intermediates.noindex/Ergo.build/Debug/Ergo-t.build/Objects-normal/arm64/Ergo_const_extract_protocols.json -Xcc -I/Users/admin/builder/spi-builder-workspace/.derivedData/Build/Products/Debug/include -Xcc -I/Users/admin/builder/spi-builder-workspace/.derivedData/Build/Intermediates.noindex/Ergo.build/Debug/Ergo-t.build/DerivedSources-normal/arm64 -Xcc -I/Users/admin/builder/spi-builder-workspace/.derivedData/Build/Intermediates.noindex/Ergo.build/Debug/Ergo-t.build/DerivedSources/arm64 -Xcc -I/Users/admin/builder/spi-builder-workspace/.derivedData/Build/Intermediates.noindex/Ergo.build/Debug/Ergo-t.build/DerivedSources -Xcc -DSWIFT_PACKAGE -Xcc -DDEBUG\=1 -emit-objc-header -emit-objc-header-path /Users/admin/builder/spi-builder-workspace/.derivedData/Build/Intermediates.noindex/Ergo.build/Debug/Ergo-t.build/Objects-normal/arm64/Ergo-Swift.h -working-directory /Users/admin/builder/spi-builder-workspace/.swiftpm/xcode -experimental-emit-module-separately -disable-cmo
SwiftEmitModule normal arm64 Emitting\ module\ for\ Ergo (in target 'Ergo' from project 'Ergo')
SwiftCompile normal arm64 (in target 'Ergo' from project 'Ergo')
cd /Users/admin/builder/spi-builder-workspace/.swiftpm/xcode
SwiftCompile normal arm64 Compiling\ ClosurePromise.swift /Users/admin/builder/spi-builder-workspace/.dependencies/checkouts/Ergo/Ergo/Classes/ClosurePromise.swift (in target 'Ergo' from project 'Ergo')
SwiftCompile normal arm64 /Users/admin/builder/spi-builder-workspace/.dependencies/checkouts/Ergo/Ergo/Classes/ClosurePromise.swift (in target 'Ergo' from project 'Ergo')
cd /Users/admin/builder/spi-builder-workspace/.swiftpm/xcode
builtin-SwiftPerFileCompile ClosurePromise.swift
SwiftCompile normal arm64 Compiling\ NestedPromise.swift /Users/admin/builder/spi-builder-workspace/.dependencies/checkouts/Ergo/Ergo/Classes/NestedPromise.swift (in target 'Ergo' from project 'Ergo')
SwiftCompile normal arm64 /Users/admin/builder/spi-builder-workspace/.dependencies/checkouts/Ergo/Ergo/Classes/NestedPromise.swift (in target 'Ergo' from project 'Ergo')
cd /Users/admin/builder/spi-builder-workspace/.swiftpm/xcode
builtin-SwiftPerFileCompile NestedPromise.swift
SwiftCompile normal arm64 Compiling\ Task+Extensions.swift /Users/admin/builder/spi-builder-workspace/.dependencies/checkouts/Ergo/Ergo/Classes/Task+Extensions.swift (in target 'Ergo' from project 'Ergo')
SwiftCompile normal arm64 /Users/admin/builder/spi-builder-workspace/.dependencies/checkouts/Ergo/Ergo/Classes/Task+Extensions.swift (in target 'Ergo' from project 'Ergo')
cd /Users/admin/builder/spi-builder-workspace/.swiftpm/xcode
builtin-SwiftPerFileCompile Task+Extensions.swift
SwiftCompile normal arm64 Compiling\ ErgoError.swift /Users/admin/builder/spi-builder-workspace/.dependencies/checkouts/Ergo/Ergo/Classes/ErgoError.swift (in target 'Ergo' from project 'Ergo')
SwiftCompile normal arm64 /Users/admin/builder/spi-builder-workspace/.dependencies/checkouts/Ergo/Ergo/Classes/ErgoError.swift (in target 'Ergo' from project 'Ergo')
cd /Users/admin/builder/spi-builder-workspace/.swiftpm/xcode
builtin-SwiftPerFileCompile ErgoError.swift
SwiftCompile normal arm64 Compiling\ Thenable.swift /Users/admin/builder/spi-builder-workspace/.dependencies/checkouts/Ergo/Ergo/Classes/Thenable.swift (in target 'Ergo' from project 'Ergo')
SwiftCompile normal arm64 /Users/admin/builder/spi-builder-workspace/.dependencies/checkouts/Ergo/Ergo/Classes/Thenable.swift (in target 'Ergo' from project 'Ergo')
cd /Users/admin/builder/spi-builder-workspace/.swiftpm/xcode
builtin-SwiftPerFileCompile Thenable.swift
SwiftCompile normal arm64 Compiling\ GlobalFunction.swift /Users/admin/builder/spi-builder-workspace/.dependencies/checkouts/Ergo/Ergo/Classes/GlobalFunction.swift (in target 'Ergo' from project 'Ergo')
SwiftCompile normal arm64 /Users/admin/builder/spi-builder-workspace/.dependencies/checkouts/Ergo/Ergo/Classes/GlobalFunction.swift (in target 'Ergo' from project 'Ergo')
cd /Users/admin/builder/spi-builder-workspace/.swiftpm/xcode
builtin-SwiftPerFileCompile GlobalFunction.swift
SwiftCompile normal arm64 Compiling\ ChainAnimator.swift /Users/admin/builder/spi-builder-workspace/.dependencies/checkouts/Ergo/Ergo/Classes/ChainAnimator.swift (in target 'Ergo' from project 'Ergo')
SwiftCompile normal arm64 /Users/admin/builder/spi-builder-workspace/.dependencies/checkouts/Ergo/Ergo/Classes/ChainAnimator.swift (in target 'Ergo' from project 'Ergo')
cd /Users/admin/builder/spi-builder-workspace/.swiftpm/xcode
builtin-SwiftPerFileCompile ChainAnimator.swift
SwiftCompile normal arm64 Compiling\ Promise.swift /Users/admin/builder/spi-builder-workspace/.dependencies/checkouts/Ergo/Ergo/Classes/Promise.swift (in target 'Ergo' from project 'Ergo')
SwiftCompile normal arm64 /Users/admin/builder/spi-builder-workspace/.dependencies/checkouts/Ergo/Ergo/Classes/Promise.swift (in target 'Ergo' from project 'Ergo')
cd /Users/admin/builder/spi-builder-workspace/.swiftpm/xcode
builtin-SwiftPerFileCompile Promise.swift
SwiftDriverJobDiscovery normal arm64 Emitting module for Ergo (in target 'Ergo' from project 'Ergo')
SwiftDriver\ Compilation\ Requirements Ergo normal arm64 com.apple.xcode.tools.swift.compiler (in target 'Ergo' from project 'Ergo')
cd /Users/admin/builder/spi-builder-workspace/.swiftpm/xcode
builtin-Swift-Compilation-Requirements -- /Applications/Xcode-27.0.0-Release.Candidate.app/Contents/Developer/Toolchains/XcodeDefault.xctoolchain/usr/bin/swiftc -parse-as-library -module-name Ergo -Onone @/Users/admin/builder/spi-builder-workspace/.derivedData/Build/Intermediates.noindex/Ergo.build/Debug/Ergo-t.build/Objects-normal/arm64/Ergo.SwiftFileList -DSWIFT_PACKAGE -DDEBUG -DSWIFT_MODULE_RESOURCE_BUNDLE_UNAVAILABLE -DXcode -plugin-path /Applications/Xcode-27.0.0-Release.Candidate.app/Contents/Developer/Toolchains/XcodeDefault.xctoolchain/usr/lib/swift/host/plugins/testing -enable-experimental-feature DebugDescriptionMacro -sdk /Applications/Xcode-27.0.0-Release.Candidate.app/Contents/Developer/Platforms/MacOSX.platform/Developer/SDKs/MacOSX27.0.sdk -target arm64-apple-macos12.0 -g -module-cache-path /Users/admin/builder/spi-builder-workspace/.derivedData/ModuleCache.noindex -Xfrontend -serialize-debugging-options -profile-coverage-mapping -profile-generate -enable-testing -suppress-warnings -index-store-path /Users/admin/builder/spi-builder-workspace/.derivedData/Index.noindex/DataStore -Xcc -D_LIBCPP_HARDENING_MODE\=_LIBCPP_HARDENING_MODE_DEBUG -swift-version 5 -I /Users/admin/builder/spi-builder-workspace/.derivedData/Build/Products/Debug -Isystem /Applications/Xcode-27.0.0-Release.Candidate.app/Contents/Developer/Platforms/MacOSX.platform/Developer/usr/lib -F /Users/admin/builder/spi-builder-workspace/.derivedData/Build/Products/Debug/PackageFrameworks -F /Users/admin/builder/spi-builder-workspace/.derivedData/Build/Products/Debug -F /Applications/Xcode-27.0.0-Release.Candidate.app/Contents/Developer/Platforms/MacOSX.platform/Developer/Library/Frameworks -c -j10 -enable-batch-mode -incremental -Xcc -ivfsstatcache -Xcc /Users/admin/builder/spi-builder-workspace/.derivedData/SDKStatCaches.noindex/macosx27.0-26A425-e829b21a6f8c9b70876ba0858053c0446a22442a12e9d48fe1a705f55a1adfc4.sdkstatcache -output-file-map /Users/admin/builder/spi-builder-workspace/.derivedData/Build/Intermediates.noindex/Ergo.build/Debug/Ergo-t.build/Objects-normal/arm64/Ergo-OutputFileMap.json -save-temps -no-color-diagnostics -explicit-module-build -module-cache-path /Users/admin/builder/spi-builder-workspace/.derivedData/Build/Intermediates.noindex/SwiftExplicitPrecompiledModules -clang-scanner-module-cache-path /Users/admin/builder/spi-builder-workspace/.derivedData/ModuleCache.noindex -sdk-module-cache-path /Users/admin/builder/spi-builder-workspace/.derivedData/SDKExplicitPrecompiledModules -emit-dependencies -emit-module -emit-module-path /Users/admin/builder/spi-builder-workspace/.derivedData/Build/Intermediates.noindex/Ergo.build/Debug/Ergo-t.build/Objects-normal/arm64/Ergo.swiftmodule -serialize-diagnostics -dependency-scan-serialize-diagnostics-path /Users/admin/builder/spi-builder-workspace/.derivedData/Build/Intermediates.noindex/Ergo.build/Debug/Ergo-t.build/Objects-normal/arm64/Ergo-dependency-scan.dia -validate-clang-modules-once -clang-build-session-file /Users/admin/builder/spi-builder-workspace/.derivedData/ModuleCache.noindex/Session.modulevalidation -Xcc -fmodules-prune-interval\=86400 -Xcc -fmodules-prune-after\=345600 -emit-const-values -const-gather-protocols-list /Users/admin/builder/spi-builder-workspace/.derivedData/Build/Intermediates.noindex/Ergo.build/Debug/Ergo-t.build/Objects-normal/arm64/Ergo_const_extract_protocols.json -Xcc -I/Users/admin/builder/spi-builder-workspace/.derivedData/Build/Products/Debug/include -Xcc -I/Users/admin/builder/spi-builder-workspace/.derivedData/Build/Intermediates.noindex/Ergo.build/Debug/Ergo-t.build/DerivedSources-normal/arm64 -Xcc -I/Users/admin/builder/spi-builder-workspace/.derivedData/Build/Intermediates.noindex/Ergo.build/Debug/Ergo-t.build/DerivedSources/arm64 -Xcc -I/Users/admin/builder/spi-builder-workspace/.derivedData/Build/Intermediates.noindex/Ergo.build/Debug/Ergo-t.build/DerivedSources -Xcc -DSWIFT_PACKAGE -Xcc -DDEBUG\=1 -emit-objc-header -emit-objc-header-path /Users/admin/builder/spi-builder-workspace/.derivedData/Build/Intermediates.noindex/Ergo.build/Debug/Ergo-t.build/Objects-normal/arm64/Ergo-Swift.h -working-directory /Users/admin/builder/spi-builder-workspace/.swiftpm/xcode -experimental-emit-module-separately -disable-cmo
SwiftDriverJobDiscovery normal arm64 Compiling ChainAnimator.swift (in target 'Ergo' from project 'Ergo')
SwiftMergeGeneratedHeaders /Users/admin/builder/spi-builder-workspace/.derivedData/Build/Intermediates.noindex/GeneratedModuleMaps/Ergo-Swift.h /Users/admin/builder/spi-builder-workspace/.derivedData/Build/Intermediates.noindex/Ergo.build/Debug/Ergo-t.build/Objects-normal/arm64/Ergo-Swift.h (in target 'Ergo' from project 'Ergo')
cd /Users/admin/builder/spi-builder-workspace/.dependencies/checkouts/Ergo
builtin-swiftHeaderTool -arch arm64 /Users/admin/builder/spi-builder-workspace/.derivedData/Build/Intermediates.noindex/Ergo.build/Debug/Ergo-t.build/Objects-normal/arm64/Ergo-Swift.h -o /Users/admin/builder/spi-builder-workspace/.derivedData/Build/Intermediates.noindex/GeneratedModuleMaps/Ergo-Swift.h
Copy /Users/admin/builder/spi-builder-workspace/.derivedData/Build/Products/Debug/Ergo.swiftmodule/arm64-apple-macos.swiftmodule /Users/admin/builder/spi-builder-workspace/.derivedData/Build/Intermediates.noindex/Ergo.build/Debug/Ergo-t.build/Objects-normal/arm64/Ergo.swiftmodule (in target 'Ergo' from project 'Ergo')
cd /Users/admin/builder/spi-builder-workspace/.dependencies/checkouts/Ergo
builtin-copy -exclude .DS_Store -exclude CVS -exclude .svn -exclude .git -exclude .hg -resolve-src-symlinks -rename /Users/admin/builder/spi-builder-workspace/.derivedData/Build/Intermediates.noindex/Ergo.build/Debug/Ergo-t.build/Objects-normal/arm64/Ergo.swiftmodule /Users/admin/builder/spi-builder-workspace/.derivedData/Build/Products/Debug/Ergo.swiftmodule/arm64-apple-macos.swiftmodule
SwiftDriverJobDiscovery normal arm64 Compiling ErgoError.swift (in target 'Ergo' from project 'Ergo')
Copy /Users/admin/builder/spi-builder-workspace/.derivedData/Build/Products/Debug/Ergo.swiftmodule/arm64-apple-macos.swiftdoc /Users/admin/builder/spi-builder-workspace/.derivedData/Build/Intermediates.noindex/Ergo.build/Debug/Ergo-t.build/Objects-normal/arm64/Ergo.swiftdoc (in target 'Ergo' from project 'Ergo')
cd /Users/admin/builder/spi-builder-workspace/.dependencies/checkouts/Ergo
builtin-copy -exclude .DS_Store -exclude CVS -exclude .svn -exclude .git -exclude .hg -resolve-src-symlinks -rename /Users/admin/builder/spi-builder-workspace/.derivedData/Build/Intermediates.noindex/Ergo.build/Debug/Ergo-t.build/Objects-normal/arm64/Ergo.swiftdoc /Users/admin/builder/spi-builder-workspace/.derivedData/Build/Products/Debug/Ergo.swiftmodule/arm64-apple-macos.swiftdoc
Copy /Users/admin/builder/spi-builder-workspace/.derivedData/Build/Products/Debug/Ergo.swiftmodule/arm64-apple-macos.abi.json /Users/admin/builder/spi-builder-workspace/.derivedData/Build/Intermediates.noindex/Ergo.build/Debug/Ergo-t.build/Objects-normal/arm64/Ergo.abi.json (in target 'Ergo' from project 'Ergo')
cd /Users/admin/builder/spi-builder-workspace/.dependencies/checkouts/Ergo
builtin-copy -exclude .DS_Store -exclude CVS -exclude .svn -exclude .git -exclude .hg -resolve-src-symlinks -rename /Users/admin/builder/spi-builder-workspace/.derivedData/Build/Intermediates.noindex/Ergo.build/Debug/Ergo-t.build/Objects-normal/arm64/Ergo.abi.json /Users/admin/builder/spi-builder-workspace/.derivedData/Build/Products/Debug/Ergo.swiftmodule/arm64-apple-macos.abi.json
Copy /Users/admin/builder/spi-builder-workspace/.derivedData/Build/Products/Debug/Ergo.swiftmodule/Project/arm64-apple-macos.swiftsourceinfo /Users/admin/builder/spi-builder-workspace/.derivedData/Build/Intermediates.noindex/Ergo.build/Debug/Ergo-t.build/Objects-normal/arm64/Ergo.swiftsourceinfo (in target 'Ergo' from project 'Ergo')
cd /Users/admin/builder/spi-builder-workspace/.dependencies/checkouts/Ergo
builtin-copy -exclude .DS_Store -exclude CVS -exclude .svn -exclude .git -exclude .hg -resolve-src-symlinks -rename /Users/admin/builder/spi-builder-workspace/.derivedData/Build/Intermediates.noindex/Ergo.build/Debug/Ergo-t.build/Objects-normal/arm64/Ergo.swiftsourceinfo /Users/admin/builder/spi-builder-workspace/.derivedData/Build/Products/Debug/Ergo.swiftmodule/Project/arm64-apple-macos.swiftsourceinfo
SwiftDriverJobDiscovery normal arm64 Compiling NestedPromise.swift (in target 'Ergo' from project 'Ergo')
SwiftDriver iONess normal arm64 com.apple.xcode.tools.swift.compiler (in target 'iONess' from project 'iONess')
cd /Users/admin/builder/spi-builder-workspace/.swiftpm/xcode
builtin-SwiftDriver -- /Applications/Xcode-27.0.0-Release.Candidate.app/Contents/Developer/Toolchains/XcodeDefault.xctoolchain/usr/bin/swiftc -parse-as-library -module-name iONess -Onone @/Users/admin/builder/spi-builder-workspace/.derivedData/Build/Intermediates.noindex/iONess.build/Debug/iONess-t.build/Objects-normal/arm64/iONess.SwiftFileList -DSWIFT_PACKAGE -DDEBUG -DSWIFT_MODULE_RESOURCE_BUNDLE_UNAVAILABLE -DXcode -plugin-path /Applications/Xcode-27.0.0-Release.Candidate.app/Contents/Developer/Toolchains/XcodeDefault.xctoolchain/usr/lib/swift/host/plugins/testing -enable-experimental-feature DebugDescriptionMacro -sdk /Applications/Xcode-27.0.0-Release.Candidate.app/Contents/Developer/Platforms/MacOSX.platform/Developer/SDKs/MacOSX27.0.sdk -target arm64-apple-macos12.0 -g -module-cache-path /Users/admin/builder/spi-builder-workspace/.derivedData/ModuleCache.noindex -Xfrontend -serialize-debugging-options -profile-coverage-mapping -profile-generate -enable-testing -index-store-path /Users/admin/builder/spi-builder-workspace/.derivedData/Index.noindex/DataStore -Xcc -D_LIBCPP_HARDENING_MODE\=_LIBCPP_HARDENING_MODE_DEBUG -swift-version 5 -I /Users/admin/builder/spi-builder-workspace/.derivedData/Build/Products/Debug -Isystem /Applications/Xcode-27.0.0-Release.Candidate.app/Contents/Developer/Platforms/MacOSX.platform/Developer/usr/lib -F /Users/admin/builder/spi-builder-workspace/.derivedData/Build/Products/Debug/PackageFrameworks -F /Users/admin/builder/spi-builder-workspace/.derivedData/Build/Products/Debug -F /Applications/Xcode-27.0.0-Release.Candidate.app/Contents/Developer/Platforms/MacOSX.platform/Developer/Library/Frameworks -c -j10 -enable-batch-mode -incremental -Xcc -ivfsstatcache -Xcc /Users/admin/builder/spi-builder-workspace/.derivedData/SDKStatCaches.noindex/macosx27.0-26A425-e829b21a6f8c9b70876ba0858053c0446a22442a12e9d48fe1a705f55a1adfc4.sdkstatcache -output-file-map /Users/admin/builder/spi-builder-workspace/.derivedData/Build/Intermediates.noindex/iONess.build/Debug/iONess-t.build/Objects-normal/arm64/iONess-OutputFileMap.json -save-temps -no-color-diagnostics -explicit-module-build -module-cache-path /Users/admin/builder/spi-builder-workspace/.derivedData/Build/Intermediates.noindex/SwiftExplicitPrecompiledModules -clang-scanner-module-cache-path /Users/admin/builder/spi-builder-workspace/.derivedData/ModuleCache.noindex -sdk-module-cache-path /Users/admin/builder/spi-builder-workspace/.derivedData/SDKExplicitPrecompiledModules -emit-dependencies -emit-module -emit-module-path /Users/admin/builder/spi-builder-workspace/.derivedData/Build/Intermediates.noindex/iONess.build/Debug/iONess-t.build/Objects-normal/arm64/iONess.swiftmodule -serialize-diagnostics -dependency-scan-serialize-diagnostics-path /Users/admin/builder/spi-builder-workspace/.derivedData/Build/Intermediates.noindex/iONess.build/Debug/iONess-t.build/Objects-normal/arm64/iONess-dependency-scan.dia -validate-clang-modules-once -clang-build-session-file /Users/admin/builder/spi-builder-workspace/.derivedData/ModuleCache.noindex/Session.modulevalidation -Xcc -fmodules-prune-interval\=86400 -Xcc -fmodules-prune-after\=345600 -emit-const-values -const-gather-protocols-list /Users/admin/builder/spi-builder-workspace/.derivedData/Build/Intermediates.noindex/iONess.build/Debug/iONess-t.build/Objects-normal/arm64/iONess_const_extract_protocols.json -Xcc -I/Users/admin/builder/spi-builder-workspace/.derivedData/Build/Products/Debug/include -Xcc -I/Users/admin/builder/spi-builder-workspace/.derivedData/Build/Intermediates.noindex/iONess.build/Debug/iONess-t.build/DerivedSources-normal/arm64 -Xcc -I/Users/admin/builder/spi-builder-workspace/.derivedData/Build/Intermediates.noindex/iONess.build/Debug/iONess-t.build/DerivedSources/arm64 -Xcc -I/Users/admin/builder/spi-builder-workspace/.derivedData/Build/Intermediates.noindex/iONess.build/Debug/iONess-t.build/DerivedSources -Xcc -DSWIFT_PACKAGE -Xcc -DDEBUG\=1 -emit-objc-header -emit-objc-header-path /Users/admin/builder/spi-builder-workspace/.derivedData/Build/Intermediates.noindex/iONess.build/Debug/iONess-t.build/Objects-normal/arm64/iONess-Swift.h -working-directory /Users/admin/builder/spi-builder-workspace/.swiftpm/xcode -experimental-emit-module-separately -disable-cmo
SwiftDriverJobDiscovery normal arm64 Compiling Task+Extensions.swift (in target 'Ergo' from project 'Ergo')
SwiftDriverJobDiscovery normal arm64 Compiling Atomic.swift (in target 'Chary' from project 'Chary')
SwiftDriverJobDiscovery normal arm64 Compiling DispatchQueue+Extensions.swift (in target 'Chary' from project 'Chary')
SwiftDriver\ Compilation Chary normal arm64 com.apple.xcode.tools.swift.compiler (in target 'Chary' from project 'Chary')
cd /Users/admin/builder/spi-builder-workspace/.swiftpm/xcode
builtin-Swift-Compilation -- /Applications/Xcode-27.0.0-Release.Candidate.app/Contents/Developer/Toolchains/XcodeDefault.xctoolchain/usr/bin/swiftc -parse-as-library -module-name Chary -Onone @/Users/admin/builder/spi-builder-workspace/.derivedData/Build/Intermediates.noindex/Chary.build/Debug/Chary-t.build/Objects-normal/arm64/Chary.SwiftFileList -DSWIFT_PACKAGE -DDEBUG -DSWIFT_MODULE_RESOURCE_BUNDLE_UNAVAILABLE -DXcode -plugin-path /Applications/Xcode-27.0.0-Release.Candidate.app/Contents/Developer/Toolchains/XcodeDefault.xctoolchain/usr/lib/swift/host/plugins/testing -enable-experimental-feature DebugDescriptionMacro -sdk /Applications/Xcode-27.0.0-Release.Candidate.app/Contents/Developer/Platforms/MacOSX.platform/Developer/SDKs/MacOSX27.0.sdk -target arm64-apple-macos12.0 -g -module-cache-path /Users/admin/builder/spi-builder-workspace/.derivedData/ModuleCache.noindex -Xfrontend -serialize-debugging-options -profile-coverage-mapping -profile-generate -enable-testing -suppress-warnings -index-store-path /Users/admin/builder/spi-builder-workspace/.derivedData/Index.noindex/DataStore -Xcc -D_LIBCPP_HARDENING_MODE\=_LIBCPP_HARDENING_MODE_DEBUG -swift-version 5 -I /Users/admin/builder/spi-builder-workspace/.derivedData/Build/Products/Debug -Isystem /Applications/Xcode-27.0.0-Release.Candidate.app/Contents/Developer/Platforms/MacOSX.platform/Developer/usr/lib -F /Users/admin/builder/spi-builder-workspace/.derivedData/Build/Products/Debug -F /Applications/Xcode-27.0.0-Release.Candidate.app/Contents/Developer/Platforms/MacOSX.platform/Developer/Library/Frameworks -c -j10 -enable-batch-mode -incremental -Xcc -ivfsstatcache -Xcc /Users/admin/builder/spi-builder-workspace/.derivedData/SDKStatCaches.noindex/macosx27.0-26A425-e829b21a6f8c9b70876ba0858053c0446a22442a12e9d48fe1a705f55a1adfc4.sdkstatcache -output-file-map /Users/admin/builder/spi-builder-workspace/.derivedData/Build/Intermediates.noindex/Chary.build/Debug/Chary-t.build/Objects-normal/arm64/Chary-OutputFileMap.json -save-temps -no-color-diagnostics -explicit-module-build -module-cache-path /Users/admin/builder/spi-builder-workspace/.derivedData/Build/Intermediates.noindex/SwiftExplicitPrecompiledModules -clang-scanner-module-cache-path /Users/admin/builder/spi-builder-workspace/.derivedData/ModuleCache.noindex -sdk-module-cache-path /Users/admin/builder/spi-builder-workspace/.derivedData/SDKExplicitPrecompiledModules -emit-dependencies -emit-module -emit-module-path /Users/admin/builder/spi-builder-workspace/.derivedData/Build/Intermediates.noindex/Chary.build/Debug/Chary-t.build/Objects-normal/arm64/Chary.swiftmodule -serialize-diagnostics -dependency-scan-serialize-diagnostics-path /Users/admin/builder/spi-builder-workspace/.derivedData/Build/Intermediates.noindex/Chary.build/Debug/Chary-t.build/Objects-normal/arm64/Chary-dependency-scan.dia -validate-clang-modules-once -clang-build-session-file /Users/admin/builder/spi-builder-workspace/.derivedData/ModuleCache.noindex/Session.modulevalidation -Xcc -fmodules-prune-interval\=86400 -Xcc -fmodules-prune-after\=345600 -emit-const-values -const-gather-protocols-list /Users/admin/builder/spi-builder-workspace/.derivedData/Build/Intermediates.noindex/Chary.build/Debug/Chary-t.build/Objects-normal/arm64/Chary_const_extract_protocols.json -Xcc -I/Users/admin/builder/spi-builder-workspace/.derivedData/Build/Products/Debug/include -Xcc -I/Users/admin/builder/spi-builder-workspace/.derivedData/Build/Intermediates.noindex/Chary.build/Debug/Chary-t.build/DerivedSources-normal/arm64 -Xcc -I/Users/admin/builder/spi-builder-workspace/.derivedData/Build/Intermediates.noindex/Chary.build/Debug/Chary-t.build/DerivedSources/arm64 -Xcc -I/Users/admin/builder/spi-builder-workspace/.derivedData/Build/Intermediates.noindex/Chary.build/Debug/Chary-t.build/DerivedSources -Xcc -DSWIFT_PACKAGE -Xcc -DDEBUG\=1 -emit-objc-header -emit-objc-header-path /Users/admin/builder/spi-builder-workspace/.derivedData/Build/Intermediates.noindex/Chary.build/Debug/Chary-t.build/Objects-normal/arm64/Chary-Swift.h -working-directory /Users/admin/builder/spi-builder-workspace/.swiftpm/xcode -experimental-emit-module-separately -disable-cmo
SwiftDriverJobDiscovery normal arm64 Compiling Thenable.swift (in target 'Ergo' from project 'Ergo')
Ld /Users/admin/builder/spi-builder-workspace/.derivedData/Build/Products/Debug/Chary.o normal (in target 'Chary' from project 'Chary')
cd /Users/admin/builder/spi-builder-workspace/.dependencies/checkouts/Chary
/Applications/Xcode-27.0.0-Release.Candidate.app/Contents/Developer/Toolchains/XcodeDefault.xctoolchain/usr/bin/clang -Xlinker -reproducible -target arm64-apple-macos12.0 -r -isysroot /Applications/Xcode-27.0.0-Release.Candidate.app/Contents/Developer/Platforms/MacOSX.platform/Developer/SDKs/MacOSX27.0.sdk -O0 -w -Xlinker -no_warn_duplicate_libraries -F/Users/admin/builder/spi-builder-workspace/.derivedData/Build/Intermediates.noindex/EagerLinkingTBDs/Debug -F/Users/admin/builder/spi-builder-workspace/.derivedData/Build/Products/Debug -iframework /Applications/Xcode-27.0.0-Release.Candidate.app/Contents/Developer/Platforms/MacOSX.platform/Developer/Library/Frameworks -filelist /Users/admin/builder/spi-builder-workspace/.derivedData/Build/Intermediates.noindex/Chary.build/Debug/Chary-t.build/Objects-normal/arm64/Chary.LinkFileList -nostdlib -Xlinker -object_path_lto -Xlinker /Users/admin/builder/spi-builder-workspace/.derivedData/Build/Intermediates.noindex/Chary.build/Debug/Chary-t.build/Objects-normal/arm64/Chary_lto.o -Xlinker -no_deduplicate -Xlinker -debug_variant -Xlinker -dependency_info -Xlinker /Users/admin/builder/spi-builder-workspace/.derivedData/Build/Intermediates.noindex/Chary.build/Debug/Chary-t.build/Objects-normal/arm64/Chary_dependency_info.dat -fobjc-link-runtime -L/Applications/Xcode-27.0.0-Release.Candidate.app/Contents/Developer/Toolchains/XcodeDefault.xctoolchain/usr/lib/swift/macosx -L/usr/lib/swift -Xlinker -add_ast_path -Xlinker /Users/admin/builder/spi-builder-workspace/.derivedData/Build/Intermediates.noindex/Chary.build/Debug/Chary-t.build/Objects-normal/arm64/Chary.swiftmodule -o /Users/admin/builder/spi-builder-workspace/.derivedData/Build/Products/Debug/Chary.o
SwiftDriverJobDiscovery normal arm64 Compiling GlobalFunction.swift (in target 'Ergo' from project 'Ergo')
SwiftDriverJobDiscovery normal arm64 Compiling ClosurePromise.swift (in target 'Ergo' from project 'Ergo')
SwiftDriverJobDiscovery normal arm64 Compiling Promise.swift (in target 'Ergo' from project 'Ergo')
SwiftDriver\ Compilation Ergo normal arm64 com.apple.xcode.tools.swift.compiler (in target 'Ergo' from project 'Ergo')
cd /Users/admin/builder/spi-builder-workspace/.swiftpm/xcode
builtin-Swift-Compilation -- /Applications/Xcode-27.0.0-Release.Candidate.app/Contents/Developer/Toolchains/XcodeDefault.xctoolchain/usr/bin/swiftc -parse-as-library -module-name Ergo -Onone @/Users/admin/builder/spi-builder-workspace/.derivedData/Build/Intermediates.noindex/Ergo.build/Debug/Ergo-t.build/Objects-normal/arm64/Ergo.SwiftFileList -DSWIFT_PACKAGE -DDEBUG -DSWIFT_MODULE_RESOURCE_BUNDLE_UNAVAILABLE -DXcode -plugin-path /Applications/Xcode-27.0.0-Release.Candidate.app/Contents/Developer/Toolchains/XcodeDefault.xctoolchain/usr/lib/swift/host/plugins/testing -enable-experimental-feature DebugDescriptionMacro -sdk /Applications/Xcode-27.0.0-Release.Candidate.app/Contents/Developer/Platforms/MacOSX.platform/Developer/SDKs/MacOSX27.0.sdk -target arm64-apple-macos12.0 -g -module-cache-path /Users/admin/builder/spi-builder-workspace/.derivedData/ModuleCache.noindex -Xfrontend -serialize-debugging-options -profile-coverage-mapping -profile-generate -enable-testing -suppress-warnings -index-store-path /Users/admin/builder/spi-builder-workspace/.derivedData/Index.noindex/DataStore -Xcc -D_LIBCPP_HARDENING_MODE\=_LIBCPP_HARDENING_MODE_DEBUG -swift-version 5 -I /Users/admin/builder/spi-builder-workspace/.derivedData/Build/Products/Debug -Isystem /Applications/Xcode-27.0.0-Release.Candidate.app/Contents/Developer/Platforms/MacOSX.platform/Developer/usr/lib -F /Users/admin/builder/spi-builder-workspace/.derivedData/Build/Products/Debug/PackageFrameworks -F /Users/admin/builder/spi-builder-workspace/.derivedData/Build/Products/Debug -F /Applications/Xcode-27.0.0-Release.Candidate.app/Contents/Developer/Platforms/MacOSX.platform/Developer/Library/Frameworks -c -j10 -enable-batch-mode -incremental -Xcc -ivfsstatcache -Xcc /Users/admin/builder/spi-builder-workspace/.derivedData/SDKStatCaches.noindex/macosx27.0-26A425-e829b21a6f8c9b70876ba0858053c0446a22442a12e9d48fe1a705f55a1adfc4.sdkstatcache -output-file-map /Users/admin/builder/spi-builder-workspace/.derivedData/Build/Intermediates.noindex/Ergo.build/Debug/Ergo-t.build/Objects-normal/arm64/Ergo-OutputFileMap.json -save-temps -no-color-diagnostics -explicit-module-build -module-cache-path /Users/admin/builder/spi-builder-workspace/.derivedData/Build/Intermediates.noindex/SwiftExplicitPrecompiledModules -clang-scanner-module-cache-path /Users/admin/builder/spi-builder-workspace/.derivedData/ModuleCache.noindex -sdk-module-cache-path /Users/admin/builder/spi-builder-workspace/.derivedData/SDKExplicitPrecompiledModules -emit-dependencies -emit-module -emit-module-path /Users/admin/builder/spi-builder-workspace/.derivedData/Build/Intermediates.noindex/Ergo.build/Debug/Ergo-t.build/Objects-normal/arm64/Ergo.swiftmodule -serialize-diagnostics -dependency-scan-serialize-diagnostics-path /Users/admin/builder/spi-builder-workspace/.derivedData/Build/Intermediates.noindex/Ergo.build/Debug/Ergo-t.build/Objects-normal/arm64/Ergo-dependency-scan.dia -validate-clang-modules-once -clang-build-session-file /Users/admin/builder/spi-builder-workspace/.derivedData/ModuleCache.noindex/Session.modulevalidation -Xcc -fmodules-prune-interval\=86400 -Xcc -fmodules-prune-after\=345600 -emit-const-values -const-gather-protocols-list /Users/admin/builder/spi-builder-workspace/.derivedData/Build/Intermediates.noindex/Ergo.build/Debug/Ergo-t.build/Objects-normal/arm64/Ergo_const_extract_protocols.json -Xcc -I/Users/admin/builder/spi-builder-workspace/.derivedData/Build/Products/Debug/include -Xcc -I/Users/admin/builder/spi-builder-workspace/.derivedData/Build/Intermediates.noindex/Ergo.build/Debug/Ergo-t.build/DerivedSources-normal/arm64 -Xcc -I/Users/admin/builder/spi-builder-workspace/.derivedData/Build/Intermediates.noindex/Ergo.build/Debug/Ergo-t.build/DerivedSources/arm64 -Xcc -I/Users/admin/builder/spi-builder-workspace/.derivedData/Build/Intermediates.noindex/Ergo.build/Debug/Ergo-t.build/DerivedSources -Xcc -DSWIFT_PACKAGE -Xcc -DDEBUG\=1 -emit-objc-header -emit-objc-header-path /Users/admin/builder/spi-builder-workspace/.derivedData/Build/Intermediates.noindex/Ergo.build/Debug/Ergo-t.build/Objects-normal/arm64/Ergo-Swift.h -working-directory /Users/admin/builder/spi-builder-workspace/.swiftpm/xcode -experimental-emit-module-separately -disable-cmo
ExtractAppIntentsMetadata (in target 'Chary' from project 'Chary')
cd /Users/admin/builder/spi-builder-workspace/.dependencies/checkouts/Chary
/Applications/Xcode-27.0.0-Release.Candidate.app/Contents/Developer/Toolchains/XcodeDefault.xctoolchain/usr/bin/appintentsmetadataprocessor --toolchain-dir /var/run/com.apple.security.cryptexd/mnt/com.apple.MobileAsset.MetalToolchain-v27.1.266.1.bq9TnT/Metal.xctoolchain --module-name Chary --sdk-root /Applications/Xcode-27.0.0-Release.Candidate.app/Contents/Developer/Platforms/MacOSX.platform/Developer/SDKs/MacOSX27.0.sdk --xcode-version 27A266a --platform-family macOS --deployment-target 12.0 --bundle-identifier chary.Chary --output /Users/admin/builder/spi-builder-workspace/.derivedData/Build/Products/Debug/Chary.appintents --target-triple arm64-apple-macos12.0 --binary-file /Users/admin/builder/spi-builder-workspace/.derivedData/Build/Products/Debug/Chary.o --dependency-file /Users/admin/builder/spi-builder-workspace/.derivedData/Build/Intermediates.noindex/Chary.build/Debug/Chary-t.build/Objects-normal/arm64/Chary_dependency_info.dat --stringsdata-file /Users/admin/builder/spi-builder-workspace/.derivedData/Build/Intermediates.noindex/Chary.build/Debug/Chary-t.build/Objects-normal/arm64/ExtractedAppShortcutsMetadata.stringsdata --source-file-list /Users/admin/builder/spi-builder-workspace/.derivedData/Build/Intermediates.noindex/Chary.build/Debug/Chary-t.build/Objects-normal/arm64/Chary.SwiftFileList --metadata-file-list /Users/admin/builder/spi-builder-workspace/.derivedData/Build/Intermediates.noindex/Chary.build/Debug/Chary-t.build/Chary.DependencyMetadataFileList --static-metadata-file-list /Users/admin/builder/spi-builder-workspace/.derivedData/Build/Intermediates.noindex/Chary.build/Debug/Chary-t.build/Chary.DependencyStaticMetadataFileList --swift-const-vals-list /Users/admin/builder/spi-builder-workspace/.derivedData/Build/Intermediates.noindex/Chary.build/Debug/Chary-t.build/Objects-normal/arm64/Chary.SwiftConstValuesFileList --force --compile-time-extraction --deployment-aware-processing --no-app-shortcuts-localization
2026-09-18 06:53:29.198 appintentsmetadataprocessor[1034:5893] Starting appintentsmetadataprocessor export
2026-09-18 06:53:29.289 appintentsmetadataprocessor[1034:5893] Extracted no relevant App Intents symbols, skipping writing output
Ld /Users/admin/builder/spi-builder-workspace/.derivedData/Build/Products/Debug/Ergo.o normal (in target 'Ergo' from project 'Ergo')
cd /Users/admin/builder/spi-builder-workspace/.dependencies/checkouts/Ergo
/Applications/Xcode-27.0.0-Release.Candidate.app/Contents/Developer/Toolchains/XcodeDefault.xctoolchain/usr/bin/clang -Xlinker -reproducible -target arm64-apple-macos12.0 -r -isysroot /Applications/Xcode-27.0.0-Release.Candidate.app/Contents/Developer/Platforms/MacOSX.platform/Developer/SDKs/MacOSX27.0.sdk -O0 -w -Xlinker -no_warn_duplicate_libraries -F/Users/admin/builder/spi-builder-workspace/.derivedData/Build/Intermediates.noindex/EagerLinkingTBDs/Debug -F/Users/admin/builder/spi-builder-workspace/.derivedData/Build/Products/Debug/PackageFrameworks -F/Users/admin/builder/spi-builder-workspace/.derivedData/Build/Products/Debug -iframework /Applications/Xcode-27.0.0-Release.Candidate.app/Contents/Developer/Platforms/MacOSX.platform/Developer/Library/Frameworks -filelist /Users/admin/builder/spi-builder-workspace/.derivedData/Build/Intermediates.noindex/Ergo.build/Debug/Ergo-t.build/Objects-normal/arm64/Ergo.LinkFileList -nostdlib -Xlinker -object_path_lto -Xlinker /Users/admin/builder/spi-builder-workspace/.derivedData/Build/Intermediates.noindex/Ergo.build/Debug/Ergo-t.build/Objects-normal/arm64/Ergo_lto.o -Xlinker -no_deduplicate -Xlinker -debug_variant -Xlinker -dependency_info -Xlinker /Users/admin/builder/spi-builder-workspace/.derivedData/Build/Intermediates.noindex/Ergo.build/Debug/Ergo-t.build/Objects-normal/arm64/Ergo_dependency_info.dat -fobjc-link-runtime -L/Applications/Xcode-27.0.0-Release.Candidate.app/Contents/Developer/Toolchains/XcodeDefault.xctoolchain/usr/lib/swift/macosx -L/usr/lib/swift -Xlinker -add_ast_path -Xlinker /Users/admin/builder/spi-builder-workspace/.derivedData/Build/Intermediates.noindex/Ergo.build/Debug/Ergo-t.build/Objects-normal/arm64/Ergo.swiftmodule -o /Users/admin/builder/spi-builder-workspace/.derivedData/Build/Products/Debug/Ergo.o
ExtractAppIntentsMetadata (in target 'Ergo' from project 'Ergo')
cd /Users/admin/builder/spi-builder-workspace/.dependencies/checkouts/Ergo
/Applications/Xcode-27.0.0-Release.Candidate.app/Contents/Developer/Toolchains/XcodeDefault.xctoolchain/usr/bin/appintentsmetadataprocessor --toolchain-dir /var/run/com.apple.security.cryptexd/mnt/com.apple.MobileAsset.MetalToolchain-v27.1.266.1.bq9TnT/Metal.xctoolchain --module-name Ergo --sdk-root /Applications/Xcode-27.0.0-Release.Candidate.app/Contents/Developer/Platforms/MacOSX.platform/Developer/SDKs/MacOSX27.0.sdk --xcode-version 27A266a --platform-family macOS --deployment-target 12.0 --bundle-identifier ergo.Ergo --output /Users/admin/builder/spi-builder-workspace/.derivedData/Build/Products/Debug/Ergo.appintents --target-triple arm64-apple-macos12.0 --binary-file /Users/admin/builder/spi-builder-workspace/.derivedData/Build/Products/Debug/Ergo.o --dependency-file /Users/admin/builder/spi-builder-workspace/.derivedData/Build/Intermediates.noindex/Ergo.build/Debug/Ergo-t.build/Objects-normal/arm64/Ergo_dependency_info.dat --stringsdata-file /Users/admin/builder/spi-builder-workspace/.derivedData/Build/Intermediates.noindex/Ergo.build/Debug/Ergo-t.build/Objects-normal/arm64/ExtractedAppShortcutsMetadata.stringsdata --source-file-list /Users/admin/builder/spi-builder-workspace/.derivedData/Build/Intermediates.noindex/Ergo.build/Debug/Ergo-t.build/Objects-normal/arm64/Ergo.SwiftFileList --metadata-file-list /Users/admin/builder/spi-builder-workspace/.derivedData/Build/Intermediates.noindex/Ergo.build/Debug/Ergo-t.build/Ergo.DependencyMetadataFileList --static-metadata-file-list /Users/admin/builder/spi-builder-workspace/.derivedData/Build/Intermediates.noindex/Ergo.build/Debug/Ergo-t.build/Ergo.DependencyStaticMetadataFileList --swift-const-vals-list /Users/admin/builder/spi-builder-workspace/.derivedData/Build/Intermediates.noindex/Ergo.build/Debug/Ergo-t.build/Objects-normal/arm64/Ergo.SwiftConstValuesFileList --force --compile-time-extraction --deployment-aware-processing --no-app-shortcuts-localization
2026-09-18 06:53:29.333 appintentsmetadataprocessor[1037:5941] Starting appintentsmetadataprocessor export
2026-09-18 06:53:29.392 appintentsmetadataprocessor[1037:5941] Extracted no relevant App Intents symbols, skipping writing output
SwiftCompile normal arm64 Compiling\ LockRunner.swift,\ URLCompatible.swift /Users/admin/builder/spi-builder-workspace/iONess/Classes/Common/LockRunner.swift /Users/admin/builder/spi-builder-workspace/iONess/Classes/Common/URLCompatible.swift (in target 'iONess' from project 'iONess')
SwiftCompile normal arm64 /Users/admin/builder/spi-builder-workspace/iONess/Classes/Common/LockRunner.swift (in target 'iONess' from project 'iONess')
cd /Users/admin/builder/spi-builder-workspace/.swiftpm/xcode
builtin-SwiftPerFileCompile LockRunner.swift
SwiftCompile normal arm64 /Users/admin/builder/spi-builder-workspace/iONess/Classes/Common/URLCompatible.swift (in target 'iONess' from project 'iONess')
cd /Users/admin/builder/spi-builder-workspace/.swiftpm/xcode
builtin-SwiftPerFileCompile URLCompatible.swift
SwiftCompile normal arm64 Compiling\ ResponseValidator.swift,\ RetryControl.swift /Users/admin/builder/spi-builder-workspace/iONess/Classes/Control/ResponseValidator.swift /Users/admin/builder/spi-builder-workspace/iONess/Classes/Control/RetryControl.swift (in target 'iONess' from project 'iONess')
SwiftCompile normal arm64 /Users/admin/builder/spi-builder-workspace/iONess/Classes/Control/ResponseValidator.swift (in target 'iONess' from project 'iONess')
cd /Users/admin/builder/spi-builder-workspace/.swiftpm/xcode
builtin-SwiftPerFileCompile ResponseValidator.swift
SwiftCompile normal arm64 /Users/admin/builder/spi-builder-workspace/iONess/Classes/Control/RetryControl.swift (in target 'iONess' from project 'iONess')
cd /Users/admin/builder/spi-builder-workspace/.swiftpm/xcode
builtin-SwiftPerFileCompile RetryControl.swift
SwiftCompile normal arm64 Compiling\ HTTPRequestMessage.swift,\ HTTPResponseMessage.swift /Users/admin/builder/spi-builder-workspace/iONess/Classes/Model/HTTPRequestMessage.swift /Users/admin/builder/spi-builder-workspace/iONess/Classes/Model/HTTPResponseMessage.swift (in target 'iONess' from project 'iONess')
SwiftCompile normal arm64 /Users/admin/builder/spi-builder-workspace/iONess/Classes/Model/HTTPRequestMessage.swift (in target 'iONess' from project 'iONess')
cd /Users/admin/builder/spi-builder-workspace/.swiftpm/xcode
builtin-SwiftPerFileCompile HTTPRequestMessage.swift
SwiftCompile normal arm64 /Users/admin/builder/spi-builder-workspace/iONess/Classes/Model/HTTPResponseMessage.swift (in target 'iONess' from project 'iONess')
cd /Users/admin/builder/spi-builder-workspace/.swiftpm/xcode
builtin-SwiftPerFileCompile HTTPResponseMessage.swift
SwiftCompile normal arm64 Compiling\ NetworkSessionManager+Extensions.swift,\ NetworkSessionManager.swift /Users/admin/builder/spi-builder-workspace/iONess/Classes/Manager/NetworkSessionManager+Extensions.swift /Users/admin/builder/spi-builder-workspace/iONess/Classes/Manager/NetworkSessionManager.swift (in target 'iONess' from project 'iONess')
SwiftCompile normal arm64 /Users/admin/builder/spi-builder-workspace/iONess/Classes/Manager/NetworkSessionManager+Extensions.swift (in target 'iONess' from project 'iONess')
cd /Users/admin/builder/spi-builder-workspace/.swiftpm/xcode
builtin-SwiftPerFileCompile NetworkSessionManager+Extensions.swift
SwiftCompile normal arm64 /Users/admin/builder/spi-builder-workspace/iONess/Classes/Manager/NetworkSessionManager.swift (in target 'iONess' from project 'iONess')
cd /Users/admin/builder/spi-builder-workspace/.swiftpm/xcode
builtin-SwiftPerFileCompile NetworkSessionManager.swift
SwiftCompile normal arm64 Compiling\ DuplicatedHandler.swift,\ HTTPValidator.swift /Users/admin/builder/spi-builder-workspace/iONess/Classes/Control/DuplicatedHandler.swift /Users/admin/builder/spi-builder-workspace/iONess/Classes/Control/HTTPValidator.swift (in target 'iONess' from project 'iONess')
SwiftCompile normal arm64 /Users/admin/builder/spi-builder-workspace/iONess/Classes/Control/DuplicatedHandler.swift (in target 'iONess' from project 'iONess')
cd /Users/admin/builder/spi-builder-workspace/.swiftpm/xcode
builtin-SwiftPerFileCompile DuplicatedHandler.swift
SwiftCompile normal arm64 /Users/admin/builder/spi-builder-workspace/iONess/Classes/Control/HTTPValidator.swift (in target 'iONess' from project 'iONess')
cd /Users/admin/builder/spi-builder-workspace/.swiftpm/xcode
builtin-SwiftPerFileCompile HTTPValidator.swift
SwiftCompile normal arm64 Compiling\ RequestBodyEncoder.swift,\ ResponseDecoder.swift /Users/admin/builder/spi-builder-workspace/iONess/Classes/EncoderAndDecoder/RequestBodyEncoder.swift /Users/admin/builder/spi-builder-workspace/iONess/Classes/EncoderAndDecoder/ResponseDecoder.swift (in target 'iONess' from project 'iONess')
SwiftCompile normal arm64 /Users/admin/builder/spi-builder-workspace/iONess/Classes/EncoderAndDecoder/RequestBodyEncoder.swift (in target 'iONess' from project 'iONess')
cd /Users/admin/builder/spi-builder-workspace/.swiftpm/xcode
builtin-SwiftPerFileCompile RequestBodyEncoder.swift
SwiftCompile normal arm64 /Users/admin/builder/spi-builder-workspace/iONess/Classes/EncoderAndDecoder/ResponseDecoder.swift (in target 'iONess' from project 'iONess')
cd /Users/admin/builder/spi-builder-workspace/.swiftpm/xcode
builtin-SwiftPerFileCompile ResponseDecoder.swift
SwiftCompile normal arm64 Compiling\ NetworkRequest.swift,\ NetworkResult.swift /Users/admin/builder/spi-builder-workspace/iONess/Classes/Model/NetworkRequest.swift /Users/admin/builder/spi-builder-workspace/iONess/Classes/Model/NetworkResult.swift (in target 'iONess' from project 'iONess')
SwiftCompile normal arm64 /Users/admin/builder/spi-builder-workspace/iONess/Classes/Model/NetworkRequest.swift (in target 'iONess' from project 'iONess')
cd /Users/admin/builder/spi-builder-workspace/.swiftpm/xcode
builtin-SwiftPerFileCompile NetworkRequest.swift
SwiftCompile normal arm64 /Users/admin/builder/spi-builder-workspace/iONess/Classes/Model/NetworkResult.swift (in target 'iONess' from project 'iONess')
cd /Users/admin/builder/spi-builder-workspace/.swiftpm/xcode
builtin-SwiftPerFileCompile NetworkResult.swift
SwiftCompile normal arm64 Compiling\ RequestBuilder.swift,\ RequestHandler.swift /Users/admin/builder/spi-builder-workspace/iONess/Classes/Request/RequestBuilder.swift /Users/admin/builder/spi-builder-workspace/iONess/Classes/Request/RequestHandler.swift (in target 'iONess' from project 'iONess')
SwiftCompile normal arm64 /Users/admin/builder/spi-builder-workspace/iONess/Classes/Request/RequestBuilder.swift (in target 'iONess' from project 'iONess')
cd /Users/admin/builder/spi-builder-workspace/.swiftpm/xcode
builtin-SwiftPerFileCompile RequestBuilder.swift
SwiftCompile normal arm64 /Users/admin/builder/spi-builder-workspace/iONess/Classes/Request/RequestHandler.swift (in target 'iONess' from project 'iONess')
cd /Users/admin/builder/spi-builder-workspace/.swiftpm/xcode
builtin-SwiftPerFileCompile RequestHandler.swift
SwiftCompile normal arm64 Compiling\ NetworkSessionError.swift,\ RequestMessage.swift /Users/admin/builder/spi-builder-workspace/iONess/Classes/Model/NetworkSessionError.swift /Users/admin/builder/spi-builder-workspace/iONess/Classes/Model/RequestMessage.swift (in target 'iONess' from project 'iONess')
SwiftCompile normal arm64 /Users/admin/builder/spi-builder-workspace/iONess/Classes/Model/NetworkSessionError.swift (in target 'iONess' from project 'iONess')
cd /Users/admin/builder/spi-builder-workspace/.swiftpm/xcode
builtin-SwiftPerFileCompile NetworkSessionError.swift
SwiftCompile normal arm64 /Users/admin/builder/spi-builder-workspace/iONess/Classes/Model/RequestMessage.swift (in target 'iONess' from project 'iONess')
cd /Users/admin/builder/spi-builder-workspace/.swiftpm/xcode
builtin-SwiftPerFileCompile RequestMessage.swift
SwiftCompile normal arm64 Compiling\ RequestPromise.swift,\ Resumable.swift /Users/admin/builder/spi-builder-workspace/iONess/Classes/Request/RequestPromise.swift /Users/admin/builder/spi-builder-workspace/iONess/Classes/Request/Resumable.swift (in target 'iONess' from project 'iONess')
/Users/admin/builder/spi-builder-workspace/iONess/Classes/Request/RequestPromise.swift:39:17: error: cannot call value of non-function type 'PromiseConsumer<Handler.Result>'
37 | guard let handler = requestHandler else {
38 | super.init(currentQueue: .current) { done in
39 | done(nil, NessError(description: "iONess Error: Failed to create request handler"))
| `- error: cannot call value of non-function type 'PromiseConsumer<Handler.Result>'
40 | }
41 | return
/Users/admin/builder/spi-builder-workspace/iONess/Classes/Request/RequestPromise.swift:39:22: error: 'nil' requires a contextual type
37 | guard let handler = requestHandler else {
38 | super.init(currentQueue: .current) { done in
39 | done(nil, NessError(description: "iONess Error: Failed to create request handler"))
| `- error: 'nil' requires a contextual type
40 | }
41 | return
/Users/admin/builder/spi-builder-workspace/iONess/Classes/Request/RequestPromise.swift:45:17: error: cannot call value of non-function type 'PromiseConsumer<Handler.Result>'
43 | super.init(currentQueue: .main) { done in
44 | handler.doRequest { result in
45 | done(result, result.error)
| `- error: cannot call value of non-function type 'PromiseConsumer<Handler.Result>'
46 | }
47 | }
Failed frontend command:
/Applications/Xcode-27.0.0-Release.Candidate.app/Contents/Developer/Toolchains/XcodeDefault.xctoolchain/usr/bin/swift-frontend -frontend -c /Users/admin/builder/spi-builder-workspace/iONess/Classes/Common/LockRunner.swift /Users/admin/builder/spi-builder-workspace/iONess/Classes/Common/URLCompatible.swift /Users/admin/builder/spi-builder-workspace/iONess/Classes/Control/DuplicatedHandler.swift /Users/admin/builder/spi-builder-workspace/iONess/Classes/Control/HTTPValidator.swift /Users/admin/builder/spi-builder-workspace/iONess/Classes/Control/ResponseValidator.swift /Users/admin/builder/spi-builder-workspace/iONess/Classes/Control/RetryControl.swift /Users/admin/builder/spi-builder-workspace/iONess/Classes/EncoderAndDecoder/RequestBodyEncoder.swift /Users/admin/builder/spi-builder-workspace/iONess/Classes/EncoderAndDecoder/ResponseDecoder.swift /Users/admin/builder/spi-builder-workspace/iONess/Classes/Manager/NetworkSessionManager+Extensions.swift /Users/admin/builder/spi-builder-workspace/iONess/Classes/Manager/NetworkSessionManager.swift /Users/admin/builder/spi-builder-workspace/iONess/Classes/Model/HTTPRequestMessage.swift /Users/admin/builder/spi-builder-workspace/iONess/Classes/Model/HTTPResponseMessage.swift /Users/admin/builder/spi-builder-workspace/iONess/Classes/Model/NetworkRequest.swift /Users/admin/builder/spi-builder-workspace/iONess/Classes/Model/NetworkResult.swift /Users/admin/builder/spi-builder-workspace/iONess/Classes/Model/NetworkSessionError.swift /Users/admin/builder/spi-builder-workspace/iONess/Classes/Model/RequestMessage.swift /Users/admin/builder/spi-builder-workspace/iONess/Classes/Request/RequestBuilder.swift /Users/admin/builder/spi-builder-workspace/iONess/Classes/Request/RequestHandler.swift -primary-file /Users/admin/builder/spi-builder-workspace/iONess/Classes/Request/RequestPromise.swift -primary-file /Users/admin/builder/spi-builder-workspace/iONess/Classes/Request/Resumable.swift -emit-dependencies-path /Users/admin/builder/spi-builder-workspace/.derivedData/Build/Intermediates.noindex/iONess.build/Debug/iONess-t.build/Objects-normal/arm64/RequestPromise.d -emit-const-values-path /Users/admin/builder/spi-builder-workspace/.derivedData/Build/Intermediates.noindex/iONess.build/Debug/iONess-t.build/Objects-normal/arm64/RequestPromise.swiftconstvalues -emit-reference-dependencies-path /Users/admin/builder/spi-builder-workspace/.derivedData/Build/Intermediates.noindex/iONess.build/Debug/iONess-t.build/Objects-normal/arm64/RequestPromise.swiftdeps -serialize-diagnostics-path /Users/admin/builder/spi-builder-workspace/.derivedData/Build/Intermediates.noindex/iONess.build/Debug/iONess-t.build/Objects-normal/arm64/RequestPromise.dia -emit-dependencies-path /Users/admin/builder/spi-builder-workspace/.derivedData/Build/Intermediates.noindex/iONess.build/Debug/iONess-t.build/Objects-normal/arm64/Resumable.d -emit-const-values-path /Users/admin/builder/spi-builder-workspace/.derivedData/Build/Intermediates.noindex/iONess.build/Debug/iONess-t.build/Objects-normal/arm64/Resumable.swiftconstvalues -emit-reference-dependencies-path /Users/admin/builder/spi-builder-workspace/.derivedData/Build/Intermediates.noindex/iONess.build/Debug/iONess-t.build/Objects-normal/arm64/Resumable.swiftdeps -serialize-diagnostics-path /Users/admin/builder/spi-builder-workspace/.derivedData/Build/Intermediates.noindex/iONess.build/Debug/iONess-t.build/Objects-normal/arm64/Resumable.dia -target arm64-apple-macos12.0 -disable-cross-import-overlay-search -load-resolved-plugin /Applications/Xcode-27.0.0-Release.Candidate.app/Contents/Developer/Platforms/MacOSX.platform/Developer/usr/lib/swift/host/plugins/libFoundationMacros.dylib\#/Applications/Xcode-27.0.0-Release.Candidate.app/Contents/Developer/Platforms/MacOSX.platform/Developer/usr/bin/swift-plugin-server\#FoundationMacros -load-resolved-plugin /Applications/Xcode-27.0.0-Release.Candidate.app/Contents/Developer/Platforms/MacOSX.platform/Developer/usr/lib/swift/host/plugins/libObservationMacros.dylib\#/Applications/Xcode-27.0.0-Release.Candidate.app/Contents/Developer/Platforms/MacOSX.platform/Developer/usr/bin/swift-plugin-server\#ObservationMacros -load-resolved-plugin /Applications/Xcode-27.0.0-Release.Candidate.app/Contents/Developer/Platforms/MacOSX.platform/Developer/usr/lib/swift/host/plugins/libSwiftMacros.dylib\#/Applications/Xcode-27.0.0-Release.Candidate.app/Contents/Developer/Platforms/MacOSX.platform/Developer/usr/bin/swift-plugin-server\#SwiftMacros -disable-implicit-swift-modules -Xcc -fno-implicit-modules -Xcc -fno-implicit-module-maps -explicit-swift-module-map-file /Users/admin/builder/spi-builder-workspace/.derivedData/Build/Intermediates.noindex/iONess.build/Debug/iONess-t.build/Objects-normal/arm64/iONess-dependencies-1.json -Xllvm -aarch64-use-tbi -enable-objc-interop -stack-check -sdk /Applications/Xcode-27.0.0-Release.Candidate.app/Contents/Developer/Platforms/MacOSX.platform/Developer/SDKs/MacOSX27.0.sdk -I /Users/admin/builder/spi-builder-workspace/.derivedData/Build/Products/Debug -Isystem /Applications/Xcode-27.0.0-Release.Candidate.app/Contents/Developer/Platforms/MacOSX.platform/Developer/usr/lib -F /Users/admin/builder/spi-builder-workspace/.derivedData/Build/Products/Debug/PackageFrameworks -F /Users/admin/builder/spi-builder-workspace/.derivedData/Build/Products/Debug -F /Applications/Xcode-27.0.0-Release.Candidate.app/Contents/Developer/Platforms/MacOSX.platform/Developer/Library/Frameworks -module-cache-path /Users/admin/builder/spi-builder-workspace/.derivedData/Build/Intermediates.noindex/SwiftExplicitPrecompiledModules -no-color-diagnostics -Xcc -fno-color-diagnostics -enable-testing -g -debug-info-format\=dwarf -dwarf-version\=4 -profile-generate -profile-coverage-mapping -swift-version 5 -Onone -D SWIFT_PACKAGE -D DEBUG -D SWIFT_MODULE_RESOURCE_BUNDLE_UNAVAILABLE -D Xcode -serialize-debugging-options -enable-experimental-feature DebugDescriptionMacro -empty-abi-descriptor -validate-clang-modules-once -clang-build-session-file /Users/admin/builder/spi-builder-workspace/.derivedData/ModuleCache.noindex/Session.modulevalidation -Xcc -working-directory -Xcc /Users/admin/builder/spi-builder-workspace/.swiftpm/xcode -enable-anonymous-context-mangled-names -file-compilation-dir /Users/admin/builder/spi-builder-workspace/.swiftpm/xcode -Xcc -D_LIBCPP_HARDENING_MODE\=_LIBCPP_HARDENING_MODE_DEBUG -Xcc -ivfsstatcache -Xcc /Users/admin/builder/spi-builder-workspace/.derivedData/SDKStatCaches.noindex/macosx27.0-26A425-e829b21a6f8c9b70876ba0858053c0446a22442a12e9d48fe1a705f55a1adfc4.sdkstatcache -Xcc -fmodules-prune-interval\=86400 -Xcc -fmodules-prune-after\=345600 -Xcc -I/Users/admin/builder/spi-builder-workspace/.derivedData/Build/Products/Debug/include -Xcc -I/Users/admin/builder/spi-builder-workspace/.derivedData/Build/Intermediates.noindex/iONess.build/Debug/iONess-t.build/DerivedSources-normal/arm64 -Xcc -I/Users/admin/builder/spi-builder-workspace/.derivedData/Build/Intermediates.noindex/iONess.build/Debug/iONess-t.build/DerivedSources/arm64 -Xcc -I/Users/admin/builder/spi-builder-workspace/.derivedData/Build/Intermediates.noindex/iONess.build/Debug/iONess-t.build/DerivedSources -Xcc -DSWIFT_PACKAGE -Xcc -DDEBUG\=1 -no-auto-bridging-header-chaining -module-name iONess -const-gather-protocols-file /Users/admin/builder/spi-builder-workspace/.derivedData/Build/Intermediates.noindex/iONess.build/Debug/iONess-t.build/Objects-normal/arm64/iONess_const_extract_protocols.json -disable-clang-spi -clang-target arm64-apple-macos27.0 -target-sdk-version 27.0 -target-sdk-name macosx27.0 -in-process-plugin-server-path /Applications/Xcode-27.0.0-Release.Candidate.app/Contents/Developer/Toolchains/XcodeDefault.xctoolchain/usr/lib/swift/host/libSwiftInProcPluginServer.dylib -parse-as-library -o /Users/admin/builder/spi-builder-workspace/.derivedData/Build/Intermediates.noindex/iONess.build/Debug/iONess-t.build/Objects-normal/arm64/RequestPromise.o -o /Users/admin/builder/spi-builder-workspace/.derivedData/Build/Intermediates.noindex/iONess.build/Debug/iONess-t.build/Objects-normal/arm64/Resumable.o -debug-module-path /Users/admin/builder/spi-builder-workspace/.derivedData/Build/Intermediates.noindex/iONess.build/Debug/iONess-t.build/Objects-normal/arm64/iONess.swiftmodule -index-unit-output-path /iONess.build/Debug/iONess-t.build/Objects-normal/arm64/RequestPromise.o -index-unit-output-path /iONess.build/Debug/iONess-t.build/Objects-normal/arm64/Resumable.o -index-store-path /Users/admin/builder/spi-builder-workspace/.derivedData/Index.noindex/DataStore -index-system-modules
SwiftCompile normal arm64 /Users/admin/builder/spi-builder-workspace/iONess/Classes/Request/RequestPromise.swift (in target 'iONess' from project 'iONess')
cd /Users/admin/builder/spi-builder-workspace/.swiftpm/xcode
builtin-SwiftPerFileCompile RequestPromise.swift
SwiftCompile normal arm64 /Users/admin/builder/spi-builder-workspace/iONess/Classes/Request/Resumable.swift (in target 'iONess' from project 'iONess')
cd /Users/admin/builder/spi-builder-workspace/.swiftpm/xcode
builtin-SwiftPerFileCompile Resumable.swift
SwiftEmitModule normal arm64 Emitting\ module\ for\ iONess (in target 'iONess' from project 'iONess')
SwiftCompile normal arm64 (in target 'iONess' from project 'iONess')
cd /Users/admin/builder/spi-builder-workspace/.swiftpm/xcode
PruneExplicitPrecompiledModules /Users/admin/builder/spi-builder-workspace/.derivedData/SDKExplicitPrecompiledModules
PruneExplicitPrecompiledModules /Users/admin/builder/spi-builder-workspace/.derivedData/Build/Intermediates.noindex/ExplicitPrecompiledModules
PruneExplicitPrecompiledModules /Users/admin/builder/spi-builder-workspace/.derivedData/Build/Intermediates.noindex/SwiftExplicitPrecompiledModules
2026-09-18 06:53:20.869 xcodebuild[922:5306] [MT] IDERunDestination: Supported platforms for the buildables in the current scheme is empty.
--- xcodebuild: WARNING: Using the first of multiple matching destinations:
{ platform:macOS, arch:arm64, id:d6ec6313ba0fcb1a1047fc6cf4ec6cd8c5c7a297, name:My Mac }
{ platform:macOS, arch:arm64, variant:Mac Catalyst, id:d6ec6313ba0fcb1a1047fc6cf4ec6cd8c5c7a297, name:My Mac }
{ platform:macOS, arch:arm64, variant:DriverKit, id:d6ec6313ba0fcb1a1047fc6cf4ec6cd8c5c7a297, name:My Mac }
{ platform:macOS, arch:arm64, variant:Designed for [iPad,iPhone], id:d6ec6313ba0fcb1a1047fc6cf4ec6cd8c5c7a297, name:My Mac }
** BUILD FAILED **
The following build commands failed:
SwiftCompile normal arm64 Compiling\ RequestPromise.swift,\ Resumable.swift /Users/admin/builder/spi-builder-workspace/iONess/Classes/Request/RequestPromise.swift /Users/admin/builder/spi-builder-workspace/iONess/Classes/Request/Resumable.swift (in target 'iONess' from project 'iONess')
SwiftCompile normal arm64 /Users/admin/builder/spi-builder-workspace/iONess/Classes/Request/RequestPromise.swift (in target 'iONess' from project 'iONess')
Building workspace iONess with scheme iONess
(3 failures)
Command line invocation:
/Applications/Xcode-27.0.0-Release.Candidate.app/Contents/Developer/usr/bin/xcodebuild -IDEClonedSourcePackagesDirPathOverride=/Users/admin/builder/spi-builder-workspace/.dependencies -resolvePackageDependencies
Resolve Package Graph
Resolved source packages:
CwlCatchException: https://github.com/mattgallagher/CwlCatchException.git @ 2.2.1
Nimble: https://github.com/Quick/Nimble.git @ 9.2.1
Chary: https://github.com/hainayanda/Chary.git @ 1.0.7
CwlPreconditionTesting: https://github.com/mattgallagher/CwlPreconditionTesting.git @ 2.2.2
Quick: https://github.com/Quick/Quick.git @ 4.0.0
Ergo: https://github.com/nayanda1/Ergo.git @ 1.4.0
iONess: /Users/admin/builder/spi-builder-workspace
resolved source packages: CwlCatchException, Nimble, Chary, CwlPreconditionTesting, Quick, Ergo, iONess
2026-09-18 06:53:30.767 xcodebuild[1048:6008] [MT] IDERunDestination: Supported platforms for the buildables in the current scheme is empty.
{
"dependencies" : [
{
"identity" : "ergo",
"requirement" : {
"range" : [
{
"lower_bound" : "1.3.0",
"upper_bound" : "2.0.0"
}
]
},
"type" : "sourceControl",
"url" : "https://github.com/nayanda1/Ergo.git"
},
{
"identity" : "quick",
"requirement" : {
"range" : [
{
"lower_bound" : "4.0.0",
"upper_bound" : "5.0.0"
}
]
},
"type" : "sourceControl",
"url" : "https://github.com/Quick/Quick.git"
},
{
"identity" : "nimble",
"requirement" : {
"range" : [
{
"lower_bound" : "9.2.1",
"upper_bound" : "10.0.0"
}
]
},
"type" : "sourceControl",
"url" : "https://github.com/Quick/Nimble.git"
}
],
"manifest_display_name" : "iONess",
"name" : "iONess",
"path" : "/Users/admin/builder/spi-builder-workspace",
"platforms" : [
{
"name" : "ios",
"version" : "10.0"
},
{
"name" : "macos",
"version" : "10.10"
},
{
"name" : "tvos",
"version" : "10.0"
}
],
"products" : [
{
"name" : "iONess",
"targets" : [
"iONess"
],
"type" : {
"library" : [
"automatic"
]
}
}
],
"targets" : [
{
"c99name" : "iONessTests",
"module_type" : "SwiftTarget",
"name" : "iONessTests",
"path" : "Example/Tests",
"product_dependencies" : [
"Quick",
"Nimble"
],
"sources" : [
"IntegratedTest.swift",
"Mock.swift",
"ResponseDecoderSpec.swift"
],
"target_dependencies" : [
"iONess"
],
"type" : "test"
},
{
"c99name" : "iONess",
"module_type" : "SwiftTarget",
"name" : "iONess",
"path" : "iONess/Classes",
"product_dependencies" : [
"Ergo"
],
"product_memberships" : [
"iONess"
],
"sources" : [
"Common/LockRunner.swift",
"Common/URLCompatible.swift",
"Control/DuplicatedHandler.swift",
"Control/HTTPValidator.swift",
"Control/ResponseValidator.swift",
"Control/RetryControl.swift",
"EncoderAndDecoder/RequestBodyEncoder.swift",
"EncoderAndDecoder/ResponseDecoder.swift",
"Manager/NetworkSessionManager+Extensions.swift",
"Manager/NetworkSessionManager.swift",
"Model/HTTPRequestMessage.swift",
"Model/HTTPResponseMessage.swift",
"Model/NetworkRequest.swift",
"Model/NetworkResult.swift",
"Model/NetworkSessionError.swift",
"Model/RequestMessage.swift",
"Request/RequestBuilder.swift",
"Request/RequestHandler.swift",
"Request/RequestPromise.swift",
"Request/Resumable.swift"
],
"type" : "library"
}
],
"tools_version" : "5.1"
}
{
"workspace" : {
"name" : "iONess",
"schemes" : [
"iONess"
]
}
}
2026-09-18 06:53:32.253 xcodebuild[1056:6077] [MT] IDERunDestination: Supported platforms for the buildables in the current scheme is empty.
Running build ...
env DEVELOPER_DIR=/Applications/Xcode-27.0.0-Release.Candidate.app xcrun xcodebuild -IDEClonedSourcePackagesDirPathOverride=$PWD/.dependencies -skipMacroValidation -skipPackagePluginValidation -derivedDataPath $PWD/.derivedData build -scheme iONess -destination platform=macOS,arch=arm64
Command line invocation:
/Applications/Xcode-27.0.0-Release.Candidate.app/Contents/Developer/usr/bin/xcodebuild -IDEClonedSourcePackagesDirPathOverride=/Users/admin/builder/spi-builder-workspace/.dependencies -skipMacroValidation -skipPackagePluginValidation -derivedDataPath /Users/admin/builder/spi-builder-workspace/.derivedData build -scheme iONess -destination platform=macOS,arch=arm64
Resolve Package Graph
Resolved source packages:
CwlPreconditionTesting: https://github.com/mattgallagher/CwlPreconditionTesting.git @ 2.2.2
CwlCatchException: https://github.com/mattgallagher/CwlCatchException.git @ 2.2.1
Chary: https://github.com/hainayanda/Chary.git @ 1.0.7
iONess: /Users/admin/builder/spi-builder-workspace
Quick: https://github.com/Quick/Quick.git @ 4.0.0
Ergo: https://github.com/nayanda1/Ergo.git @ 1.4.0
Nimble: https://github.com/Quick/Nimble.git @ 9.2.1
ComputePackagePrebuildTargetDependencyGraph
Prepare packages
CreateBuildRequest
SendProjectDescription
CreateBuildOperation
ComputeTargetDependencyGraph
note: Building targets in dependency order
note: Target dependency graph (6 targets)
Target 'iONess-product' in project 'iONess'
➜ Explicit dependency on target 'iONess' in project 'iONess'
➜ Explicit dependency on target 'Ergo-product' in project 'Ergo'
Target 'iONess' in project 'iONess'
➜ Explicit dependency on target 'Ergo-product' in project 'Ergo'
Target 'Ergo-product' in project 'Ergo'
➜ Explicit dependency on target 'Ergo' in project 'Ergo'
➜ Explicit dependency on target 'Chary-product' in project 'Chary'
Target 'Ergo' in project 'Ergo'
➜ Explicit dependency on target 'Chary-product' in project 'Chary'
Target 'Chary-product' in project 'Chary'
➜ Explicit dependency on target 'Chary' in project 'Chary'
Target 'Chary' in project 'Chary' (no dependencies)
GatherProvisioningInputs
CreateBuildDescription
ClangStatCache /Applications/Xcode-27.0.0-Release.Candidate.app/Contents/Developer/Toolchains/XcodeDefault.xctoolchain/usr/bin/clang-stat-cache /Applications/Xcode-27.0.0-Release.Candidate.app/Contents/Developer/Platforms/MacOSX.platform/Developer/SDKs/MacOSX27.0.sdk /Users/admin/builder/spi-builder-workspace/.derivedData/SDKStatCaches.noindex/macosx27.0-26A425-e829b21a6f8c9b70876ba0858053c0446a22442a12e9d48fe1a705f55a1adfc4.sdkstatcache
cd /Users/admin/builder/spi-builder-workspace/.swiftpm/xcode
/Applications/Xcode-27.0.0-Release.Candidate.app/Contents/Developer/Toolchains/XcodeDefault.xctoolchain/usr/bin/clang-stat-cache /Applications/Xcode-27.0.0-Release.Candidate.app/Contents/Developer/Platforms/MacOSX.platform/Developer/SDKs/MacOSX27.0.sdk -o /Users/admin/builder/spi-builder-workspace/.derivedData/SDKStatCaches.noindex/macosx27.0-26A425-e829b21a6f8c9b70876ba0858053c0446a22442a12e9d48fe1a705f55a1adfc4.sdkstatcache
SwiftDriver iONess normal arm64 com.apple.xcode.tools.swift.compiler (in target 'iONess' from project 'iONess')
cd /Users/admin/builder/spi-builder-workspace/.swiftpm/xcode
builtin-SwiftDriver -- /Applications/Xcode-27.0.0-Release.Candidate.app/Contents/Developer/Toolchains/XcodeDefault.xctoolchain/usr/bin/swiftc -parse-as-library -module-name iONess -Onone @/Users/admin/builder/spi-builder-workspace/.derivedData/Build/Intermediates.noindex/iONess.build/Debug/iONess-t.build/Objects-normal/arm64/iONess.SwiftFileList -DSWIFT_PACKAGE -DDEBUG -DSWIFT_MODULE_RESOURCE_BUNDLE_UNAVAILABLE -DXcode -plugin-path /Applications/Xcode-27.0.0-Release.Candidate.app/Contents/Developer/Toolchains/XcodeDefault.xctoolchain/usr/lib/swift/host/plugins/testing -enable-experimental-feature DebugDescriptionMacro -sdk /Applications/Xcode-27.0.0-Release.Candidate.app/Contents/Developer/Platforms/MacOSX.platform/Developer/SDKs/MacOSX27.0.sdk -target arm64-apple-macos12.0 -g -module-cache-path /Users/admin/builder/spi-builder-workspace/.derivedData/ModuleCache.noindex -Xfrontend -serialize-debugging-options -profile-coverage-mapping -profile-generate -enable-testing -index-store-path /Users/admin/builder/spi-builder-workspace/.derivedData/Index.noindex/DataStore -Xcc -D_LIBCPP_HARDENING_MODE\=_LIBCPP_HARDENING_MODE_DEBUG -swift-version 5 -I /Users/admin/builder/spi-builder-workspace/.derivedData/Build/Products/Debug -Isystem /Applications/Xcode-27.0.0-Release.Candidate.app/Contents/Developer/Platforms/MacOSX.platform/Developer/usr/lib -F /Users/admin/builder/spi-builder-workspace/.derivedData/Build/Products/Debug/PackageFrameworks -F /Users/admin/builder/spi-builder-workspace/.derivedData/Build/Products/Debug -F /Applications/Xcode-27.0.0-Release.Candidate.app/Contents/Developer/Platforms/MacOSX.platform/Developer/Library/Frameworks -c -j10 -enable-batch-mode -incremental -Xcc -ivfsstatcache -Xcc /Users/admin/builder/spi-builder-workspace/.derivedData/SDKStatCaches.noindex/macosx27.0-26A425-e829b21a6f8c9b70876ba0858053c0446a22442a12e9d48fe1a705f55a1adfc4.sdkstatcache -output-file-map /Users/admin/builder/spi-builder-workspace/.derivedData/Build/Intermediates.noindex/iONess.build/Debug/iONess-t.build/Objects-normal/arm64/iONess-OutputFileMap.json -save-temps -no-color-diagnostics -explicit-module-build -module-cache-path /Users/admin/builder/spi-builder-workspace/.derivedData/Build/Intermediates.noindex/SwiftExplicitPrecompiledModules -clang-scanner-module-cache-path /Users/admin/builder/spi-builder-workspace/.derivedData/ModuleCache.noindex -sdk-module-cache-path /Users/admin/builder/spi-builder-workspace/.derivedData/SDKExplicitPrecompiledModules -emit-dependencies -emit-module -emit-module-path /Users/admin/builder/spi-builder-workspace/.derivedData/Build/Intermediates.noindex/iONess.build/Debug/iONess-t.build/Objects-normal/arm64/iONess.swiftmodule -serialize-diagnostics -dependency-scan-serialize-diagnostics-path /Users/admin/builder/spi-builder-workspace/.derivedData/Build/Intermediates.noindex/iONess.build/Debug/iONess-t.build/Objects-normal/arm64/iONess-dependency-scan.dia -validate-clang-modules-once -clang-build-session-file /Users/admin/builder/spi-builder-workspace/.derivedData/ModuleCache.noindex/Session.modulevalidation -Xcc -fmodules-prune-interval\=86400 -Xcc -fmodules-prune-after\=345600 -emit-const-values -const-gather-protocols-list /Users/admin/builder/spi-builder-workspace/.derivedData/Build/Intermediates.noindex/iONess.build/Debug/iONess-t.build/Objects-normal/arm64/iONess_const_extract_protocols.json -Xcc -I/Users/admin/builder/spi-builder-workspace/.derivedData/Build/Products/Debug/include -Xcc -I/Users/admin/builder/spi-builder-workspace/.derivedData/Build/Intermediates.noindex/iONess.build/Debug/iONess-t.build/DerivedSources-normal/arm64 -Xcc -I/Users/admin/builder/spi-builder-workspace/.derivedData/Build/Intermediates.noindex/iONess.build/Debug/iONess-t.build/DerivedSources/arm64 -Xcc -I/Users/admin/builder/spi-builder-workspace/.derivedData/Build/Intermediates.noindex/iONess.build/Debug/iONess-t.build/DerivedSources -Xcc -DSWIFT_PACKAGE -Xcc -DDEBUG\=1 -emit-objc-header -emit-objc-header-path /Users/admin/builder/spi-builder-workspace/.derivedData/Build/Intermediates.noindex/iONess.build/Debug/iONess-t.build/Objects-normal/arm64/iONess-Swift.h -working-directory /Users/admin/builder/spi-builder-workspace/.swiftpm/xcode -experimental-emit-module-separately -disable-cmo
SwiftCompile normal arm64 Compiling\ ResponseValidator.swift,\ RetryControl.swift /Users/admin/builder/spi-builder-workspace/iONess/Classes/Control/ResponseValidator.swift /Users/admin/builder/spi-builder-workspace/iONess/Classes/Control/RetryControl.swift (in target 'iONess' from project 'iONess')
SwiftCompile normal arm64 /Users/admin/builder/spi-builder-workspace/iONess/Classes/Control/ResponseValidator.swift (in target 'iONess' from project 'iONess')
cd /Users/admin/builder/spi-builder-workspace/.swiftpm/xcode
builtin-SwiftPerFileCompile ResponseValidator.swift
SwiftCompile normal arm64 /Users/admin/builder/spi-builder-workspace/iONess/Classes/Control/RetryControl.swift (in target 'iONess' from project 'iONess')
cd /Users/admin/builder/spi-builder-workspace/.swiftpm/xcode
builtin-SwiftPerFileCompile RetryControl.swift
SwiftCompile normal arm64 Compiling\ LockRunner.swift,\ URLCompatible.swift /Users/admin/builder/spi-builder-workspace/iONess/Classes/Common/LockRunner.swift /Users/admin/builder/spi-builder-workspace/iONess/Classes/Common/URLCompatible.swift (in target 'iONess' from project 'iONess')
SwiftCompile normal arm64 /Users/admin/builder/spi-builder-workspace/iONess/Classes/Common/LockRunner.swift (in target 'iONess' from project 'iONess')
cd /Users/admin/builder/spi-builder-workspace/.swiftpm/xcode
builtin-SwiftPerFileCompile LockRunner.swift
SwiftCompile normal arm64 /Users/admin/builder/spi-builder-workspace/iONess/Classes/Common/URLCompatible.swift (in target 'iONess' from project 'iONess')
cd /Users/admin/builder/spi-builder-workspace/.swiftpm/xcode
builtin-SwiftPerFileCompile URLCompatible.swift
SwiftCompile normal arm64 Compiling\ HTTPRequestMessage.swift,\ HTTPResponseMessage.swift /Users/admin/builder/spi-builder-workspace/iONess/Classes/Model/HTTPRequestMessage.swift /Users/admin/builder/spi-builder-workspace/iONess/Classes/Model/HTTPResponseMessage.swift (in target 'iONess' from project 'iONess')
SwiftCompile normal arm64 /Users/admin/builder/spi-builder-workspace/iONess/Classes/Model/HTTPRequestMessage.swift (in target 'iONess' from project 'iONess')
cd /Users/admin/builder/spi-builder-workspace/.swiftpm/xcode
builtin-SwiftPerFileCompile HTTPRequestMessage.swift
SwiftCompile normal arm64 /Users/admin/builder/spi-builder-workspace/iONess/Classes/Model/HTTPResponseMessage.swift (in target 'iONess' from project 'iONess')
cd /Users/admin/builder/spi-builder-workspace/.swiftpm/xcode
builtin-SwiftPerFileCompile HTTPResponseMessage.swift
SwiftCompile normal arm64 Compiling\ DuplicatedHandler.swift,\ HTTPValidator.swift /Users/admin/builder/spi-builder-workspace/iONess/Classes/Control/DuplicatedHandler.swift /Users/admin/builder/spi-builder-workspace/iONess/Classes/Control/HTTPValidator.swift (in target 'iONess' from project 'iONess')
SwiftCompile normal arm64 /Users/admin/builder/spi-builder-workspace/iONess/Classes/Control/DuplicatedHandler.swift (in target 'iONess' from project 'iONess')
cd /Users/admin/builder/spi-builder-workspace/.swiftpm/xcode
builtin-SwiftPerFileCompile DuplicatedHandler.swift
SwiftCompile normal arm64 /Users/admin/builder/spi-builder-workspace/iONess/Classes/Control/HTTPValidator.swift (in target 'iONess' from project 'iONess')
cd /Users/admin/builder/spi-builder-workspace/.swiftpm/xcode
builtin-SwiftPerFileCompile HTTPValidator.swift
SwiftCompile normal arm64 Compiling\ NetworkRequest.swift,\ NetworkResult.swift /Users/admin/builder/spi-builder-workspace/iONess/Classes/Model/NetworkRequest.swift /Users/admin/builder/spi-builder-workspace/iONess/Classes/Model/NetworkResult.swift (in target 'iONess' from project 'iONess')
SwiftCompile normal arm64 /Users/admin/builder/spi-builder-workspace/iONess/Classes/Model/NetworkRequest.swift (in target 'iONess' from project 'iONess')
cd /Users/admin/builder/spi-builder-workspace/.swiftpm/xcode
builtin-SwiftPerFileCompile NetworkRequest.swift
SwiftCompile normal arm64 /Users/admin/builder/spi-builder-workspace/iONess/Classes/Model/NetworkResult.swift (in target 'iONess' from project 'iONess')
cd /Users/admin/builder/spi-builder-workspace/.swiftpm/xcode
builtin-SwiftPerFileCompile NetworkResult.swift
SwiftCompile normal arm64 Compiling\ RequestPromise.swift,\ Resumable.swift /Users/admin/builder/spi-builder-workspace/iONess/Classes/Request/RequestPromise.swift /Users/admin/builder/spi-builder-workspace/iONess/Classes/Request/Resumable.swift (in target 'iONess' from project 'iONess')
/Users/admin/builder/spi-builder-workspace/iONess/Classes/Request/RequestPromise.swift:39:17: error: cannot call value of non-function type 'PromiseConsumer<Handler.Result>'
37 | guard let handler = requestHandler else {
38 | super.init(currentQueue: .current) { done in
39 | done(nil, NessError(description: "iONess Error: Failed to create request handler"))
| `- error: cannot call value of non-function type 'PromiseConsumer<Handler.Result>'
40 | }
41 | return
/Users/admin/builder/spi-builder-workspace/iONess/Classes/Request/RequestPromise.swift:39:22: error: 'nil' requires a contextual type
37 | guard let handler = requestHandler else {
38 | super.init(currentQueue: .current) { done in
39 | done(nil, NessError(description: "iONess Error: Failed to create request handler"))
| `- error: 'nil' requires a contextual type
40 | }
41 | return
/Users/admin/builder/spi-builder-workspace/iONess/Classes/Request/RequestPromise.swift:45:17: error: cannot call value of non-function type 'PromiseConsumer<Handler.Result>'
43 | super.init(currentQueue: .main) { done in
44 | handler.doRequest { result in
45 | done(result, result.error)
| `- error: cannot call value of non-function type 'PromiseConsumer<Handler.Result>'
46 | }
47 | }
Failed frontend command:
/Applications/Xcode-27.0.0-Release.Candidate.app/Contents/Developer/Toolchains/XcodeDefault.xctoolchain/usr/bin/swift-frontend -frontend -c /Users/admin/builder/spi-builder-workspace/iONess/Classes/Common/LockRunner.swift /Users/admin/builder/spi-builder-workspace/iONess/Classes/Common/URLCompatible.swift /Users/admin/builder/spi-builder-workspace/iONess/Classes/Control/DuplicatedHandler.swift /Users/admin/builder/spi-builder-workspace/iONess/Classes/Control/HTTPValidator.swift /Users/admin/builder/spi-builder-workspace/iONess/Classes/Control/ResponseValidator.swift /Users/admin/builder/spi-builder-workspace/iONess/Classes/Control/RetryControl.swift /Users/admin/builder/spi-builder-workspace/iONess/Classes/EncoderAndDecoder/RequestBodyEncoder.swift /Users/admin/builder/spi-builder-workspace/iONess/Classes/EncoderAndDecoder/ResponseDecoder.swift /Users/admin/builder/spi-builder-workspace/iONess/Classes/Manager/NetworkSessionManager+Extensions.swift /Users/admin/builder/spi-builder-workspace/iONess/Classes/Manager/NetworkSessionManager.swift /Users/admin/builder/spi-builder-workspace/iONess/Classes/Model/HTTPRequestMessage.swift /Users/admin/builder/spi-builder-workspace/iONess/Classes/Model/HTTPResponseMessage.swift /Users/admin/builder/spi-builder-workspace/iONess/Classes/Model/NetworkRequest.swift /Users/admin/builder/spi-builder-workspace/iONess/Classes/Model/NetworkResult.swift /Users/admin/builder/spi-builder-workspace/iONess/Classes/Model/NetworkSessionError.swift /Users/admin/builder/spi-builder-workspace/iONess/Classes/Model/RequestMessage.swift /Users/admin/builder/spi-builder-workspace/iONess/Classes/Request/RequestBuilder.swift /Users/admin/builder/spi-builder-workspace/iONess/Classes/Request/RequestHandler.swift -primary-file /Users/admin/builder/spi-builder-workspace/iONess/Classes/Request/RequestPromise.swift -primary-file /Users/admin/builder/spi-builder-workspace/iONess/Classes/Request/Resumable.swift -emit-dependencies-path /Users/admin/builder/spi-builder-workspace/.derivedData/Build/Intermediates.noindex/iONess.build/Debug/iONess-t.build/Objects-normal/arm64/RequestPromise.d -emit-const-values-path /Users/admin/builder/spi-builder-workspace/.derivedData/Build/Intermediates.noindex/iONess.build/Debug/iONess-t.build/Objects-normal/arm64/RequestPromise.swiftconstvalues -emit-reference-dependencies-path /Users/admin/builder/spi-builder-workspace/.derivedData/Build/Intermediates.noindex/iONess.build/Debug/iONess-t.build/Objects-normal/arm64/RequestPromise.swiftdeps -serialize-diagnostics-path /Users/admin/builder/spi-builder-workspace/.derivedData/Build/Intermediates.noindex/iONess.build/Debug/iONess-t.build/Objects-normal/arm64/RequestPromise.dia -emit-dependencies-path /Users/admin/builder/spi-builder-workspace/.derivedData/Build/Intermediates.noindex/iONess.build/Debug/iONess-t.build/Objects-normal/arm64/Resumable.d -emit-const-values-path /Users/admin/builder/spi-builder-workspace/.derivedData/Build/Intermediates.noindex/iONess.build/Debug/iONess-t.build/Objects-normal/arm64/Resumable.swiftconstvalues -emit-reference-dependencies-path /Users/admin/builder/spi-builder-workspace/.derivedData/Build/Intermediates.noindex/iONess.build/Debug/iONess-t.build/Objects-normal/arm64/Resumable.swiftdeps -serialize-diagnostics-path /Users/admin/builder/spi-builder-workspace/.derivedData/Build/Intermediates.noindex/iONess.build/Debug/iONess-t.build/Objects-normal/arm64/Resumable.dia -target arm64-apple-macos12.0 -disable-cross-import-overlay-search -load-resolved-plugin /Applications/Xcode-27.0.0-Release.Candidate.app/Contents/Developer/Platforms/MacOSX.platform/Developer/usr/lib/swift/host/plugins/libFoundationMacros.dylib\#/Applications/Xcode-27.0.0-Release.Candidate.app/Contents/Developer/Platforms/MacOSX.platform/Developer/usr/bin/swift-plugin-server\#FoundationMacros -load-resolved-plugin /Applications/Xcode-27.0.0-Release.Candidate.app/Contents/Developer/Platforms/MacOSX.platform/Developer/usr/lib/swift/host/plugins/libObservationMacros.dylib\#/Applications/Xcode-27.0.0-Release.Candidate.app/Contents/Developer/Platforms/MacOSX.platform/Developer/usr/bin/swift-plugin-server\#ObservationMacros -load-resolved-plugin /Applications/Xcode-27.0.0-Release.Candidate.app/Contents/Developer/Platforms/MacOSX.platform/Developer/usr/lib/swift/host/plugins/libSwiftMacros.dylib\#/Applications/Xcode-27.0.0-Release.Candidate.app/Contents/Developer/Platforms/MacOSX.platform/Developer/usr/bin/swift-plugin-server\#SwiftMacros -disable-implicit-swift-modules -Xcc -fno-implicit-modules -Xcc -fno-implicit-module-maps -explicit-swift-module-map-file /Users/admin/builder/spi-builder-workspace/.derivedData/Build/Intermediates.noindex/iONess.build/Debug/iONess-t.build/Objects-normal/arm64/iONess-dependencies-1.json -Xllvm -aarch64-use-tbi -enable-objc-interop -stack-check -sdk /Applications/Xcode-27.0.0-Release.Candidate.app/Contents/Developer/Platforms/MacOSX.platform/Developer/SDKs/MacOSX27.0.sdk -I /Users/admin/builder/spi-builder-workspace/.derivedData/Build/Products/Debug -Isystem /Applications/Xcode-27.0.0-Release.Candidate.app/Contents/Developer/Platforms/MacOSX.platform/Developer/usr/lib -F /Users/admin/builder/spi-builder-workspace/.derivedData/Build/Products/Debug/PackageFrameworks -F /Users/admin/builder/spi-builder-workspace/.derivedData/Build/Products/Debug -F /Applications/Xcode-27.0.0-Release.Candidate.app/Contents/Developer/Platforms/MacOSX.platform/Developer/Library/Frameworks -module-cache-path /Users/admin/builder/spi-builder-workspace/.derivedData/Build/Intermediates.noindex/SwiftExplicitPrecompiledModules -no-color-diagnostics -Xcc -fno-color-diagnostics -enable-testing -g -debug-info-format\=dwarf -dwarf-version\=4 -profile-generate -profile-coverage-mapping -swift-version 5 -Onone -D SWIFT_PACKAGE -D DEBUG -D SWIFT_MODULE_RESOURCE_BUNDLE_UNAVAILABLE -D Xcode -serialize-debugging-options -enable-experimental-feature DebugDescriptionMacro -empty-abi-descriptor -validate-clang-modules-once -clang-build-session-file /Users/admin/builder/spi-builder-workspace/.derivedData/ModuleCache.noindex/Session.modulevalidation -Xcc -working-directory -Xcc /Users/admin/builder/spi-builder-workspace/.swiftpm/xcode -enable-anonymous-context-mangled-names -file-compilation-dir /Users/admin/builder/spi-builder-workspace/.swiftpm/xcode -Xcc -D_LIBCPP_HARDENING_MODE\=_LIBCPP_HARDENING_MODE_DEBUG -Xcc -ivfsstatcache -Xcc /Users/admin/builder/spi-builder-workspace/.derivedData/SDKStatCaches.noindex/macosx27.0-26A425-e829b21a6f8c9b70876ba0858053c0446a22442a12e9d48fe1a705f55a1adfc4.sdkstatcache -Xcc -fmodules-prune-interval\=86400 -Xcc -fmodules-prune-after\=345600 -Xcc -I/Users/admin/builder/spi-builder-workspace/.derivedData/Build/Products/Debug/include -Xcc -I/Users/admin/builder/spi-builder-workspace/.derivedData/Build/Intermediates.noindex/iONess.build/Debug/iONess-t.build/DerivedSources-normal/arm64 -Xcc -I/Users/admin/builder/spi-builder-workspace/.derivedData/Build/Intermediates.noindex/iONess.build/Debug/iONess-t.build/DerivedSources/arm64 -Xcc -I/Users/admin/builder/spi-builder-workspace/.derivedData/Build/Intermediates.noindex/iONess.build/Debug/iONess-t.build/DerivedSources -Xcc -DSWIFT_PACKAGE -Xcc -DDEBUG\=1 -no-auto-bridging-header-chaining -module-name iONess -const-gather-protocols-file /Users/admin/builder/spi-builder-workspace/.derivedData/Build/Intermediates.noindex/iONess.build/Debug/iONess-t.build/Objects-normal/arm64/iONess_const_extract_protocols.json -disable-clang-spi -clang-target arm64-apple-macos27.0 -target-sdk-version 27.0 -target-sdk-name macosx27.0 -in-process-plugin-server-path /Applications/Xcode-27.0.0-Release.Candidate.app/Contents/Developer/Toolchains/XcodeDefault.xctoolchain/usr/lib/swift/host/libSwiftInProcPluginServer.dylib -parse-as-library -o /Users/admin/builder/spi-builder-workspace/.derivedData/Build/Intermediates.noindex/iONess.build/Debug/iONess-t.build/Objects-normal/arm64/RequestPromise.o -o /Users/admin/builder/spi-builder-workspace/.derivedData/Build/Intermediates.noindex/iONess.build/Debug/iONess-t.build/Objects-normal/arm64/Resumable.o -debug-module-path /Users/admin/builder/spi-builder-workspace/.derivedData/Build/Intermediates.noindex/iONess.build/Debug/iONess-t.build/Objects-normal/arm64/iONess.swiftmodule -index-unit-output-path /iONess.build/Debug/iONess-t.build/Objects-normal/arm64/RequestPromise.o -index-unit-output-path /iONess.build/Debug/iONess-t.build/Objects-normal/arm64/Resumable.o -index-store-path /Users/admin/builder/spi-builder-workspace/.derivedData/Index.noindex/DataStore -index-system-modules
SwiftCompile normal arm64 /Users/admin/builder/spi-builder-workspace/iONess/Classes/Request/RequestPromise.swift (in target 'iONess' from project 'iONess')
cd /Users/admin/builder/spi-builder-workspace/.swiftpm/xcode
builtin-SwiftPerFileCompile RequestPromise.swift
SwiftCompile normal arm64 /Users/admin/builder/spi-builder-workspace/iONess/Classes/Request/Resumable.swift (in target 'iONess' from project 'iONess')
cd /Users/admin/builder/spi-builder-workspace/.swiftpm/xcode
builtin-SwiftPerFileCompile Resumable.swift
SwiftCompile normal arm64 Compiling\ NetworkSessionError.swift,\ RequestMessage.swift /Users/admin/builder/spi-builder-workspace/iONess/Classes/Model/NetworkSessionError.swift /Users/admin/builder/spi-builder-workspace/iONess/Classes/Model/RequestMessage.swift (in target 'iONess' from project 'iONess')
SwiftCompile normal arm64 /Users/admin/builder/spi-builder-workspace/iONess/Classes/Model/NetworkSessionError.swift (in target 'iONess' from project 'iONess')
cd /Users/admin/builder/spi-builder-workspace/.swiftpm/xcode
builtin-SwiftPerFileCompile NetworkSessionError.swift
SwiftCompile normal arm64 /Users/admin/builder/spi-builder-workspace/iONess/Classes/Model/RequestMessage.swift (in target 'iONess' from project 'iONess')
cd /Users/admin/builder/spi-builder-workspace/.swiftpm/xcode
builtin-SwiftPerFileCompile RequestMessage.swift
SwiftCompile normal arm64 Compiling\ NetworkSessionManager+Extensions.swift,\ NetworkSessionManager.swift /Users/admin/builder/spi-builder-workspace/iONess/Classes/Manager/NetworkSessionManager+Extensions.swift /Users/admin/builder/spi-builder-workspace/iONess/Classes/Manager/NetworkSessionManager.swift (in target 'iONess' from project 'iONess')
SwiftCompile normal arm64 /Users/admin/builder/spi-builder-workspace/iONess/Classes/Manager/NetworkSessionManager+Extensions.swift (in target 'iONess' from project 'iONess')
cd /Users/admin/builder/spi-builder-workspace/.swiftpm/xcode
builtin-SwiftPerFileCompile NetworkSessionManager+Extensions.swift
SwiftCompile normal arm64 /Users/admin/builder/spi-builder-workspace/iONess/Classes/Manager/NetworkSessionManager.swift (in target 'iONess' from project 'iONess')
cd /Users/admin/builder/spi-builder-workspace/.swiftpm/xcode
builtin-SwiftPerFileCompile NetworkSessionManager.swift
SwiftCompile normal arm64 Compiling\ RequestBodyEncoder.swift,\ ResponseDecoder.swift /Users/admin/builder/spi-builder-workspace/iONess/Classes/EncoderAndDecoder/RequestBodyEncoder.swift /Users/admin/builder/spi-builder-workspace/iONess/Classes/EncoderAndDecoder/ResponseDecoder.swift (in target 'iONess' from project 'iONess')
SwiftCompile normal arm64 /Users/admin/builder/spi-builder-workspace/iONess/Classes/EncoderAndDecoder/RequestBodyEncoder.swift (in target 'iONess' from project 'iONess')
cd /Users/admin/builder/spi-builder-workspace/.swiftpm/xcode
builtin-SwiftPerFileCompile RequestBodyEncoder.swift
SwiftCompile normal arm64 /Users/admin/builder/spi-builder-workspace/iONess/Classes/EncoderAndDecoder/ResponseDecoder.swift (in target 'iONess' from project 'iONess')
cd /Users/admin/builder/spi-builder-workspace/.swiftpm/xcode
builtin-SwiftPerFileCompile ResponseDecoder.swift
SwiftEmitModule normal arm64 Emitting\ module\ for\ iONess (in target 'iONess' from project 'iONess')
SwiftCompile normal arm64 (in target 'iONess' from project 'iONess')
cd /Users/admin/builder/spi-builder-workspace/.swiftpm/xcode
SwiftCompile normal arm64 Compiling\ RequestBuilder.swift,\ RequestHandler.swift /Users/admin/builder/spi-builder-workspace/iONess/Classes/Request/RequestBuilder.swift /Users/admin/builder/spi-builder-workspace/iONess/Classes/Request/RequestHandler.swift (in target 'iONess' from project 'iONess')
SwiftCompile normal arm64 /Users/admin/builder/spi-builder-workspace/iONess/Classes/Request/RequestBuilder.swift (in target 'iONess' from project 'iONess')
cd /Users/admin/builder/spi-builder-workspace/.swiftpm/xcode
builtin-SwiftPerFileCompile RequestBuilder.swift
SwiftCompile normal arm64 /Users/admin/builder/spi-builder-workspace/iONess/Classes/Request/RequestHandler.swift (in target 'iONess' from project 'iONess')
cd /Users/admin/builder/spi-builder-workspace/.swiftpm/xcode
builtin-SwiftPerFileCompile RequestHandler.swift
PruneExplicitPrecompiledModules /Users/admin/builder/spi-builder-workspace/.derivedData/SDKExplicitPrecompiledModules
PruneExplicitPrecompiledModules /Users/admin/builder/spi-builder-workspace/.derivedData/Build/Intermediates.noindex/SwiftExplicitPrecompiledModules
PruneExplicitPrecompiledModules /Users/admin/builder/spi-builder-workspace/.derivedData/Build/Intermediates.noindex/ExplicitPrecompiledModules
2026-09-18 06:53:33.469 xcodebuild[1057:6104] [MT] IDERunDestination: Supported platforms for the buildables in the current scheme is empty.
--- xcodebuild: WARNING: Using the first of multiple matching destinations:
{ platform:macOS, arch:arm64, id:d6ec6313ba0fcb1a1047fc6cf4ec6cd8c5c7a297, name:My Mac }
{ platform:macOS, arch:arm64, variant:Mac Catalyst, id:d6ec6313ba0fcb1a1047fc6cf4ec6cd8c5c7a297, name:My Mac }
{ platform:macOS, arch:arm64, variant:DriverKit, id:d6ec6313ba0fcb1a1047fc6cf4ec6cd8c5c7a297, name:My Mac }
{ platform:macOS, arch:arm64, variant:Designed for [iPad,iPhone], id:d6ec6313ba0fcb1a1047fc6cf4ec6cd8c5c7a297, name:My Mac }
** BUILD FAILED **
The following build commands failed:
SwiftCompile normal arm64 Compiling\ RequestPromise.swift,\ Resumable.swift /Users/admin/builder/spi-builder-workspace/iONess/Classes/Request/RequestPromise.swift /Users/admin/builder/spi-builder-workspace/iONess/Classes/Request/Resumable.swift (in target 'iONess' from project 'iONess')
SwiftCompile normal arm64 /Users/admin/builder/spi-builder-workspace/iONess/Classes/Request/RequestPromise.swift (in target 'iONess' from project 'iONess')
Building workspace iONess with scheme iONess
(3 failures)
BUILD FAILURE 6.4 macosXcodebuild