Build Information
Failed to build CollectionViewPagingLayout, reference master (5b4072), with Swift 6.4 for visionOS using Xcode 27.0 on 18 Sep 2026 06:31:36 UTC.
Build Command
env DEVELOPER_DIR=/Applications/Xcode-27.0.0-Release.Candidate.app xcrun xcodebuild -IDEClonedSourcePackagesDirPathOverride=$PWD/.dependencies -skipMacroValidation -skipPackagePluginValidation -derivedDataPath $PWD/.derivedData build -scheme CollectionViewPagingLayout -destination generic/platform=xrOSBuild Log
========================================
RunAll
========================================
Builder version: 5.1.0
Interrupt handler set up.
========================================
Checkout
========================================
Clone URL: https://github.com/amirdew/CollectionViewPagingLayout.git
Reference: master
Initialized empty Git repository in /Users/admin/builder/spi-builder-workspace/.git/
From https://github.com/amirdew/CollectionViewPagingLayout
* branch master -> FETCH_HEAD
* [new branch] master -> origin/master
HEAD is now at 5b40724 Fix warnings
Cloned https://github.com/amirdew/CollectionViewPagingLayout.git
Revision (git rev-parse @):
5b40724af52b4d80f4b5d90a41f1aab8476be4f9
SUCCESS checkout https://github.com/amirdew/CollectionViewPagingLayout.git at master
========================================
Build
========================================
Selected platform: visionOS
Swift version: 6.4
Building package at path: $PWD
https://github.com/amirdew/CollectionViewPagingLayout.git
Command line invocation:
/Applications/Xcode-27.0.0-Release.Candidate.app/Contents/Developer/usr/bin/xcodebuild -IDEClonedSourcePackagesDirPathOverride=/Users/admin/builder/spi-builder-workspace/.dependencies -resolvePackageDependencies
resolved source packages:
{
"dependencies" : [
],
"manifest_display_name" : "CollectionViewPagingLayout",
"name" : "CollectionViewPagingLayout",
"path" : "/Users/admin/builder/spi-builder-workspace",
"platforms" : [
{
"name" : "ios",
"version" : "13.0"
}
],
"products" : [
{
"name" : "CollectionViewPagingLayout",
"targets" : [
"CollectionViewPagingLayout"
],
"type" : {
"library" : [
"automatic"
]
}
}
],
"targets" : [
{
"c99name" : "CollectionViewPagingLayout",
"module_type" : "SwiftTarget",
"name" : "CollectionViewPagingLayout",
"path" : "Lib",
"product_memberships" : [
"CollectionViewPagingLayout"
],
"sources" : [
"BlurEffectView.swift",
"CollectionViewPagingLayout.ZPositionHandler.swift",
"CollectionViewPagingLayout.swift",
"Scale/ScaleTransformView.swift",
"Scale/ScaleTransformViewOptions+Layout.swift",
"Scale/ScaleTransformViewOptions.Rotation3dOptions.swift",
"Scale/ScaleTransformViewOptions.Translation3dOptions.swift",
"Scale/ScaleTransformViewOptions.swift",
"Snapshot/SnapshotContainerView.swift",
"Snapshot/SnapshotTransformView.swift",
"Snapshot/SnapshotTransformViewOptions+Layout.swift",
"Snapshot/SnapshotTransformViewOptions.PiecePosition.swift",
"Snapshot/SnapshotTransformViewOptions.PiecesValue.swift",
"Snapshot/SnapshotTransformViewOptions.swift",
"Stack/StackTransformView.swift",
"Stack/StackTransformViewOptions+Layout.swift",
"Stack/StackTransformViewOptions.swift",
"SwiftUI/PagePadding.swift",
"SwiftUI/PagingCollectionViewCell.swift",
"SwiftUI/PagingCollectionViewController.swift",
"SwiftUI/PagingCollectionViewControllerBuilder.swift",
"SwiftUI/PagingCollectionViewModifierData.swift",
"SwiftUI/ScalePageView.swift",
"SwiftUI/SnapshotPageView.swift",
"SwiftUI/StackPageView.swift",
"SwiftUI/TransformPageView.swift",
"SwiftUI/TransformPageViewProtocol.swift",
"TransformCurve.swift",
"TransformableView.swift",
"Utilities/CGFloat+Interpolate.swift",
"Utilities/CGFloat+Range.swift",
"Utilities/Multipliable.swift",
"Utilities/UIView+Utilities.swift",
"ViewAnimator.swift"
],
"type" : "library"
}
],
"tools_version" : "5.1"
}
{
"project" : {
"configurations" : [
"Debug",
"Release"
],
"name" : "CollectionViewPagingLayout",
"schemes" : [
"CollectionViewPagingLayout",
"CollectionViewPagingLayoutTests"
],
"targets" : [
"CollectionViewPagingLayout",
"CollectionViewPagingLayoutTests"
]
}
}
{
"workspace" : {
"name" : "CollectionViewPagingLayout",
"schemes" : [
"CollectionViewPagingLayout"
]
}
}
2026-09-18 02:31:20.625 xcodebuild[733:4593] [MT] IDERunDestination: Supported platforms for the buildables in the current scheme is empty.
Running build ...
env DEVELOPER_DIR=/Applications/Xcode-27.0.0-Release.Candidate.app xcrun xcodebuild -IDEClonedSourcePackagesDirPathOverride=$PWD/.dependencies -skipMacroValidation -skipPackagePluginValidation -derivedDataPath $PWD/.derivedData build -scheme CollectionViewPagingLayout -destination generic/platform=xrOS
Command line invocation:
/Applications/Xcode-27.0.0-Release.Candidate.app/Contents/Developer/usr/bin/xcodebuild -IDEClonedSourcePackagesDirPathOverride=/Users/admin/builder/spi-builder-workspace/.dependencies -skipMacroValidation -skipPackagePluginValidation -derivedDataPath /Users/admin/builder/spi-builder-workspace/.derivedData build -scheme CollectionViewPagingLayout -destination generic/platform=xrOS
Resolve Package Graph
Resolved source packages:
CollectionViewPagingLayout: /Users/admin/builder/spi-builder-workspace
ComputePackagePrebuildTargetDependencyGraph
Prepare packages
CreateBuildRequest
SendProjectDescription
CreateBuildOperation
ComputeTargetDependencyGraph
note: Building targets in dependency order
note: Target dependency graph (2 targets)
Target 'CollectionViewPagingLayout-product' in project 'CollectionViewPagingLayout'
➜ Explicit dependency on target 'CollectionViewPagingLayout' in project 'CollectionViewPagingLayout'
Target 'CollectionViewPagingLayout' in project 'CollectionViewPagingLayout' (no dependencies)
GatherProvisioningInputs
CreateBuildDescription
ExecuteExternalTool /Applications/Xcode-27.0.0-Release.Candidate.app/Contents/Developer/Toolchains/XcodeDefault.xctoolchain/usr/bin/clang -v -E -dM -isysroot /Applications/Xcode-27.0.0-Release.Candidate.app/Contents/Developer/Platforms/XROS.platform/Developer/SDKs/XROS27.0.sdk -x c -c /dev/null
ExecuteExternalTool /Applications/Xcode-27.0.0-Release.Candidate.app/Contents/Developer/Toolchains/XcodeDefault.xctoolchain/usr/bin/swiftc --version
ExecuteExternalTool /Applications/Xcode-27.0.0-Release.Candidate.app/Contents/Developer/Toolchains/XcodeDefault.xctoolchain/usr/bin/ld -version_details
Build description signature: 87947586e2706e0364e2826dbb17e956
Build description path: /Users/admin/builder/spi-builder-workspace/.derivedData/Build/Intermediates.noindex/XCBuildData/87947586e2706e0364e2826dbb17e956.xcbuilddata
CreateBuildDirectory /Users/admin/builder/spi-builder-workspace/.derivedData/ModuleCache.noindex
cd /Users/admin/builder/spi-builder-workspace/.swiftpm/xcode
builtin-create-build-directory /Users/admin/builder/spi-builder-workspace/.derivedData/ModuleCache.noindex
CreateBuildDirectory /Users/admin/builder/spi-builder-workspace/.derivedData/SDKExplicitPrecompiledModules
cd /Users/admin/builder/spi-builder-workspace/.swiftpm/xcode
builtin-create-build-directory /Users/admin/builder/spi-builder-workspace/.derivedData/SDKExplicitPrecompiledModules
CreateBuildDirectory /Users/admin/builder/spi-builder-workspace/.derivedData/CompilationCache.noindex
cd /Users/admin/builder/spi-builder-workspace/.swiftpm/xcode
builtin-create-build-directory /Users/admin/builder/spi-builder-workspace/.derivedData/CompilationCache.noindex
ClangStatCache /Applications/Xcode-27.0.0-Release.Candidate.app/Contents/Developer/Toolchains/XcodeDefault.xctoolchain/usr/bin/clang-stat-cache /Applications/Xcode-27.0.0-Release.Candidate.app/Contents/Developer/Platforms/XROS.platform/Developer/SDKs/XROS27.0.sdk /Users/admin/builder/spi-builder-workspace/.derivedData/SDKStatCaches.noindex/xros27.0-24M361-e829b21a6f8c9b70876ba0858053c044735bd543db762f57723cac368afd1ce4.sdkstatcache
cd /Users/admin/builder/spi-builder-workspace/.swiftpm/xcode
/Applications/Xcode-27.0.0-Release.Candidate.app/Contents/Developer/Toolchains/XcodeDefault.xctoolchain/usr/bin/clang-stat-cache /Applications/Xcode-27.0.0-Release.Candidate.app/Contents/Developer/Platforms/XROS.platform/Developer/SDKs/XROS27.0.sdk -o /Users/admin/builder/spi-builder-workspace/.derivedData/SDKStatCaches.noindex/xros27.0-24M361-e829b21a6f8c9b70876ba0858053c044735bd543db762f57723cac368afd1ce4.sdkstatcache
CreateBuildDirectory /Users/admin/builder/spi-builder-workspace/.derivedData/Build/Intermediates.noindex
cd /Users/admin/builder/spi-builder-workspace/.swiftpm/xcode
builtin-create-build-directory /Users/admin/builder/spi-builder-workspace/.derivedData/Build/Intermediates.noindex
CreateBuildDirectory /Users/admin/builder/spi-builder-workspace/.derivedData/Build/Products
cd /Users/admin/builder/spi-builder-workspace/.swiftpm/xcode
builtin-create-build-directory /Users/admin/builder/spi-builder-workspace/.derivedData/Build/Products
CreateBuildDirectory /Users/admin/builder/spi-builder-workspace/.derivedData/Build/Intermediates.noindex/SwiftExplicitPrecompiledModules
cd /Users/admin/builder/spi-builder-workspace/.swiftpm/xcode
builtin-create-build-directory /Users/admin/builder/spi-builder-workspace/.derivedData/Build/Intermediates.noindex/SwiftExplicitPrecompiledModules
CreateBuildDirectory /Users/admin/builder/spi-builder-workspace/.derivedData/Build/Intermediates.noindex/PrecompiledHeaders
cd /Users/admin/builder/spi-builder-workspace/.swiftpm/xcode
builtin-create-build-directory /Users/admin/builder/spi-builder-workspace/.derivedData/Build/Intermediates.noindex/PrecompiledHeaders
CreateBuildDirectory /Users/admin/builder/spi-builder-workspace/.derivedData/Build/Intermediates.noindex/ExplicitPrecompiledModules
cd /Users/admin/builder/spi-builder-workspace/.swiftpm/xcode
builtin-create-build-directory /Users/admin/builder/spi-builder-workspace/.derivedData/Build/Intermediates.noindex/ExplicitPrecompiledModules
CreateBuildDirectory /Users/admin/builder/spi-builder-workspace/.derivedData/Build/Intermediates.noindex/EagerLinkingTBDs/Debug-xros
cd /Users/admin/builder/spi-builder-workspace/.swiftpm/xcode
builtin-create-build-directory /Users/admin/builder/spi-builder-workspace/.derivedData/Build/Intermediates.noindex/EagerLinkingTBDs/Debug-xros
CreateBuildDirectory /Users/admin/builder/spi-builder-workspace/.derivedData/Build/Products/Debug-xros
cd /Users/admin/builder/spi-builder-workspace/.swiftpm/xcode
builtin-create-build-directory /Users/admin/builder/spi-builder-workspace/.derivedData/Build/Products/Debug-xros
CreateBuildDirectory /Users/admin/builder/spi-builder-workspace/.derivedData/Build/Products/Debug-xros/PackageFrameworks
cd /Users/admin/builder/spi-builder-workspace/.swiftpm/xcode
builtin-create-build-directory /Users/admin/builder/spi-builder-workspace/.derivedData/Build/Products/Debug-xros/PackageFrameworks
WriteAuxiliaryFile /Users/admin/builder/spi-builder-workspace/.derivedData/Build/Intermediates.noindex/CollectionViewPagingLayout.build/Debug-xros/CollectionViewPagingLayout-t.build/CollectionViewPagingLayout.DependencyStaticMetadataFileList (in target 'CollectionViewPagingLayout' from project 'CollectionViewPagingLayout')
cd /Users/admin/builder/spi-builder-workspace
write-file /Users/admin/builder/spi-builder-workspace/.derivedData/Build/Intermediates.noindex/CollectionViewPagingLayout.build/Debug-xros/CollectionViewPagingLayout-t.build/CollectionViewPagingLayout.DependencyStaticMetadataFileList
WriteAuxiliaryFile /Users/admin/builder/spi-builder-workspace/.derivedData/Build/Intermediates.noindex/CollectionViewPagingLayout.build/Debug-xros/CollectionViewPagingLayout-t.build/CollectionViewPagingLayout.modulemap (in target 'CollectionViewPagingLayout' from project 'CollectionViewPagingLayout')
cd /Users/admin/builder/spi-builder-workspace
write-file /Users/admin/builder/spi-builder-workspace/.derivedData/Build/Intermediates.noindex/CollectionViewPagingLayout.build/Debug-xros/CollectionViewPagingLayout-t.build/CollectionViewPagingLayout.modulemap
WriteAuxiliaryFile /Users/admin/builder/spi-builder-workspace/.derivedData/Build/Intermediates.noindex/CollectionViewPagingLayout.build/Debug-xros/CollectionViewPagingLayout-t.build/CollectionViewPagingLayout.DependencyMetadataFileList (in target 'CollectionViewPagingLayout' from project 'CollectionViewPagingLayout')
cd /Users/admin/builder/spi-builder-workspace
write-file /Users/admin/builder/spi-builder-workspace/.derivedData/Build/Intermediates.noindex/CollectionViewPagingLayout.build/Debug-xros/CollectionViewPagingLayout-t.build/CollectionViewPagingLayout.DependencyMetadataFileList
WriteAuxiliaryFile /Users/admin/builder/spi-builder-workspace/.derivedData/Build/Intermediates.noindex/CollectionViewPagingLayout.build/Debug-xros/CollectionViewPagingLayout-t.build/Objects-normal/arm64/CollectionViewPagingLayout.SwiftFileList (in target 'CollectionViewPagingLayout' from project 'CollectionViewPagingLayout')
cd /Users/admin/builder/spi-builder-workspace
write-file /Users/admin/builder/spi-builder-workspace/.derivedData/Build/Intermediates.noindex/CollectionViewPagingLayout.build/Debug-xros/CollectionViewPagingLayout-t.build/Objects-normal/arm64/CollectionViewPagingLayout.SwiftFileList
WriteAuxiliaryFile /Users/admin/builder/spi-builder-workspace/.derivedData/Build/Intermediates.noindex/CollectionViewPagingLayout.build/Debug-xros/CollectionViewPagingLayout-t.build/Objects-normal/arm64/CollectionViewPagingLayout-OutputFileMap.json (in target 'CollectionViewPagingLayout' from project 'CollectionViewPagingLayout')
cd /Users/admin/builder/spi-builder-workspace
write-file /Users/admin/builder/spi-builder-workspace/.derivedData/Build/Intermediates.noindex/CollectionViewPagingLayout.build/Debug-xros/CollectionViewPagingLayout-t.build/Objects-normal/arm64/CollectionViewPagingLayout-OutputFileMap.json
WriteAuxiliaryFile /Users/admin/builder/spi-builder-workspace/.derivedData/Build/Intermediates.noindex/CollectionViewPagingLayout.build/Debug-xros/CollectionViewPagingLayout-t.build/Objects-normal/arm64/CollectionViewPagingLayout.SwiftConstValuesFileList (in target 'CollectionViewPagingLayout' from project 'CollectionViewPagingLayout')
cd /Users/admin/builder/spi-builder-workspace
write-file /Users/admin/builder/spi-builder-workspace/.derivedData/Build/Intermediates.noindex/CollectionViewPagingLayout.build/Debug-xros/CollectionViewPagingLayout-t.build/Objects-normal/arm64/CollectionViewPagingLayout.SwiftConstValuesFileList
WriteAuxiliaryFile /Users/admin/builder/spi-builder-workspace/.derivedData/Build/Intermediates.noindex/CollectionViewPagingLayout.build/Debug-xros/CollectionViewPagingLayout-t.build/Objects-normal/arm64/CollectionViewPagingLayout_const_extract_protocols.json (in target 'CollectionViewPagingLayout' from project 'CollectionViewPagingLayout')
cd /Users/admin/builder/spi-builder-workspace
write-file /Users/admin/builder/spi-builder-workspace/.derivedData/Build/Intermediates.noindex/CollectionViewPagingLayout.build/Debug-xros/CollectionViewPagingLayout-t.build/Objects-normal/arm64/CollectionViewPagingLayout_const_extract_protocols.json
WriteAuxiliaryFile /Users/admin/builder/spi-builder-workspace/.derivedData/Build/Intermediates.noindex/CollectionViewPagingLayout.build/Debug-xros/CollectionViewPagingLayout-t.build/Objects-normal/arm64/CollectionViewPagingLayout.LinkFileList (in target 'CollectionViewPagingLayout' from project 'CollectionViewPagingLayout')
cd /Users/admin/builder/spi-builder-workspace
write-file /Users/admin/builder/spi-builder-workspace/.derivedData/Build/Intermediates.noindex/CollectionViewPagingLayout.build/Debug-xros/CollectionViewPagingLayout-t.build/Objects-normal/arm64/CollectionViewPagingLayout.LinkFileList
Copy /Users/admin/builder/spi-builder-workspace/.derivedData/Build/Intermediates.noindex/GeneratedModuleMaps-xros/CollectionViewPagingLayout.modulemap /Users/admin/builder/spi-builder-workspace/.derivedData/Build/Intermediates.noindex/CollectionViewPagingLayout.build/Debug-xros/CollectionViewPagingLayout-t.build/CollectionViewPagingLayout.modulemap (in target 'CollectionViewPagingLayout' from project 'CollectionViewPagingLayout')
cd /Users/admin/builder/spi-builder-workspace
builtin-copy -exclude .DS_Store -exclude CVS -exclude .svn -exclude .git -exclude .hg -resolve-src-symlinks /Users/admin/builder/spi-builder-workspace/.derivedData/Build/Intermediates.noindex/CollectionViewPagingLayout.build/Debug-xros/CollectionViewPagingLayout-t.build/CollectionViewPagingLayout.modulemap /Users/admin/builder/spi-builder-workspace/.derivedData/Build/Intermediates.noindex/GeneratedModuleMaps-xros
SwiftDriver CollectionViewPagingLayout normal arm64 com.apple.xcode.tools.swift.compiler (in target 'CollectionViewPagingLayout' from project 'CollectionViewPagingLayout')
cd /Users/admin/builder/spi-builder-workspace/.swiftpm/xcode
builtin-SwiftDriver -- /Applications/Xcode-27.0.0-Release.Candidate.app/Contents/Developer/Toolchains/XcodeDefault.xctoolchain/usr/bin/swiftc -parse-as-library -module-name CollectionViewPagingLayout -Onone @/Users/admin/builder/spi-builder-workspace/.derivedData/Build/Intermediates.noindex/CollectionViewPagingLayout.build/Debug-xros/CollectionViewPagingLayout-t.build/Objects-normal/arm64/CollectionViewPagingLayout.SwiftFileList -DSWIFT_PACKAGE -DDEBUG -DSWIFT_MODULE_RESOURCE_BUNDLE_UNAVAILABLE -DXcode -plugin-path /Applications/Xcode-27.0.0-Release.Candidate.app/Contents/Developer/Toolchains/XcodeDefault.xctoolchain/usr/lib/swift/host/plugins/testing -enable-experimental-feature DebugDescriptionMacro -sdk /Applications/Xcode-27.0.0-Release.Candidate.app/Contents/Developer/Platforms/XROS.platform/Developer/SDKs/XROS27.0.sdk -target arm64-apple-xros1.0 -g -module-cache-path /Users/admin/builder/spi-builder-workspace/.derivedData/ModuleCache.noindex -Xfrontend -serialize-debugging-options -enable-testing -index-store-path /Users/admin/builder/spi-builder-workspace/.derivedData/Index.noindex/DataStore -Xcc -D_LIBCPP_HARDENING_MODE\=_LIBCPP_HARDENING_MODE_DEBUG -swift-version 5 -I /Users/admin/builder/spi-builder-workspace/.derivedData/Build/Products/Debug-xros -Isystem /Applications/Xcode-27.0.0-Release.Candidate.app/Contents/Developer/Platforms/XROS.platform/Developer/usr/lib -F /Users/admin/builder/spi-builder-workspace/.derivedData/Build/Products/Debug-xros -F /Applications/Xcode-27.0.0-Release.Candidate.app/Contents/Developer/Platforms/XROS.platform/Developer/Library/Frameworks -F /Applications/Xcode-27.0.0-Release.Candidate.app/Contents/Developer/Platforms/XROS.platform/Developer/SDKs/XROS27.0.sdk/Developer/Library/Frameworks -c -j10 -enable-batch-mode -incremental -Xcc -ivfsstatcache -Xcc /Users/admin/builder/spi-builder-workspace/.derivedData/SDKStatCaches.noindex/xros27.0-24M361-e829b21a6f8c9b70876ba0858053c044735bd543db762f57723cac368afd1ce4.sdkstatcache -output-file-map /Users/admin/builder/spi-builder-workspace/.derivedData/Build/Intermediates.noindex/CollectionViewPagingLayout.build/Debug-xros/CollectionViewPagingLayout-t.build/Objects-normal/arm64/CollectionViewPagingLayout-OutputFileMap.json -save-temps -no-color-diagnostics -explicit-module-build -module-cache-path /Users/admin/builder/spi-builder-workspace/.derivedData/Build/Intermediates.noindex/SwiftExplicitPrecompiledModules -clang-scanner-module-cache-path /Users/admin/builder/spi-builder-workspace/.derivedData/ModuleCache.noindex -sdk-module-cache-path /Users/admin/builder/spi-builder-workspace/.derivedData/SDKExplicitPrecompiledModules -emit-dependencies -emit-module -emit-module-path /Users/admin/builder/spi-builder-workspace/.derivedData/Build/Intermediates.noindex/CollectionViewPagingLayout.build/Debug-xros/CollectionViewPagingLayout-t.build/Objects-normal/arm64/CollectionViewPagingLayout.swiftmodule -serialize-diagnostics -dependency-scan-serialize-diagnostics-path /Users/admin/builder/spi-builder-workspace/.derivedData/Build/Intermediates.noindex/CollectionViewPagingLayout.build/Debug-xros/CollectionViewPagingLayout-t.build/Objects-normal/arm64/CollectionViewPagingLayout-dependency-scan.dia -validate-clang-modules-once -clang-build-session-file /Users/admin/builder/spi-builder-workspace/.derivedData/ModuleCache.noindex/Session.modulevalidation -Xcc -fmodules-prune-interval\=86400 -Xcc -fmodules-prune-after\=345600 -emit-const-values -const-gather-protocols-list /Users/admin/builder/spi-builder-workspace/.derivedData/Build/Intermediates.noindex/CollectionViewPagingLayout.build/Debug-xros/CollectionViewPagingLayout-t.build/Objects-normal/arm64/CollectionViewPagingLayout_const_extract_protocols.json -Xcc -I/Users/admin/builder/spi-builder-workspace/.derivedData/Build/Products/Debug-xros/include -Xcc -I/Users/admin/builder/spi-builder-workspace/.derivedData/Build/Intermediates.noindex/CollectionViewPagingLayout.build/Debug-xros/CollectionViewPagingLayout-t.build/DerivedSources-normal/arm64 -Xcc -I/Users/admin/builder/spi-builder-workspace/.derivedData/Build/Intermediates.noindex/CollectionViewPagingLayout.build/Debug-xros/CollectionViewPagingLayout-t.build/DerivedSources/arm64 -Xcc -I/Users/admin/builder/spi-builder-workspace/.derivedData/Build/Intermediates.noindex/CollectionViewPagingLayout.build/Debug-xros/CollectionViewPagingLayout-t.build/DerivedSources -Xcc -DSWIFT_PACKAGE -Xcc -DDEBUG\=1 -emit-objc-header -emit-objc-header-path /Users/admin/builder/spi-builder-workspace/.derivedData/Build/Intermediates.noindex/CollectionViewPagingLayout.build/Debug-xros/CollectionViewPagingLayout-t.build/Objects-normal/arm64/CollectionViewPagingLayout-Swift.h -working-directory /Users/admin/builder/spi-builder-workspace/.swiftpm/xcode -experimental-emit-module-separately -disable-cmo
SwiftExplicitDependencyGeneratePcm arm64 /Users/admin/builder/spi-builder-workspace/.derivedData/SDKExplicitPrecompiledModules/_SwiftConcurrencyShims-C8XHKSHX96D5YYALNM4W70Z0O.pcm
SwiftExplicitDependencyGeneratePcm arm64 /Users/admin/builder/spi-builder-workspace/.derivedData/SDKExplicitPrecompiledModules/SwiftShims-CI4H5RO9IYFFWQ2COB512Q2S9.pcm
SwiftExplicitDependencyGeneratePcm arm64 /Users/admin/builder/spi-builder-workspace/.derivedData/SDKExplicitPrecompiledModules/DeveloperToolsSupport-46GOQP8J1QTHLYQSJW81T8UZ3.pcm
SwiftExplicitDependencyGeneratePcm arm64 /Users/admin/builder/spi-builder-workspace/.derivedData/SDKExplicitPrecompiledModules/_Builtin_float-6WKHNW5S40U2QGHXXGETUDIRA.pcm
SwiftExplicitDependencyGeneratePcm arm64 /Users/admin/builder/spi-builder-workspace/.derivedData/SDKExplicitPrecompiledModules/_Builtin_stddef-5NQ9Z1GV07GBSRQGAQCGXGVRI.pcm
SwiftExplicitDependencyGeneratePcm arm64 /Users/admin/builder/spi-builder-workspace/.derivedData/SDKExplicitPrecompiledModules/_Builtin_stdarg-CDA349K2K4US766844K8E0PVA.pcm
SwiftExplicitDependencyGeneratePcm arm64 /Users/admin/builder/spi-builder-workspace/.derivedData/SDKExplicitPrecompiledModules/_Builtin_stdbool-5BU2ADS7JXQMYENKQHW9X8XOU.pcm
SwiftExplicitDependencyGeneratePcm arm64 /Users/admin/builder/spi-builder-workspace/.derivedData/SDKExplicitPrecompiledModules/_AvailabilityInternal-1Q8IQP6M38UWSGZ95UCEY2M44.pcm
SwiftExplicitDependencyGeneratePcm arm64 /Users/admin/builder/spi-builder-workspace/.derivedData/SDKExplicitPrecompiledModules/ptrcheck-BXA97MNLI4BB0HF5I8MJE403D.pcm
SwiftExplicitDependencyGeneratePcm arm64 /Users/admin/builder/spi-builder-workspace/.derivedData/SDKExplicitPrecompiledModules/ptrauth-1WBA714DZSVUL5JQDJ08CLKZ.pcm
SwiftExplicitDependencyGeneratePcm arm64 /Users/admin/builder/spi-builder-workspace/.derivedData/SDKExplicitPrecompiledModules/ShaderGraph-AW1O397P711WTY8KSK8LZX9YA.pcm
SwiftExplicitDependencyGeneratePcm arm64 /Users/admin/builder/spi-builder-workspace/.derivedData/SDKExplicitPrecompiledModules/_DarwinFoundation1-5RGRVV2TZ6WC4WZW5IXF8NQ04.pcm
SwiftExplicitDependencyGeneratePcm arm64 /Users/admin/builder/spi-builder-workspace/.derivedData/SDKExplicitPrecompiledModules/_DarwinFoundation2-ENTECK156YEWITZRRBTOCE4KR.pcm
SwiftExplicitDependencyGeneratePcm arm64 /Users/admin/builder/spi-builder-workspace/.derivedData/SDKExplicitPrecompiledModules/_Builtin_limits-425JDMN5HPM3D0UEI8LEHP6NM.pcm
SwiftExplicitDependencyGeneratePcm arm64 /Users/admin/builder/spi-builder-workspace/.derivedData/SDKExplicitPrecompiledModules/_Builtin_tgmath-BPYSMHWI520EQRL2HW519ZY7Z.pcm
SwiftExplicitDependencyGeneratePcm arm64 /Users/admin/builder/spi-builder-workspace/.derivedData/SDKExplicitPrecompiledModules/string_h-2GT67HHHHK5CF1V1S31LH0PU2.pcm
SwiftExplicitDependencyGeneratePcm arm64 /Users/admin/builder/spi-builder-workspace/.derivedData/SDKExplicitPrecompiledModules/_Builtin_stdint-8OR6T47OOYJA90ZBO3N1USDE.pcm
SwiftExplicitDependencyGeneratePcm arm64 /Users/admin/builder/spi-builder-workspace/.derivedData/SDKExplicitPrecompiledModules/sys_types-AYM0BHR77VKMWZCO2T0XGV2HF.pcm
SwiftExplicitDependencyGeneratePcm arm64 /Users/admin/builder/spi-builder-workspace/.derivedData/SDKExplicitPrecompiledModules/_DarwinFoundation3-9ZHN6JKBS40BBA81RQMV8H0IC.pcm
SwiftExplicitDependencyGeneratePcm arm64 /Users/admin/builder/spi-builder-workspace/.derivedData/SDKExplicitPrecompiledModules/_Builtin_intrinsics-BC5IJI3YI34RQ61ZNVDRDZ6RN.pcm
SwiftExplicitDependencyGeneratePcm arm64 /Users/admin/builder/spi-builder-workspace/.derivedData/SDKExplicitPrecompiledModules/_Builtin_stdatomic-1VUZPM79PNCAHXVBERD53WRSF.pcm
SwiftExplicitDependencyGeneratePcm arm64 /Users/admin/builder/spi-builder-workspace/.derivedData/SDKExplicitPrecompiledModules/_Builtin_inttypes-11B64KJD36B3YOHBR1BBXBJY8.pcm
SwiftExplicitDependencyGeneratePcm arm64 /Users/admin/builder/spi-builder-workspace/.derivedData/SDKExplicitPrecompiledModules/Darwin-60P5LVNQO3ESRRM5DCJ05PFNK.pcm
SwiftExplicitDependencyGeneratePcm arm64 /Users/admin/builder/spi-builder-workspace/.derivedData/SDKExplicitPrecompiledModules/simd-9XXAB17Y6E4BBPQADD61NZ23.pcm
SwiftExplicitDependencyGeneratePcm arm64 /Users/admin/builder/spi-builder-workspace/.derivedData/SDKExplicitPrecompiledModules/ObjectiveC-26TIBFYCEJZVP216ZZAU1X8KN.pcm
SwiftExplicitDependencyGeneratePcm arm64 /Users/admin/builder/spi-builder-workspace/.derivedData/SDKExplicitPrecompiledModules/MachO-3XTHY7HWV6RF3KXKYQVHUBUXK.pcm
SwiftExplicitDependencyGeneratePcm arm64 /Users/admin/builder/spi-builder-workspace/.derivedData/SDKExplicitPrecompiledModules/os_object-692CJ8BG6RE5H04487EJJOVXW.pcm
SwiftExplicitDependencyGeneratePcm arm64 /Users/admin/builder/spi-builder-workspace/.derivedData/SDKExplicitPrecompiledModules/os_workgroup-4U1VXMWIZD80E7PRUQF2G7P9X.pcm
SwiftExplicitDependencyGeneratePcm arm64 /Users/admin/builder/spi-builder-workspace/.derivedData/SDKExplicitPrecompiledModules/Dispatch-CLT3466HKC22GCKAWSCNG0H7T.pcm
SwiftExplicitDependencyGeneratePcm arm64 /Users/admin/builder/spi-builder-workspace/.derivedData/SDKExplicitPrecompiledModules/Spatial-5E0I2846LO3ZE24CSVR2O57TI.pcm
SwiftExplicitDependencyGeneratePcm arm64 /Users/admin/builder/spi-builder-workspace/.derivedData/SDKExplicitPrecompiledModules/dnssd-CCUV1M8EULNEQJUXO7L0PJAL4.pcm
SwiftExplicitDependencyGeneratePcm arm64 /Users/admin/builder/spi-builder-workspace/.derivedData/SDKExplicitPrecompiledModules/XPC-EP5EU7FNGP4VOA3EDM18P1KHO.pcm
SwiftExplicitDependencyGeneratePcm arm64 /Users/admin/builder/spi-builder-workspace/.derivedData/SDKExplicitPrecompiledModules/CoreFoundation-AVLTZVCXBU2TO75JCN4AGU8XJ.pcm
SwiftExplicitDependencyGeneratePcm arm64 /Users/admin/builder/spi-builder-workspace/.derivedData/SDKExplicitPrecompiledModules/os-1004XEJ3IXOOAU0KL58SM3D0K.pcm
SwiftExplicitDependencyGeneratePcm arm64 /Users/admin/builder/spi-builder-workspace/.derivedData/SDKExplicitPrecompiledModules/Security-8TH2M8WJIQMET4SADWX0N8372.pcm
SwiftExplicitDependencyGeneratePcm arm64 /Users/admin/builder/spi-builder-workspace/.derivedData/SDKExplicitPrecompiledModules/CoreGraphics-BFUJ177R223UT2ZI327ZTZY91.pcm
SwiftExplicitDependencyGeneratePcm arm64 /Users/admin/builder/spi-builder-workspace/.derivedData/SDKExplicitPrecompiledModules/CoreAudioTypes-45UXYEQRN95KG6BF2CW0QIYK9.pcm
SwiftExplicitDependencyGeneratePcm arm64 /Users/admin/builder/spi-builder-workspace/.derivedData/SDKExplicitPrecompiledModules/CFNetwork-5MI70N1VLDQSWTX4COWLMSIRO.pcm
SwiftExplicitDependencyGeneratePcm arm64 /Users/admin/builder/spi-builder-workspace/.derivedData/SDKExplicitPrecompiledModules/CoreAudio-CXS3C78T5TQDGLEGXIBJ04WJ4.pcm
SwiftExplicitDependencyGeneratePcm arm64 /Users/admin/builder/spi-builder-workspace/.derivedData/SDKExplicitPrecompiledModules/Foundation-8GON1KVEKRN3NOQI8RETBRWJP.pcm
SwiftExplicitDependencyGeneratePcm arm64 /Users/admin/builder/spi-builder-workspace/.derivedData/SDKExplicitPrecompiledModules/CoreText-6F9TY5TEPCCZ1K2KYM4GMEGHD.pcm
SwiftExplicitDependencyGeneratePcm arm64 /Users/admin/builder/spi-builder-workspace/.derivedData/SDKExplicitPrecompiledModules/ImageIO-5CC6COR9KJYI1UBL7CSHLU2OG.pcm
SwiftExplicitDependencyGeneratePcm arm64 /Users/admin/builder/spi-builder-workspace/.derivedData/SDKExplicitPrecompiledModules/Network-EQPZZF3W6BWG89K0PY9NZO3T0.pcm
SwiftExplicitDependencyGeneratePcm arm64 /Users/admin/builder/spi-builder-workspace/.derivedData/SDKExplicitPrecompiledModules/Symbols-8G2XC01RPQ5HYIZE6JNUT864I.pcm
SwiftExplicitDependencyGeneratePcm arm64 /Users/admin/builder/spi-builder-workspace/.derivedData/SDKExplicitPrecompiledModules/CoreMIDI-7L19IC4ZH9BPYLVTD8IIFWN9R.pcm
SwiftExplicitDependencyGeneratePcm arm64 /Users/admin/builder/spi-builder-workspace/.derivedData/SDKExplicitPrecompiledModules/IOSurface-5FE9U89GVFF9A7X7AGO2R8ENI.pcm
SwiftExplicitDependencyGeneratePcm arm64 /Users/admin/builder/spi-builder-workspace/.derivedData/SDKExplicitPrecompiledModules/Accessibility-1DR4J4YDVDGAYQTZ0FKZ1PU09.pcm
SwiftExplicitDependencyGeneratePcm arm64 /Users/admin/builder/spi-builder-workspace/.derivedData/SDKExplicitPrecompiledModules/UIUtilities-AOVGLUWEAN6CG2UZFNESGSP6C.pcm
SwiftExplicitDependencyGeneratePcm arm64 /Users/admin/builder/spi-builder-workspace/.derivedData/SDKExplicitPrecompiledModules/LocalAuthentication-9MSPUJ85OBXBTOD7NJCT1GZ0O.pcm
SwiftExplicitDependencyGeneratePcm arm64 /Users/admin/builder/spi-builder-workspace/.derivedData/SDKExplicitPrecompiledModules/_LocationEssentials-8GQGFVARUE99D8VJX3TINY0VP.pcm
SwiftExplicitDependencyGeneratePcm arm64 /Users/admin/builder/spi-builder-workspace/.derivedData/SDKExplicitPrecompiledModules/OSLog-BNGT87TS0GMBFF7TY70HHB69.pcm
SwiftExplicitDependencyGeneratePcm arm64 /Users/admin/builder/spi-builder-workspace/.derivedData/SDKExplicitPrecompiledModules/UserNotifications-8IIV1V1FPNAPA4LY1Y23LOM2N.pcm
SwiftExplicitDependencyGeneratePcm arm64 /Users/admin/builder/spi-builder-workspace/.derivedData/SDKExplicitPrecompiledModules/CoreTransferable-8TBYAKHCX6UC8QQSS7BD8GQK5.pcm
SwiftExplicitDependencyGeneratePcm arm64 /Users/admin/builder/spi-builder-workspace/.derivedData/SDKExplicitPrecompiledModules/UniformTypeIdentifiers-E5KMWDZEKS4QW9RO1KBRDEXV6.pcm
SwiftExplicitDependencyGeneratePcm arm64 /Users/admin/builder/spi-builder-workspace/.derivedData/SDKExplicitPrecompiledModules/CoreData-73N6Z547OZUEZ8ADGEC6XRHWN.pcm
SwiftExplicitDependencyGeneratePcm arm64 /Users/admin/builder/spi-builder-workspace/.derivedData/SDKExplicitPrecompiledModules/CoreLocation-1SN37095DAPVJ068LLP9TBDQX.pcm
SwiftExplicitDependencyGeneratePcm arm64 /Users/admin/builder/spi-builder-workspace/.derivedData/SDKExplicitPrecompiledModules/DataDetection-BANTQ3WXXGKZJYC0LLB3MD9K0.pcm
SwiftExplicitDependencyGeneratePcm arm64 /Users/admin/builder/spi-builder-workspace/.derivedData/SDKExplicitPrecompiledModules/OpenGLES-56BKSYXNVAP91BYZRWAKQZKGI.pcm
SwiftExplicitDependencyGeneratePcm arm64 /Users/admin/builder/spi-builder-workspace/.derivedData/SDKExplicitPrecompiledModules/Metal-EKNUM9P3PRIBHZK1ZBD6BA2T7.pcm
SwiftExplicitDependencyGeneratePcm arm64 /Users/admin/builder/spi-builder-workspace/.derivedData/SDKExplicitPrecompiledModules/FileProvider-C9I28SI56F2SEVH1BCWTKGODO.pcm
SwiftExplicitDependencyGeneratePcm arm64 /Users/admin/builder/spi-builder-workspace/.derivedData/SDKExplicitPrecompiledModules/AVRouting-55P8FRNK50AFZOMMB2LBBOX33.pcm
SwiftExplicitDependencyGeneratePcm arm64 /Users/admin/builder/spi-builder-workspace/.derivedData/SDKExplicitPrecompiledModules/AudioToolbox-2K3S8EA590EB3GMH6D6784BWZ.pcm
SwiftExplicitDependencyGeneratePcm arm64 /Users/admin/builder/spi-builder-workspace/.derivedData/SDKExplicitPrecompiledModules/CoreMotion-10LV922UPGE28QX2SOIO7ALIZ.pcm
SwiftExplicitDependencyCompileModuleFromInterface arm64 /Users/admin/builder/spi-builder-workspace/.derivedData/SDKExplicitPrecompiledModules/ShaderGraph-URHKVVOFZL5Z.swiftmodule
SwiftExplicitDependencyGeneratePcm arm64 /Users/admin/builder/spi-builder-workspace/.derivedData/SDKExplicitPrecompiledModules/CoreVideo-E12HJSJSLO0YKWYBES11UKJ02.pcm
SwiftExplicitDependencyGeneratePcm arm64 /Users/admin/builder/spi-builder-workspace/.derivedData/SDKExplicitPrecompiledModules/CoreImage-8WF1P230U10QM666EQMNV7OF1.pcm
SwiftExplicitDependencyGeneratePcm arm64 /Users/admin/builder/spi-builder-workspace/.derivedData/SDKExplicitPrecompiledModules/QuartzCore-12T8WVKUNCL1N7VXH87MM4YOB.pcm
SwiftExplicitDependencyGeneratePcm arm64 /Users/admin/builder/spi-builder-workspace/.derivedData/SDKExplicitPrecompiledModules/CoreML-37QYERWC0RQN4IY4377UD0TY1.pcm
SwiftExplicitDependencyGeneratePcm arm64 /Users/admin/builder/spi-builder-workspace/.derivedData/SDKExplicitPrecompiledModules/CoreMedia-D1IBHC28BRHWLNUG1Q75G5YN0.pcm
SwiftExplicitDependencyGeneratePcm arm64 /Users/admin/builder/spi-builder-workspace/.derivedData/SDKExplicitPrecompiledModules/ARKitFoundation-3N77COW7DLP77CM0PWZXSR9BD.pcm
SwiftExplicitDependencyGeneratePcm arm64 /Users/admin/builder/spi-builder-workspace/.derivedData/SDKExplicitPrecompiledModules/SwiftUICore-6OBBMA39VFD4CB6SG2PE41FAP.pcm
SwiftExplicitDependencyGeneratePcm arm64 /Users/admin/builder/spi-builder-workspace/.derivedData/SDKExplicitPrecompiledModules/UIKit-2D2PMAAE45TMO6S28UCGCO5BR.pcm
SwiftExplicitDependencyGeneratePcm arm64 /Users/admin/builder/spi-builder-workspace/.derivedData/SDKExplicitPrecompiledModules/VideoToolbox-7I4MDYIPJ4IWU1ZSL4JE3I7M6.pcm
SwiftExplicitDependencyGeneratePcm arm64 /Users/admin/builder/spi-builder-workspace/.derivedData/SDKExplicitPrecompiledModules/AVFAudio-E8GATWFYYBEBB41O9N0LRRGYC.pcm
SwiftExplicitDependencyGeneratePcm arm64 /Users/admin/builder/spi-builder-workspace/.derivedData/SDKExplicitPrecompiledModules/MediaToolbox-1J5U29ERBPNPI1HKEJHXOP8EV.pcm
SwiftExplicitDependencyGeneratePcm arm64 /Users/admin/builder/spi-builder-workspace/.derivedData/SDKExplicitPrecompiledModules/Vision-DVVG9MQGC3IMTVPTC1691MQ6Z.pcm
SwiftExplicitDependencyGeneratePcm arm64 /Users/admin/builder/spi-builder-workspace/.derivedData/SDKExplicitPrecompiledModules/AVFoundation-DFCX8GQJWVA3CZBITWEHAZEFX.pcm
SwiftExplicitDependencyGeneratePcm arm64 /Users/admin/builder/spi-builder-workspace/.derivedData/SDKExplicitPrecompiledModules/ARKitCore-307YVPJLQNB66BTBIONHZNP86.pcm
SwiftExplicitDependencyGeneratePcm arm64 /Users/admin/builder/spi-builder-workspace/.derivedData/SDKExplicitPrecompiledModules/GameController-7QL0VMQHE24OWQFUR0UFT89DW.pcm
SwiftExplicitDependencyGeneratePcm arm64 /Users/admin/builder/spi-builder-workspace/.derivedData/SDKExplicitPrecompiledModules/SwiftUI-77PUPXISY3V3TUF5FJEHUQC86.pcm
SwiftExplicitDependencyGeneratePcm arm64 /Users/admin/builder/spi-builder-workspace/.derivedData/SDKExplicitPrecompiledModules/ARKit-27VDPOZ50FG2MJG7OFV6IFQYQ.pcm
SwiftEmitModule normal arm64 Emitting\ module\ for\ CollectionViewPagingLayout (in target 'CollectionViewPagingLayout' from project 'CollectionViewPagingLayout')
SwiftCompile normal arm64 (in target 'CollectionViewPagingLayout' from project 'CollectionViewPagingLayout')
cd /Users/admin/builder/spi-builder-workspace/.swiftpm/xcode
/Users/admin/builder/spi-builder-workspace/Lib/SwiftUI/PagingCollectionViewModifierData.swift:38:17: warning: generic parameter 'T' shadows generic parameter from outer scope with the same name; this is an error in the Swift 6 language mode
32 | }
33 |
34 | struct CollectionViewProperty<T>: CollectionViewPropertyProtocol {
| `- note: 'T' previously declared here
35 | let keyPath: WritableKeyPath<UICollectionView, T>
36 | let value: T
37 |
38 | func getKey<T>() -> WritableKeyPath<UICollectionView, T>? {
| `- warning: generic parameter 'T' shadows generic parameter from outer scope with the same name; this is an error in the Swift 6 language mode
39 | keyPath as? WritableKeyPath<UICollectionView, T>
40 | }
/Users/admin/builder/spi-builder-workspace/Lib/SwiftUI/PagingCollectionViewModifierData.swift:42:19: warning: generic parameter 'T' shadows generic parameter from outer scope with the same name; this is an error in the Swift 6 language mode
32 | }
33 |
34 | struct CollectionViewProperty<T>: CollectionViewPropertyProtocol {
| `- note: 'T' previously declared here
35 | let keyPath: WritableKeyPath<UICollectionView, T>
36 | let value: T
:
40 | }
41 |
42 | func getValue<T>() -> T? {
| `- warning: generic parameter 'T' shadows generic parameter from outer scope with the same name; this is an error in the Swift 6 language mode
43 | value as? T
44 | }
SwiftCompile normal arm64 Compiling\ PagingCollectionViewController.swift,\ PagingCollectionViewControllerBuilder.swift,\ PagingCollectionViewModifierData.swift /Users/admin/builder/spi-builder-workspace/Lib/SwiftUI/PagingCollectionViewController.swift /Users/admin/builder/spi-builder-workspace/Lib/SwiftUI/PagingCollectionViewControllerBuilder.swift /Users/admin/builder/spi-builder-workspace/Lib/SwiftUI/PagingCollectionViewModifierData.swift (in target 'CollectionViewPagingLayout' from project 'CollectionViewPagingLayout')
SwiftCompile normal arm64 /Users/admin/builder/spi-builder-workspace/Lib/SwiftUI/PagingCollectionViewController.swift (in target 'CollectionViewPagingLayout' from project 'CollectionViewPagingLayout')
cd /Users/admin/builder/spi-builder-workspace/.swiftpm/xcode
builtin-SwiftPerFileCompile PagingCollectionViewController.swift
SwiftCompile normal arm64 /Users/admin/builder/spi-builder-workspace/Lib/SwiftUI/PagingCollectionViewControllerBuilder.swift (in target 'CollectionViewPagingLayout' from project 'CollectionViewPagingLayout')
cd /Users/admin/builder/spi-builder-workspace/.swiftpm/xcode
builtin-SwiftPerFileCompile PagingCollectionViewControllerBuilder.swift
SwiftCompile normal arm64 /Users/admin/builder/spi-builder-workspace/Lib/SwiftUI/PagingCollectionViewModifierData.swift (in target 'CollectionViewPagingLayout' from project 'CollectionViewPagingLayout')
cd /Users/admin/builder/spi-builder-workspace/.swiftpm/xcode
builtin-SwiftPerFileCompile PagingCollectionViewModifierData.swift
/Users/admin/builder/spi-builder-workspace/Lib/SwiftUI/PagingCollectionViewModifierData.swift:38:17: warning: generic parameter 'T' shadows generic parameter from outer scope with the same name; this is an error in the Swift 6 language mode
32 | }
33 |
34 | struct CollectionViewProperty<T>: CollectionViewPropertyProtocol {
| `- note: 'T' previously declared here
35 | let keyPath: WritableKeyPath<UICollectionView, T>
36 | let value: T
37 |
38 | func getKey<T>() -> WritableKeyPath<UICollectionView, T>? {
| `- warning: generic parameter 'T' shadows generic parameter from outer scope with the same name; this is an error in the Swift 6 language mode
39 | keyPath as? WritableKeyPath<UICollectionView, T>
40 | }
SwiftCompile normal arm64 Compiling\ TransformableView.swift,\ CGFloat+Interpolate.swift,\ CGFloat+Range.swift /Users/admin/builder/spi-builder-workspace/Lib/TransformableView.swift /Users/admin/builder/spi-builder-workspace/Lib/Utilities/CGFloat+Interpolate.swift /Users/admin/builder/spi-builder-workspace/Lib/Utilities/CGFloat+Range.swift (in target 'CollectionViewPagingLayout' from project 'CollectionViewPagingLayout')
SwiftCompile normal arm64 /Users/admin/builder/spi-builder-workspace/Lib/TransformableView.swift (in target 'CollectionViewPagingLayout' from project 'CollectionViewPagingLayout')
cd /Users/admin/builder/spi-builder-workspace/.swiftpm/xcode
builtin-SwiftPerFileCompile TransformableView.swift
SwiftCompile normal arm64 /Users/admin/builder/spi-builder-workspace/Lib/Utilities/CGFloat+Interpolate.swift (in target 'CollectionViewPagingLayout' from project 'CollectionViewPagingLayout')
cd /Users/admin/builder/spi-builder-workspace/.swiftpm/xcode
builtin-SwiftPerFileCompile CGFloat+Interpolate.swift
SwiftCompile normal arm64 /Users/admin/builder/spi-builder-workspace/Lib/Utilities/CGFloat+Range.swift (in target 'CollectionViewPagingLayout' from project 'CollectionViewPagingLayout')
cd /Users/admin/builder/spi-builder-workspace/.swiftpm/xcode
builtin-SwiftPerFileCompile CGFloat+Range.swift
SwiftCompile normal arm64 Compiling\ TransformPageView.swift,\ TransformPageViewProtocol.swift,\ TransformCurve.swift /Users/admin/builder/spi-builder-workspace/Lib/SwiftUI/TransformPageView.swift /Users/admin/builder/spi-builder-workspace/Lib/SwiftUI/TransformPageViewProtocol.swift /Users/admin/builder/spi-builder-workspace/Lib/TransformCurve.swift (in target 'CollectionViewPagingLayout' from project 'CollectionViewPagingLayout')
SwiftCompile normal arm64 /Users/admin/builder/spi-builder-workspace/Lib/SwiftUI/TransformPageView.swift (in target 'CollectionViewPagingLayout' from project 'CollectionViewPagingLayout')
cd /Users/admin/builder/spi-builder-workspace/.swiftpm/xcode
builtin-SwiftPerFileCompile TransformPageView.swift
SwiftCompile normal arm64 /Users/admin/builder/spi-builder-workspace/Lib/SwiftUI/TransformPageViewProtocol.swift (in target 'CollectionViewPagingLayout' from project 'CollectionViewPagingLayout')
cd /Users/admin/builder/spi-builder-workspace/.swiftpm/xcode
builtin-SwiftPerFileCompile TransformPageViewProtocol.swift
SwiftCompile normal arm64 /Users/admin/builder/spi-builder-workspace/Lib/TransformCurve.swift (in target 'CollectionViewPagingLayout' from project 'CollectionViewPagingLayout')
cd /Users/admin/builder/spi-builder-workspace/.swiftpm/xcode
builtin-SwiftPerFileCompile TransformCurve.swift
SwiftCompile normal arm64 Compiling\ Multipliable.swift,\ UIView+Utilities.swift,\ ViewAnimator.swift /Users/admin/builder/spi-builder-workspace/Lib/Utilities/Multipliable.swift /Users/admin/builder/spi-builder-workspace/Lib/Utilities/UIView+Utilities.swift /Users/admin/builder/spi-builder-workspace/Lib/ViewAnimator.swift (in target 'CollectionViewPagingLayout' from project 'CollectionViewPagingLayout')
SwiftCompile normal arm64 /Users/admin/builder/spi-builder-workspace/Lib/Utilities/Multipliable.swift (in target 'CollectionViewPagingLayout' from project 'CollectionViewPagingLayout')
cd /Users/admin/builder/spi-builder-workspace/.swiftpm/xcode
builtin-SwiftPerFileCompile Multipliable.swift
SwiftCompile normal arm64 /Users/admin/builder/spi-builder-workspace/Lib/Utilities/UIView+Utilities.swift (in target 'CollectionViewPagingLayout' from project 'CollectionViewPagingLayout')
cd /Users/admin/builder/spi-builder-workspace/.swiftpm/xcode
builtin-SwiftPerFileCompile UIView+Utilities.swift
SwiftCompile normal arm64 /Users/admin/builder/spi-builder-workspace/Lib/ViewAnimator.swift (in target 'CollectionViewPagingLayout' from project 'CollectionViewPagingLayout')
cd /Users/admin/builder/spi-builder-workspace/.swiftpm/xcode
builtin-SwiftPerFileCompile ViewAnimator.swift
SwiftCompile normal arm64 Compiling\ StackTransformViewOptions.swift,\ PagePadding.swift,\ PagingCollectionViewCell.swift /Users/admin/builder/spi-builder-workspace/Lib/Stack/StackTransformViewOptions.swift /Users/admin/builder/spi-builder-workspace/Lib/SwiftUI/PagePadding.swift /Users/admin/builder/spi-builder-workspace/Lib/SwiftUI/PagingCollectionViewCell.swift (in target 'CollectionViewPagingLayout' from project 'CollectionViewPagingLayout')
SwiftCompile normal arm64 /Users/admin/builder/spi-builder-workspace/Lib/Stack/StackTransformViewOptions.swift (in target 'CollectionViewPagingLayout' from project 'CollectionViewPagingLayout')
cd /Users/admin/builder/spi-builder-workspace/.swiftpm/xcode
builtin-SwiftPerFileCompile StackTransformViewOptions.swift
SwiftCompile normal arm64 /Users/admin/builder/spi-builder-workspace/Lib/SwiftUI/PagePadding.swift (in target 'CollectionViewPagingLayout' from project 'CollectionViewPagingLayout')
cd /Users/admin/builder/spi-builder-workspace/.swiftpm/xcode
builtin-SwiftPerFileCompile PagePadding.swift
SwiftCompile normal arm64 /Users/admin/builder/spi-builder-workspace/Lib/SwiftUI/PagingCollectionViewCell.swift (in target 'CollectionViewPagingLayout' from project 'CollectionViewPagingLayout')
cd /Users/admin/builder/spi-builder-workspace/.swiftpm/xcode
builtin-SwiftPerFileCompile PagingCollectionViewCell.swift
SwiftCompile normal arm64 Compiling\ SnapshotContainerView.swift,\ SnapshotTransformView.swift,\ SnapshotTransformViewOptions+Layout.swift,\ SnapshotTransformViewOptions.PiecePosition.swift /Users/admin/builder/spi-builder-workspace/Lib/Snapshot/SnapshotContainerView.swift /Users/admin/builder/spi-builder-workspace/Lib/Snapshot/SnapshotTransformView.swift /Users/admin/builder/spi-builder-workspace/Lib/Snapshot/SnapshotTransformViewOptions+Layout.swift /Users/admin/builder/spi-builder-workspace/Lib/Snapshot/SnapshotTransformViewOptions.PiecePosition.swift (in target 'CollectionViewPagingLayout' from project 'CollectionViewPagingLayout')
/Users/admin/builder/spi-builder-workspace/Lib/Snapshot/SnapshotTransformView.swift:106:90: error: 'UIScreen' is unavailable in visionOS
104 | snapshot.alpha = 1
105 | // hide the original view, we apply transform on the snapshot
106 | targetView.transform = CGAffineTransform.identity.translatedBy(x: 0, y: -2 * UIScreen.main.bounds.height)
| `- error: 'UIScreen' is unavailable in visionOS
107 | }
108 | snapshot.transform(progress: progress, options: snapshotOptions)
/Applications/Xcode-27.0.0-Release.Candidate.app/Contents/Developer/Platforms/XROS.platform/Developer/SDKs/XROS27.0.sdk/System/Library/Frameworks/UIKit.framework/Headers/UIScreen.h:54:12: note: 'UIScreen' has been explicitly marked unavailable here
52 |
53 | UIKIT_EXTERN API_AVAILABLE(ios(2.0)) API_UNAVAILABLE(visionos, watchos) NS_SWIFT_UI_ACTOR
54 | @interface UIScreen : NSObject <UITraitEnvironment>
| `- note: 'UIScreen' has been explicitly marked unavailable here
55 |
56 | @property(class, nonatomic, readonly) NSArray<UIScreen *> *screens API_DEPRECATED("Use UIApplication.shared.openSessions to find open sessions with scenes from other screens", ios(3.2, 16.0), visionos(1.0, 1.0)) API_UNAVAILABLE(watchos); // all screens currently attached to the device
Failed frontend command:
/Applications/Xcode-27.0.0-Release.Candidate.app/Contents/Developer/Toolchains/XcodeDefault.xctoolchain/usr/bin/swift-frontend -frontend -c /Users/admin/builder/spi-builder-workspace/Lib/BlurEffectView.swift /Users/admin/builder/spi-builder-workspace/Lib/CollectionViewPagingLayout.ZPositionHandler.swift /Users/admin/builder/spi-builder-workspace/Lib/CollectionViewPagingLayout.swift /Users/admin/builder/spi-builder-workspace/Lib/Scale/ScaleTransformView.swift /Users/admin/builder/spi-builder-workspace/Lib/Scale/ScaleTransformViewOptions+Layout.swift /Users/admin/builder/spi-builder-workspace/Lib/Scale/ScaleTransformViewOptions.Rotation3dOptions.swift /Users/admin/builder/spi-builder-workspace/Lib/Scale/ScaleTransformViewOptions.Translation3dOptions.swift /Users/admin/builder/spi-builder-workspace/Lib/Scale/ScaleTransformViewOptions.swift -primary-file /Users/admin/builder/spi-builder-workspace/Lib/Snapshot/SnapshotContainerView.swift -primary-file /Users/admin/builder/spi-builder-workspace/Lib/Snapshot/SnapshotTransformView.swift -primary-file /Users/admin/builder/spi-builder-workspace/Lib/Snapshot/SnapshotTransformViewOptions+Layout.swift -primary-file /Users/admin/builder/spi-builder-workspace/Lib/Snapshot/SnapshotTransformViewOptions.PiecePosition.swift /Users/admin/builder/spi-builder-workspace/Lib/Snapshot/SnapshotTransformViewOptions.PiecesValue.swift /Users/admin/builder/spi-builder-workspace/Lib/Snapshot/SnapshotTransformViewOptions.swift /Users/admin/builder/spi-builder-workspace/Lib/Stack/StackTransformView.swift /Users/admin/builder/spi-builder-workspace/Lib/Stack/StackTransformViewOptions+Layout.swift /Users/admin/builder/spi-builder-workspace/Lib/Stack/StackTransformViewOptions.swift /Users/admin/builder/spi-builder-workspace/Lib/SwiftUI/PagePadding.swift /Users/admin/builder/spi-builder-workspace/Lib/SwiftUI/PagingCollectionViewCell.swift /Users/admin/builder/spi-builder-workspace/Lib/SwiftUI/PagingCollectionViewController.swift /Users/admin/builder/spi-builder-workspace/Lib/SwiftUI/PagingCollectionViewControllerBuilder.swift /Users/admin/builder/spi-builder-workspace/Lib/SwiftUI/PagingCollectionViewModifierData.swift /Users/admin/builder/spi-builder-workspace/Lib/SwiftUI/ScalePageView.swift /Users/admin/builder/spi-builder-workspace/Lib/SwiftUI/SnapshotPageView.swift /Users/admin/builder/spi-builder-workspace/Lib/SwiftUI/StackPageView.swift /Users/admin/builder/spi-builder-workspace/Lib/SwiftUI/TransformPageView.swift /Users/admin/builder/spi-builder-workspace/Lib/SwiftUI/TransformPageViewProtocol.swift /Users/admin/builder/spi-builder-workspace/Lib/TransformCurve.swift /Users/admin/builder/spi-builder-workspace/Lib/TransformableView.swift /Users/admin/builder/spi-builder-workspace/Lib/Utilities/CGFloat+Interpolate.swift /Users/admin/builder/spi-builder-workspace/Lib/Utilities/CGFloat+Range.swift /Users/admin/builder/spi-builder-workspace/Lib/Utilities/Multipliable.swift /Users/admin/builder/spi-builder-workspace/Lib/Utilities/UIView+Utilities.swift /Users/admin/builder/spi-builder-workspace/Lib/ViewAnimator.swift -supplementary-output-file-map /Users/admin/builder/spi-builder-workspace/.derivedData/Build/Intermediates.noindex/CollectionViewPagingLayout.build/Debug-xros/CollectionViewPagingLayout-t.build/Objects-normal/arm64/supplementaryOutputs-3 -target arm64-apple-xros1.0 -disable-cross-import-overlay-search -load-resolved-plugin /Applications/Xcode-27.0.0-Release.Candidate.app/Contents/Developer/Platforms/XROS.platform/Developer/usr/lib/swift/host/plugins/libFoundationMacros.dylib\#/Applications/Xcode-27.0.0-Release.Candidate.app/Contents/Developer/Platforms/XROS.platform/Developer/usr/bin/swift-plugin-server\#FoundationMacros -load-resolved-plugin /Applications/Xcode-27.0.0-Release.Candidate.app/Contents/Developer/Platforms/XROS.platform/Developer/usr/lib/swift/host/plugins/libObservationMacros.dylib\#/Applications/Xcode-27.0.0-Release.Candidate.app/Contents/Developer/Platforms/XROS.platform/Developer/usr/bin/swift-plugin-server\#ObservationMacros -load-resolved-plugin /Applications/Xcode-27.0.0-Release.Candidate.app/Contents/Developer/Platforms/XROS.platform/Developer/usr/lib/swift/host/plugins/libPreviewsMacros.dylib\#/Applications/Xcode-27.0.0-Release.Candidate.app/Contents/Developer/Platforms/XROS.platform/Developer/usr/bin/swift-plugin-server\#PreviewsMacros -load-resolved-plugin /Applications/Xcode-27.0.0-Release.Candidate.app/Contents/Developer/Platforms/XROS.platform/Developer/usr/lib/swift/host/plugins/libSwiftMacros.dylib\#/Applications/Xcode-27.0.0-Release.Candidate.app/Contents/Developer/Platforms/XROS.platform/Developer/usr/bin/swift-plugin-server\#SwiftMacros -load-resolved-plugin /Applications/Xcode-27.0.0-Release.Candidate.app/Contents/Developer/Platforms/XROS.platform/Developer/usr/lib/swift/host/plugins/libSwiftUIMacros.dylib\#/Applications/Xcode-27.0.0-Release.Candidate.app/Contents/Developer/Platforms/XROS.platform/Developer/usr/bin/swift-plugin-server\#SwiftUIMacros -disable-implicit-swift-modules -Xcc -fno-implicit-modules -Xcc -fno-implicit-module-maps -explicit-swift-module-map-file /Users/admin/builder/spi-builder-workspace/.derivedData/Build/Intermediates.noindex/CollectionViewPagingLayout.build/Debug-xros/CollectionViewPagingLayout-t.build/Objects-normal/arm64/CollectionViewPagingLayout-dependencies-1.json -Xllvm -aarch64-use-tbi -enable-objc-interop -stack-check -sdk /Applications/Xcode-27.0.0-Release.Candidate.app/Contents/Developer/Platforms/XROS.platform/Developer/SDKs/XROS27.0.sdk -I /Users/admin/builder/spi-builder-workspace/.derivedData/Build/Products/Debug-xros -Isystem /Applications/Xcode-27.0.0-Release.Candidate.app/Contents/Developer/Platforms/XROS.platform/Developer/usr/lib -F /Users/admin/builder/spi-builder-workspace/.derivedData/Build/Products/Debug-xros -F /Applications/Xcode-27.0.0-Release.Candidate.app/Contents/Developer/Platforms/XROS.platform/Developer/Library/Frameworks -F /Applications/Xcode-27.0.0-Release.Candidate.app/Contents/Developer/Platforms/XROS.platform/Developer/SDKs/XROS27.0.sdk/Developer/Library/Frameworks -module-cache-path /Users/admin/builder/spi-builder-workspace/.derivedData/Build/Intermediates.noindex/SwiftExplicitPrecompiledModules -no-color-diagnostics -Xcc -fno-color-diagnostics -enable-testing -g -debug-info-format\=dwarf -dwarf-version\=4 -swift-version 5 -Onone -D SWIFT_PACKAGE -D DEBUG -D SWIFT_MODULE_RESOURCE_BUNDLE_UNAVAILABLE -D Xcode -serialize-debugging-options -enable-experimental-feature DebugDescriptionMacro -empty-abi-descriptor -validate-clang-modules-once -clang-build-session-file /Users/admin/builder/spi-builder-workspace/.derivedData/ModuleCache.noindex/Session.modulevalidation -Xcc -working-directory -Xcc /Users/admin/builder/spi-builder-workspace/.swiftpm/xcode -enable-anonymous-context-mangled-names -file-compilation-dir /Users/admin/builder/spi-builder-workspace/.swiftpm/xcode -Xcc -D_LIBCPP_HARDENING_MODE\=_LIBCPP_HARDENING_MODE_DEBUG -Xcc -ivfsstatcache -Xcc /Users/admin/builder/spi-builder-workspace/.derivedData/SDKStatCaches.noindex/xros27.0-24M361-e829b21a6f8c9b70876ba0858053c044735bd543db762f57723cac368afd1ce4.sdkstatcache -Xcc -fmodules-prune-interval\=86400 -Xcc -fmodules-prune-after\=345600 -Xcc -I/Users/admin/builder/spi-builder-workspace/.derivedData/Build/Products/Debug-xros/include -Xcc -I/Users/admin/builder/spi-builder-workspace/.derivedData/Build/Intermediates.noindex/CollectionViewPagingLayout.build/Debug-xros/CollectionViewPagingLayout-t.build/DerivedSources-normal/arm64 -Xcc -I/Users/admin/builder/spi-builder-workspace/.derivedData/Build/Intermediates.noindex/CollectionViewPagingLayout.build/Debug-xros/CollectionViewPagingLayout-t.build/DerivedSources/arm64 -Xcc -I/Users/admin/builder/spi-builder-workspace/.derivedData/Build/Intermediates.noindex/CollectionViewPagingLayout.build/Debug-xros/CollectionViewPagingLayout-t.build/DerivedSources -Xcc -DSWIFT_PACKAGE -Xcc -DDEBUG\=1 -no-auto-bridging-header-chaining -module-name CollectionViewPagingLayout -const-gather-protocols-file /Users/admin/builder/spi-builder-workspace/.derivedData/Build/Intermediates.noindex/CollectionViewPagingLayout.build/Debug-xros/CollectionViewPagingLayout-t.build/Objects-normal/arm64/CollectionViewPagingLayout_const_extract_protocols.json -disable-clang-spi -clang-target arm64-apple-xros27.0 -target-sdk-version 27.0 -target-sdk-name xros27.0 -in-process-plugin-server-path /Applications/Xcode-27.0.0-Release.Candidate.app/Contents/Developer/Toolchains/XcodeDefault.xctoolchain/usr/lib/swift/host/libSwiftInProcPluginServer.dylib -parse-as-library -o /Users/admin/builder/spi-builder-workspace/.derivedData/Build/Intermediates.noindex/CollectionViewPagingLayout.build/Debug-xros/CollectionViewPagingLayout-t.build/Objects-normal/arm64/SnapshotContainerView.o -o /Users/admin/builder/spi-builder-workspace/.derivedData/Build/Intermediates.noindex/CollectionViewPagingLayout.build/Debug-xros/CollectionViewPagingLayout-t.build/Objects-normal/arm64/SnapshotTransformView.o -o /Users/admin/builder/spi-builder-workspace/.derivedData/Build/Intermediates.noindex/CollectionViewPagingLayout.build/Debug-xros/CollectionViewPagingLayout-t.build/Objects-normal/arm64/SnapshotTransformViewOptions+Layout.o -o /Users/admin/builder/spi-builder-workspace/.derivedData/Build/Intermediates.noindex/CollectionViewPagingLayout.build/Debug-xros/CollectionViewPagingLayout-t.build/Objects-normal/arm64/SnapshotTransformViewOptions.PiecePosition.o -debug-module-path /Users/admin/builder/spi-builder-workspace/.derivedData/Build/Intermediates.noindex/CollectionViewPagingLayout.build/Debug-xros/CollectionViewPagingLayout-t.build/Objects-normal/arm64/CollectionViewPagingLayout.swiftmodule -index-unit-output-path /CollectionViewPagingLayout.build/Debug-xros/CollectionViewPagingLayout-t.build/Objects-normal/arm64/SnapshotContainerView.o -index-unit-output-path /CollectionViewPagingLayout.build/Debug-xros/CollectionViewPagingLayout-t.build/Objects-normal/arm64/SnapshotTransformView.o -index-unit-output-path /CollectionViewPagingLayout.build/Debug-xros/CollectionViewPagingLayout-t.build/Objects-normal/arm64/SnapshotTransformViewOptions+Layout.o -index-unit-output-path /CollectionViewPagingLayout.build/Debug-xros/CollectionViewPagingLayout-t.build/Objects-normal/arm64/SnapshotTransformViewOptions.PiecePosition.o -index-store-path /Users/admin/builder/spi-builder-workspace/.derivedData/Index.noindex/DataStore -index-system-modules
SwiftCompile normal arm64 /Users/admin/builder/spi-builder-workspace/Lib/Snapshot/SnapshotContainerView.swift (in target 'CollectionViewPagingLayout' from project 'CollectionViewPagingLayout')
cd /Users/admin/builder/spi-builder-workspace/.swiftpm/xcode
builtin-SwiftPerFileCompile SnapshotContainerView.swift
SwiftCompile normal arm64 /Users/admin/builder/spi-builder-workspace/Lib/Snapshot/SnapshotTransformView.swift (in target 'CollectionViewPagingLayout' from project 'CollectionViewPagingLayout')
cd /Users/admin/builder/spi-builder-workspace/.swiftpm/xcode
builtin-SwiftPerFileCompile SnapshotTransformView.swift
SwiftCompile normal arm64 /Users/admin/builder/spi-builder-workspace/Lib/Snapshot/SnapshotTransformViewOptions+Layout.swift (in target 'CollectionViewPagingLayout' from project 'CollectionViewPagingLayout')
cd /Users/admin/builder/spi-builder-workspace/.swiftpm/xcode
builtin-SwiftPerFileCompile SnapshotTransformViewOptions+Layout.swift
SwiftCompile normal arm64 /Users/admin/builder/spi-builder-workspace/Lib/Snapshot/SnapshotTransformViewOptions.PiecePosition.swift (in target 'CollectionViewPagingLayout' from project 'CollectionViewPagingLayout')
cd /Users/admin/builder/spi-builder-workspace/.swiftpm/xcode
builtin-SwiftPerFileCompile SnapshotTransformViewOptions.PiecePosition.swift
SwiftCompile normal arm64 Compiling\ BlurEffectView.swift,\ CollectionViewPagingLayout.ZPositionHandler.swift,\ CollectionViewPagingLayout.swift,\ ScaleTransformView.swift /Users/admin/builder/spi-builder-workspace/Lib/BlurEffectView.swift /Users/admin/builder/spi-builder-workspace/Lib/CollectionViewPagingLayout.ZPositionHandler.swift /Users/admin/builder/spi-builder-workspace/Lib/CollectionViewPagingLayout.swift /Users/admin/builder/spi-builder-workspace/Lib/Scale/ScaleTransformView.swift (in target 'CollectionViewPagingLayout' from project 'CollectionViewPagingLayout')
SwiftCompile normal arm64 /Users/admin/builder/spi-builder-workspace/Lib/BlurEffectView.swift (in target 'CollectionViewPagingLayout' from project 'CollectionViewPagingLayout')
cd /Users/admin/builder/spi-builder-workspace/.swiftpm/xcode
builtin-SwiftPerFileCompile BlurEffectView.swift
SwiftCompile normal arm64 /Users/admin/builder/spi-builder-workspace/Lib/CollectionViewPagingLayout.ZPositionHandler.swift (in target 'CollectionViewPagingLayout' from project 'CollectionViewPagingLayout')
cd /Users/admin/builder/spi-builder-workspace/.swiftpm/xcode
builtin-SwiftPerFileCompile CollectionViewPagingLayout.ZPositionHandler.swift
SwiftCompile normal arm64 /Users/admin/builder/spi-builder-workspace/Lib/CollectionViewPagingLayout.swift (in target 'CollectionViewPagingLayout' from project 'CollectionViewPagingLayout')
cd /Users/admin/builder/spi-builder-workspace/.swiftpm/xcode
builtin-SwiftPerFileCompile CollectionViewPagingLayout.swift
SwiftCompile normal arm64 /Users/admin/builder/spi-builder-workspace/Lib/Scale/ScaleTransformView.swift (in target 'CollectionViewPagingLayout' from project 'CollectionViewPagingLayout')
cd /Users/admin/builder/spi-builder-workspace/.swiftpm/xcode
builtin-SwiftPerFileCompile ScaleTransformView.swift
SwiftCompile normal arm64 Compiling\ ScaleTransformViewOptions+Layout.swift,\ ScaleTransformViewOptions.Rotation3dOptions.swift,\ ScaleTransformViewOptions.Translation3dOptions.swift,\ ScaleTransformViewOptions.swift /Users/admin/builder/spi-builder-workspace/Lib/Scale/ScaleTransformViewOptions+Layout.swift /Users/admin/builder/spi-builder-workspace/Lib/Scale/ScaleTransformViewOptions.Rotation3dOptions.swift /Users/admin/builder/spi-builder-workspace/Lib/Scale/ScaleTransformViewOptions.Translation3dOptions.swift /Users/admin/builder/spi-builder-workspace/Lib/Scale/ScaleTransformViewOptions.swift (in target 'CollectionViewPagingLayout' from project 'CollectionViewPagingLayout')
SwiftCompile normal arm64 /Users/admin/builder/spi-builder-workspace/Lib/Scale/ScaleTransformViewOptions+Layout.swift (in target 'CollectionViewPagingLayout' from project 'CollectionViewPagingLayout')
cd /Users/admin/builder/spi-builder-workspace/.swiftpm/xcode
builtin-SwiftPerFileCompile ScaleTransformViewOptions+Layout.swift
SwiftCompile normal arm64 /Users/admin/builder/spi-builder-workspace/Lib/Scale/ScaleTransformViewOptions.Rotation3dOptions.swift (in target 'CollectionViewPagingLayout' from project 'CollectionViewPagingLayout')
cd /Users/admin/builder/spi-builder-workspace/.swiftpm/xcode
builtin-SwiftPerFileCompile ScaleTransformViewOptions.Rotation3dOptions.swift
SwiftCompile normal arm64 /Users/admin/builder/spi-builder-workspace/Lib/Scale/ScaleTransformViewOptions.Translation3dOptions.swift (in target 'CollectionViewPagingLayout' from project 'CollectionViewPagingLayout')
cd /Users/admin/builder/spi-builder-workspace/.swiftpm/xcode
builtin-SwiftPerFileCompile ScaleTransformViewOptions.Translation3dOptions.swift
SwiftCompile normal arm64 /Users/admin/builder/spi-builder-workspace/Lib/Scale/ScaleTransformViewOptions.swift (in target 'CollectionViewPagingLayout' from project 'CollectionViewPagingLayout')
cd /Users/admin/builder/spi-builder-workspace/.swiftpm/xcode
builtin-SwiftPerFileCompile ScaleTransformViewOptions.swift
SwiftCompile normal arm64 Compiling\ ScalePageView.swift,\ SnapshotPageView.swift,\ StackPageView.swift /Users/admin/builder/spi-builder-workspace/Lib/SwiftUI/ScalePageView.swift /Users/admin/builder/spi-builder-workspace/Lib/SwiftUI/SnapshotPageView.swift /Users/admin/builder/spi-builder-workspace/Lib/SwiftUI/StackPageView.swift (in target 'CollectionViewPagingLayout' from project 'CollectionViewPagingLayout')
SwiftCompile normal arm64 /Users/admin/builder/spi-builder-workspace/Lib/SwiftUI/ScalePageView.swift (in target 'CollectionViewPagingLayout' from project 'CollectionViewPagingLayout')
cd /Users/admin/builder/spi-builder-workspace/.swiftpm/xcode
builtin-SwiftPerFileCompile ScalePageView.swift
SwiftCompile normal arm64 /Users/admin/builder/spi-builder-workspace/Lib/SwiftUI/SnapshotPageView.swift (in target 'CollectionViewPagingLayout' from project 'CollectionViewPagingLayout')
cd /Users/admin/builder/spi-builder-workspace/.swiftpm/xcode
builtin-SwiftPerFileCompile SnapshotPageView.swift
SwiftCompile normal arm64 /Users/admin/builder/spi-builder-workspace/Lib/SwiftUI/StackPageView.swift (in target 'CollectionViewPagingLayout' from project 'CollectionViewPagingLayout')
cd /Users/admin/builder/spi-builder-workspace/.swiftpm/xcode
builtin-SwiftPerFileCompile StackPageView.swift
SwiftCompile normal arm64 Compiling\ SnapshotTransformViewOptions.PiecesValue.swift,\ SnapshotTransformViewOptions.swift,\ StackTransformView.swift,\ StackTransformViewOptions+Layout.swift /Users/admin/builder/spi-builder-workspace/Lib/Snapshot/SnapshotTransformViewOptions.PiecesValue.swift /Users/admin/builder/spi-builder-workspace/Lib/Snapshot/SnapshotTransformViewOptions.swift /Users/admin/builder/spi-builder-workspace/Lib/Stack/StackTransformView.swift /Users/admin/builder/spi-builder-workspace/Lib/Stack/StackTransformViewOptions+Layout.swift (in target 'CollectionViewPagingLayout' from project 'CollectionViewPagingLayout')
SwiftCompile normal arm64 /Users/admin/builder/spi-builder-workspace/Lib/Snapshot/SnapshotTransformViewOptions.PiecesValue.swift (in target 'CollectionViewPagingLayout' from project 'CollectionViewPagingLayout')
cd /Users/admin/builder/spi-builder-workspace/.swiftpm/xcode
builtin-SwiftPerFileCompile SnapshotTransformViewOptions.PiecesValue.swift
SwiftCompile normal arm64 /Users/admin/builder/spi-builder-workspace/Lib/Snapshot/SnapshotTransformViewOptions.swift (in target 'CollectionViewPagingLayout' from project 'CollectionViewPagingLayout')
cd /Users/admin/builder/spi-builder-workspace/.swiftpm/xcode
builtin-SwiftPerFileCompile SnapshotTransformViewOptions.swift
SwiftCompile normal arm64 /Users/admin/builder/spi-builder-workspace/Lib/Stack/StackTransformView.swift (in target 'CollectionViewPagingLayout' from project 'CollectionViewPagingLayout')
cd /Users/admin/builder/spi-builder-workspace/.swiftpm/xcode
builtin-SwiftPerFileCompile StackTransformView.swift
SwiftCompile normal arm64 /Users/admin/builder/spi-builder-workspace/Lib/Stack/StackTransformViewOptions+Layout.swift (in target 'CollectionViewPagingLayout' from project 'CollectionViewPagingLayout')
cd /Users/admin/builder/spi-builder-workspace/.swiftpm/xcode
builtin-SwiftPerFileCompile StackTransformViewOptions+Layout.swift
SwiftDriverJobDiscovery normal arm64 Emitting module for CollectionViewPagingLayout (in target 'CollectionViewPagingLayout' from project 'CollectionViewPagingLayout')
SwiftDriver\ Compilation\ Requirements CollectionViewPagingLayout normal arm64 com.apple.xcode.tools.swift.compiler (in target 'CollectionViewPagingLayout' from project 'CollectionViewPagingLayout')
cd /Users/admin/builder/spi-builder-workspace/.swiftpm/xcode
builtin-Swift-Compilation-Requirements -- /Applications/Xcode-27.0.0-Release.Candidate.app/Contents/Developer/Toolchains/XcodeDefault.xctoolchain/usr/bin/swiftc -parse-as-library -module-name CollectionViewPagingLayout -Onone @/Users/admin/builder/spi-builder-workspace/.derivedData/Build/Intermediates.noindex/CollectionViewPagingLayout.build/Debug-xros/CollectionViewPagingLayout-t.build/Objects-normal/arm64/CollectionViewPagingLayout.SwiftFileList -DSWIFT_PACKAGE -DDEBUG -DSWIFT_MODULE_RESOURCE_BUNDLE_UNAVAILABLE -DXcode -plugin-path /Applications/Xcode-27.0.0-Release.Candidate.app/Contents/Developer/Toolchains/XcodeDefault.xctoolchain/usr/lib/swift/host/plugins/testing -enable-experimental-feature DebugDescriptionMacro -sdk /Applications/Xcode-27.0.0-Release.Candidate.app/Contents/Developer/Platforms/XROS.platform/Developer/SDKs/XROS27.0.sdk -target arm64-apple-xros1.0 -g -module-cache-path /Users/admin/builder/spi-builder-workspace/.derivedData/ModuleCache.noindex -Xfrontend -serialize-debugging-options -enable-testing -index-store-path /Users/admin/builder/spi-builder-workspace/.derivedData/Index.noindex/DataStore -Xcc -D_LIBCPP_HARDENING_MODE\=_LIBCPP_HARDENING_MODE_DEBUG -swift-version 5 -I /Users/admin/builder/spi-builder-workspace/.derivedData/Build/Products/Debug-xros -Isystem /Applications/Xcode-27.0.0-Release.Candidate.app/Contents/Developer/Platforms/XROS.platform/Developer/usr/lib -F /Users/admin/builder/spi-builder-workspace/.derivedData/Build/Products/Debug-xros -F /Applications/Xcode-27.0.0-Release.Candidate.app/Contents/Developer/Platforms/XROS.platform/Developer/Library/Frameworks -F /Applications/Xcode-27.0.0-Release.Candidate.app/Contents/Developer/Platforms/XROS.platform/Developer/SDKs/XROS27.0.sdk/Developer/Library/Frameworks -c -j10 -enable-batch-mode -incremental -Xcc -ivfsstatcache -Xcc /Users/admin/builder/spi-builder-workspace/.derivedData/SDKStatCaches.noindex/xros27.0-24M361-e829b21a6f8c9b70876ba0858053c044735bd543db762f57723cac368afd1ce4.sdkstatcache -output-file-map /Users/admin/builder/spi-builder-workspace/.derivedData/Build/Intermediates.noindex/CollectionViewPagingLayout.build/Debug-xros/CollectionViewPagingLayout-t.build/Objects-normal/arm64/CollectionViewPagingLayout-OutputFileMap.json -save-temps -no-color-diagnostics -explicit-module-build -module-cache-path /Users/admin/builder/spi-builder-workspace/.derivedData/Build/Intermediates.noindex/SwiftExplicitPrecompiledModules -clang-scanner-module-cache-path /Users/admin/builder/spi-builder-workspace/.derivedData/ModuleCache.noindex -sdk-module-cache-path /Users/admin/builder/spi-builder-workspace/.derivedData/SDKExplicitPrecompiledModules -emit-dependencies -emit-module -emit-module-path /Users/admin/builder/spi-builder-workspace/.derivedData/Build/Intermediates.noindex/CollectionViewPagingLayout.build/Debug-xros/CollectionViewPagingLayout-t.build/Objects-normal/arm64/CollectionViewPagingLayout.swiftmodule -serialize-diagnostics -dependency-scan-serialize-diagnostics-path /Users/admin/builder/spi-builder-workspace/.derivedData/Build/Intermediates.noindex/CollectionViewPagingLayout.build/Debug-xros/CollectionViewPagingLayout-t.build/Objects-normal/arm64/CollectionViewPagingLayout-dependency-scan.dia -validate-clang-modules-once -clang-build-session-file /Users/admin/builder/spi-builder-workspace/.derivedData/ModuleCache.noindex/Session.modulevalidation -Xcc -fmodules-prune-interval\=86400 -Xcc -fmodules-prune-after\=345600 -emit-const-values -const-gather-protocols-list /Users/admin/builder/spi-builder-workspace/.derivedData/Build/Intermediates.noindex/CollectionViewPagingLayout.build/Debug-xros/CollectionViewPagingLayout-t.build/Objects-normal/arm64/CollectionViewPagingLayout_const_extract_protocols.json -Xcc -I/Users/admin/builder/spi-builder-workspace/.derivedData/Build/Products/Debug-xros/include -Xcc -I/Users/admin/builder/spi-builder-workspace/.derivedData/Build/Intermediates.noindex/CollectionViewPagingLayout.build/Debug-xros/CollectionViewPagingLayout-t.build/DerivedSources-normal/arm64 -Xcc -I/Users/admin/builder/spi-builder-workspace/.derivedData/Build/Intermediates.noindex/CollectionViewPagingLayout.build/Debug-xros/CollectionViewPagingLayout-t.build/DerivedSources/arm64 -Xcc -I/Users/admin/builder/spi-builder-workspace/.derivedData/Build/Intermediates.noindex/CollectionViewPagingLayout.build/Debug-xros/CollectionViewPagingLayout-t.build/DerivedSources -Xcc -DSWIFT_PACKAGE -Xcc -DDEBUG\=1 -emit-objc-header -emit-objc-header-path /Users/admin/builder/spi-builder-workspace/.derivedData/Build/Intermediates.noindex/CollectionViewPagingLayout.build/Debug-xros/CollectionViewPagingLayout-t.build/Objects-normal/arm64/CollectionViewPagingLayout-Swift.h -working-directory /Users/admin/builder/spi-builder-workspace/.swiftpm/xcode -experimental-emit-module-separately -disable-cmo
SwiftDriverJobDiscovery normal arm64 Compiling SnapshotTransformViewOptions.PiecesValue.swift, SnapshotTransformViewOptions.swift, StackTransformView.swift, StackTransformViewOptions+Layout.swift (in target 'CollectionViewPagingLayout' from project 'CollectionViewPagingLayout')
SwiftDriverJobDiscovery normal arm64 Compiling Multipliable.swift, UIView+Utilities.swift, ViewAnimator.swift (in target 'CollectionViewPagingLayout' from project 'CollectionViewPagingLayout')
SwiftDriverJobDiscovery normal arm64 Compiling TransformableView.swift, CGFloat+Interpolate.swift, CGFloat+Range.swift (in target 'CollectionViewPagingLayout' from project 'CollectionViewPagingLayout')
SwiftDriverJobDiscovery normal arm64 Compiling ScaleTransformViewOptions+Layout.swift, ScaleTransformViewOptions.Rotation3dOptions.swift, ScaleTransformViewOptions.Translation3dOptions.swift, ScaleTransformViewOptions.swift (in target 'CollectionViewPagingLayout' from project 'CollectionViewPagingLayout')
PruneExplicitPrecompiledModules /Users/admin/builder/spi-builder-workspace/.derivedData/Build/Intermediates.noindex/ExplicitPrecompiledModules
PruneExplicitPrecompiledModules /Users/admin/builder/spi-builder-workspace/.derivedData/Build/Intermediates.noindex/SwiftExplicitPrecompiledModules
PruneExplicitPrecompiledModules /Users/admin/builder/spi-builder-workspace/.derivedData/SDKExplicitPrecompiledModules
2026-09-18 02:31:22.180 xcodebuild[743:4778] [MT] IDERunDestination: Supported platforms for the buildables in the current scheme is empty.
** BUILD FAILED **
The following build commands failed:
SwiftCompile normal arm64 Compiling\ SnapshotContainerView.swift,\ SnapshotTransformView.swift,\ SnapshotTransformViewOptions+Layout.swift,\ SnapshotTransformViewOptions.PiecePosition.swift /Users/admin/builder/spi-builder-workspace/Lib/Snapshot/SnapshotContainerView.swift /Users/admin/builder/spi-builder-workspace/Lib/Snapshot/SnapshotTransformView.swift /Users/admin/builder/spi-builder-workspace/Lib/Snapshot/SnapshotTransformViewOptions+Layout.swift /Users/admin/builder/spi-builder-workspace/Lib/Snapshot/SnapshotTransformViewOptions.PiecePosition.swift (in target 'CollectionViewPagingLayout' from project 'CollectionViewPagingLayout')
SwiftCompile normal arm64 /Users/admin/builder/spi-builder-workspace/Lib/Snapshot/SnapshotTransformView.swift (in target 'CollectionViewPagingLayout' from project 'CollectionViewPagingLayout')
Building workspace CollectionViewPagingLayout with scheme CollectionViewPagingLayout
(3 failures)
Command line invocation:
/Applications/Xcode-27.0.0-Release.Candidate.app/Contents/Developer/usr/bin/xcodebuild -IDEClonedSourcePackagesDirPathOverride=/Users/admin/builder/spi-builder-workspace/.dependencies -resolvePackageDependencies
Resolve Package Graph
Resolved source packages:
CollectionViewPagingLayout: /Users/admin/builder/spi-builder-workspace
resolved source packages: CollectionViewPagingLayout
2026-09-18 02:31:33.502 xcodebuild[859:5260] [MT] IDERunDestination: Supported platforms for the buildables in the current scheme is empty.
{
"dependencies" : [
],
"manifest_display_name" : "CollectionViewPagingLayout",
"name" : "CollectionViewPagingLayout",
"path" : "/Users/admin/builder/spi-builder-workspace",
"platforms" : [
{
"name" : "ios",
"version" : "13.0"
}
],
"products" : [
{
"name" : "CollectionViewPagingLayout",
"targets" : [
"CollectionViewPagingLayout"
],
"type" : {
"library" : [
"automatic"
]
}
}
],
"targets" : [
{
"c99name" : "CollectionViewPagingLayout",
"module_type" : "SwiftTarget",
"name" : "CollectionViewPagingLayout",
"path" : "Lib",
"product_memberships" : [
"CollectionViewPagingLayout"
],
"sources" : [
"BlurEffectView.swift",
"CollectionViewPagingLayout.ZPositionHandler.swift",
"CollectionViewPagingLayout.swift",
"Scale/ScaleTransformView.swift",
"Scale/ScaleTransformViewOptions+Layout.swift",
"Scale/ScaleTransformViewOptions.Rotation3dOptions.swift",
"Scale/ScaleTransformViewOptions.Translation3dOptions.swift",
"Scale/ScaleTransformViewOptions.swift",
"Snapshot/SnapshotContainerView.swift",
"Snapshot/SnapshotTransformView.swift",
"Snapshot/SnapshotTransformViewOptions+Layout.swift",
"Snapshot/SnapshotTransformViewOptions.PiecePosition.swift",
"Snapshot/SnapshotTransformViewOptions.PiecesValue.swift",
"Snapshot/SnapshotTransformViewOptions.swift",
"Stack/StackTransformView.swift",
"Stack/StackTransformViewOptions+Layout.swift",
"Stack/StackTransformViewOptions.swift",
"SwiftUI/PagePadding.swift",
"SwiftUI/PagingCollectionViewCell.swift",
"SwiftUI/PagingCollectionViewController.swift",
"SwiftUI/PagingCollectionViewControllerBuilder.swift",
"SwiftUI/PagingCollectionViewModifierData.swift",
"SwiftUI/ScalePageView.swift",
"SwiftUI/SnapshotPageView.swift",
"SwiftUI/StackPageView.swift",
"SwiftUI/TransformPageView.swift",
"SwiftUI/TransformPageViewProtocol.swift",
"TransformCurve.swift",
"TransformableView.swift",
"Utilities/CGFloat+Interpolate.swift",
"Utilities/CGFloat+Range.swift",
"Utilities/Multipliable.swift",
"Utilities/UIView+Utilities.swift",
"ViewAnimator.swift"
],
"type" : "library"
}
],
"tools_version" : "5.1"
}
{
"workspace" : {
"name" : "CollectionViewPagingLayout",
"schemes" : [
"CollectionViewPagingLayout"
]
}
}
2026-09-18 02:31:34.713 xcodebuild[867:5328] [MT] IDERunDestination: Supported platforms for the buildables in the current scheme is empty.
Running build ...
env DEVELOPER_DIR=/Applications/Xcode-27.0.0-Release.Candidate.app xcrun xcodebuild -IDEClonedSourcePackagesDirPathOverride=$PWD/.dependencies -skipMacroValidation -skipPackagePluginValidation -derivedDataPath $PWD/.derivedData build -scheme CollectionViewPagingLayout -destination generic/platform=xrOS
Command line invocation:
/Applications/Xcode-27.0.0-Release.Candidate.app/Contents/Developer/usr/bin/xcodebuild -IDEClonedSourcePackagesDirPathOverride=/Users/admin/builder/spi-builder-workspace/.dependencies -skipMacroValidation -skipPackagePluginValidation -derivedDataPath /Users/admin/builder/spi-builder-workspace/.derivedData build -scheme CollectionViewPagingLayout -destination generic/platform=xrOS
Resolve Package Graph
Resolved source packages:
CollectionViewPagingLayout: /Users/admin/builder/spi-builder-workspace
ComputePackagePrebuildTargetDependencyGraph
Prepare packages
CreateBuildRequest
SendProjectDescription
CreateBuildOperation
ComputeTargetDependencyGraph
note: Building targets in dependency order
note: Target dependency graph (2 targets)
Target 'CollectionViewPagingLayout-product' in project 'CollectionViewPagingLayout'
➜ Explicit dependency on target 'CollectionViewPagingLayout' in project 'CollectionViewPagingLayout'
Target 'CollectionViewPagingLayout' in project 'CollectionViewPagingLayout' (no dependencies)
GatherProvisioningInputs
CreateBuildDescription
ClangStatCache /Applications/Xcode-27.0.0-Release.Candidate.app/Contents/Developer/Toolchains/XcodeDefault.xctoolchain/usr/bin/clang-stat-cache /Applications/Xcode-27.0.0-Release.Candidate.app/Contents/Developer/Platforms/XROS.platform/Developer/SDKs/XROS27.0.sdk /Users/admin/builder/spi-builder-workspace/.derivedData/SDKStatCaches.noindex/xros27.0-24M361-e829b21a6f8c9b70876ba0858053c044735bd543db762f57723cac368afd1ce4.sdkstatcache
cd /Users/admin/builder/spi-builder-workspace/.swiftpm/xcode
/Applications/Xcode-27.0.0-Release.Candidate.app/Contents/Developer/Toolchains/XcodeDefault.xctoolchain/usr/bin/clang-stat-cache /Applications/Xcode-27.0.0-Release.Candidate.app/Contents/Developer/Platforms/XROS.platform/Developer/SDKs/XROS27.0.sdk -o /Users/admin/builder/spi-builder-workspace/.derivedData/SDKStatCaches.noindex/xros27.0-24M361-e829b21a6f8c9b70876ba0858053c044735bd543db762f57723cac368afd1ce4.sdkstatcache
SwiftMergeGeneratedHeaders /Users/admin/builder/spi-builder-workspace/.derivedData/Build/Intermediates.noindex/GeneratedModuleMaps-xros/CollectionViewPagingLayout-Swift.h /Users/admin/builder/spi-builder-workspace/.derivedData/Build/Intermediates.noindex/CollectionViewPagingLayout.build/Debug-xros/CollectionViewPagingLayout-t.build/Objects-normal/arm64/CollectionViewPagingLayout-Swift.h (in target 'CollectionViewPagingLayout' from project 'CollectionViewPagingLayout')
cd /Users/admin/builder/spi-builder-workspace
builtin-swiftHeaderTool -arch arm64 /Users/admin/builder/spi-builder-workspace/.derivedData/Build/Intermediates.noindex/CollectionViewPagingLayout.build/Debug-xros/CollectionViewPagingLayout-t.build/Objects-normal/arm64/CollectionViewPagingLayout-Swift.h -o /Users/admin/builder/spi-builder-workspace/.derivedData/Build/Intermediates.noindex/GeneratedModuleMaps-xros/CollectionViewPagingLayout-Swift.h
SwiftDriver CollectionViewPagingLayout normal arm64 com.apple.xcode.tools.swift.compiler (in target 'CollectionViewPagingLayout' from project 'CollectionViewPagingLayout')
cd /Users/admin/builder/spi-builder-workspace/.swiftpm/xcode
builtin-SwiftDriver -- /Applications/Xcode-27.0.0-Release.Candidate.app/Contents/Developer/Toolchains/XcodeDefault.xctoolchain/usr/bin/swiftc -parse-as-library -module-name CollectionViewPagingLayout -Onone @/Users/admin/builder/spi-builder-workspace/.derivedData/Build/Intermediates.noindex/CollectionViewPagingLayout.build/Debug-xros/CollectionViewPagingLayout-t.build/Objects-normal/arm64/CollectionViewPagingLayout.SwiftFileList -DSWIFT_PACKAGE -DDEBUG -DSWIFT_MODULE_RESOURCE_BUNDLE_UNAVAILABLE -DXcode -plugin-path /Applications/Xcode-27.0.0-Release.Candidate.app/Contents/Developer/Toolchains/XcodeDefault.xctoolchain/usr/lib/swift/host/plugins/testing -enable-experimental-feature DebugDescriptionMacro -sdk /Applications/Xcode-27.0.0-Release.Candidate.app/Contents/Developer/Platforms/XROS.platform/Developer/SDKs/XROS27.0.sdk -target arm64-apple-xros1.0 -g -module-cache-path /Users/admin/builder/spi-builder-workspace/.derivedData/ModuleCache.noindex -Xfrontend -serialize-debugging-options -enable-testing -index-store-path /Users/admin/builder/spi-builder-workspace/.derivedData/Index.noindex/DataStore -Xcc -D_LIBCPP_HARDENING_MODE\=_LIBCPP_HARDENING_MODE_DEBUG -swift-version 5 -I /Users/admin/builder/spi-builder-workspace/.derivedData/Build/Products/Debug-xros -Isystem /Applications/Xcode-27.0.0-Release.Candidate.app/Contents/Developer/Platforms/XROS.platform/Developer/usr/lib -F /Users/admin/builder/spi-builder-workspace/.derivedData/Build/Products/Debug-xros -F /Applications/Xcode-27.0.0-Release.Candidate.app/Contents/Developer/Platforms/XROS.platform/Developer/Library/Frameworks -F /Applications/Xcode-27.0.0-Release.Candidate.app/Contents/Developer/Platforms/XROS.platform/Developer/SDKs/XROS27.0.sdk/Developer/Library/Frameworks -c -j10 -enable-batch-mode -incremental -Xcc -ivfsstatcache -Xcc /Users/admin/builder/spi-builder-workspace/.derivedData/SDKStatCaches.noindex/xros27.0-24M361-e829b21a6f8c9b70876ba0858053c044735bd543db762f57723cac368afd1ce4.sdkstatcache -output-file-map /Users/admin/builder/spi-builder-workspace/.derivedData/Build/Intermediates.noindex/CollectionViewPagingLayout.build/Debug-xros/CollectionViewPagingLayout-t.build/Objects-normal/arm64/CollectionViewPagingLayout-OutputFileMap.json -save-temps -no-color-diagnostics -explicit-module-build -module-cache-path /Users/admin/builder/spi-builder-workspace/.derivedData/Build/Intermediates.noindex/SwiftExplicitPrecompiledModules -clang-scanner-module-cache-path /Users/admin/builder/spi-builder-workspace/.derivedData/ModuleCache.noindex -sdk-module-cache-path /Users/admin/builder/spi-builder-workspace/.derivedData/SDKExplicitPrecompiledModules -emit-dependencies -emit-module -emit-module-path /Users/admin/builder/spi-builder-workspace/.derivedData/Build/Intermediates.noindex/CollectionViewPagingLayout.build/Debug-xros/CollectionViewPagingLayout-t.build/Objects-normal/arm64/CollectionViewPagingLayout.swiftmodule -serialize-diagnostics -dependency-scan-serialize-diagnostics-path /Users/admin/builder/spi-builder-workspace/.derivedData/Build/Intermediates.noindex/CollectionViewPagingLayout.build/Debug-xros/CollectionViewPagingLayout-t.build/Objects-normal/arm64/CollectionViewPagingLayout-dependency-scan.dia -validate-clang-modules-once -clang-build-session-file /Users/admin/builder/spi-builder-workspace/.derivedData/ModuleCache.noindex/Session.modulevalidation -Xcc -fmodules-prune-interval\=86400 -Xcc -fmodules-prune-after\=345600 -emit-const-values -const-gather-protocols-list /Users/admin/builder/spi-builder-workspace/.derivedData/Build/Intermediates.noindex/CollectionViewPagingLayout.build/Debug-xros/CollectionViewPagingLayout-t.build/Objects-normal/arm64/CollectionViewPagingLayout_const_extract_protocols.json -Xcc -I/Users/admin/builder/spi-builder-workspace/.derivedData/Build/Products/Debug-xros/include -Xcc -I/Users/admin/builder/spi-builder-workspace/.derivedData/Build/Intermediates.noindex/CollectionViewPagingLayout.build/Debug-xros/CollectionViewPagingLayout-t.build/DerivedSources-normal/arm64 -Xcc -I/Users/admin/builder/spi-builder-workspace/.derivedData/Build/Intermediates.noindex/CollectionViewPagingLayout.build/Debug-xros/CollectionViewPagingLayout-t.build/DerivedSources/arm64 -Xcc -I/Users/admin/builder/spi-builder-workspace/.derivedData/Build/Intermediates.noindex/CollectionViewPagingLayout.build/Debug-xros/CollectionViewPagingLayout-t.build/DerivedSources -Xcc -DSWIFT_PACKAGE -Xcc -DDEBUG\=1 -emit-objc-header -emit-objc-header-path /Users/admin/builder/spi-builder-workspace/.derivedData/Build/Intermediates.noindex/CollectionViewPagingLayout.build/Debug-xros/CollectionViewPagingLayout-t.build/Objects-normal/arm64/CollectionViewPagingLayout-Swift.h -working-directory /Users/admin/builder/spi-builder-workspace/.swiftpm/xcode -experimental-emit-module-separately -disable-cmo
Copy /Users/admin/builder/spi-builder-workspace/.derivedData/Build/Products/Debug-xros/CollectionViewPagingLayout.swiftmodule/arm64-apple-xros.swiftdoc /Users/admin/builder/spi-builder-workspace/.derivedData/Build/Intermediates.noindex/CollectionViewPagingLayout.build/Debug-xros/CollectionViewPagingLayout-t.build/Objects-normal/arm64/CollectionViewPagingLayout.swiftdoc (in target 'CollectionViewPagingLayout' from project 'CollectionViewPagingLayout')
cd /Users/admin/builder/spi-builder-workspace
builtin-copy -exclude .DS_Store -exclude CVS -exclude .svn -exclude .git -exclude .hg -resolve-src-symlinks -rename /Users/admin/builder/spi-builder-workspace/.derivedData/Build/Intermediates.noindex/CollectionViewPagingLayout.build/Debug-xros/CollectionViewPagingLayout-t.build/Objects-normal/arm64/CollectionViewPagingLayout.swiftdoc /Users/admin/builder/spi-builder-workspace/.derivedData/Build/Products/Debug-xros/CollectionViewPagingLayout.swiftmodule/arm64-apple-xros.swiftdoc
Copy /Users/admin/builder/spi-builder-workspace/.derivedData/Build/Products/Debug-xros/CollectionViewPagingLayout.swiftmodule/arm64-apple-xros.swiftmodule /Users/admin/builder/spi-builder-workspace/.derivedData/Build/Intermediates.noindex/CollectionViewPagingLayout.build/Debug-xros/CollectionViewPagingLayout-t.build/Objects-normal/arm64/CollectionViewPagingLayout.swiftmodule (in target 'CollectionViewPagingLayout' from project 'CollectionViewPagingLayout')
cd /Users/admin/builder/spi-builder-workspace
builtin-copy -exclude .DS_Store -exclude CVS -exclude .svn -exclude .git -exclude .hg -resolve-src-symlinks -rename /Users/admin/builder/spi-builder-workspace/.derivedData/Build/Intermediates.noindex/CollectionViewPagingLayout.build/Debug-xros/CollectionViewPagingLayout-t.build/Objects-normal/arm64/CollectionViewPagingLayout.swiftmodule /Users/admin/builder/spi-builder-workspace/.derivedData/Build/Products/Debug-xros/CollectionViewPagingLayout.swiftmodule/arm64-apple-xros.swiftmodule
Copy /Users/admin/builder/spi-builder-workspace/.derivedData/Build/Products/Debug-xros/CollectionViewPagingLayout.swiftmodule/arm64-apple-xros.abi.json /Users/admin/builder/spi-builder-workspace/.derivedData/Build/Intermediates.noindex/CollectionViewPagingLayout.build/Debug-xros/CollectionViewPagingLayout-t.build/Objects-normal/arm64/CollectionViewPagingLayout.abi.json (in target 'CollectionViewPagingLayout' from project 'CollectionViewPagingLayout')
cd /Users/admin/builder/spi-builder-workspace
builtin-copy -exclude .DS_Store -exclude CVS -exclude .svn -exclude .git -exclude .hg -resolve-src-symlinks -rename /Users/admin/builder/spi-builder-workspace/.derivedData/Build/Intermediates.noindex/CollectionViewPagingLayout.build/Debug-xros/CollectionViewPagingLayout-t.build/Objects-normal/arm64/CollectionViewPagingLayout.abi.json /Users/admin/builder/spi-builder-workspace/.derivedData/Build/Products/Debug-xros/CollectionViewPagingLayout.swiftmodule/arm64-apple-xros.abi.json
Copy /Users/admin/builder/spi-builder-workspace/.derivedData/Build/Products/Debug-xros/CollectionViewPagingLayout.swiftmodule/Project/arm64-apple-xros.swiftsourceinfo /Users/admin/builder/spi-builder-workspace/.derivedData/Build/Intermediates.noindex/CollectionViewPagingLayout.build/Debug-xros/CollectionViewPagingLayout-t.build/Objects-normal/arm64/CollectionViewPagingLayout.swiftsourceinfo (in target 'CollectionViewPagingLayout' from project 'CollectionViewPagingLayout')
cd /Users/admin/builder/spi-builder-workspace
builtin-copy -exclude .DS_Store -exclude CVS -exclude .svn -exclude .git -exclude .hg -resolve-src-symlinks -rename /Users/admin/builder/spi-builder-workspace/.derivedData/Build/Intermediates.noindex/CollectionViewPagingLayout.build/Debug-xros/CollectionViewPagingLayout-t.build/Objects-normal/arm64/CollectionViewPagingLayout.swiftsourceinfo /Users/admin/builder/spi-builder-workspace/.derivedData/Build/Products/Debug-xros/CollectionViewPagingLayout.swiftmodule/Project/arm64-apple-xros.swiftsourceinfo
SwiftCompile normal arm64 Compiling\ BlurEffectView.swift,\ CollectionViewPagingLayout.ZPositionHandler.swift /Users/admin/builder/spi-builder-workspace/Lib/BlurEffectView.swift /Users/admin/builder/spi-builder-workspace/Lib/CollectionViewPagingLayout.ZPositionHandler.swift (in target 'CollectionViewPagingLayout' from project 'CollectionViewPagingLayout')
SwiftCompile normal arm64 /Users/admin/builder/spi-builder-workspace/Lib/BlurEffectView.swift (in target 'CollectionViewPagingLayout' from project 'CollectionViewPagingLayout')
cd /Users/admin/builder/spi-builder-workspace/.swiftpm/xcode
builtin-SwiftPerFileCompile BlurEffectView.swift
SwiftCompile normal arm64 /Users/admin/builder/spi-builder-workspace/Lib/CollectionViewPagingLayout.ZPositionHandler.swift (in target 'CollectionViewPagingLayout' from project 'CollectionViewPagingLayout')
cd /Users/admin/builder/spi-builder-workspace/.swiftpm/xcode
builtin-SwiftPerFileCompile CollectionViewPagingLayout.ZPositionHandler.swift
SwiftCompile normal arm64 Compiling\ StackTransformViewOptions.swift,\ PagePadding.swift /Users/admin/builder/spi-builder-workspace/Lib/Stack/StackTransformViewOptions.swift /Users/admin/builder/spi-builder-workspace/Lib/SwiftUI/PagePadding.swift (in target 'CollectionViewPagingLayout' from project 'CollectionViewPagingLayout')
SwiftCompile normal arm64 /Users/admin/builder/spi-builder-workspace/Lib/Stack/StackTransformViewOptions.swift (in target 'CollectionViewPagingLayout' from project 'CollectionViewPagingLayout')
cd /Users/admin/builder/spi-builder-workspace/.swiftpm/xcode
builtin-SwiftPerFileCompile StackTransformViewOptions.swift
SwiftCompile normal arm64 /Users/admin/builder/spi-builder-workspace/Lib/SwiftUI/PagePadding.swift (in target 'CollectionViewPagingLayout' from project 'CollectionViewPagingLayout')
cd /Users/admin/builder/spi-builder-workspace/.swiftpm/xcode
builtin-SwiftPerFileCompile PagePadding.swift
SwiftCompile normal arm64 Compiling\ CollectionViewPagingLayout.swift,\ ScaleTransformView.swift /Users/admin/builder/spi-builder-workspace/Lib/CollectionViewPagingLayout.swift /Users/admin/builder/spi-builder-workspace/Lib/Scale/ScaleTransformView.swift (in target 'CollectionViewPagingLayout' from project 'CollectionViewPagingLayout')
SwiftCompile normal arm64 /Users/admin/builder/spi-builder-workspace/Lib/CollectionViewPagingLayout.swift (in target 'CollectionViewPagingLayout' from project 'CollectionViewPagingLayout')
cd /Users/admin/builder/spi-builder-workspace/.swiftpm/xcode
builtin-SwiftPerFileCompile CollectionViewPagingLayout.swift
SwiftCompile normal arm64 /Users/admin/builder/spi-builder-workspace/Lib/Scale/ScaleTransformView.swift (in target 'CollectionViewPagingLayout' from project 'CollectionViewPagingLayout')
cd /Users/admin/builder/spi-builder-workspace/.swiftpm/xcode
builtin-SwiftPerFileCompile ScaleTransformView.swift
SwiftCompile normal arm64 Compiling\ SnapshotContainerView.swift,\ SnapshotTransformView.swift /Users/admin/builder/spi-builder-workspace/Lib/Snapshot/SnapshotContainerView.swift /Users/admin/builder/spi-builder-workspace/Lib/Snapshot/SnapshotTransformView.swift (in target 'CollectionViewPagingLayout' from project 'CollectionViewPagingLayout')
/Users/admin/builder/spi-builder-workspace/Lib/Snapshot/SnapshotTransformView.swift:106:90: error: 'UIScreen' is unavailable in visionOS
104 | snapshot.alpha = 1
105 | // hide the original view, we apply transform on the snapshot
106 | targetView.transform = CGAffineTransform.identity.translatedBy(x: 0, y: -2 * UIScreen.main.bounds.height)
| `- error: 'UIScreen' is unavailable in visionOS
107 | }
108 | snapshot.transform(progress: progress, options: snapshotOptions)
/Applications/Xcode-27.0.0-Release.Candidate.app/Contents/Developer/Platforms/XROS.platform/Developer/SDKs/XROS27.0.sdk/System/Library/Frameworks/UIKit.framework/Headers/UIScreen.h:54:12: note: 'UIScreen' has been explicitly marked unavailable here
52 |
53 | UIKIT_EXTERN API_AVAILABLE(ios(2.0)) API_UNAVAILABLE(visionos, watchos) NS_SWIFT_UI_ACTOR
54 | @interface UIScreen : NSObject <UITraitEnvironment>
| `- note: 'UIScreen' has been explicitly marked unavailable here
55 |
56 | @property(class, nonatomic, readonly) NSArray<UIScreen *> *screens API_DEPRECATED("Use UIApplication.shared.openSessions to find open sessions with scenes from other screens", ios(3.2, 16.0), visionos(1.0, 1.0)) API_UNAVAILABLE(watchos); // all screens currently attached to the device
Failed frontend command:
/Applications/Xcode-27.0.0-Release.Candidate.app/Contents/Developer/Toolchains/XcodeDefault.xctoolchain/usr/bin/swift-frontend -frontend -c /Users/admin/builder/spi-builder-workspace/Lib/BlurEffectView.swift /Users/admin/builder/spi-builder-workspace/Lib/CollectionViewPagingLayout.ZPositionHandler.swift /Users/admin/builder/spi-builder-workspace/Lib/CollectionViewPagingLayout.swift /Users/admin/builder/spi-builder-workspace/Lib/Scale/ScaleTransformView.swift /Users/admin/builder/spi-builder-workspace/Lib/Scale/ScaleTransformViewOptions+Layout.swift /Users/admin/builder/spi-builder-workspace/Lib/Scale/ScaleTransformViewOptions.Rotation3dOptions.swift /Users/admin/builder/spi-builder-workspace/Lib/Scale/ScaleTransformViewOptions.Translation3dOptions.swift /Users/admin/builder/spi-builder-workspace/Lib/Scale/ScaleTransformViewOptions.swift -primary-file /Users/admin/builder/spi-builder-workspace/Lib/Snapshot/SnapshotContainerView.swift -primary-file /Users/admin/builder/spi-builder-workspace/Lib/Snapshot/SnapshotTransformView.swift /Users/admin/builder/spi-builder-workspace/Lib/Snapshot/SnapshotTransformViewOptions+Layout.swift /Users/admin/builder/spi-builder-workspace/Lib/Snapshot/SnapshotTransformViewOptions.PiecePosition.swift /Users/admin/builder/spi-builder-workspace/Lib/Snapshot/SnapshotTransformViewOptions.PiecesValue.swift /Users/admin/builder/spi-builder-workspace/Lib/Snapshot/SnapshotTransformViewOptions.swift /Users/admin/builder/spi-builder-workspace/Lib/Stack/StackTransformView.swift /Users/admin/builder/spi-builder-workspace/Lib/Stack/StackTransformViewOptions+Layout.swift /Users/admin/builder/spi-builder-workspace/Lib/Stack/StackTransformViewOptions.swift /Users/admin/builder/spi-builder-workspace/Lib/SwiftUI/PagePadding.swift /Users/admin/builder/spi-builder-workspace/Lib/SwiftUI/PagingCollectionViewCell.swift /Users/admin/builder/spi-builder-workspace/Lib/SwiftUI/PagingCollectionViewController.swift /Users/admin/builder/spi-builder-workspace/Lib/SwiftUI/PagingCollectionViewControllerBuilder.swift /Users/admin/builder/spi-builder-workspace/Lib/SwiftUI/PagingCollectionViewModifierData.swift /Users/admin/builder/spi-builder-workspace/Lib/SwiftUI/ScalePageView.swift /Users/admin/builder/spi-builder-workspace/Lib/SwiftUI/SnapshotPageView.swift /Users/admin/builder/spi-builder-workspace/Lib/SwiftUI/StackPageView.swift /Users/admin/builder/spi-builder-workspace/Lib/SwiftUI/TransformPageView.swift /Users/admin/builder/spi-builder-workspace/Lib/SwiftUI/TransformPageViewProtocol.swift /Users/admin/builder/spi-builder-workspace/Lib/TransformCurve.swift /Users/admin/builder/spi-builder-workspace/Lib/TransformableView.swift /Users/admin/builder/spi-builder-workspace/Lib/Utilities/CGFloat+Interpolate.swift /Users/admin/builder/spi-builder-workspace/Lib/Utilities/CGFloat+Range.swift /Users/admin/builder/spi-builder-workspace/Lib/Utilities/Multipliable.swift /Users/admin/builder/spi-builder-workspace/Lib/Utilities/UIView+Utilities.swift /Users/admin/builder/spi-builder-workspace/Lib/ViewAnimator.swift -emit-dependencies-path /Users/admin/builder/spi-builder-workspace/.derivedData/Build/Intermediates.noindex/CollectionViewPagingLayout.build/Debug-xros/CollectionViewPagingLayout-t.build/Objects-normal/arm64/SnapshotContainerView.d -emit-const-values-path /Users/admin/builder/spi-builder-workspace/.derivedData/Build/Intermediates.noindex/CollectionViewPagingLayout.build/Debug-xros/CollectionViewPagingLayout-t.build/Objects-normal/arm64/SnapshotContainerView.swiftconstvalues -emit-reference-dependencies-path /Users/admin/builder/spi-builder-workspace/.derivedData/Build/Intermediates.noindex/CollectionViewPagingLayout.build/Debug-xros/CollectionViewPagingLayout-t.build/Objects-normal/arm64/SnapshotContainerView.swiftdeps -serialize-diagnostics-path /Users/admin/builder/spi-builder-workspace/.derivedData/Build/Intermediates.noindex/CollectionViewPagingLayout.build/Debug-xros/CollectionViewPagingLayout-t.build/Objects-normal/arm64/SnapshotContainerView.dia -emit-dependencies-path /Users/admin/builder/spi-builder-workspace/.derivedData/Build/Intermediates.noindex/CollectionViewPagingLayout.build/Debug-xros/CollectionViewPagingLayout-t.build/Objects-normal/arm64/SnapshotTransformView.d -emit-const-values-path /Users/admin/builder/spi-builder-workspace/.derivedData/Build/Intermediates.noindex/CollectionViewPagingLayout.build/Debug-xros/CollectionViewPagingLayout-t.build/Objects-normal/arm64/SnapshotTransformView.swiftconstvalues -emit-reference-dependencies-path /Users/admin/builder/spi-builder-workspace/.derivedData/Build/Intermediates.noindex/CollectionViewPagingLayout.build/Debug-xros/CollectionViewPagingLayout-t.build/Objects-normal/arm64/SnapshotTransformView.swiftdeps -serialize-diagnostics-path /Users/admin/builder/spi-builder-workspace/.derivedData/Build/Intermediates.noindex/CollectionViewPagingLayout.build/Debug-xros/CollectionViewPagingLayout-t.build/Objects-normal/arm64/SnapshotTransformView.dia -target arm64-apple-xros1.0 -disable-cross-import-overlay-search -load-resolved-plugin /Applications/Xcode-27.0.0-Release.Candidate.app/Contents/Developer/Platforms/XROS.platform/Developer/usr/lib/swift/host/plugins/libFoundationMacros.dylib\#/Applications/Xcode-27.0.0-Release.Candidate.app/Contents/Developer/Platforms/XROS.platform/Developer/usr/bin/swift-plugin-server\#FoundationMacros -load-resolved-plugin /Applications/Xcode-27.0.0-Release.Candidate.app/Contents/Developer/Platforms/XROS.platform/Developer/usr/lib/swift/host/plugins/libObservationMacros.dylib\#/Applications/Xcode-27.0.0-Release.Candidate.app/Contents/Developer/Platforms/XROS.platform/Developer/usr/bin/swift-plugin-server\#ObservationMacros -load-resolved-plugin /Applications/Xcode-27.0.0-Release.Candidate.app/Contents/Developer/Platforms/XROS.platform/Developer/usr/lib/swift/host/plugins/libPreviewsMacros.dylib\#/Applications/Xcode-27.0.0-Release.Candidate.app/Contents/Developer/Platforms/XROS.platform/Developer/usr/bin/swift-plugin-server\#PreviewsMacros -load-resolved-plugin /Applications/Xcode-27.0.0-Release.Candidate.app/Contents/Developer/Platforms/XROS.platform/Developer/usr/lib/swift/host/plugins/libSwiftMacros.dylib\#/Applications/Xcode-27.0.0-Release.Candidate.app/Contents/Developer/Platforms/XROS.platform/Developer/usr/bin/swift-plugin-server\#SwiftMacros -load-resolved-plugin /Applications/Xcode-27.0.0-Release.Candidate.app/Contents/Developer/Platforms/XROS.platform/Developer/usr/lib/swift/host/plugins/libSwiftUIMacros.dylib\#/Applications/Xcode-27.0.0-Release.Candidate.app/Contents/Developer/Platforms/XROS.platform/Developer/usr/bin/swift-plugin-server\#SwiftUIMacros -disable-implicit-swift-modules -Xcc -fno-implicit-modules -Xcc -fno-implicit-module-maps -explicit-swift-module-map-file /Users/admin/builder/spi-builder-workspace/.derivedData/Build/Intermediates.noindex/CollectionViewPagingLayout.build/Debug-xros/CollectionViewPagingLayout-t.build/Objects-normal/arm64/CollectionViewPagingLayout-dependencies-1.json -Xllvm -aarch64-use-tbi -enable-objc-interop -stack-check -sdk /Applications/Xcode-27.0.0-Release.Candidate.app/Contents/Developer/Platforms/XROS.platform/Developer/SDKs/XROS27.0.sdk -I /Users/admin/builder/spi-builder-workspace/.derivedData/Build/Products/Debug-xros -Isystem /Applications/Xcode-27.0.0-Release.Candidate.app/Contents/Developer/Platforms/XROS.platform/Developer/usr/lib -F /Users/admin/builder/spi-builder-workspace/.derivedData/Build/Products/Debug-xros -F /Applications/Xcode-27.0.0-Release.Candidate.app/Contents/Developer/Platforms/XROS.platform/Developer/Library/Frameworks -F /Applications/Xcode-27.0.0-Release.Candidate.app/Contents/Developer/Platforms/XROS.platform/Developer/SDKs/XROS27.0.sdk/Developer/Library/Frameworks -module-cache-path /Users/admin/builder/spi-builder-workspace/.derivedData/Build/Intermediates.noindex/SwiftExplicitPrecompiledModules -no-color-diagnostics -Xcc -fno-color-diagnostics -enable-testing -g -debug-info-format\=dwarf -dwarf-version\=4 -swift-version 5 -Onone -D SWIFT_PACKAGE -D DEBUG -D SWIFT_MODULE_RESOURCE_BUNDLE_UNAVAILABLE -D Xcode -serialize-debugging-options -enable-experimental-feature DebugDescriptionMacro -empty-abi-descriptor -validate-clang-modules-once -clang-build-session-file /Users/admin/builder/spi-builder-workspace/.derivedData/ModuleCache.noindex/Session.modulevalidation -Xcc -working-directory -Xcc /Users/admin/builder/spi-builder-workspace/.swiftpm/xcode -enable-anonymous-context-mangled-names -file-compilation-dir /Users/admin/builder/spi-builder-workspace/.swiftpm/xcode -Xcc -D_LIBCPP_HARDENING_MODE\=_LIBCPP_HARDENING_MODE_DEBUG -Xcc -ivfsstatcache -Xcc /Users/admin/builder/spi-builder-workspace/.derivedData/SDKStatCaches.noindex/xros27.0-24M361-e829b21a6f8c9b70876ba0858053c044735bd543db762f57723cac368afd1ce4.sdkstatcache -Xcc -fmodules-prune-interval\=86400 -Xcc -fmodules-prune-after\=345600 -Xcc -I/Users/admin/builder/spi-builder-workspace/.derivedData/Build/Products/Debug-xros/include -Xcc -I/Users/admin/builder/spi-builder-workspace/.derivedData/Build/Intermediates.noindex/CollectionViewPagingLayout.build/Debug-xros/CollectionViewPagingLayout-t.build/DerivedSources-normal/arm64 -Xcc -I/Users/admin/builder/spi-builder-workspace/.derivedData/Build/Intermediates.noindex/CollectionViewPagingLayout.build/Debug-xros/CollectionViewPagingLayout-t.build/DerivedSources/arm64 -Xcc -I/Users/admin/builder/spi-builder-workspace/.derivedData/Build/Intermediates.noindex/CollectionViewPagingLayout.build/Debug-xros/CollectionViewPagingLayout-t.build/DerivedSources -Xcc -DSWIFT_PACKAGE -Xcc -DDEBUG\=1 -no-auto-bridging-header-chaining -module-name CollectionViewPagingLayout -const-gather-protocols-file /Users/admin/builder/spi-builder-workspace/.derivedData/Build/Intermediates.noindex/CollectionViewPagingLayout.build/Debug-xros/CollectionViewPagingLayout-t.build/Objects-normal/arm64/CollectionViewPagingLayout_const_extract_protocols.json -disable-clang-spi -clang-target arm64-apple-xros27.0 -target-sdk-version 27.0 -target-sdk-name xros27.0 -in-process-plugin-server-path /Applications/Xcode-27.0.0-Release.Candidate.app/Contents/Developer/Toolchains/XcodeDefault.xctoolchain/usr/lib/swift/host/libSwiftInProcPluginServer.dylib -parse-as-library -o /Users/admin/builder/spi-builder-workspace/.derivedData/Build/Intermediates.noindex/CollectionViewPagingLayout.build/Debug-xros/CollectionViewPagingLayout-t.build/Objects-normal/arm64/SnapshotContainerView.o -o /Users/admin/builder/spi-builder-workspace/.derivedData/Build/Intermediates.noindex/CollectionViewPagingLayout.build/Debug-xros/CollectionViewPagingLayout-t.build/Objects-normal/arm64/SnapshotTransformView.o -debug-module-path /Users/admin/builder/spi-builder-workspace/.derivedData/Build/Intermediates.noindex/CollectionViewPagingLayout.build/Debug-xros/CollectionViewPagingLayout-t.build/Objects-normal/arm64/CollectionViewPagingLayout.swiftmodule -index-unit-output-path /CollectionViewPagingLayout.build/Debug-xros/CollectionViewPagingLayout-t.build/Objects-normal/arm64/SnapshotContainerView.o -index-unit-output-path /CollectionViewPagingLayout.build/Debug-xros/CollectionViewPagingLayout-t.build/Objects-normal/arm64/SnapshotTransformView.o -index-store-path /Users/admin/builder/spi-builder-workspace/.derivedData/Index.noindex/DataStore -index-system-modules
SwiftCompile normal arm64 /Users/admin/builder/spi-builder-workspace/Lib/Snapshot/SnapshotContainerView.swift (in target 'CollectionViewPagingLayout' from project 'CollectionViewPagingLayout')
cd /Users/admin/builder/spi-builder-workspace/.swiftpm/xcode
builtin-SwiftPerFileCompile SnapshotContainerView.swift
SwiftCompile normal arm64 /Users/admin/builder/spi-builder-workspace/Lib/Snapshot/SnapshotTransformView.swift (in target 'CollectionViewPagingLayout' from project 'CollectionViewPagingLayout')
cd /Users/admin/builder/spi-builder-workspace/.swiftpm/xcode
builtin-SwiftPerFileCompile SnapshotTransformView.swift
SwiftCompile normal arm64 Compiling\ SnapshotTransformViewOptions+Layout.swift,\ SnapshotTransformViewOptions.PiecePosition.swift /Users/admin/builder/spi-builder-workspace/Lib/Snapshot/SnapshotTransformViewOptions+Layout.swift /Users/admin/builder/spi-builder-workspace/Lib/Snapshot/SnapshotTransformViewOptions.PiecePosition.swift (in target 'CollectionViewPagingLayout' from project 'CollectionViewPagingLayout')
SwiftCompile normal arm64 /Users/admin/builder/spi-builder-workspace/Lib/Snapshot/SnapshotTransformViewOptions+Layout.swift (in target 'CollectionViewPagingLayout' from project 'CollectionViewPagingLayout')
cd /Users/admin/builder/spi-builder-workspace/.swiftpm/xcode
builtin-SwiftPerFileCompile SnapshotTransformViewOptions+Layout.swift
SwiftCompile normal arm64 /Users/admin/builder/spi-builder-workspace/Lib/Snapshot/SnapshotTransformViewOptions.PiecePosition.swift (in target 'CollectionViewPagingLayout' from project 'CollectionViewPagingLayout')
cd /Users/admin/builder/spi-builder-workspace/.swiftpm/xcode
builtin-SwiftPerFileCompile SnapshotTransformViewOptions.PiecePosition.swift
SwiftCompile normal arm64 Compiling\ ScalePageView.swift,\ SnapshotPageView.swift /Users/admin/builder/spi-builder-workspace/Lib/SwiftUI/ScalePageView.swift /Users/admin/builder/spi-builder-workspace/Lib/SwiftUI/SnapshotPageView.swift (in target 'CollectionViewPagingLayout' from project 'CollectionViewPagingLayout')
SwiftCompile normal arm64 /Users/admin/builder/spi-builder-workspace/Lib/SwiftUI/ScalePageView.swift (in target 'CollectionViewPagingLayout' from project 'CollectionViewPagingLayout')
cd /Users/admin/builder/spi-builder-workspace/.swiftpm/xcode
builtin-SwiftPerFileCompile ScalePageView.swift
SwiftCompile normal arm64 /Users/admin/builder/spi-builder-workspace/Lib/SwiftUI/SnapshotPageView.swift (in target 'CollectionViewPagingLayout' from project 'CollectionViewPagingLayout')
cd /Users/admin/builder/spi-builder-workspace/.swiftpm/xcode
builtin-SwiftPerFileCompile SnapshotPageView.swift
SwiftEmitModule normal arm64 Emitting\ module\ for\ CollectionViewPagingLayout (in target 'CollectionViewPagingLayout' from project 'CollectionViewPagingLayout')
/Users/admin/builder/spi-builder-workspace/Lib/SwiftUI/PagingCollectionViewModifierData.swift:38:17: warning: generic parameter 'T' shadows generic parameter from outer scope with the same name; this is an error in the Swift 6 language mode
32 | }
33 |
34 | struct CollectionViewProperty<T>: CollectionViewPropertyProtocol {
| `- note: 'T' previously declared here
35 | let keyPath: WritableKeyPath<UICollectionView, T>
36 | let value: T
37 |
38 | func getKey<T>() -> WritableKeyPath<UICollectionView, T>? {
| `- warning: generic parameter 'T' shadows generic parameter from outer scope with the same name; this is an error in the Swift 6 language mode
39 | keyPath as? WritableKeyPath<UICollectionView, T>
40 | }
SwiftCompile normal arm64 (in target 'CollectionViewPagingLayout' from project 'CollectionViewPagingLayout')
cd /Users/admin/builder/spi-builder-workspace/.swiftpm/xcode
SwiftCompile normal arm64 Compiling\ StackPageView.swift,\ TransformPageView.swift /Users/admin/builder/spi-builder-workspace/Lib/SwiftUI/StackPageView.swift /Users/admin/builder/spi-builder-workspace/Lib/SwiftUI/TransformPageView.swift (in target 'CollectionViewPagingLayout' from project 'CollectionViewPagingLayout')
SwiftCompile normal arm64 /Users/admin/builder/spi-builder-workspace/Lib/SwiftUI/StackPageView.swift (in target 'CollectionViewPagingLayout' from project 'CollectionViewPagingLayout')
cd /Users/admin/builder/spi-builder-workspace/.swiftpm/xcode
builtin-SwiftPerFileCompile StackPageView.swift
SwiftCompile normal arm64 /Users/admin/builder/spi-builder-workspace/Lib/SwiftUI/TransformPageView.swift (in target 'CollectionViewPagingLayout' from project 'CollectionViewPagingLayout')
cd /Users/admin/builder/spi-builder-workspace/.swiftpm/xcode
builtin-SwiftPerFileCompile TransformPageView.swift
SwiftCompile normal arm64 Compiling\ PagingCollectionViewControllerBuilder.swift,\ PagingCollectionViewModifierData.swift /Users/admin/builder/spi-builder-workspace/Lib/SwiftUI/PagingCollectionViewControllerBuilder.swift /Users/admin/builder/spi-builder-workspace/Lib/SwiftUI/PagingCollectionViewModifierData.swift (in target 'CollectionViewPagingLayout' from project 'CollectionViewPagingLayout')
/Users/admin/builder/spi-builder-workspace/Lib/SwiftUI/PagingCollectionViewModifierData.swift:38:17: warning: generic parameter 'T' shadows generic parameter from outer scope with the same name; this is an error in the Swift 6 language mode
32 | }
33 |
34 | struct CollectionViewProperty<T>: CollectionViewPropertyProtocol {
| `- note: 'T' previously declared here
35 | let keyPath: WritableKeyPath<UICollectionView, T>
36 | let value: T
37 |
38 | func getKey<T>() -> WritableKeyPath<UICollectionView, T>? {
| `- warning: generic parameter 'T' shadows generic parameter from outer scope with the same name; this is an error in the Swift 6 language mode
39 | keyPath as? WritableKeyPath<UICollectionView, T>
40 | }
SwiftCompile normal arm64 /Users/admin/builder/spi-builder-workspace/Lib/SwiftUI/PagingCollectionViewControllerBuilder.swift (in target 'CollectionViewPagingLayout' from project 'CollectionViewPagingLayout')
cd /Users/admin/builder/spi-builder-workspace/.swiftpm/xcode
builtin-SwiftPerFileCompile PagingCollectionViewControllerBuilder.swift
SwiftCompile normal arm64 /Users/admin/builder/spi-builder-workspace/Lib/SwiftUI/PagingCollectionViewModifierData.swift (in target 'CollectionViewPagingLayout' from project 'CollectionViewPagingLayout')
cd /Users/admin/builder/spi-builder-workspace/.swiftpm/xcode
builtin-SwiftPerFileCompile PagingCollectionViewModifierData.swift
SwiftCompile normal arm64 Compiling\ TransformPageViewProtocol.swift,\ TransformCurve.swift /Users/admin/builder/spi-builder-workspace/Lib/SwiftUI/TransformPageViewProtocol.swift /Users/admin/builder/spi-builder-workspace/Lib/TransformCurve.swift (in target 'CollectionViewPagingLayout' from project 'CollectionViewPagingLayout')
SwiftCompile normal arm64 /Users/admin/builder/spi-builder-workspace/Lib/SwiftUI/TransformPageViewProtocol.swift (in target 'CollectionViewPagingLayout' from project 'CollectionViewPagingLayout')
cd /Users/admin/builder/spi-builder-workspace/.swiftpm/xcode
builtin-SwiftPerFileCompile TransformPageViewProtocol.swift
SwiftCompile normal arm64 /Users/admin/builder/spi-builder-workspace/Lib/TransformCurve.swift (in target 'CollectionViewPagingLayout' from project 'CollectionViewPagingLayout')
cd /Users/admin/builder/spi-builder-workspace/.swiftpm/xcode
builtin-SwiftPerFileCompile TransformCurve.swift
SwiftCompile normal arm64 Compiling\ PagingCollectionViewCell.swift,\ PagingCollectionViewController.swift /Users/admin/builder/spi-builder-workspace/Lib/SwiftUI/PagingCollectionViewCell.swift /Users/admin/builder/spi-builder-workspace/Lib/SwiftUI/PagingCollectionViewController.swift (in target 'CollectionViewPagingLayout' from project 'CollectionViewPagingLayout')
SwiftCompile normal arm64 /Users/admin/builder/spi-builder-workspace/Lib/SwiftUI/PagingCollectionViewCell.swift (in target 'CollectionViewPagingLayout' from project 'CollectionViewPagingLayout')
cd /Users/admin/builder/spi-builder-workspace/.swiftpm/xcode
builtin-SwiftPerFileCompile PagingCollectionViewCell.swift
SwiftCompile normal arm64 /Users/admin/builder/spi-builder-workspace/Lib/SwiftUI/PagingCollectionViewController.swift (in target 'CollectionViewPagingLayout' from project 'CollectionViewPagingLayout')
cd /Users/admin/builder/spi-builder-workspace/.swiftpm/xcode
builtin-SwiftPerFileCompile PagingCollectionViewController.swift
SwiftDriverJobDiscovery normal arm64 Compiling StackTransformViewOptions.swift, PagePadding.swift (in target 'CollectionViewPagingLayout' from project 'CollectionViewPagingLayout')
SwiftCompile normal arm64 Compiling\ StackTransformViewOptions+Layout.swift /Users/admin/builder/spi-builder-workspace/Lib/Stack/StackTransformViewOptions+Layout.swift (in target 'CollectionViewPagingLayout' from project 'CollectionViewPagingLayout')
SwiftCompile normal arm64 /Users/admin/builder/spi-builder-workspace/Lib/Stack/StackTransformViewOptions+Layout.swift (in target 'CollectionViewPagingLayout' from project 'CollectionViewPagingLayout')
cd /Users/admin/builder/spi-builder-workspace/.swiftpm/xcode
builtin-SwiftPerFileCompile StackTransformViewOptions+Layout.swift
SwiftDriverJobDiscovery normal arm64 Compiling SnapshotTransformViewOptions+Layout.swift, SnapshotTransformViewOptions.PiecePosition.swift (in target 'CollectionViewPagingLayout' from project 'CollectionViewPagingLayout')
SwiftCompile normal arm64 Compiling\ SnapshotTransformViewOptions.swift /Users/admin/builder/spi-builder-workspace/Lib/Snapshot/SnapshotTransformViewOptions.swift (in target 'CollectionViewPagingLayout' from project 'CollectionViewPagingLayout')
SwiftCompile normal arm64 /Users/admin/builder/spi-builder-workspace/Lib/Snapshot/SnapshotTransformViewOptions.swift (in target 'CollectionViewPagingLayout' from project 'CollectionViewPagingLayout')
cd /Users/admin/builder/spi-builder-workspace/.swiftpm/xcode
builtin-SwiftPerFileCompile SnapshotTransformViewOptions.swift
SwiftDriverJobDiscovery normal arm64 Compiling BlurEffectView.swift, CollectionViewPagingLayout.ZPositionHandler.swift (in target 'CollectionViewPagingLayout' from project 'CollectionViewPagingLayout')
PruneExplicitPrecompiledModules /Users/admin/builder/spi-builder-workspace/.derivedData/SDKExplicitPrecompiledModules
PruneExplicitPrecompiledModules /Users/admin/builder/spi-builder-workspace/.derivedData/Build/Intermediates.noindex/ExplicitPrecompiledModules
PruneExplicitPrecompiledModules /Users/admin/builder/spi-builder-workspace/.derivedData/Build/Intermediates.noindex/SwiftExplicitPrecompiledModules
2026-09-18 02:31:35.661 xcodebuild[868:5357] [MT] IDERunDestination: Supported platforms for the buildables in the current scheme is empty.
** BUILD FAILED **
The following build commands failed:
SwiftCompile normal arm64 Compiling\ SnapshotContainerView.swift,\ SnapshotTransformView.swift /Users/admin/builder/spi-builder-workspace/Lib/Snapshot/SnapshotContainerView.swift /Users/admin/builder/spi-builder-workspace/Lib/Snapshot/SnapshotTransformView.swift (in target 'CollectionViewPagingLayout' from project 'CollectionViewPagingLayout')
SwiftCompile normal arm64 /Users/admin/builder/spi-builder-workspace/Lib/Snapshot/SnapshotTransformView.swift (in target 'CollectionViewPagingLayout' from project 'CollectionViewPagingLayout')
Building workspace CollectionViewPagingLayout with scheme CollectionViewPagingLayout
(3 failures)
BUILD FAILURE 6.4 visionOS