Build Information
Failed to build Toggles, reference 1.1.1 (8a6311), with Swift 6.4 for watchOS using Xcode 27.0 on 27 Sep 2026 15:35:45 UTC.
Build Command
env DEVELOPER_DIR=/Applications/Xcode-27.0.0-Release.Candidate.app xcrun xcodebuild -IDEClonedSourcePackagesDirPathOverride=$PWD/.dependencies -skipMacroValidation -skipPackagePluginValidation -derivedDataPath $PWD/.derivedData build -scheme Toggles -destination generic/platform=watchOSBuild Log
cd /Users/admin/builder/spi-builder-workspace/.swiftpm/xcode
builtin-create-build-directory /Users/admin/builder/spi-builder-workspace/.derivedData/ModuleCache.noindex
CreateBuildDirectory /Users/admin/builder/spi-builder-workspace/.derivedData/CompilationCache.noindex
cd /Users/admin/builder/spi-builder-workspace/.swiftpm/xcode
builtin-create-build-directory /Users/admin/builder/spi-builder-workspace/.derivedData/CompilationCache.noindex
ClangStatCache /Applications/Xcode-27.0.0-Release.Candidate.app/Contents/Developer/Toolchains/XcodeDefault.xctoolchain/usr/bin/clang-stat-cache /Applications/Xcode-27.0.0-Release.Candidate.app/Contents/Developer/Platforms/WatchOS.platform/Developer/SDKs/WatchOS27.0.sdk /Users/admin/builder/spi-builder-workspace/.derivedData/SDKStatCaches.noindex/watchos27.0-24R360-e829b21a6f8c9b70876ba0858053c04477534ef55a1706bf4c1112bbb242f0a2.sdkstatcache
cd /Users/admin/builder/spi-builder-workspace/.swiftpm/xcode
/Applications/Xcode-27.0.0-Release.Candidate.app/Contents/Developer/Toolchains/XcodeDefault.xctoolchain/usr/bin/clang-stat-cache /Applications/Xcode-27.0.0-Release.Candidate.app/Contents/Developer/Platforms/WatchOS.platform/Developer/SDKs/WatchOS27.0.sdk -o /Users/admin/builder/spi-builder-workspace/.derivedData/SDKStatCaches.noindex/watchos27.0-24R360-e829b21a6f8c9b70876ba0858053c04477534ef55a1706bf4c1112bbb242f0a2.sdkstatcache
CreateBuildDirectory /Users/admin/builder/spi-builder-workspace/.derivedData/Build/Intermediates.noindex
cd /Users/admin/builder/spi-builder-workspace/.swiftpm/xcode
builtin-create-build-directory /Users/admin/builder/spi-builder-workspace/.derivedData/Build/Intermediates.noindex
CreateBuildDirectory /Users/admin/builder/spi-builder-workspace/.derivedData/Build/Products
cd /Users/admin/builder/spi-builder-workspace/.swiftpm/xcode
builtin-create-build-directory /Users/admin/builder/spi-builder-workspace/.derivedData/Build/Products
CreateBuildDirectory /Users/admin/builder/spi-builder-workspace/.derivedData/Build/Intermediates.noindex/SwiftExplicitPrecompiledModules
cd /Users/admin/builder/spi-builder-workspace/.swiftpm/xcode
builtin-create-build-directory /Users/admin/builder/spi-builder-workspace/.derivedData/Build/Intermediates.noindex/SwiftExplicitPrecompiledModules
CreateBuildDirectory /Users/admin/builder/spi-builder-workspace/.derivedData/Build/Intermediates.noindex/PrecompiledHeaders
cd /Users/admin/builder/spi-builder-workspace/.swiftpm/xcode
builtin-create-build-directory /Users/admin/builder/spi-builder-workspace/.derivedData/Build/Intermediates.noindex/PrecompiledHeaders
CreateBuildDirectory /Users/admin/builder/spi-builder-workspace/.derivedData/Build/Intermediates.noindex/ExplicitPrecompiledModules
cd /Users/admin/builder/spi-builder-workspace/.swiftpm/xcode
builtin-create-build-directory /Users/admin/builder/spi-builder-workspace/.derivedData/Build/Intermediates.noindex/ExplicitPrecompiledModules
CreateBuildDirectory /Users/admin/builder/spi-builder-workspace/.derivedData/Build/Intermediates.noindex/EagerLinkingTBDs/Debug-watchos
cd /Users/admin/builder/spi-builder-workspace/.swiftpm/xcode
builtin-create-build-directory /Users/admin/builder/spi-builder-workspace/.derivedData/Build/Intermediates.noindex/EagerLinkingTBDs/Debug-watchos
CreateBuildDirectory /Users/admin/builder/spi-builder-workspace/.derivedData/Build/Products/Debug-watchos
cd /Users/admin/builder/spi-builder-workspace/.swiftpm/xcode
builtin-create-build-directory /Users/admin/builder/spi-builder-workspace/.derivedData/Build/Products/Debug-watchos
CreateBuildDirectory /Users/admin/builder/spi-builder-workspace/.derivedData/Build/Products/Debug-watchos/PackageFrameworks
cd /Users/admin/builder/spi-builder-workspace/.swiftpm/xcode
builtin-create-build-directory /Users/admin/builder/spi-builder-workspace/.derivedData/Build/Products/Debug-watchos/PackageFrameworks
MkDir /Users/admin/builder/spi-builder-workspace/.derivedData/Build/Products/Debug-watchos/Toggles_Toggles.bundle (in target 'Toggles_Toggles' from project 'Toggles')
cd /Users/admin/builder/spi-builder-workspace
/bin/mkdir -p /Users/admin/builder/spi-builder-workspace/.derivedData/Build/Products/Debug-watchos/Toggles_Toggles.bundle
MkDir /Users/admin/builder/spi-builder-workspace/.derivedData/Build/Products/Debug-watchos/Toggles_TogglesTests.bundle (in target 'Toggles_TogglesTests' from project 'Toggles')
cd /Users/admin/builder/spi-builder-workspace
/bin/mkdir -p /Users/admin/builder/spi-builder-workspace/.derivedData/Build/Products/Debug-watchos/Toggles_TogglesTests.bundle
WriteAuxiliaryFile /Users/admin/builder/spi-builder-workspace/.derivedData/Build/Intermediates.noindex/Toggles.build/Debug-watchos/Toggles_TogglesTests-b.build/Toggles_TogglesTests.DependencyMetadataFileList (in target 'Toggles_TogglesTests' from project 'Toggles')
cd /Users/admin/builder/spi-builder-workspace
write-file /Users/admin/builder/spi-builder-workspace/.derivedData/Build/Intermediates.noindex/Toggles.build/Debug-watchos/Toggles_TogglesTests-b.build/Toggles_TogglesTests.DependencyMetadataFileList
WriteAuxiliaryFile /Users/admin/builder/spi-builder-workspace/.derivedData/Build/Intermediates.noindex/Toggles.build/Debug-watchos/Toggles_TogglesTests-b.build/empty-Toggles_TogglesTests.plist (in target 'Toggles_TogglesTests' from project 'Toggles')
cd /Users/admin/builder/spi-builder-workspace
write-file /Users/admin/builder/spi-builder-workspace/.derivedData/Build/Intermediates.noindex/Toggles.build/Debug-watchos/Toggles_TogglesTests-b.build/empty-Toggles_TogglesTests.plist
WriteAuxiliaryFile /Users/admin/builder/spi-builder-workspace/.derivedData/Build/Intermediates.noindex/Toggles.build/Debug-watchos/Toggles_TogglesTests-b.build/Toggles_TogglesTests.DependencyStaticMetadataFileList (in target 'Toggles_TogglesTests' from project 'Toggles')
cd /Users/admin/builder/spi-builder-workspace
write-file /Users/admin/builder/spi-builder-workspace/.derivedData/Build/Intermediates.noindex/Toggles.build/Debug-watchos/Toggles_TogglesTests-b.build/Toggles_TogglesTests.DependencyStaticMetadataFileList
WriteAuxiliaryFile /Users/admin/builder/spi-builder-workspace/.derivedData/Build/Intermediates.noindex/Toggles.build/Debug-watchos/Toggles_Toggles-b.build/empty-Toggles_Toggles.plist (in target 'Toggles_Toggles' from project 'Toggles')
cd /Users/admin/builder/spi-builder-workspace
write-file /Users/admin/builder/spi-builder-workspace/.derivedData/Build/Intermediates.noindex/Toggles.build/Debug-watchos/Toggles_Toggles-b.build/empty-Toggles_Toggles.plist
WriteAuxiliaryFile /Users/admin/builder/spi-builder-workspace/.derivedData/Build/Intermediates.noindex/Toggles.build/Debug-watchos/Toggles_Toggles-b.build/Toggles_Toggles.DependencyStaticMetadataFileList (in target 'Toggles_Toggles' from project 'Toggles')
cd /Users/admin/builder/spi-builder-workspace
write-file /Users/admin/builder/spi-builder-workspace/.derivedData/Build/Intermediates.noindex/Toggles.build/Debug-watchos/Toggles_Toggles-b.build/Toggles_Toggles.DependencyStaticMetadataFileList
WriteAuxiliaryFile /Users/admin/builder/spi-builder-workspace/.derivedData/Build/Intermediates.noindex/Toggles.build/Debug-watchos/Toggles_Toggles-b.build/Toggles_Toggles.DependencyMetadataFileList (in target 'Toggles_Toggles' from project 'Toggles')
cd /Users/admin/builder/spi-builder-workspace
write-file /Users/admin/builder/spi-builder-workspace/.derivedData/Build/Intermediates.noindex/Toggles.build/Debug-watchos/Toggles_Toggles-b.build/Toggles_Toggles.DependencyMetadataFileList
WriteAuxiliaryFile /Users/admin/builder/spi-builder-workspace/.derivedData/Build/Intermediates.noindex/Toggles.build/Debug-watchos/Toggles-t.build/Toggles.modulemap (in target 'Toggles' from project 'Toggles')
cd /Users/admin/builder/spi-builder-workspace
write-file /Users/admin/builder/spi-builder-workspace/.derivedData/Build/Intermediates.noindex/Toggles.build/Debug-watchos/Toggles-t.build/Toggles.modulemap
WriteAuxiliaryFile /Users/admin/builder/spi-builder-workspace/.derivedData/Build/Intermediates.noindex/Toggles.build/Debug-watchos/Toggles-t.build/Toggles.DependencyStaticMetadataFileList (in target 'Toggles' from project 'Toggles')
cd /Users/admin/builder/spi-builder-workspace
write-file /Users/admin/builder/spi-builder-workspace/.derivedData/Build/Intermediates.noindex/Toggles.build/Debug-watchos/Toggles-t.build/Toggles.DependencyStaticMetadataFileList
WriteAuxiliaryFile /Users/admin/builder/spi-builder-workspace/.derivedData/Build/Intermediates.noindex/Toggles.build/Debug-watchos/Toggles-t.build/Toggles.DependencyMetadataFileList (in target 'Toggles' from project 'Toggles')
cd /Users/admin/builder/spi-builder-workspace
write-file /Users/admin/builder/spi-builder-workspace/.derivedData/Build/Intermediates.noindex/Toggles.build/Debug-watchos/Toggles-t.build/Toggles.DependencyMetadataFileList
WriteAuxiliaryFile /Users/admin/builder/spi-builder-workspace/.derivedData/Build/Intermediates.noindex/Toggles.build/Debug-watchos/Toggles-t.build/Objects-normal/arm64_32/Toggles_const_extract_protocols.json (in target 'Toggles' from project 'Toggles')
cd /Users/admin/builder/spi-builder-workspace
write-file /Users/admin/builder/spi-builder-workspace/.derivedData/Build/Intermediates.noindex/Toggles.build/Debug-watchos/Toggles-t.build/Objects-normal/arm64_32/Toggles_const_extract_protocols.json
WriteAuxiliaryFile /Users/admin/builder/spi-builder-workspace/.derivedData/Build/Intermediates.noindex/Toggles.build/Debug-watchos/Toggles-t.build/Objects-normal/arm64_32/Toggles.SwiftFileList (in target 'Toggles' from project 'Toggles')
cd /Users/admin/builder/spi-builder-workspace
write-file /Users/admin/builder/spi-builder-workspace/.derivedData/Build/Intermediates.noindex/Toggles.build/Debug-watchos/Toggles-t.build/Objects-normal/arm64_32/Toggles.SwiftFileList
WriteAuxiliaryFile /Users/admin/builder/spi-builder-workspace/.derivedData/Build/Intermediates.noindex/Toggles.build/Debug-watchos/Toggles-t.build/Objects-normal/arm64_32/Toggles.SwiftConstValuesFileList (in target 'Toggles' from project 'Toggles')
cd /Users/admin/builder/spi-builder-workspace
write-file /Users/admin/builder/spi-builder-workspace/.derivedData/Build/Intermediates.noindex/Toggles.build/Debug-watchos/Toggles-t.build/Objects-normal/arm64_32/Toggles.SwiftConstValuesFileList
WriteAuxiliaryFile /Users/admin/builder/spi-builder-workspace/.derivedData/Build/Intermediates.noindex/Toggles.build/Debug-watchos/Toggles-t.build/Objects-normal/arm64_32/Toggles.LinkFileList (in target 'Toggles' from project 'Toggles')
cd /Users/admin/builder/spi-builder-workspace
write-file /Users/admin/builder/spi-builder-workspace/.derivedData/Build/Intermediates.noindex/Toggles.build/Debug-watchos/Toggles-t.build/Objects-normal/arm64_32/Toggles.LinkFileList
WriteAuxiliaryFile /Users/admin/builder/spi-builder-workspace/.derivedData/Build/Intermediates.noindex/Toggles.build/Debug-watchos/Toggles-t.build/Objects-normal/arm64_32/Toggles-OutputFileMap.json (in target 'Toggles' from project 'Toggles')
cd /Users/admin/builder/spi-builder-workspace
write-file /Users/admin/builder/spi-builder-workspace/.derivedData/Build/Intermediates.noindex/Toggles.build/Debug-watchos/Toggles-t.build/Objects-normal/arm64_32/Toggles-OutputFileMap.json
WriteAuxiliaryFile /Users/admin/builder/spi-builder-workspace/.derivedData/Build/Intermediates.noindex/Toggles.build/Debug-watchos/Toggles-t.build/Objects-normal/arm64/Toggles.SwiftFileList (in target 'Toggles' from project 'Toggles')
cd /Users/admin/builder/spi-builder-workspace
write-file /Users/admin/builder/spi-builder-workspace/.derivedData/Build/Intermediates.noindex/Toggles.build/Debug-watchos/Toggles-t.build/Objects-normal/arm64/Toggles.SwiftFileList
WriteAuxiliaryFile /Users/admin/builder/spi-builder-workspace/.derivedData/Build/Intermediates.noindex/Toggles.build/Debug-watchos/Toggles-t.build/Objects-normal/arm64/Toggles_const_extract_protocols.json (in target 'Toggles' from project 'Toggles')
cd /Users/admin/builder/spi-builder-workspace
write-file /Users/admin/builder/spi-builder-workspace/.derivedData/Build/Intermediates.noindex/Toggles.build/Debug-watchos/Toggles-t.build/Objects-normal/arm64/Toggles_const_extract_protocols.json
WriteAuxiliaryFile /Users/admin/builder/spi-builder-workspace/.derivedData/Build/Intermediates.noindex/Toggles.build/Debug-watchos/Toggles-t.build/Objects-normal/arm64/Toggles.SwiftConstValuesFileList (in target 'Toggles' from project 'Toggles')
cd /Users/admin/builder/spi-builder-workspace
write-file /Users/admin/builder/spi-builder-workspace/.derivedData/Build/Intermediates.noindex/Toggles.build/Debug-watchos/Toggles-t.build/Objects-normal/arm64/Toggles.SwiftConstValuesFileList
WriteAuxiliaryFile /Users/admin/builder/spi-builder-workspace/.derivedData/Build/Intermediates.noindex/Toggles.build/Debug-watchos/Toggles-t.build/Objects-normal/arm64/Toggles.LinkFileList (in target 'Toggles' from project 'Toggles')
cd /Users/admin/builder/spi-builder-workspace
write-file /Users/admin/builder/spi-builder-workspace/.derivedData/Build/Intermediates.noindex/Toggles.build/Debug-watchos/Toggles-t.build/Objects-normal/arm64/Toggles.LinkFileList
WriteAuxiliaryFile /Users/admin/builder/spi-builder-workspace/.derivedData/Build/Intermediates.noindex/Toggles.build/Debug-watchos/Toggles-t.build/Objects-normal/arm64/Toggles-OutputFileMap.json (in target 'Toggles' from project 'Toggles')
cd /Users/admin/builder/spi-builder-workspace
write-file /Users/admin/builder/spi-builder-workspace/.derivedData/Build/Intermediates.noindex/Toggles.build/Debug-watchos/Toggles-t.build/Objects-normal/arm64/Toggles-OutputFileMap.json
WriteAuxiliaryFile /Users/admin/builder/spi-builder-workspace/.derivedData/Build/Intermediates.noindex/Toggles.build/Debug-watchos/Toggles-t.build/DerivedSources/resource_bundle_accessor.swift (in target 'Toggles' from project 'Toggles')
cd /Users/admin/builder/spi-builder-workspace
write-file /Users/admin/builder/spi-builder-workspace/.derivedData/Build/Intermediates.noindex/Toggles.build/Debug-watchos/Toggles-t.build/DerivedSources/resource_bundle_accessor.swift
Copy /Users/admin/builder/spi-builder-workspace/.derivedData/Build/Intermediates.noindex/GeneratedModuleMaps-watchos/Toggles.modulemap /Users/admin/builder/spi-builder-workspace/.derivedData/Build/Intermediates.noindex/Toggles.build/Debug-watchos/Toggles-t.build/Toggles.modulemap (in target 'Toggles' from project 'Toggles')
cd /Users/admin/builder/spi-builder-workspace
builtin-copy -exclude .DS_Store -exclude CVS -exclude .svn -exclude .git -exclude .hg -resolve-src-symlinks /Users/admin/builder/spi-builder-workspace/.derivedData/Build/Intermediates.noindex/Toggles.build/Debug-watchos/Toggles-t.build/Toggles.modulemap /Users/admin/builder/spi-builder-workspace/.derivedData/Build/Intermediates.noindex/GeneratedModuleMaps-watchos
ProcessInfoPlistFile /Users/admin/builder/spi-builder-workspace/.derivedData/Build/Products/Debug-watchos/Toggles_TogglesTests.bundle/Info.plist /Users/admin/builder/spi-builder-workspace/.derivedData/Build/Intermediates.noindex/Toggles.build/Debug-watchos/Toggles_TogglesTests-b.build/empty-Toggles_TogglesTests.plist (in target 'Toggles_TogglesTests' from project 'Toggles')
cd /Users/admin/builder/spi-builder-workspace
builtin-infoPlistUtility /Users/admin/builder/spi-builder-workspace/.derivedData/Build/Intermediates.noindex/Toggles.build/Debug-watchos/Toggles_TogglesTests-b.build/empty-Toggles_TogglesTests.plist -producttype com.apple.product-type.bundle -expandbuildsettings -format binary -platform watchos -o /Users/admin/builder/spi-builder-workspace/.derivedData/Build/Products/Debug-watchos/Toggles_TogglesTests.bundle/Info.plist
CpResource /Users/admin/builder/spi-builder-workspace/.derivedData/Build/Products/Debug-watchos/Toggles_TogglesTests.bundle/TestDatasourceWithNoMetadata.json /Users/admin/builder/spi-builder-workspace/Tests/Resources/TestDatasourceWithNoMetadata.json (in target 'Toggles_TogglesTests' from project 'Toggles')
cd /Users/admin/builder/spi-builder-workspace
builtin-copy -exclude .DS_Store -exclude CVS -exclude .svn -exclude .git -exclude .hg -resolve-src-symlinks /Users/admin/builder/spi-builder-workspace/Tests/Resources/TestDatasourceWithNoMetadata.json /Users/admin/builder/spi-builder-workspace/.derivedData/Build/Products/Debug-watchos/Toggles_TogglesTests.bundle
CpResource /Users/admin/builder/spi-builder-workspace/.derivedData/Build/Products/Debug-watchos/Toggles_TogglesTests.bundle/TestDatasourceWithDuplicateVariables.json /Users/admin/builder/spi-builder-workspace/Tests/Resources/TestDatasourceWithDuplicateVariables.json (in target 'Toggles_TogglesTests' from project 'Toggles')
cd /Users/admin/builder/spi-builder-workspace
builtin-copy -exclude .DS_Store -exclude CVS -exclude .svn -exclude .git -exclude .hg -resolve-src-symlinks /Users/admin/builder/spi-builder-workspace/Tests/Resources/TestDatasourceWithDuplicateVariables.json /Users/admin/builder/spi-builder-workspace/.derivedData/Build/Products/Debug-watchos/Toggles_TogglesTests.bundle
CpResource /Users/admin/builder/spi-builder-workspace/.derivedData/Build/Products/Debug-watchos/Toggles_TogglesTests.bundle/TestDatasource.json /Users/admin/builder/spi-builder-workspace/Tests/Resources/TestDatasource.json (in target 'Toggles_TogglesTests' from project 'Toggles')
cd /Users/admin/builder/spi-builder-workspace
builtin-copy -exclude .DS_Store -exclude CVS -exclude .svn -exclude .git -exclude .hg -resolve-src-symlinks /Users/admin/builder/spi-builder-workspace/Tests/Resources/TestDatasource.json /Users/admin/builder/spi-builder-workspace/.derivedData/Build/Products/Debug-watchos/Toggles_TogglesTests.bundle
ProcessInfoPlistFile /Users/admin/builder/spi-builder-workspace/.derivedData/Build/Products/Debug-watchos/Toggles_Toggles.bundle/Info.plist /Users/admin/builder/spi-builder-workspace/.derivedData/Build/Intermediates.noindex/Toggles.build/Debug-watchos/Toggles_Toggles-b.build/empty-Toggles_Toggles.plist (in target 'Toggles_Toggles' from project 'Toggles')
cd /Users/admin/builder/spi-builder-workspace
builtin-infoPlistUtility /Users/admin/builder/spi-builder-workspace/.derivedData/Build/Intermediates.noindex/Toggles.build/Debug-watchos/Toggles_Toggles-b.build/empty-Toggles_Toggles.plist -producttype com.apple.product-type.bundle -expandbuildsettings -format binary -platform watchos -o /Users/admin/builder/spi-builder-workspace/.derivedData/Build/Products/Debug-watchos/Toggles_Toggles.bundle/Info.plist
CpResource /Users/admin/builder/spi-builder-workspace/.derivedData/Build/Products/Debug-watchos/Toggles_Toggles.bundle/PreviewDatasource.json /Users/admin/builder/spi-builder-workspace/Sources/Resources/PreviewDatasource.json (in target 'Toggles_Toggles' from project 'Toggles')
cd /Users/admin/builder/spi-builder-workspace
builtin-copy -exclude .DS_Store -exclude CVS -exclude .svn -exclude .git -exclude .hg -resolve-src-symlinks /Users/admin/builder/spi-builder-workspace/Sources/Resources/PreviewDatasource.json /Users/admin/builder/spi-builder-workspace/.derivedData/Build/Products/Debug-watchos/Toggles_Toggles.bundle
RegisterExecutionPolicyException /Users/admin/builder/spi-builder-workspace/.derivedData/Build/Products/Debug-watchos/Toggles_TogglesTests.bundle (in target 'Toggles_TogglesTests' from project 'Toggles')
cd /Users/admin/builder/spi-builder-workspace
builtin-RegisterExecutionPolicyException /Users/admin/builder/spi-builder-workspace/.derivedData/Build/Products/Debug-watchos/Toggles_TogglesTests.bundle
RegisterExecutionPolicyException /Users/admin/builder/spi-builder-workspace/.derivedData/Build/Products/Debug-watchos/Toggles_Toggles.bundle (in target 'Toggles_Toggles' from project 'Toggles')
cd /Users/admin/builder/spi-builder-workspace
builtin-RegisterExecutionPolicyException /Users/admin/builder/spi-builder-workspace/.derivedData/Build/Products/Debug-watchos/Toggles_Toggles.bundle
Touch /Users/admin/builder/spi-builder-workspace/.derivedData/Build/Products/Debug-watchos/Toggles_TogglesTests.bundle (in target 'Toggles_TogglesTests' from project 'Toggles')
cd /Users/admin/builder/spi-builder-workspace
/usr/bin/touch -c /Users/admin/builder/spi-builder-workspace/.derivedData/Build/Products/Debug-watchos/Toggles_TogglesTests.bundle
Touch /Users/admin/builder/spi-builder-workspace/.derivedData/Build/Products/Debug-watchos/Toggles_Toggles.bundle (in target 'Toggles_Toggles' from project 'Toggles')
cd /Users/admin/builder/spi-builder-workspace
/usr/bin/touch -c /Users/admin/builder/spi-builder-workspace/.derivedData/Build/Products/Debug-watchos/Toggles_Toggles.bundle
SwiftDriver Toggles normal arm64 com.apple.xcode.tools.swift.compiler (in target 'Toggles' from project 'Toggles')
cd /Users/admin/builder/spi-builder-workspace/.swiftpm/xcode
builtin-SwiftDriver -- /Applications/Xcode-27.0.0-Release.Candidate.app/Contents/Developer/Toolchains/XcodeDefault.xctoolchain/usr/bin/swiftc -parse-as-library -module-name Toggles -Onone @/Users/admin/builder/spi-builder-workspace/.derivedData/Build/Intermediates.noindex/Toggles.build/Debug-watchos/Toggles-t.build/Objects-normal/arm64/Toggles.SwiftFileList -DSWIFT_PACKAGE -DDEBUG -DSWIFT_MODULE_RESOURCE_BUNDLE_AVAILABLE -DXcode -enable-upcoming-feature InternalImportsByDefault -enable-upcoming-feature ExistentialAny -plugin-path /Applications/Xcode-27.0.0-Release.Candidate.app/Contents/Developer/Toolchains/XcodeDefault.xctoolchain/usr/lib/swift/host/plugins/testing -enable-experimental-feature DebugDescriptionMacro -sdk /Applications/Xcode-27.0.0-Release.Candidate.app/Contents/Developer/Platforms/WatchOS.platform/Developer/SDKs/WatchOS27.0.sdk -target arm64-apple-watchos9.0 -g -module-cache-path /Users/admin/builder/spi-builder-workspace/.derivedData/ModuleCache.noindex -Xfrontend -serialize-debugging-options -profile-coverage-mapping -profile-generate -enable-testing -index-store-path /Users/admin/builder/spi-builder-workspace/.derivedData/Index.noindex/DataStore -Xcc -D_LIBCPP_HARDENING_MODE\=_LIBCPP_HARDENING_MODE_DEBUG -swift-version 6 -I /Users/admin/builder/spi-builder-workspace/.derivedData/Build/Products/Debug-watchos -Isystem /Applications/Xcode-27.0.0-Release.Candidate.app/Contents/Developer/Platforms/WatchOS.platform/Developer/usr/lib -F /Users/admin/builder/spi-builder-workspace/.derivedData/Build/Products/Debug-watchos -F /Applications/Xcode-27.0.0-Release.Candidate.app/Contents/Developer/Platforms/WatchOS.platform/Developer/Library/Frameworks -F /Applications/Xcode-27.0.0-Release.Candidate.app/Contents/Developer/Platforms/WatchOS.platform/Developer/SDKs/WatchOS27.0.sdk/Developer/Library/Frameworks -c -j10 -enable-batch-mode -incremental -Xcc -ivfsstatcache -Xcc /Users/admin/builder/spi-builder-workspace/.derivedData/SDKStatCaches.noindex/watchos27.0-24R360-e829b21a6f8c9b70876ba0858053c04477534ef55a1706bf4c1112bbb242f0a2.sdkstatcache -output-file-map /Users/admin/builder/spi-builder-workspace/.derivedData/Build/Intermediates.noindex/Toggles.build/Debug-watchos/Toggles-t.build/Objects-normal/arm64/Toggles-OutputFileMap.json -save-temps -no-color-diagnostics -explicit-module-build -module-cache-path /Users/admin/builder/spi-builder-workspace/.derivedData/Build/Intermediates.noindex/SwiftExplicitPrecompiledModules -clang-scanner-module-cache-path /Users/admin/builder/spi-builder-workspace/.derivedData/ModuleCache.noindex -sdk-module-cache-path /Users/admin/builder/spi-builder-workspace/.derivedData/SDKExplicitPrecompiledModules -emit-dependencies -emit-module -emit-module-path /Users/admin/builder/spi-builder-workspace/.derivedData/Build/Intermediates.noindex/Toggles.build/Debug-watchos/Toggles-t.build/Objects-normal/arm64/Toggles.swiftmodule -serialize-diagnostics -dependency-scan-serialize-diagnostics-path /Users/admin/builder/spi-builder-workspace/.derivedData/Build/Intermediates.noindex/Toggles.build/Debug-watchos/Toggles-t.build/Objects-normal/arm64/Toggles-dependency-scan.dia -validate-clang-modules-once -clang-build-session-file /Users/admin/builder/spi-builder-workspace/.derivedData/ModuleCache.noindex/Session.modulevalidation -Xcc -fmodules-prune-interval\=86400 -Xcc -fmodules-prune-after\=345600 -package-name spi_builder_workspace -emit-const-values -const-gather-protocols-list /Users/admin/builder/spi-builder-workspace/.derivedData/Build/Intermediates.noindex/Toggles.build/Debug-watchos/Toggles-t.build/Objects-normal/arm64/Toggles_const_extract_protocols.json -Xcc -I/Users/admin/builder/spi-builder-workspace/.derivedData/Build/Products/Debug-watchos/include -Xcc -I/Users/admin/builder/spi-builder-workspace/.derivedData/Build/Intermediates.noindex/Toggles.build/Debug-watchos/Toggles-t.build/DerivedSources-normal/arm64 -Xcc -I/Users/admin/builder/spi-builder-workspace/.derivedData/Build/Intermediates.noindex/Toggles.build/Debug-watchos/Toggles-t.build/DerivedSources/arm64 -Xcc -I/Users/admin/builder/spi-builder-workspace/.derivedData/Build/Intermediates.noindex/Toggles.build/Debug-watchos/Toggles-t.build/DerivedSources -Xcc -DSWIFT_PACKAGE -Xcc -DDEBUG\=1 -emit-objc-header -emit-objc-header-path /Users/admin/builder/spi-builder-workspace/.derivedData/Build/Intermediates.noindex/Toggles.build/Debug-watchos/Toggles-t.build/Objects-normal/arm64/Toggles-Swift.h -working-directory /Users/admin/builder/spi-builder-workspace/.swiftpm/xcode -experimental-emit-module-separately -disable-cmo
SwiftDriver Toggles normal arm64_32 com.apple.xcode.tools.swift.compiler (in target 'Toggles' from project 'Toggles')
cd /Users/admin/builder/spi-builder-workspace/.swiftpm/xcode
builtin-SwiftDriver -- /Applications/Xcode-27.0.0-Release.Candidate.app/Contents/Developer/Toolchains/XcodeDefault.xctoolchain/usr/bin/swiftc -parse-as-library -module-name Toggles -Onone @/Users/admin/builder/spi-builder-workspace/.derivedData/Build/Intermediates.noindex/Toggles.build/Debug-watchos/Toggles-t.build/Objects-normal/arm64_32/Toggles.SwiftFileList -DSWIFT_PACKAGE -DDEBUG -DSWIFT_MODULE_RESOURCE_BUNDLE_AVAILABLE -DXcode -enable-upcoming-feature InternalImportsByDefault -enable-upcoming-feature ExistentialAny -plugin-path /Applications/Xcode-27.0.0-Release.Candidate.app/Contents/Developer/Toolchains/XcodeDefault.xctoolchain/usr/lib/swift/host/plugins/testing -enable-experimental-feature DebugDescriptionMacro -sdk /Applications/Xcode-27.0.0-Release.Candidate.app/Contents/Developer/Platforms/WatchOS.platform/Developer/SDKs/WatchOS27.0.sdk -target arm64_32-apple-watchos9.0 -g -module-cache-path /Users/admin/builder/spi-builder-workspace/.derivedData/ModuleCache.noindex -Xfrontend -serialize-debugging-options -profile-coverage-mapping -profile-generate -enable-testing -index-store-path /Users/admin/builder/spi-builder-workspace/.derivedData/Index.noindex/DataStore -Xcc -D_LIBCPP_HARDENING_MODE\=_LIBCPP_HARDENING_MODE_DEBUG -swift-version 6 -I /Users/admin/builder/spi-builder-workspace/.derivedData/Build/Products/Debug-watchos -Isystem /Applications/Xcode-27.0.0-Release.Candidate.app/Contents/Developer/Platforms/WatchOS.platform/Developer/usr/lib -F /Users/admin/builder/spi-builder-workspace/.derivedData/Build/Products/Debug-watchos -F /Applications/Xcode-27.0.0-Release.Candidate.app/Contents/Developer/Platforms/WatchOS.platform/Developer/Library/Frameworks -F /Applications/Xcode-27.0.0-Release.Candidate.app/Contents/Developer/Platforms/WatchOS.platform/Developer/SDKs/WatchOS27.0.sdk/Developer/Library/Frameworks -c -j10 -enable-batch-mode -incremental -Xcc -ivfsstatcache -Xcc /Users/admin/builder/spi-builder-workspace/.derivedData/SDKStatCaches.noindex/watchos27.0-24R360-e829b21a6f8c9b70876ba0858053c04477534ef55a1706bf4c1112bbb242f0a2.sdkstatcache -output-file-map /Users/admin/builder/spi-builder-workspace/.derivedData/Build/Intermediates.noindex/Toggles.build/Debug-watchos/Toggles-t.build/Objects-normal/arm64_32/Toggles-OutputFileMap.json -save-temps -no-color-diagnostics -explicit-module-build -module-cache-path /Users/admin/builder/spi-builder-workspace/.derivedData/Build/Intermediates.noindex/SwiftExplicitPrecompiledModules -clang-scanner-module-cache-path /Users/admin/builder/spi-builder-workspace/.derivedData/ModuleCache.noindex -sdk-module-cache-path /Users/admin/builder/spi-builder-workspace/.derivedData/SDKExplicitPrecompiledModules -emit-dependencies -emit-module -emit-module-path /Users/admin/builder/spi-builder-workspace/.derivedData/Build/Intermediates.noindex/Toggles.build/Debug-watchos/Toggles-t.build/Objects-normal/arm64_32/Toggles.swiftmodule -serialize-diagnostics -dependency-scan-serialize-diagnostics-path /Users/admin/builder/spi-builder-workspace/.derivedData/Build/Intermediates.noindex/Toggles.build/Debug-watchos/Toggles-t.build/Objects-normal/arm64_32/Toggles-dependency-scan.dia -validate-clang-modules-once -clang-build-session-file /Users/admin/builder/spi-builder-workspace/.derivedData/ModuleCache.noindex/Session.modulevalidation -Xcc -fmodules-prune-interval\=86400 -Xcc -fmodules-prune-after\=345600 -package-name spi_builder_workspace -emit-const-values -const-gather-protocols-list /Users/admin/builder/spi-builder-workspace/.derivedData/Build/Intermediates.noindex/Toggles.build/Debug-watchos/Toggles-t.build/Objects-normal/arm64_32/Toggles_const_extract_protocols.json -Xcc -I/Users/admin/builder/spi-builder-workspace/.derivedData/Build/Products/Debug-watchos/include -Xcc -I/Users/admin/builder/spi-builder-workspace/.derivedData/Build/Intermediates.noindex/Toggles.build/Debug-watchos/Toggles-t.build/DerivedSources-normal/arm64_32 -Xcc -I/Users/admin/builder/spi-builder-workspace/.derivedData/Build/Intermediates.noindex/Toggles.build/Debug-watchos/Toggles-t.build/DerivedSources/arm64_32 -Xcc -I/Users/admin/builder/spi-builder-workspace/.derivedData/Build/Intermediates.noindex/Toggles.build/Debug-watchos/Toggles-t.build/DerivedSources -Xcc -DSWIFT_PACKAGE -Xcc -DDEBUG\=1 -emit-objc-header -emit-objc-header-path /Users/admin/builder/spi-builder-workspace/.derivedData/Build/Intermediates.noindex/Toggles.build/Debug-watchos/Toggles-t.build/Objects-normal/arm64_32/Toggles-Swift.h -working-directory /Users/admin/builder/spi-builder-workspace/.swiftpm/xcode -experimental-emit-module-separately -disable-cmo
SwiftExplicitDependencyGeneratePcm arm64_32 /Users/admin/builder/spi-builder-workspace/.derivedData/SDKExplicitPrecompiledModules/SwiftShims-D9VBB138U50XYYGW2C2V21N3L.pcm
SwiftExplicitDependencyGeneratePcm arm64_32 /Users/admin/builder/spi-builder-workspace/.derivedData/SDKExplicitPrecompiledModules/_Builtin_stddef-2F9BFIPBQ5EWNSK5G7G7V4EKL.pcm
SwiftExplicitDependencyGeneratePcm arm64_32 /Users/admin/builder/spi-builder-workspace/.derivedData/SDKExplicitPrecompiledModules/_Builtin_stdbool-84ZA1VDW90AGWZ2LF5KOCM8DZ.pcm
SwiftExplicitDependencyGeneratePcm arm64_32 /Users/admin/builder/spi-builder-workspace/.derivedData/SDKExplicitPrecompiledModules/_Builtin_float-372PLGDQ1U3B6Z5EA5DJMDORJ.pcm
SwiftExplicitDependencyGeneratePcm arm64_32 /Users/admin/builder/spi-builder-workspace/.derivedData/SDKExplicitPrecompiledModules/ptrcheck-EAZ3I917ZFA9H6ZCL6PGLG4TR.pcm
SwiftExplicitDependencyGeneratePcm arm64 /Users/admin/builder/spi-builder-workspace/.derivedData/SDKExplicitPrecompiledModules/ptrauth-C7VQASAJ967Q4Q6SRD4I3CFWZ.pcm
SwiftExplicitDependencyGeneratePcm arm64_32 /Users/admin/builder/spi-builder-workspace/.derivedData/SDKExplicitPrecompiledModules/DeveloperToolsSupport-3FQKKPF3BW0SWE1YUZ86OZWIB.pcm
SwiftExplicitDependencyGeneratePcm arm64 /Users/admin/builder/spi-builder-workspace/.derivedData/SDKExplicitPrecompiledModules/_Builtin_stdbool-B692L2PMR118794VVYBG37897.pcm
SwiftExplicitDependencyGeneratePcm arm64 /Users/admin/builder/spi-builder-workspace/.derivedData/SDKExplicitPrecompiledModules/_Builtin_float-E4M4A8689VXF1T7P7BV56IKBT.pcm
SwiftExplicitDependencyGeneratePcm arm64 /Users/admin/builder/spi-builder-workspace/.derivedData/SDKExplicitPrecompiledModules/ptrcheck-8K07997SIHO7YGY7UQ3LOQ3TJ.pcm
SwiftExplicitDependencyGeneratePcm arm64_32 /Users/admin/builder/spi-builder-workspace/.derivedData/SDKExplicitPrecompiledModules/_SwiftConcurrencyShims-58G4ISYSYDV3AT1DDGEE0QCUF.pcm
SwiftExplicitDependencyGeneratePcm arm64 /Users/admin/builder/spi-builder-workspace/.derivedData/SDKExplicitPrecompiledModules/_Builtin_stdarg-3X4KLXUYEI0UGBILP4X7D0CYW.pcm
SwiftExplicitDependencyGeneratePcm arm64 /Users/admin/builder/spi-builder-workspace/.derivedData/SDKExplicitPrecompiledModules/SwiftShims-AJ4AZYHQNC33R5RLN7AGEIOMP.pcm
SwiftExplicitDependencyGeneratePcm arm64 /Users/admin/builder/spi-builder-workspace/.derivedData/SDKExplicitPrecompiledModules/DeveloperToolsSupport-CL5QT3CW0ZM498PFTWG64QMLA.pcm
SwiftExplicitDependencyGeneratePcm arm64_32 /Users/admin/builder/spi-builder-workspace/.derivedData/SDKExplicitPrecompiledModules/_AvailabilityInternal-22ZP1ILSQW16KHXZS5GBZHOCS.pcm
SwiftExplicitDependencyGeneratePcm arm64_32 /Users/admin/builder/spi-builder-workspace/.derivedData/SDKExplicitPrecompiledModules/ptrauth-EW7YZZ7LEZE1QZF2T8148IPSA.pcm
SwiftExplicitDependencyGeneratePcm arm64 /Users/admin/builder/spi-builder-workspace/.derivedData/SDKExplicitPrecompiledModules/_SwiftConcurrencyShims-CTPSFSTDCBVSSQFHL6I305U72.pcm
SwiftExplicitDependencyGeneratePcm arm64 /Users/admin/builder/spi-builder-workspace/.derivedData/SDKExplicitPrecompiledModules/_Builtin_stddef-5OH846KKUPSJJT7GCX9XU1TKG.pcm
SwiftExplicitDependencyGeneratePcm arm64 /Users/admin/builder/spi-builder-workspace/.derivedData/SDKExplicitPrecompiledModules/_AvailabilityInternal-42EVAC8Q6P1ZT6G3A168N97G4.pcm
SwiftExplicitDependencyGeneratePcm arm64_32 /Users/admin/builder/spi-builder-workspace/.derivedData/SDKExplicitPrecompiledModules/_Builtin_stdarg-EYJP6DFYQL9GJLH1TJ84A8MHV.pcm
SwiftExplicitDependencyGeneratePcm arm64 /Users/admin/builder/spi-builder-workspace/.derivedData/SDKExplicitPrecompiledModules/_DarwinFoundation1-7YQ9TVI7XTOGQU9OADRXP33D1.pcm
SwiftExplicitDependencyGeneratePcm arm64_32 /Users/admin/builder/spi-builder-workspace/.derivedData/SDKExplicitPrecompiledModules/_DarwinFoundation1-5SNIO0SFHX9KJZTLQGIPAPXUZ.pcm
SwiftExplicitDependencyGeneratePcm arm64_32 /Users/admin/builder/spi-builder-workspace/.derivedData/SDKExplicitPrecompiledModules/_Builtin_limits-AQMEC9CLG0FZQN6TLGDQ6WF78.pcm
SwiftExplicitDependencyGeneratePcm arm64_32 /Users/admin/builder/spi-builder-workspace/.derivedData/SDKExplicitPrecompiledModules/_DarwinFoundation2-FP2Q8F1Q2HR151SBYKTU6Q8B.pcm
SwiftExplicitDependencyGeneratePcm arm64 /Users/admin/builder/spi-builder-workspace/.derivedData/SDKExplicitPrecompiledModules/_DarwinFoundation2-CUPL4FH2SA95GMALQP4M6O8UA.pcm
SwiftExplicitDependencyGeneratePcm arm64 /Users/admin/builder/spi-builder-workspace/.derivedData/SDKExplicitPrecompiledModules/_Builtin_limits-75TRA1C7IHYOFCG3KJXQVTHJ4.pcm
SwiftExplicitDependencyGeneratePcm arm64 /Users/admin/builder/spi-builder-workspace/.derivedData/SDKExplicitPrecompiledModules/string_h-4N9Z22C0HUO8GV7GFPCLZRZA2.pcm
SwiftExplicitDependencyGeneratePcm arm64_32 /Users/admin/builder/spi-builder-workspace/.derivedData/SDKExplicitPrecompiledModules/_Builtin_stdint-6IWJLTRH2WB6RCG4THPA65RDS.pcm
SwiftExplicitDependencyGeneratePcm arm64_32 /Users/admin/builder/spi-builder-workspace/.derivedData/SDKExplicitPrecompiledModules/_Builtin_tgmath-414CVW1GW3IL0HRLCNNCS6Q0U.pcm
SwiftExplicitDependencyGeneratePcm arm64 /Users/admin/builder/spi-builder-workspace/.derivedData/SDKExplicitPrecompiledModules/_Builtin_stdint-6TUACK4YPMARFT56PLIO388SJ.pcm
SwiftExplicitDependencyGeneratePcm arm64 /Users/admin/builder/spi-builder-workspace/.derivedData/SDKExplicitPrecompiledModules/sys_types-9KPVYINL86WUSHF45TU8PWZZ1.pcm
SwiftExplicitDependencyGeneratePcm arm64_32 /Users/admin/builder/spi-builder-workspace/.derivedData/SDKExplicitPrecompiledModules/sys_types-65NN51P1G7GN2GUAUPC53JJ7N.pcm
SwiftExplicitDependencyGeneratePcm arm64_32 /Users/admin/builder/spi-builder-workspace/.derivedData/SDKExplicitPrecompiledModules/string_h-8QY7P4ZQXQAF14WVDITTM4R70.pcm
SwiftExplicitDependencyGeneratePcm arm64 /Users/admin/builder/spi-builder-workspace/.derivedData/SDKExplicitPrecompiledModules/_Builtin_tgmath-7JP2AE1NQHA1DV5JYP2OHQ3BF.pcm
SwiftExplicitDependencyGeneratePcm arm64_32 /Users/admin/builder/spi-builder-workspace/.derivedData/SDKExplicitPrecompiledModules/_Builtin_stdatomic-D2FE5M7JS5NQA5JDADVERWJM4.pcm
SwiftExplicitDependencyGeneratePcm arm64_32 /Users/admin/builder/spi-builder-workspace/.derivedData/SDKExplicitPrecompiledModules/_Builtin_intrinsics-2K07JIG9ZANIKHSNPO3O6L1K6.pcm
SwiftExplicitDependencyGeneratePcm arm64_32 /Users/admin/builder/spi-builder-workspace/.derivedData/SDKExplicitPrecompiledModules/_DarwinFoundation3-3YOBOPIW2MF1LRNQH7JBUBY4G.pcm
SwiftExplicitDependencyGeneratePcm arm64 /Users/admin/builder/spi-builder-workspace/.derivedData/SDKExplicitPrecompiledModules/_Builtin_intrinsics-SQV576LJA0QE7RW5HF7CQ1BX.pcm
SwiftExplicitDependencyGeneratePcm arm64 /Users/admin/builder/spi-builder-workspace/.derivedData/SDKExplicitPrecompiledModules/_DarwinFoundation3-EJXZKD8LN9EYM9OWP9VLJ49PK.pcm
SwiftExplicitDependencyGeneratePcm arm64 /Users/admin/builder/spi-builder-workspace/.derivedData/SDKExplicitPrecompiledModules/_Builtin_stdatomic-25T9UW3XDYID74302F31PX0RP.pcm
SwiftExplicitDependencyGeneratePcm arm64_32 /Users/admin/builder/spi-builder-workspace/.derivedData/SDKExplicitPrecompiledModules/_Builtin_inttypes-BPZJ68HW1IMYWSHROAZ0IMUJP.pcm
SwiftExplicitDependencyGeneratePcm arm64 /Users/admin/builder/spi-builder-workspace/.derivedData/SDKExplicitPrecompiledModules/_Builtin_inttypes-86YTNV5YADPJXFMJ82N3R4GWQ.pcm
SwiftExplicitDependencyGeneratePcm arm64_32 /Users/admin/builder/spi-builder-workspace/.derivedData/SDKExplicitPrecompiledModules/Darwin-10D35ZJWCWG7LJAF579U7I5V7.pcm
SwiftExplicitDependencyGeneratePcm arm64 /Users/admin/builder/spi-builder-workspace/.derivedData/SDKExplicitPrecompiledModules/Darwin-CSB8C43KELVSFIQVR0803IZPN.pcm
SwiftExplicitDependencyGeneratePcm arm64_32 /Users/admin/builder/spi-builder-workspace/.derivedData/SDKExplicitPrecompiledModules/simd-1W6O8NR1QUSWJGAN44DNNWVHX.pcm
SwiftExplicitDependencyGeneratePcm arm64 /Users/admin/builder/spi-builder-workspace/.derivedData/SDKExplicitPrecompiledModules/simd-2C11HKTI5TJB05T724EWNFZXD.pcm
SwiftExplicitDependencyGeneratePcm arm64 /Users/admin/builder/spi-builder-workspace/.derivedData/SDKExplicitPrecompiledModules/MachO-4RYXFVY68ZDEUZYFMVL57WEKU.pcm
SwiftExplicitDependencyGeneratePcm arm64 /Users/admin/builder/spi-builder-workspace/.derivedData/SDKExplicitPrecompiledModules/ObjectiveC-22CZPC4WYQC9G8T393WT2KKLW.pcm
SwiftExplicitDependencyGeneratePcm arm64_32 /Users/admin/builder/spi-builder-workspace/.derivedData/SDKExplicitPrecompiledModules/MachO-F47JQRYVH1SLPOQSJD8RK9MSX.pcm
SwiftExplicitDependencyGeneratePcm arm64_32 /Users/admin/builder/spi-builder-workspace/.derivedData/SDKExplicitPrecompiledModules/ObjectiveC-71AGZNHLBMR2QK817EJNUN54E.pcm
SwiftExplicitDependencyGeneratePcm arm64 /Users/admin/builder/spi-builder-workspace/.derivedData/SDKExplicitPrecompiledModules/os_object-6KYGGZ4DPVZ3BBAZ6QICZN8LI.pcm
SwiftExplicitDependencyGeneratePcm arm64_32 /Users/admin/builder/spi-builder-workspace/.derivedData/SDKExplicitPrecompiledModules/os_object-CTXVQBCWDOH6JHUXIFDUOWFRL.pcm
SwiftExplicitDependencyGeneratePcm arm64 /Users/admin/builder/spi-builder-workspace/.derivedData/SDKExplicitPrecompiledModules/os_workgroup-AHE7ULDQBKER38CYPIKDTZF4M.pcm
SwiftExplicitDependencyGeneratePcm arm64_32 /Users/admin/builder/spi-builder-workspace/.derivedData/SDKExplicitPrecompiledModules/os_workgroup-9L9R05BT5LTFRZ2NM68BZTVV2.pcm
SwiftExplicitDependencyGeneratePcm arm64 /Users/admin/builder/spi-builder-workspace/.derivedData/SDKExplicitPrecompiledModules/Spatial-EZKKX4XFW72RZCTOIG80Z93AP.pcm
SwiftExplicitDependencyGeneratePcm arm64_32 /Users/admin/builder/spi-builder-workspace/.derivedData/SDKExplicitPrecompiledModules/Spatial-4XS0QRL16224ZE9KE9TMKASKT.pcm
SwiftExplicitDependencyGeneratePcm arm64_32 /Users/admin/builder/spi-builder-workspace/.derivedData/SDKExplicitPrecompiledModules/Dispatch-CGIMI9KQKHNRQHR2IECIPRG14.pcm
SwiftExplicitDependencyGeneratePcm arm64 /Users/admin/builder/spi-builder-workspace/.derivedData/SDKExplicitPrecompiledModules/Dispatch-39VR0G01IUJ09PQKMFGOHXZ4L.pcm
SwiftExplicitDependencyGeneratePcm arm64 /Users/admin/builder/spi-builder-workspace/.derivedData/SDKExplicitPrecompiledModules/XPC-650JAZBTM6I0OMHYO6CKM0CWJ.pcm
SwiftExplicitDependencyGeneratePcm arm64_32 /Users/admin/builder/spi-builder-workspace/.derivedData/SDKExplicitPrecompiledModules/XPC-7SLKI45KYLKXH9QET2WYS3UZ4.pcm
SwiftExplicitDependencyGeneratePcm arm64_32 /Users/admin/builder/spi-builder-workspace/.derivedData/SDKExplicitPrecompiledModules/CoreFoundation-76B9WJP9MDYT33HZQVSNNZQZD.pcm
SwiftExplicitDependencyGeneratePcm arm64 /Users/admin/builder/spi-builder-workspace/.derivedData/SDKExplicitPrecompiledModules/CoreFoundation-59XKO8YNRGGYNC5U5LK8B4EM.pcm
SwiftExplicitDependencyGeneratePcm arm64 /Users/admin/builder/spi-builder-workspace/.derivedData/SDKExplicitPrecompiledModules/os-6BCTB8I5DCBBKFJ0Y0G4WQDDJ.pcm
SwiftExplicitDependencyGeneratePcm arm64_32 /Users/admin/builder/spi-builder-workspace/.derivedData/SDKExplicitPrecompiledModules/os-D9NWGT7PQGY2OD43XMA2KGLJK.pcm
SwiftExplicitDependencyGeneratePcm arm64 /Users/admin/builder/spi-builder-workspace/.derivedData/SDKExplicitPrecompiledModules/CoreAudioTypes-51SR7UBHOMSGMEPVFS6PLSR4M.pcm
SwiftExplicitDependencyGeneratePcm arm64 /Users/admin/builder/spi-builder-workspace/.derivedData/SDKExplicitPrecompiledModules/CoreGraphics-5488DA9QVJJ7QOFXPYOYIYFUX.pcm
SwiftExplicitDependencyGeneratePcm arm64 /Users/admin/builder/spi-builder-workspace/.derivedData/SDKExplicitPrecompiledModules/Security-69WNGEAVQP55EDBQHP3BLE8QU.pcm
SwiftExplicitDependencyGeneratePcm arm64_32 /Users/admin/builder/spi-builder-workspace/.derivedData/SDKExplicitPrecompiledModules/CoreGraphics-A4WOQTM8SYZAQP223LI6RRPEK.pcm
SwiftExplicitDependencyGeneratePcm arm64_32 /Users/admin/builder/spi-builder-workspace/.derivedData/SDKExplicitPrecompiledModules/Security-1W411BS4UH2UNMNII2341429S.pcm
SwiftExplicitDependencyGeneratePcm arm64_32 /Users/admin/builder/spi-builder-workspace/.derivedData/SDKExplicitPrecompiledModules/CoreAudioTypes-AY6JAXDJMW2FLVG4UD79375PW.pcm
SwiftExplicitDependencyGeneratePcm arm64 /Users/admin/builder/spi-builder-workspace/.derivedData/SDKExplicitPrecompiledModules/CoreAudio-368NRGVYQ33J8K75Y2DSNU06Y.pcm
SwiftExplicitDependencyGeneratePcm arm64_32 /Users/admin/builder/spi-builder-workspace/.derivedData/SDKExplicitPrecompiledModules/CoreAudio-1FTJGW5ZM9ZN5IKPBE4A9LGNF.pcm
SwiftExplicitDependencyGeneratePcm arm64 /Users/admin/builder/spi-builder-workspace/.derivedData/SDKExplicitPrecompiledModules/Foundation-B3IXODHI7VO4VRX2RWRXLVJZT.pcm
SwiftExplicitDependencyGeneratePcm arm64_32 /Users/admin/builder/spi-builder-workspace/.derivedData/SDKExplicitPrecompiledModules/Foundation-AIQ30TCDC2B0LBUU6FPQZ0HWI.pcm
SwiftExplicitDependencyGeneratePcm arm64 /Users/admin/builder/spi-builder-workspace/.derivedData/SDKExplicitPrecompiledModules/CoreVideo-2YRZ292TS6QDW2V2V92NZMPWM.pcm
SwiftExplicitDependencyGeneratePcm arm64 /Users/admin/builder/spi-builder-workspace/.derivedData/SDKExplicitPrecompiledModules/CoreText-BEC0M2J7FJN53VXNFDZDKL9U2.pcm
SwiftExplicitDependencyGeneratePcm arm64_32 /Users/admin/builder/spi-builder-workspace/.derivedData/SDKExplicitPrecompiledModules/CoreText-34U50N378SZT64826L0B62MN6.pcm
SwiftExplicitDependencyGeneratePcm arm64_32 /Users/admin/builder/spi-builder-workspace/.derivedData/SDKExplicitPrecompiledModules/CoreVideo-BX0NALWCB2F1YOTF0NZGV9FWU.pcm
SwiftExplicitDependencyGeneratePcm arm64 /Users/admin/builder/spi-builder-workspace/.derivedData/SDKExplicitPrecompiledModules/CoreMedia-EO02G285WTXB0RPNG3DP9O9VN.pcm
SwiftExplicitDependencyGeneratePcm arm64_32 /Users/admin/builder/spi-builder-workspace/.derivedData/SDKExplicitPrecompiledModules/CoreMedia-CU8J9TNJY5EX43FQOPTAAHU29.pcm
SwiftExplicitDependencyGeneratePcm arm64_32 /Users/admin/builder/spi-builder-workspace/.derivedData/SDKExplicitPrecompiledModules/Accessibility-BBXP8Z81UOB3UBBTO3GG9FEEO.pcm
SwiftExplicitDependencyGeneratePcm arm64_32 /Users/admin/builder/spi-builder-workspace/.derivedData/SDKExplicitPrecompiledModules/UIUtilities-ABH83C7CSGMIJAARTF384TV0L.pcm
SwiftExplicitDependencyGeneratePcm arm64_32 /Users/admin/builder/spi-builder-workspace/.derivedData/SDKExplicitPrecompiledModules/UniformTypeIdentifiers-EH256724QTCKT0XATY095QHVP.pcm
SwiftExplicitDependencyGeneratePcm arm64_32 /Users/admin/builder/spi-builder-workspace/.derivedData/SDKExplicitPrecompiledModules/UserNotifications-F5AOMF9V2Y10QV8U00QNX8B7Q.pcm
SwiftExplicitDependencyGeneratePcm arm64_32 /Users/admin/builder/spi-builder-workspace/.derivedData/SDKExplicitPrecompiledModules/OSLog-DXCLJ0K1EEBRV5MFYJOV1HIUX.pcm
SwiftExplicitDependencyGeneratePcm arm64_32 /Users/admin/builder/spi-builder-workspace/.derivedData/SDKExplicitPrecompiledModules/_LocationEssentials-1XWTF8V96VX3IAHKJO7PJZDU0.pcm
SwiftExplicitDependencyGeneratePcm arm64_32 /Users/admin/builder/spi-builder-workspace/.derivedData/SDKExplicitPrecompiledModules/QuartzCore-72UYR37X0O2APTD1XMSJ20X5X.pcm
SwiftExplicitDependencyGeneratePcm arm64_32 /Users/admin/builder/spi-builder-workspace/.derivedData/SDKExplicitPrecompiledModules/CoreTransferable-DSXZOKFM7XQLZ0FRNNKFDWZT0.pcm
SwiftExplicitDependencyGeneratePcm arm64_32 /Users/admin/builder/spi-builder-workspace/.derivedData/SDKExplicitPrecompiledModules/LocalAuthentication-1XZC5548OHHHWETB1RPNV8QDG.pcm
SwiftExplicitDependencyGeneratePcm arm64_32 /Users/admin/builder/spi-builder-workspace/.derivedData/SDKExplicitPrecompiledModules/CoreData-6STZ9DXY0E1K8LHUUEU1F4SE.pcm
SwiftExplicitDependencyGeneratePcm arm64 /Users/admin/builder/spi-builder-workspace/.derivedData/SDKExplicitPrecompiledModules/UIUtilities-AR3EDJH6PMDGNUXQGV2JND65S.pcm
SwiftExplicitDependencyGeneratePcm arm64 /Users/admin/builder/spi-builder-workspace/.derivedData/SDKExplicitPrecompiledModules/QuartzCore-BRDP6VIMJ6A6HG4W4NYXZ8BI3.pcm
SwiftExplicitDependencyGeneratePcm arm64 /Users/admin/builder/spi-builder-workspace/.derivedData/SDKExplicitPrecompiledModules/OSLog-ESJZZ70KT229YQNKF5CWYQVLA.pcm
SwiftExplicitDependencyGeneratePcm arm64 /Users/admin/builder/spi-builder-workspace/.derivedData/SDKExplicitPrecompiledModules/_LocationEssentials-C3HYVW8P89QAUDLD9VRHUF48Q.pcm
SwiftExplicitDependencyGeneratePcm arm64 /Users/admin/builder/spi-builder-workspace/.derivedData/SDKExplicitPrecompiledModules/CoreTransferable-EULYJN53RZTIP2D6F171CT1YZ.pcm
SwiftExplicitDependencyGeneratePcm arm64 /Users/admin/builder/spi-builder-workspace/.derivedData/SDKExplicitPrecompiledModules/Accessibility-DB0V1GY4JDAXG2CZ5MW826DDE.pcm
SwiftExplicitDependencyGeneratePcm arm64_32 /Users/admin/builder/spi-builder-workspace/.derivedData/SDKExplicitPrecompiledModules/CoreLocation-4AZRAZ8X3W0CS36SZ1GS4LT05.pcm
SwiftExplicitDependencyGeneratePcm arm64 /Users/admin/builder/spi-builder-workspace/.derivedData/SDKExplicitPrecompiledModules/Symbols-B8SNL2YULCKW9SYIL0T5QLMV.pcm
SwiftExplicitDependencyGeneratePcm arm64 /Users/admin/builder/spi-builder-workspace/.derivedData/SDKExplicitPrecompiledModules/UniformTypeIdentifiers-47SS6PHE8KOUZX5UOQUNKH397.pcm
SwiftExplicitDependencyGeneratePcm arm64_32 /Users/admin/builder/spi-builder-workspace/.derivedData/SDKExplicitPrecompiledModules/SwiftUICore-TURER010MQ2QH6SN4BGDJJKP.pcm
SwiftExplicitDependencyGeneratePcm arm64_32 /Users/admin/builder/spi-builder-workspace/.derivedData/SDKExplicitPrecompiledModules/SceneKit-CLOM4E4D45A8A94N3QNHOVW3H.pcm
SwiftExplicitDependencyGeneratePcm arm64_32 /Users/admin/builder/spi-builder-workspace/.derivedData/SDKExplicitPrecompiledModules/Symbols-DP67QJL9W7VSYP70ZVEBE3KRT.pcm
SwiftExplicitDependencyGeneratePcm arm64_32 /Users/admin/builder/spi-builder-workspace/.derivedData/SDKExplicitPrecompiledModules/DataDetection-8EDL8T61430CB5CU94L1E3L0C.pcm
SwiftExplicitDependencyGeneratePcm arm64 /Users/admin/builder/spi-builder-workspace/.derivedData/SDKExplicitPrecompiledModules/LocalAuthentication-B2TFMTPZVFFVZ7Y4SFJ4HJEBL.pcm
SwiftExplicitDependencyGeneratePcm arm64 /Users/admin/builder/spi-builder-workspace/.derivedData/SDKExplicitPrecompiledModules/CoreLocation-B0A9Z3B1UDU8OLBQROLWD03N3.pcm
SwiftExplicitDependencyGeneratePcm arm64 /Users/admin/builder/spi-builder-workspace/.derivedData/SDKExplicitPrecompiledModules/UserNotifications-7VIERZPAA371031RT8VBKFYKJ.pcm
SwiftExplicitDependencyGeneratePcm arm64 /Users/admin/builder/spi-builder-workspace/.derivedData/SDKExplicitPrecompiledModules/CoreData-DAEI6Z48P97TYC3SMMGLERAJ5.pcm
SwiftExplicitDependencyGeneratePcm arm64_32 /Users/admin/builder/spi-builder-workspace/.derivedData/SDKExplicitPrecompiledModules/CoreMotion-E9C6K7MOTJF3RC93DULCZ130U.pcm
SwiftExplicitDependencyGeneratePcm arm64 /Users/admin/builder/spi-builder-workspace/.derivedData/SDKExplicitPrecompiledModules/SwiftUICore-D4BOUT6VJWDXKNATG8P2F95W3.pcm
SwiftExplicitDependencyGeneratePcm arm64 /Users/admin/builder/spi-builder-workspace/.derivedData/SDKExplicitPrecompiledModules/SceneKit-4VPDXW2J8W40JMX88G7X30C4G.pcm
SwiftExplicitDependencyGeneratePcm arm64 /Users/admin/builder/spi-builder-workspace/.derivedData/SDKExplicitPrecompiledModules/DataDetection-8RQ09UCIV0XSYRF8TQQD54MWN.pcm
SwiftExplicitDependencyGeneratePcm arm64 /Users/admin/builder/spi-builder-workspace/.derivedData/SDKExplicitPrecompiledModules/CoreMotion-70RNUQRT1QM2F8WR42WPP4KQV.pcm
SwiftExplicitDependencyGeneratePcm arm64_32 /Users/admin/builder/spi-builder-workspace/.derivedData/SDKExplicitPrecompiledModules/UIKit-BGAQE5HOOTG6M9C46O1HHPCDR.pcm
SwiftExplicitDependencyGeneratePcm arm64 /Users/admin/builder/spi-builder-workspace/.derivedData/SDKExplicitPrecompiledModules/UIKit-2XWL6VFNA7WRWSTXI42YLU909.pcm
SwiftExplicitDependencyGeneratePcm arm64_32 /Users/admin/builder/spi-builder-workspace/.derivedData/SDKExplicitPrecompiledModules/MapKit-3RCPMYWFYVKLOR1JJH1M1L7O6.pcm
SwiftExplicitDependencyGeneratePcm arm64_32 /Users/admin/builder/spi-builder-workspace/.derivedData/SDKExplicitPrecompiledModules/HomeKit-DXH34ZWEY4P4FEELCOH3LXVCR.pcm
SwiftExplicitDependencyGeneratePcm arm64 /Users/admin/builder/spi-builder-workspace/.derivedData/SDKExplicitPrecompiledModules/MapKit-5U4CPBNVICOGB0BBK9BC7P4E9.pcm
SwiftExplicitDependencyGeneratePcm arm64 /Users/admin/builder/spi-builder-workspace/.derivedData/SDKExplicitPrecompiledModules/HomeKit-2JD3RMVTK0MFX7K570KHTLBBH.pcm
SwiftExplicitDependencyGeneratePcm arm64_32 /Users/admin/builder/spi-builder-workspace/.derivedData/SDKExplicitPrecompiledModules/WatchKit-7IATJTA58S6OFDEYHG9JSLLDQ.pcm
SwiftExplicitDependencyGeneratePcm arm64 /Users/admin/builder/spi-builder-workspace/.derivedData/SDKExplicitPrecompiledModules/WatchKit-22L6Z003SE8XPQ9JS14K57C9N.pcm
SwiftExplicitDependencyGeneratePcm arm64_32 /Users/admin/builder/spi-builder-workspace/.derivedData/SDKExplicitPrecompiledModules/SwiftUI-6DR5UJH94SD7QMITGWNAX9FBI.pcm
SwiftCompile normal arm64_32 Compiling\ ToggleManager+Caching.swift,\ ToggleManager+Ciphering.swift,\ ToggleManager+Logging.swift,\ ToggleManager+Overrides.swift,\ ToggleManager+Publishing.swift,\ ToggleManager+Reacting.swift /Users/admin/builder/spi-builder-workspace/Sources/ToggleManager/ToggleManager+Caching.swift /Users/admin/builder/spi-builder-workspace/Sources/ToggleManager/ToggleManager+Ciphering.swift /Users/admin/builder/spi-builder-workspace/Sources/ToggleManager/ToggleManager+Logging.swift /Users/admin/builder/spi-builder-workspace/Sources/ToggleManager/ToggleManager+Overrides.swift /Users/admin/builder/spi-builder-workspace/Sources/ToggleManager/ToggleManager+Publishing.swift /Users/admin/builder/spi-builder-workspace/Sources/ToggleManager/ToggleManager+Reacting.swift (in target 'Toggles' from project 'Toggles')
SwiftCompile normal arm64_32 /Users/admin/builder/spi-builder-workspace/Sources/ToggleManager/ToggleManager+Caching.swift (in target 'Toggles' from project 'Toggles')
cd /Users/admin/builder/spi-builder-workspace/.swiftpm/xcode
builtin-SwiftPerFileCompile ToggleManager+Caching.swift
SwiftCompile normal arm64_32 /Users/admin/builder/spi-builder-workspace/Sources/ToggleManager/ToggleManager+Ciphering.swift (in target 'Toggles' from project 'Toggles')
cd /Users/admin/builder/spi-builder-workspace/.swiftpm/xcode
builtin-SwiftPerFileCompile ToggleManager+Ciphering.swift
SwiftCompile normal arm64_32 /Users/admin/builder/spi-builder-workspace/Sources/ToggleManager/ToggleManager+Logging.swift (in target 'Toggles' from project 'Toggles')
cd /Users/admin/builder/spi-builder-workspace/.swiftpm/xcode
builtin-SwiftPerFileCompile ToggleManager+Logging.swift
SwiftCompile normal arm64_32 /Users/admin/builder/spi-builder-workspace/Sources/ToggleManager/ToggleManager+Overrides.swift (in target 'Toggles' from project 'Toggles')
cd /Users/admin/builder/spi-builder-workspace/.swiftpm/xcode
builtin-SwiftPerFileCompile ToggleManager+Overrides.swift
SwiftCompile normal arm64_32 /Users/admin/builder/spi-builder-workspace/Sources/ToggleManager/ToggleManager+Publishing.swift (in target 'Toggles' from project 'Toggles')
cd /Users/admin/builder/spi-builder-workspace/.swiftpm/xcode
builtin-SwiftPerFileCompile ToggleManager+Publishing.swift
SwiftCompile normal arm64_32 /Users/admin/builder/spi-builder-workspace/Sources/ToggleManager/ToggleManager+Reacting.swift (in target 'Toggles' from project 'Toggles')
cd /Users/admin/builder/spi-builder-workspace/.swiftpm/xcode
builtin-SwiftPerFileCompile ToggleManager+Reacting.swift
SwiftCompile normal arm64_32 Compiling\ OverrideSection.swift,\ ProviderStackSection.swift,\ TextOverrideControl.swift,\ ToggleDetailView.swift,\ ToggleRow.swift,\ TogglesView.swift /Users/admin/builder/spi-builder-workspace/Sources/Views/ToggleDetailView/OverrideSection.swift /Users/admin/builder/spi-builder-workspace/Sources/Views/ToggleDetailView/ProviderStackSection.swift /Users/admin/builder/spi-builder-workspace/Sources/Views/ToggleDetailView/TextOverrideControl.swift /Users/admin/builder/spi-builder-workspace/Sources/Views/ToggleDetailView/ToggleDetailView.swift /Users/admin/builder/spi-builder-workspace/Sources/Views/TogglesView/ToggleRow.swift /Users/admin/builder/spi-builder-workspace/Sources/Views/TogglesView/TogglesView.swift (in target 'Toggles' from project 'Toggles')
SwiftCompile normal arm64_32 /Users/admin/builder/spi-builder-workspace/Sources/Views/ToggleDetailView/OverrideSection.swift (in target 'Toggles' from project 'Toggles')
cd /Users/admin/builder/spi-builder-workspace/.swiftpm/xcode
builtin-SwiftPerFileCompile OverrideSection.swift
SwiftCompile normal arm64_32 /Users/admin/builder/spi-builder-workspace/Sources/Views/ToggleDetailView/ProviderStackSection.swift (in target 'Toggles' from project 'Toggles')
cd /Users/admin/builder/spi-builder-workspace/.swiftpm/xcode
builtin-SwiftPerFileCompile ProviderStackSection.swift
SwiftCompile normal arm64_32 /Users/admin/builder/spi-builder-workspace/Sources/Views/ToggleDetailView/TextOverrideControl.swift (in target 'Toggles' from project 'Toggles')
cd /Users/admin/builder/spi-builder-workspace/.swiftpm/xcode
builtin-SwiftPerFileCompile TextOverrideControl.swift
SwiftCompile normal arm64_32 /Users/admin/builder/spi-builder-workspace/Sources/Views/ToggleDetailView/ToggleDetailView.swift (in target 'Toggles' from project 'Toggles')
cd /Users/admin/builder/spi-builder-workspace/.swiftpm/xcode
builtin-SwiftPerFileCompile ToggleDetailView.swift
SwiftCompile normal arm64_32 /Users/admin/builder/spi-builder-workspace/Sources/Views/TogglesView/ToggleRow.swift (in target 'Toggles' from project 'Toggles')
cd /Users/admin/builder/spi-builder-workspace/.swiftpm/xcode
builtin-SwiftPerFileCompile ToggleRow.swift
SwiftCompile normal arm64_32 /Users/admin/builder/spi-builder-workspace/Sources/Views/TogglesView/TogglesView.swift (in target 'Toggles' from project 'Toggles')
cd /Users/admin/builder/spi-builder-workspace/.swiftpm/xcode
builtin-SwiftPerFileCompile TogglesView.swift
/Users/admin/builder/spi-builder-workspace/Sources/Views/ToggleDetailView/TextOverrideControl.swift:22:21: error: 'TextEditor' is unavailable in watchOS
20 | // Use TextEditor for multiline content (objects, long strings)
21 | if inputValidationHelper.isObjectToggle {
22 | TextEditor(text: $textValue)
| `- error: 'TextEditor' is unavailable in watchOS
23 | .font(.system(.body, design: .monospaced))
24 | .frame(minHeight: 80, maxHeight: 120)
SwiftUI.TextEditor:4:27: note: 'TextEditor' has been explicitly marked unavailable here
2 | @available(tvOS, unavailable)
3 | @available(watchOS, unavailable)
4 | nonisolated public struct TextEditor : View, ~Sendable {
| `- note: 'TextEditor' has been explicitly marked unavailable here
5 | nonisolated public init(text: Binding<String>)
6 | @available(iOS 18.0, macOS 15.0, visionOS 2.0, *)
SwiftCompile normal arm64_32 Compiling\ ToggleManager+Trace.swift,\ ToggleManager.swift,\ CipherConfiguration.swift,\ GroupLoader.swift,\ InputValidationHelper.swift,\ SearchFilter.swift /Users/admin/builder/spi-builder-workspace/Sources/ToggleManager/ToggleManager+Trace.swift /Users/admin/builder/spi-builder-workspace/Sources/ToggleManager/ToggleManager.swift /Users/admin/builder/spi-builder-workspace/Sources/Utilities/CipherConfiguration.swift /Users/admin/builder/spi-builder-workspace/Sources/Utilities/GroupLoader.swift /Users/admin/builder/spi-builder-workspace/Sources/Utilities/InputValidationHelper.swift /Users/admin/builder/spi-builder-workspace/Sources/Utilities/SearchFilter.swift (in target 'Toggles' from project 'Toggles')
SwiftCompile normal arm64_32 /Users/admin/builder/spi-builder-workspace/Sources/ToggleManager/ToggleManager+Trace.swift (in target 'Toggles' from project 'Toggles')
cd /Users/admin/builder/spi-builder-workspace/.swiftpm/xcode
builtin-SwiftPerFileCompile ToggleManager+Trace.swift
SwiftCompile normal arm64_32 /Users/admin/builder/spi-builder-workspace/Sources/ToggleManager/ToggleManager.swift (in target 'Toggles' from project 'Toggles')
cd /Users/admin/builder/spi-builder-workspace/.swiftpm/xcode
builtin-SwiftPerFileCompile ToggleManager.swift
SwiftCompile normal arm64_32 /Users/admin/builder/spi-builder-workspace/Sources/Utilities/CipherConfiguration.swift (in target 'Toggles' from project 'Toggles')
cd /Users/admin/builder/spi-builder-workspace/.swiftpm/xcode
builtin-SwiftPerFileCompile CipherConfiguration.swift
SwiftCompile normal arm64_32 /Users/admin/builder/spi-builder-workspace/Sources/Utilities/GroupLoader.swift (in target 'Toggles' from project 'Toggles')
cd /Users/admin/builder/spi-builder-workspace/.swiftpm/xcode
builtin-SwiftPerFileCompile GroupLoader.swift
SwiftCompile normal arm64_32 /Users/admin/builder/spi-builder-workspace/Sources/Utilities/InputValidationHelper.swift (in target 'Toggles' from project 'Toggles')
cd /Users/admin/builder/spi-builder-workspace/.swiftpm/xcode
builtin-SwiftPerFileCompile InputValidationHelper.swift
SwiftCompile normal arm64_32 /Users/admin/builder/spi-builder-workspace/Sources/Utilities/SearchFilter.swift (in target 'Toggles' from project 'Toggles')
cd /Users/admin/builder/spi-builder-workspace/.swiftpm/xcode
builtin-SwiftPerFileCompile SearchFilter.swift
SwiftCompile normal arm64_32 Compiling\ Variable.swift,\ ToggleObservable.swift,\ Ciphering.swift,\ Logger.swift,\ MutableValueProvider.swift,\ Publishing.swift /Users/admin/builder/spi-builder-workspace/Sources/Models/Variable.swift /Users/admin/builder/spi-builder-workspace/Sources/ObservableObjects/ToggleObservable.swift /Users/admin/builder/spi-builder-workspace/Sources/Protocols/Ciphering.swift /Users/admin/builder/spi-builder-workspace/Sources/Protocols/Logger.swift /Users/admin/builder/spi-builder-workspace/Sources/Protocols/MutableValueProvider.swift /Users/admin/builder/spi-builder-workspace/Sources/Protocols/Publishing.swift (in target 'Toggles' from project 'Toggles')
SwiftCompile normal arm64_32 /Users/admin/builder/spi-builder-workspace/Sources/Models/Variable.swift (in target 'Toggles' from project 'Toggles')
cd /Users/admin/builder/spi-builder-workspace/.swiftpm/xcode
builtin-SwiftPerFileCompile Variable.swift
SwiftCompile normal arm64_32 /Users/admin/builder/spi-builder-workspace/Sources/ObservableObjects/ToggleObservable.swift (in target 'Toggles' from project 'Toggles')
cd /Users/admin/builder/spi-builder-workspace/.swiftpm/xcode
builtin-SwiftPerFileCompile ToggleObservable.swift
SwiftCompile normal arm64_32 /Users/admin/builder/spi-builder-workspace/Sources/Protocols/Ciphering.swift (in target 'Toggles' from project 'Toggles')
cd /Users/admin/builder/spi-builder-workspace/.swiftpm/xcode
builtin-SwiftPerFileCompile Ciphering.swift
SwiftCompile normal arm64_32 /Users/admin/builder/spi-builder-workspace/Sources/Protocols/Logger.swift (in target 'Toggles' from project 'Toggles')
cd /Users/admin/builder/spi-builder-workspace/.swiftpm/xcode
builtin-SwiftPerFileCompile Logger.swift
SwiftCompile normal arm64_32 /Users/admin/builder/spi-builder-workspace/Sources/Protocols/MutableValueProvider.swift (in target 'Toggles' from project 'Toggles')
cd /Users/admin/builder/spi-builder-workspace/.swiftpm/xcode
builtin-SwiftPerFileCompile MutableValueProvider.swift
SwiftCompile normal arm64_32 /Users/admin/builder/spi-builder-workspace/Sources/Protocols/Publishing.swift (in target 'Toggles' from project 'Toggles')
cd /Users/admin/builder/spi-builder-workspace/.swiftpm/xcode
builtin-SwiftPerFileCompile Publishing.swift
SwiftCompile normal arm64_32 Compiling\ Reacting.swift,\ ValueProvider.swift,\ DefaultValueProvider.swift,\ InMemoryValueProvider.swift,\ LocalValueProvider.swift,\ PersistentValueProvider.swift /Users/admin/builder/spi-builder-workspace/Sources/Protocols/Reacting.swift /Users/admin/builder/spi-builder-workspace/Sources/Protocols/ValueProvider.swift /Users/admin/builder/spi-builder-workspace/Sources/Providers/DefaultValueProvider.swift /Users/admin/builder/spi-builder-workspace/Sources/Providers/InMemoryValueProvider.swift /Users/admin/builder/spi-builder-workspace/Sources/Providers/LocalValueProvider.swift /Users/admin/builder/spi-builder-workspace/Sources/Providers/PersistentValueProvider.swift (in target 'Toggles' from project 'Toggles')
SwiftCompile normal arm64_32 /Users/admin/builder/spi-builder-workspace/Sources/Protocols/Reacting.swift (in target 'Toggles' from project 'Toggles')
cd /Users/admin/builder/spi-builder-workspace/.swiftpm/xcode
builtin-SwiftPerFileCompile Reacting.swift
SwiftCompile normal arm64_32 /Users/admin/builder/spi-builder-workspace/Sources/Protocols/ValueProvider.swift (in target 'Toggles' from project 'Toggles')
cd /Users/admin/builder/spi-builder-workspace/.swiftpm/xcode
builtin-SwiftPerFileCompile ValueProvider.swift
SwiftCompile normal arm64_32 /Users/admin/builder/spi-builder-workspace/Sources/Providers/DefaultValueProvider.swift (in target 'Toggles' from project 'Toggles')
cd /Users/admin/builder/spi-builder-workspace/.swiftpm/xcode
builtin-SwiftPerFileCompile DefaultValueProvider.swift
SwiftCompile normal arm64_32 /Users/admin/builder/spi-builder-workspace/Sources/Providers/InMemoryValueProvider.swift (in target 'Toggles' from project 'Toggles')
cd /Users/admin/builder/spi-builder-workspace/.swiftpm/xcode
builtin-SwiftPerFileCompile InMemoryValueProvider.swift
SwiftCompile normal arm64_32 /Users/admin/builder/spi-builder-workspace/Sources/Providers/LocalValueProvider.swift (in target 'Toggles' from project 'Toggles')
cd /Users/admin/builder/spi-builder-workspace/.swiftpm/xcode
builtin-SwiftPerFileCompile LocalValueProvider.swift
SwiftCompile normal arm64_32 /Users/admin/builder/spi-builder-workspace/Sources/Providers/PersistentValueProvider.swift (in target 'Toggles' from project 'Toggles')
cd /Users/admin/builder/spi-builder-workspace/.swiftpm/xcode
builtin-SwiftPerFileCompile PersistentValueProvider.swift
SwiftCompile normal arm64_32 Compiling\ Datasource.swift,\ Group.swift,\ Metadata.swift,\ Object.swift,\ ObjectSupportedType.swift,\ Toggle.swift,\ Value.swift /Users/admin/builder/spi-builder-workspace/Sources/Models/Datasource.swift /Users/admin/builder/spi-builder-workspace/Sources/Models/Group.swift /Users/admin/builder/spi-builder-workspace/Sources/Models/Metadata.swift /Users/admin/builder/spi-builder-workspace/Sources/Models/Object.swift /Users/admin/builder/spi-builder-workspace/Sources/Models/ObjectSupportedType.swift /Users/admin/builder/spi-builder-workspace/Sources/Models/Toggle.swift /Users/admin/builder/spi-builder-workspace/Sources/Models/Value.swift (in target 'Toggles' from project 'Toggles')
SwiftCompile normal arm64_32 /Users/admin/builder/spi-builder-workspace/Sources/Models/Datasource.swift (in target 'Toggles' from project 'Toggles')
cd /Users/admin/builder/spi-builder-workspace/.swiftpm/xcode
builtin-SwiftPerFileCompile Datasource.swift
SwiftCompile normal arm64_32 /Users/admin/builder/spi-builder-workspace/Sources/Models/Group.swift (in target 'Toggles' from project 'Toggles')
cd /Users/admin/builder/spi-builder-workspace/.swiftpm/xcode
builtin-SwiftPerFileCompile Group.swift
SwiftCompile normal arm64_32 /Users/admin/builder/spi-builder-workspace/Sources/Models/Metadata.swift (in target 'Toggles' from project 'Toggles')
cd /Users/admin/builder/spi-builder-workspace/.swiftpm/xcode
builtin-SwiftPerFileCompile Metadata.swift
SwiftCompile normal arm64_32 /Users/admin/builder/spi-builder-workspace/Sources/Models/Object.swift (in target 'Toggles' from project 'Toggles')
cd /Users/admin/builder/spi-builder-workspace/.swiftpm/xcode
builtin-SwiftPerFileCompile Object.swift
SwiftCompile normal arm64_32 /Users/admin/builder/spi-builder-workspace/Sources/Models/ObjectSupportedType.swift (in target 'Toggles' from project 'Toggles')
cd /Users/admin/builder/spi-builder-workspace/.swiftpm/xcode
builtin-SwiftPerFileCompile ObjectSupportedType.swift
SwiftCompile normal arm64_32 /Users/admin/builder/spi-builder-workspace/Sources/Models/Toggle.swift (in target 'Toggles' from project 'Toggles')
cd /Users/admin/builder/spi-builder-workspace/.swiftpm/xcode
builtin-SwiftPerFileCompile Toggle.swift
SwiftCompile normal arm64_32 /Users/admin/builder/spi-builder-workspace/Sources/Models/Value.swift (in target 'Toggles' from project 'Toggles')
cd /Users/admin/builder/spi-builder-workspace/.swiftpm/xcode
builtin-SwiftPerFileCompile Value.swift
SwiftCompile normal arm64_32 Compiling\ TogglesValidator.swift,\ ValueCache.swift,\ BooleanOverrideControl.swift,\ ExpandedValueView.swift,\ LiveValueSection.swift,\ MetadataSection.swift /Users/admin/builder/spi-builder-workspace/Sources/Utilities/TogglesValidator.swift /Users/admin/builder/spi-builder-workspace/Sources/Utilities/ValueCache.swift /Users/admin/builder/spi-builder-workspace/Sources/Views/ToggleDetailView/BooleanOverrideControl.swift /Users/admin/builder/spi-builder-workspace/Sources/Views/ToggleDetailView/ExpandedValueView.swift /Users/admin/builder/spi-builder-workspace/Sources/Views/ToggleDetailView/LiveValueSection.swift /Users/admin/builder/spi-builder-workspace/Sources/Views/ToggleDetailView/MetadataSection.swift (in target 'Toggles' from project 'Toggles')
/Users/admin/builder/spi-builder-workspace/Sources/Views/ToggleDetailView/ExpandedValueView.swift:22:22: error: 'textSelection' is unavailable in watchOS
20 | Text(value)
21 | .font(.system(.body, design: .monospaced))
22 | .textSelection(.enabled)
| `- error: 'textSelection' is unavailable in watchOS
23 | .frame(maxWidth: .infinity, alignment: .leading)
24 | .padding()
SwiftUI.View.textSelection:2:25: note: 'textSelection' has been explicitly marked unavailable here
1 | protocol View {
2 | nonisolated public func textSelection<S>(_ selectability: S) -> some View where S : TextSelectability
| `- note: 'textSelection' has been explicitly marked unavailable here
3 | }
4 |
/Users/admin/builder/spi-builder-workspace/Sources/Views/ToggleDetailView/ExpandedValueView.swift:22:37: error: 'enabled' is unavailable in watchOS
20 | Text(value)
21 | .font(.system(.body, design: .monospaced))
22 | .textSelection(.enabled)
| `- error: 'enabled' is unavailable in watchOS
23 | .frame(maxWidth: .infinity, alignment: .leading)
24 | .padding()
SwiftUI.TextSelectability.enabled:2:43: note: 'enabled' has been explicitly marked unavailable here
1 | protocol TextSelectability {
2 | @export(implementation) public static var enabled: EnabledTextSelectability { get }}
| `- note: 'enabled' has been explicitly marked unavailable here
3 |
Failed frontend command:
/Applications/Xcode-27.0.0-Release.Candidate.app/Contents/Developer/Toolchains/XcodeDefault.xctoolchain/usr/bin/swift-frontend -frontend -c /Users/admin/builder/spi-builder-workspace/.derivedData/Build/Intermediates.noindex/Toggles.build/Debug-watchos/Toggles-t.build/DerivedSources/resource_bundle_accessor.swift /Users/admin/builder/spi-builder-workspace/Sources/Ciphers/ChaCha20Poly1305.swift /Users/admin/builder/spi-builder-workspace/Sources/Extensions/Dictionary+Toggles.swift /Users/admin/builder/spi-builder-workspace/Sources/Extensions/Group+Identifiable.swift /Users/admin/builder/spi-builder-workspace/Sources/Extensions/Group+Utilities.swift /Users/admin/builder/spi-builder-workspace/Sources/Extensions/Object/Object+Codable.swift /Users/admin/builder/spi-builder-workspace/Sources/Extensions/Object/Object+Equatable.swift /Users/admin/builder/spi-builder-workspace/Sources/Extensions/Object/ObjectSupportedType+Accessors.swift /Users/admin/builder/spi-builder-workspace/Sources/Extensions/Object/ObjectSupportedType+Codable.swift /Users/admin/builder/spi-builder-workspace/Sources/Extensions/Object/ObjectSupportedType+Equatable.swift /Users/admin/builder/spi-builder-workspace/Sources/Extensions/Object/ObjectSupportedType+Utilities.swift /Users/admin/builder/spi-builder-workspace/Sources/Extensions/Object/String+Object.swift /Users/admin/builder/spi-builder-workspace/Sources/Extensions/String+Bool.swift /Users/admin/builder/spi-builder-workspace/Sources/Extensions/String+ValidJSON.swift /Users/admin/builder/spi-builder-workspace/Sources/Extensions/Toggle+Codable.swift /Users/admin/builder/spi-builder-workspace/Sources/Extensions/Toggle+Comparable.swift /Users/admin/builder/spi-builder-workspace/Sources/Extensions/Toggle+Identifiable.swift /Users/admin/builder/spi-builder-workspace/Sources/Extensions/Toggle+Utilities.swift /Users/admin/builder/spi-builder-workspace/Sources/Extensions/Value+Accessors.swift /Users/admin/builder/spi-builder-workspace/Sources/Extensions/Value+Semi-Equatable.swift /Users/admin/builder/spi-builder-workspace/Sources/Extensions/Value+Utilities.swift /Users/admin/builder/spi-builder-workspace/Sources/Models/Datasource.swift /Users/admin/builder/spi-builder-workspace/Sources/Models/Group.swift /Users/admin/builder/spi-builder-workspace/Sources/Models/Metadata.swift /Users/admin/builder/spi-builder-workspace/Sources/Models/Object.swift /Users/admin/builder/spi-builder-workspace/Sources/Models/ObjectSupportedType.swift /Users/admin/builder/spi-builder-workspace/Sources/Models/Toggle.swift /Users/admin/builder/spi-builder-workspace/Sources/Models/Value.swift /Users/admin/builder/spi-builder-workspace/Sources/Models/Variable.swift /Users/admin/builder/spi-builder-workspace/Sources/ObservableObjects/ToggleObservable.swift /Users/admin/builder/spi-builder-workspace/Sources/Protocols/Ciphering.swift /Users/admin/builder/spi-builder-workspace/Sources/Protocols/Logger.swift /Users/admin/builder/spi-builder-workspace/Sources/Protocols/MutableValueProvider.swift /Users/admin/builder/spi-builder-workspace/Sources/Protocols/Publishing.swift /Users/admin/builder/spi-builder-workspace/Sources/Protocols/Reacting.swift /Users/admin/builder/spi-builder-workspace/Sources/Protocols/ValueProvider.swift /Users/admin/builder/spi-builder-workspace/Sources/Providers/DefaultValueProvider.swift /Users/admin/builder/spi-builder-workspace/Sources/Providers/InMemoryValueProvider.swift /Users/admin/builder/spi-builder-workspace/Sources/Providers/LocalValueProvider.swift /Users/admin/builder/spi-builder-workspace/Sources/Providers/PersistentValueProvider.swift /Users/admin/builder/spi-builder-workspace/Sources/ToggleManager/ToggleManager+Caching.swift /Users/admin/builder/spi-builder-workspace/Sources/ToggleManager/ToggleManager+Ciphering.swift /Users/admin/builder/spi-builder-workspace/Sources/ToggleManager/ToggleManager+Logging.swift /Users/admin/builder/spi-builder-workspace/Sources/ToggleManager/ToggleManager+Overrides.swift /Users/admin/builder/spi-builder-workspace/Sources/ToggleManager/ToggleManager+Publishing.swift /Users/admin/builder/spi-builder-workspace/Sources/ToggleManager/ToggleManager+Reacting.swift /Users/admin/builder/spi-builder-workspace/Sources/ToggleManager/ToggleManager+Trace.swift /Users/admin/builder/spi-builder-workspace/Sources/ToggleManager/ToggleManager.swift /Users/admin/builder/spi-builder-workspace/Sources/Utilities/CipherConfiguration.swift /Users/admin/builder/spi-builder-workspace/Sources/Utilities/GroupLoader.swift /Users/admin/builder/spi-builder-workspace/Sources/Utilities/InputValidationHelper.swift /Users/admin/builder/spi-builder-workspace/Sources/Utilities/SearchFilter.swift -primary-file /Users/admin/builder/spi-builder-workspace/Sources/Utilities/TogglesValidator.swift -primary-file /Users/admin/builder/spi-builder-workspace/Sources/Utilities/ValueCache.swift -primary-file /Users/admin/builder/spi-builder-workspace/Sources/Views/ToggleDetailView/BooleanOverrideControl.swift -primary-file /Users/admin/builder/spi-builder-workspace/Sources/Views/ToggleDetailView/ExpandedValueView.swift -primary-file /Users/admin/builder/spi-builder-workspace/Sources/Views/ToggleDetailView/LiveValueSection.swift -primary-file /Users/admin/builder/spi-builder-workspace/Sources/Views/ToggleDetailView/MetadataSection.swift /Users/admin/builder/spi-builder-workspace/Sources/Views/ToggleDetailView/OverrideSection.swift /Users/admin/builder/spi-builder-workspace/Sources/Views/ToggleDetailView/ProviderStackSection.swift /Users/admin/builder/spi-builder-workspace/Sources/Views/ToggleDetailView/TextOverrideControl.swift /Users/admin/builder/spi-builder-workspace/Sources/Views/ToggleDetailView/ToggleDetailView.swift /Users/admin/builder/spi-builder-workspace/Sources/Views/TogglesView/ToggleRow.swift /Users/admin/builder/spi-builder-workspace/Sources/Views/TogglesView/TogglesView.swift -supplementary-output-file-map /Users/admin/builder/spi-builder-workspace/.derivedData/Build/Intermediates.noindex/Toggles.build/Debug-watchos/Toggles-t.build/Objects-normal/arm64_32/supplementaryOutputs-18 -target arm64_32-apple-watchos9.0 -disable-cross-import-overlay-search -load-resolved-plugin /Applications/Xcode-27.0.0-Release.Candidate.app/Contents/Developer/Platforms/WatchOS.platform/Developer/usr/lib/swift/host/plugins/libFoundationMacros.dylib\#/Applications/Xcode-27.0.0-Release.Candidate.app/Contents/Developer/Platforms/WatchOS.platform/Developer/usr/bin/swift-plugin-server\#FoundationMacros -load-resolved-plugin /Applications/Xcode-27.0.0-Release.Candidate.app/Contents/Developer/Platforms/WatchOS.platform/Developer/usr/lib/swift/host/plugins/libObservationMacros.dylib\#/Applications/Xcode-27.0.0-Release.Candidate.app/Contents/Developer/Platforms/WatchOS.platform/Developer/usr/bin/swift-plugin-server\#ObservationMacros -load-resolved-plugin /Applications/Xcode-27.0.0-Release.Candidate.app/Contents/Developer/Platforms/WatchOS.platform/Developer/usr/lib/swift/host/plugins/libPreviewsMacros.dylib\#/Applications/Xcode-27.0.0-Release.Candidate.app/Contents/Developer/Platforms/WatchOS.platform/Developer/usr/bin/swift-plugin-server\#PreviewsMacros -load-resolved-plugin /Applications/Xcode-27.0.0-Release.Candidate.app/Contents/Developer/Platforms/WatchOS.platform/Developer/usr/lib/swift/host/plugins/libSwiftMacros.dylib\#/Applications/Xcode-27.0.0-Release.Candidate.app/Contents/Developer/Platforms/WatchOS.platform/Developer/usr/bin/swift-plugin-server\#SwiftMacros -load-resolved-plugin /Applications/Xcode-27.0.0-Release.Candidate.app/Contents/Developer/Platforms/WatchOS.platform/Developer/usr/lib/swift/host/plugins/libSwiftUIMacros.dylib\#/Applications/Xcode-27.0.0-Release.Candidate.app/Contents/Developer/Platforms/WatchOS.platform/Developer/usr/bin/swift-plugin-server\#SwiftUIMacros -disable-implicit-swift-modules -Xcc -fno-implicit-modules -Xcc -fno-implicit-module-maps -explicit-swift-module-map-file /Users/admin/builder/spi-builder-workspace/.derivedData/Build/Intermediates.noindex/Toggles.build/Debug-watchos/Toggles-t.build/Objects-normal/arm64_32/Toggles-dependencies-1.json -enable-objc-interop -sdk /Applications/Xcode-27.0.0-Release.Candidate.app/Contents/Developer/Platforms/WatchOS.platform/Developer/SDKs/WatchOS27.0.sdk -I /Users/admin/builder/spi-builder-workspace/.derivedData/Build/Products/Debug-watchos -Isystem /Applications/Xcode-27.0.0-Release.Candidate.app/Contents/Developer/Platforms/WatchOS.platform/Developer/usr/lib -F /Users/admin/builder/spi-builder-workspace/.derivedData/Build/Products/Debug-watchos -F /Applications/Xcode-27.0.0-Release.Candidate.app/Contents/Developer/Platforms/WatchOS.platform/Developer/Library/Frameworks -F /Applications/Xcode-27.0.0-Release.Candidate.app/Contents/Developer/Platforms/WatchOS.platform/Developer/SDKs/WatchOS27.0.sdk/Developer/Library/Frameworks -module-cache-path /Users/admin/builder/spi-builder-workspace/.derivedData/Build/Intermediates.noindex/SwiftExplicitPrecompiledModules -no-color-diagnostics -Xcc -fno-color-diagnostics -enable-testing -g -debug-info-format\=dwarf -dwarf-version\=4 -profile-generate -profile-coverage-mapping -swift-version 6 -Onone -D SWIFT_PACKAGE -D DEBUG -D SWIFT_MODULE_RESOURCE_BUNDLE_AVAILABLE -D Xcode -serialize-debugging-options -enable-upcoming-feature InternalImportsByDefault -enable-upcoming-feature ExistentialAny -enable-experimental-feature DebugDescriptionMacro -empty-abi-descriptor -validate-clang-modules-once -clang-build-session-file /Users/admin/builder/spi-builder-workspace/.derivedData/ModuleCache.noindex/Session.modulevalidation -Xcc -working-directory -Xcc /Users/admin/builder/spi-builder-workspace/.swiftpm/xcode -enable-anonymous-context-mangled-names -file-compilation-dir /Users/admin/builder/spi-builder-workspace/.swiftpm/xcode -Xcc -D_LIBCPP_HARDENING_MODE\=_LIBCPP_HARDENING_MODE_DEBUG -Xcc -ivfsstatcache -Xcc /Users/admin/builder/spi-builder-workspace/.derivedData/SDKStatCaches.noindex/watchos27.0-24R360-e829b21a6f8c9b70876ba0858053c04477534ef55a1706bf4c1112bbb242f0a2.sdkstatcache -Xcc -fmodules-prune-interval\=86400 -Xcc -fmodules-prune-after\=345600 -Xcc -I/Users/admin/builder/spi-builder-workspace/.derivedData/Build/Products/Debug-watchos/include -Xcc -I/Users/admin/builder/spi-builder-workspace/.derivedData/Build/Intermediates.noindex/Toggles.build/Debug-watchos/Toggles-t.build/DerivedSources-normal/arm64_32 -Xcc -I/Users/admin/builder/spi-builder-workspace/.derivedData/Build/Intermediates.noindex/Toggles.build/Debug-watchos/Toggles-t.build/DerivedSources/arm64_32 -Xcc -I/Users/admin/builder/spi-builder-workspace/.derivedData/Build/Intermediates.noindex/Toggles.build/Debug-watchos/Toggles-t.build/DerivedSources -Xcc -DSWIFT_PACKAGE -Xcc -DDEBUG\=1 -no-auto-bridging-header-chaining -module-name Toggles -package-name spi_builder_workspace -const-gather-protocols-file /Users/admin/builder/spi-builder-workspace/.derivedData/Build/Intermediates.noindex/Toggles.build/Debug-watchos/Toggles-t.build/Objects-normal/arm64_32/Toggles_const_extract_protocols.json -disable-clang-spi -clang-target arm64_32-apple-watchos27.0 -target-sdk-version 27.0 -target-sdk-name watchos27.0 -in-process-plugin-server-path /Applications/Xcode-27.0.0-Release.Candidate.app/Contents/Developer/Toolchains/XcodeDefault.xctoolchain/usr/lib/swift/host/libSwiftInProcPluginServer.dylib -parse-as-library -o /Users/admin/builder/spi-builder-workspace/.derivedData/Build/Intermediates.noindex/Toggles.build/Debug-watchos/Toggles-t.build/Objects-normal/arm64_32/TogglesValidator.o -o /Users/admin/builder/spi-builder-workspace/.derivedData/Build/Intermediates.noindex/Toggles.build/Debug-watchos/Toggles-t.build/Objects-normal/arm64_32/ValueCache.o -o /Users/admin/builder/spi-builder-workspace/.derivedData/Build/Intermediates.noindex/Toggles.build/Debug-watchos/Toggles-t.build/Objects-normal/arm64_32/BooleanOverrideControl.o -o /Users/admin/builder/spi-builder-workspace/.derivedData/Build/Intermediates.noindex/Toggles.build/Debug-watchos/Toggles-t.build/Objects-normal/arm64_32/ExpandedValueView.o -o /Users/admin/builder/spi-builder-workspace/.derivedData/Build/Intermediates.noindex/Toggles.build/Debug-watchos/Toggles-t.build/Objects-normal/arm64_32/LiveValueSection.o -o /Users/admin/builder/spi-builder-workspace/.derivedData/Build/Intermediates.noindex/Toggles.build/Debug-watchos/Toggles-t.build/Objects-normal/arm64_32/MetadataSection.o -debug-module-path /Users/admin/builder/spi-builder-workspace/.derivedData/Build/Intermediates.noindex/Toggles.build/Debug-watchos/Toggles-t.build/Objects-normal/arm64_32/Toggles.swiftmodule -index-unit-output-path /Toggles.build/Debug-watchos/Toggles-t.build/Objects-normal/arm64_32/TogglesValidator.o -index-unit-output-path /Toggles.build/Debug-watchos/Toggles-t.build/Objects-normal/arm64_32/ValueCache.o -index-unit-output-path /Toggles.build/Debug-watchos/Toggles-t.build/Objects-normal/arm64_32/BooleanOverrideControl.o -index-unit-output-path /Toggles.build/Debug-watchos/Toggles-t.build/Objects-normal/arm64_32/ExpandedValueView.o -index-unit-output-path /Toggles.build/Debug-watchos/Toggles-t.build/Objects-normal/arm64_32/LiveValueSection.o -index-unit-output-path /Toggles.build/Debug-watchos/Toggles-t.build/Objects-normal/arm64_32/MetadataSection.o -index-store-path /Users/admin/builder/spi-builder-workspace/.derivedData/Index.noindex/DataStore -index-system-modules
SwiftCompile normal arm64_32 /Users/admin/builder/spi-builder-workspace/Sources/Utilities/TogglesValidator.swift (in target 'Toggles' from project 'Toggles')
cd /Users/admin/builder/spi-builder-workspace/.swiftpm/xcode
builtin-SwiftPerFileCompile TogglesValidator.swift
SwiftCompile normal arm64_32 /Users/admin/builder/spi-builder-workspace/Sources/Utilities/ValueCache.swift (in target 'Toggles' from project 'Toggles')
cd /Users/admin/builder/spi-builder-workspace/.swiftpm/xcode
builtin-SwiftPerFileCompile ValueCache.swift
SwiftCompile normal arm64_32 /Users/admin/builder/spi-builder-workspace/Sources/Views/ToggleDetailView/BooleanOverrideControl.swift (in target 'Toggles' from project 'Toggles')
cd /Users/admin/builder/spi-builder-workspace/.swiftpm/xcode
builtin-SwiftPerFileCompile BooleanOverrideControl.swift
SwiftCompile normal arm64_32 /Users/admin/builder/spi-builder-workspace/Sources/Views/ToggleDetailView/ExpandedValueView.swift (in target 'Toggles' from project 'Toggles')
cd /Users/admin/builder/spi-builder-workspace/.swiftpm/xcode
builtin-SwiftPerFileCompile ExpandedValueView.swift
SwiftCompile normal arm64_32 /Users/admin/builder/spi-builder-workspace/Sources/Views/ToggleDetailView/LiveValueSection.swift (in target 'Toggles' from project 'Toggles')
cd /Users/admin/builder/spi-builder-workspace/.swiftpm/xcode
builtin-SwiftPerFileCompile LiveValueSection.swift
SwiftCompile normal arm64_32 /Users/admin/builder/spi-builder-workspace/Sources/Views/ToggleDetailView/MetadataSection.swift (in target 'Toggles' from project 'Toggles')
cd /Users/admin/builder/spi-builder-workspace/.swiftpm/xcode
builtin-SwiftPerFileCompile MetadataSection.swift
SwiftCompile normal arm64_32 Compiling\ ObjectSupportedType+Accessors.swift,\ ObjectSupportedType+Codable.swift,\ ObjectSupportedType+Equatable.swift,\ ObjectSupportedType+Utilities.swift,\ String+Object.swift,\ String+Bool.swift,\ String+ValidJSON.swift /Users/admin/builder/spi-builder-workspace/Sources/Extensions/Object/ObjectSupportedType+Accessors.swift /Users/admin/builder/spi-builder-workspace/Sources/Extensions/Object/ObjectSupportedType+Codable.swift /Users/admin/builder/spi-builder-workspace/Sources/Extensions/Object/ObjectSupportedType+Equatable.swift /Users/admin/builder/spi-builder-workspace/Sources/Extensions/Object/ObjectSupportedType+Utilities.swift /Users/admin/builder/spi-builder-workspace/Sources/Extensions/Object/String+Object.swift /Users/admin/builder/spi-builder-workspace/Sources/Extensions/String+Bool.swift /Users/admin/builder/spi-builder-workspace/Sources/Extensions/String+ValidJSON.swift (in target 'Toggles' from project 'Toggles')
SwiftCompile normal arm64_32 /Users/admin/builder/spi-builder-workspace/Sources/Extensions/Object/ObjectSupportedType+Accessors.swift (in target 'Toggles' from project 'Toggles')
cd /Users/admin/builder/spi-builder-workspace/.swiftpm/xcode
builtin-SwiftPerFileCompile ObjectSupportedType+Accessors.swift
SwiftCompile normal arm64_32 /Users/admin/builder/spi-builder-workspace/Sources/Extensions/Object/ObjectSupportedType+Codable.swift (in target 'Toggles' from project 'Toggles')
cd /Users/admin/builder/spi-builder-workspace/.swiftpm/xcode
builtin-SwiftPerFileCompile ObjectSupportedType+Codable.swift
SwiftCompile normal arm64_32 /Users/admin/builder/spi-builder-workspace/Sources/Extensions/Object/ObjectSupportedType+Equatable.swift (in target 'Toggles' from project 'Toggles')
cd /Users/admin/builder/spi-builder-workspace/.swiftpm/xcode
builtin-SwiftPerFileCompile ObjectSupportedType+Equatable.swift
SwiftCompile normal arm64_32 /Users/admin/builder/spi-builder-workspace/Sources/Extensions/Object/ObjectSupportedType+Utilities.swift (in target 'Toggles' from project 'Toggles')
cd /Users/admin/builder/spi-builder-workspace/.swiftpm/xcode
builtin-SwiftPerFileCompile ObjectSupportedType+Utilities.swift
SwiftCompile normal arm64_32 /Users/admin/builder/spi-builder-workspace/Sources/Extensions/Object/String+Object.swift (in target 'Toggles' from project 'Toggles')
cd /Users/admin/builder/spi-builder-workspace/.swiftpm/xcode
builtin-SwiftPerFileCompile String+Object.swift
SwiftCompile normal arm64_32 /Users/admin/builder/spi-builder-workspace/Sources/Extensions/String+Bool.swift (in target 'Toggles' from project 'Toggles')
cd /Users/admin/builder/spi-builder-workspace/.swiftpm/xcode
builtin-SwiftPerFileCompile String+Bool.swift
SwiftCompile normal arm64_32 /Users/admin/builder/spi-builder-workspace/Sources/Extensions/String+ValidJSON.swift (in target 'Toggles' from project 'Toggles')
cd /Users/admin/builder/spi-builder-workspace/.swiftpm/xcode
builtin-SwiftPerFileCompile String+ValidJSON.swift
SwiftCompile normal arm64_32 Compiling\ Toggle+Codable.swift,\ Toggle+Comparable.swift,\ Toggle+Identifiable.swift,\ Toggle+Utilities.swift,\ Value+Accessors.swift,\ Value+Semi-Equatable.swift,\ Value+Utilities.swift /Users/admin/builder/spi-builder-workspace/Sources/Extensions/Toggle+Codable.swift /Users/admin/builder/spi-builder-workspace/Sources/Extensions/Toggle+Comparable.swift /Users/admin/builder/spi-builder-workspace/Sources/Extensions/Toggle+Identifiable.swift /Users/admin/builder/spi-builder-workspace/Sources/Extensions/Toggle+Utilities.swift /Users/admin/builder/spi-builder-workspace/Sources/Extensions/Value+Accessors.swift /Users/admin/builder/spi-builder-workspace/Sources/Extensions/Value+Semi-Equatable.swift /Users/admin/builder/spi-builder-workspace/Sources/Extensions/Value+Utilities.swift (in target 'Toggles' from project 'Toggles')
SwiftCompile normal arm64_32 /Users/admin/builder/spi-builder-workspace/Sources/Extensions/Toggle+Codable.swift (in target 'Toggles' from project 'Toggles')
cd /Users/admin/builder/spi-builder-workspace/.swiftpm/xcode
builtin-SwiftPerFileCompile Toggle+Codable.swift
SwiftCompile normal arm64_32 /Users/admin/builder/spi-builder-workspace/Sources/Extensions/Toggle+Comparable.swift (in target 'Toggles' from project 'Toggles')
cd /Users/admin/builder/spi-builder-workspace/.swiftpm/xcode
builtin-SwiftPerFileCompile Toggle+Comparable.swift
SwiftCompile normal arm64_32 /Users/admin/builder/spi-builder-workspace/Sources/Extensions/Toggle+Identifiable.swift (in target 'Toggles' from project 'Toggles')
cd /Users/admin/builder/spi-builder-workspace/.swiftpm/xcode
builtin-SwiftPerFileCompile Toggle+Identifiable.swift
SwiftCompile normal arm64_32 /Users/admin/builder/spi-builder-workspace/Sources/Extensions/Toggle+Utilities.swift (in target 'Toggles' from project 'Toggles')
cd /Users/admin/builder/spi-builder-workspace/.swiftpm/xcode
builtin-SwiftPerFileCompile Toggle+Utilities.swift
SwiftCompile normal arm64_32 /Users/admin/builder/spi-builder-workspace/Sources/Extensions/Value+Accessors.swift (in target 'Toggles' from project 'Toggles')
cd /Users/admin/builder/spi-builder-workspace/.swiftpm/xcode
builtin-SwiftPerFileCompile Value+Accessors.swift
SwiftCompile normal arm64_32 /Users/admin/builder/spi-builder-workspace/Sources/Extensions/Value+Semi-Equatable.swift (in target 'Toggles' from project 'Toggles')
cd /Users/admin/builder/spi-builder-workspace/.swiftpm/xcode
builtin-SwiftPerFileCompile Value+Semi-Equatable.swift
SwiftCompile normal arm64_32 /Users/admin/builder/spi-builder-workspace/Sources/Extensions/Value+Utilities.swift (in target 'Toggles' from project 'Toggles')
cd /Users/admin/builder/spi-builder-workspace/.swiftpm/xcode
builtin-SwiftPerFileCompile Value+Utilities.swift
SwiftEmitModule normal arm64_32 Emitting\ module\ for\ Toggles (in target 'Toggles' from project 'Toggles')
SwiftCompile normal arm64_32 (in target 'Toggles' from project 'Toggles')
cd /Users/admin/builder/spi-builder-workspace/.swiftpm/xcode
SwiftExplicitDependencyGeneratePcm arm64 /Users/admin/builder/spi-builder-workspace/.derivedData/SDKExplicitPrecompiledModules/SwiftUI-E6XJI4PF1Q2HPTXKL91GWARU6.pcm
SwiftDriverJobDiscovery normal arm64_32 Emitting module for Toggles (in target 'Toggles' from project 'Toggles')
SwiftDriver\ Compilation\ Requirements Toggles normal arm64_32 com.apple.xcode.tools.swift.compiler (in target 'Toggles' from project 'Toggles')
cd /Users/admin/builder/spi-builder-workspace/.swiftpm/xcode
builtin-Swift-Compilation-Requirements -- /Applications/Xcode-27.0.0-Release.Candidate.app/Contents/Developer/Toolchains/XcodeDefault.xctoolchain/usr/bin/swiftc -parse-as-library -module-name Toggles -Onone @/Users/admin/builder/spi-builder-workspace/.derivedData/Build/Intermediates.noindex/Toggles.build/Debug-watchos/Toggles-t.build/Objects-normal/arm64_32/Toggles.SwiftFileList -DSWIFT_PACKAGE -DDEBUG -DSWIFT_MODULE_RESOURCE_BUNDLE_AVAILABLE -DXcode -enable-upcoming-feature InternalImportsByDefault -enable-upcoming-feature ExistentialAny -plugin-path /Applications/Xcode-27.0.0-Release.Candidate.app/Contents/Developer/Toolchains/XcodeDefault.xctoolchain/usr/lib/swift/host/plugins/testing -enable-experimental-feature DebugDescriptionMacro -sdk /Applications/Xcode-27.0.0-Release.Candidate.app/Contents/Developer/Platforms/WatchOS.platform/Developer/SDKs/WatchOS27.0.sdk -target arm64_32-apple-watchos9.0 -g -module-cache-path /Users/admin/builder/spi-builder-workspace/.derivedData/ModuleCache.noindex -Xfrontend -serialize-debugging-options -profile-coverage-mapping -profile-generate -enable-testing -index-store-path /Users/admin/builder/spi-builder-workspace/.derivedData/Index.noindex/DataStore -Xcc -D_LIBCPP_HARDENING_MODE\=_LIBCPP_HARDENING_MODE_DEBUG -swift-version 6 -I /Users/admin/builder/spi-builder-workspace/.derivedData/Build/Products/Debug-watchos -Isystem /Applications/Xcode-27.0.0-Release.Candidate.app/Contents/Developer/Platforms/WatchOS.platform/Developer/usr/lib -F /Users/admin/builder/spi-builder-workspace/.derivedData/Build/Products/Debug-watchos -F /Applications/Xcode-27.0.0-Release.Candidate.app/Contents/Developer/Platforms/WatchOS.platform/Developer/Library/Frameworks -F /Applications/Xcode-27.0.0-Release.Candidate.app/Contents/Developer/Platforms/WatchOS.platform/Developer/SDKs/WatchOS27.0.sdk/Developer/Library/Frameworks -c -j10 -enable-batch-mode -incremental -Xcc -ivfsstatcache -Xcc /Users/admin/builder/spi-builder-workspace/.derivedData/SDKStatCaches.noindex/watchos27.0-24R360-e829b21a6f8c9b70876ba0858053c04477534ef55a1706bf4c1112bbb242f0a2.sdkstatcache -output-file-map /Users/admin/builder/spi-builder-workspace/.derivedData/Build/Intermediates.noindex/Toggles.build/Debug-watchos/Toggles-t.build/Objects-normal/arm64_32/Toggles-OutputFileMap.json -save-temps -no-color-diagnostics -explicit-module-build -module-cache-path /Users/admin/builder/spi-builder-workspace/.derivedData/Build/Intermediates.noindex/SwiftExplicitPrecompiledModules -clang-scanner-module-cache-path /Users/admin/builder/spi-builder-workspace/.derivedData/ModuleCache.noindex -sdk-module-cache-path /Users/admin/builder/spi-builder-workspace/.derivedData/SDKExplicitPrecompiledModules -emit-dependencies -emit-module -emit-module-path /Users/admin/builder/spi-builder-workspace/.derivedData/Build/Intermediates.noindex/Toggles.build/Debug-watchos/Toggles-t.build/Objects-normal/arm64_32/Toggles.swiftmodule -serialize-diagnostics -dependency-scan-serialize-diagnostics-path /Users/admin/builder/spi-builder-workspace/.derivedData/Build/Intermediates.noindex/Toggles.build/Debug-watchos/Toggles-t.build/Objects-normal/arm64_32/Toggles-dependency-scan.dia -validate-clang-modules-once -clang-build-session-file /Users/admin/builder/spi-builder-workspace/.derivedData/ModuleCache.noindex/Session.modulevalidation -Xcc -fmodules-prune-interval\=86400 -Xcc -fmodules-prune-after\=345600 -package-name spi_builder_workspace -emit-const-values -const-gather-protocols-list /Users/admin/builder/spi-builder-workspace/.derivedData/Build/Intermediates.noindex/Toggles.build/Debug-watchos/Toggles-t.build/Objects-normal/arm64_32/Toggles_const_extract_protocols.json -Xcc -I/Users/admin/builder/spi-builder-workspace/.derivedData/Build/Products/Debug-watchos/include -Xcc -I/Users/admin/builder/spi-builder-workspace/.derivedData/Build/Intermediates.noindex/Toggles.build/Debug-watchos/Toggles-t.build/DerivedSources-normal/arm64_32 -Xcc -I/Users/admin/builder/spi-builder-workspace/.derivedData/Build/Intermediates.noindex/Toggles.build/Debug-watchos/Toggles-t.build/DerivedSources/arm64_32 -Xcc -I/Users/admin/builder/spi-builder-workspace/.derivedData/Build/Intermediates.noindex/Toggles.build/Debug-watchos/Toggles-t.build/DerivedSources -Xcc -DSWIFT_PACKAGE -Xcc -DDEBUG\=1 -emit-objc-header -emit-objc-header-path /Users/admin/builder/spi-builder-workspace/.derivedData/Build/Intermediates.noindex/Toggles.build/Debug-watchos/Toggles-t.build/Objects-normal/arm64_32/Toggles-Swift.h -working-directory /Users/admin/builder/spi-builder-workspace/.swiftpm/xcode -experimental-emit-module-separately -disable-cmo
SwiftEmitModule normal arm64 Emitting\ module\ for\ Toggles (in target 'Toggles' from project 'Toggles')
SwiftCompile normal arm64 (in target 'Toggles' from project 'Toggles')
cd /Users/admin/builder/spi-builder-workspace/.swiftpm/xcode
SwiftDriverJobDiscovery normal arm64 Emitting module for Toggles (in target 'Toggles' from project 'Toggles')
Copy /Users/admin/builder/spi-builder-workspace/.derivedData/Build/Products/Debug-watchos/Toggles.swiftmodule/arm64_32-apple-watchos.swiftmodule /Users/admin/builder/spi-builder-workspace/.derivedData/Build/Intermediates.noindex/Toggles.build/Debug-watchos/Toggles-t.build/Objects-normal/arm64_32/Toggles.swiftmodule (in target 'Toggles' from project 'Toggles')
cd /Users/admin/builder/spi-builder-workspace
builtin-copy -exclude .DS_Store -exclude CVS -exclude .svn -exclude .git -exclude .hg -resolve-src-symlinks -rename /Users/admin/builder/spi-builder-workspace/.derivedData/Build/Intermediates.noindex/Toggles.build/Debug-watchos/Toggles-t.build/Objects-normal/arm64_32/Toggles.swiftmodule /Users/admin/builder/spi-builder-workspace/.derivedData/Build/Products/Debug-watchos/Toggles.swiftmodule/arm64_32-apple-watchos.swiftmodule
SwiftDriver\ Compilation\ Requirements Toggles normal arm64 com.apple.xcode.tools.swift.compiler (in target 'Toggles' from project 'Toggles')
cd /Users/admin/builder/spi-builder-workspace/.swiftpm/xcode
builtin-Swift-Compilation-Requirements -- /Applications/Xcode-27.0.0-Release.Candidate.app/Contents/Developer/Toolchains/XcodeDefault.xctoolchain/usr/bin/swiftc -parse-as-library -module-name Toggles -Onone @/Users/admin/builder/spi-builder-workspace/.derivedData/Build/Intermediates.noindex/Toggles.build/Debug-watchos/Toggles-t.build/Objects-normal/arm64/Toggles.SwiftFileList -DSWIFT_PACKAGE -DDEBUG -DSWIFT_MODULE_RESOURCE_BUNDLE_AVAILABLE -DXcode -enable-upcoming-feature InternalImportsByDefault -enable-upcoming-feature ExistentialAny -plugin-path /Applications/Xcode-27.0.0-Release.Candidate.app/Contents/Developer/Toolchains/XcodeDefault.xctoolchain/usr/lib/swift/host/plugins/testing -enable-experimental-feature DebugDescriptionMacro -sdk /Applications/Xcode-27.0.0-Release.Candidate.app/Contents/Developer/Platforms/WatchOS.platform/Developer/SDKs/WatchOS27.0.sdk -target arm64-apple-watchos9.0 -g -module-cache-path /Users/admin/builder/spi-builder-workspace/.derivedData/ModuleCache.noindex -Xfrontend -serialize-debugging-options -profile-coverage-mapping -profile-generate -enable-testing -index-store-path /Users/admin/builder/spi-builder-workspace/.derivedData/Index.noindex/DataStore -Xcc -D_LIBCPP_HARDENING_MODE\=_LIBCPP_HARDENING_MODE_DEBUG -swift-version 6 -I /Users/admin/builder/spi-builder-workspace/.derivedData/Build/Products/Debug-watchos -Isystem /Applications/Xcode-27.0.0-Release.Candidate.app/Contents/Developer/Platforms/WatchOS.platform/Developer/usr/lib -F /Users/admin/builder/spi-builder-workspace/.derivedData/Build/Products/Debug-watchos -F /Applications/Xcode-27.0.0-Release.Candidate.app/Contents/Developer/Platforms/WatchOS.platform/Developer/Library/Frameworks -F /Applications/Xcode-27.0.0-Release.Candidate.app/Contents/Developer/Platforms/WatchOS.platform/Developer/SDKs/WatchOS27.0.sdk/Developer/Library/Frameworks -c -j10 -enable-batch-mode -incremental -Xcc -ivfsstatcache -Xcc /Users/admin/builder/spi-builder-workspace/.derivedData/SDKStatCaches.noindex/watchos27.0-24R360-e829b21a6f8c9b70876ba0858053c04477534ef55a1706bf4c1112bbb242f0a2.sdkstatcache -output-file-map /Users/admin/builder/spi-builder-workspace/.derivedData/Build/Intermediates.noindex/Toggles.build/Debug-watchos/Toggles-t.build/Objects-normal/arm64/Toggles-OutputFileMap.json -save-temps -no-color-diagnostics -explicit-module-build -module-cache-path /Users/admin/builder/spi-builder-workspace/.derivedData/Build/Intermediates.noindex/SwiftExplicitPrecompiledModules -clang-scanner-module-cache-path /Users/admin/builder/spi-builder-workspace/.derivedData/ModuleCache.noindex -sdk-module-cache-path /Users/admin/builder/spi-builder-workspace/.derivedData/SDKExplicitPrecompiledModules -emit-dependencies -emit-module -emit-module-path /Users/admin/builder/spi-builder-workspace/.derivedData/Build/Intermediates.noindex/Toggles.build/Debug-watchos/Toggles-t.build/Objects-normal/arm64/Toggles.swiftmodule -serialize-diagnostics -dependency-scan-serialize-diagnostics-path /Users/admin/builder/spi-builder-workspace/.derivedData/Build/Intermediates.noindex/Toggles.build/Debug-watchos/Toggles-t.build/Objects-normal/arm64/Toggles-dependency-scan.dia -validate-clang-modules-once -clang-build-session-file /Users/admin/builder/spi-builder-workspace/.derivedData/ModuleCache.noindex/Session.modulevalidation -Xcc -fmodules-prune-interval\=86400 -Xcc -fmodules-prune-after\=345600 -package-name spi_builder_workspace -emit-const-values -const-gather-protocols-list /Users/admin/builder/spi-builder-workspace/.derivedData/Build/Intermediates.noindex/Toggles.build/Debug-watchos/Toggles-t.build/Objects-normal/arm64/Toggles_const_extract_protocols.json -Xcc -I/Users/admin/builder/spi-builder-workspace/.derivedData/Build/Products/Debug-watchos/include -Xcc -I/Users/admin/builder/spi-builder-workspace/.derivedData/Build/Intermediates.noindex/Toggles.build/Debug-watchos/Toggles-t.build/DerivedSources-normal/arm64 -Xcc -I/Users/admin/builder/spi-builder-workspace/.derivedData/Build/Intermediates.noindex/Toggles.build/Debug-watchos/Toggles-t.build/DerivedSources/arm64 -Xcc -I/Users/admin/builder/spi-builder-workspace/.derivedData/Build/Intermediates.noindex/Toggles.build/Debug-watchos/Toggles-t.build/DerivedSources -Xcc -DSWIFT_PACKAGE -Xcc -DDEBUG\=1 -emit-objc-header -emit-objc-header-path /Users/admin/builder/spi-builder-workspace/.derivedData/Build/Intermediates.noindex/Toggles.build/Debug-watchos/Toggles-t.build/Objects-normal/arm64/Toggles-Swift.h -working-directory /Users/admin/builder/spi-builder-workspace/.swiftpm/xcode -experimental-emit-module-separately -disable-cmo
Copy /Users/admin/builder/spi-builder-workspace/.derivedData/Build/Products/Debug-watchos/Toggles.swiftmodule/arm64_32-apple-watchos.swiftdoc /Users/admin/builder/spi-builder-workspace/.derivedData/Build/Intermediates.noindex/Toggles.build/Debug-watchos/Toggles-t.build/Objects-normal/arm64_32/Toggles.swiftdoc (in target 'Toggles' from project 'Toggles')
cd /Users/admin/builder/spi-builder-workspace
builtin-copy -exclude .DS_Store -exclude CVS -exclude .svn -exclude .git -exclude .hg -resolve-src-symlinks -rename /Users/admin/builder/spi-builder-workspace/.derivedData/Build/Intermediates.noindex/Toggles.build/Debug-watchos/Toggles-t.build/Objects-normal/arm64_32/Toggles.swiftdoc /Users/admin/builder/spi-builder-workspace/.derivedData/Build/Products/Debug-watchos/Toggles.swiftmodule/arm64_32-apple-watchos.swiftdoc
SwiftMergeGeneratedHeaders /Users/admin/builder/spi-builder-workspace/.derivedData/Build/Intermediates.noindex/GeneratedModuleMaps-watchos/Toggles-Swift.h /Users/admin/builder/spi-builder-workspace/.derivedData/Build/Intermediates.noindex/Toggles.build/Debug-watchos/Toggles-t.build/Objects-normal/arm64/Toggles-Swift.h /Users/admin/builder/spi-builder-workspace/.derivedData/Build/Intermediates.noindex/Toggles.build/Debug-watchos/Toggles-t.build/Objects-normal/arm64_32/Toggles-Swift.h (in target 'Toggles' from project 'Toggles')
cd /Users/admin/builder/spi-builder-workspace
builtin-swiftHeaderTool -arch arm64 /Users/admin/builder/spi-builder-workspace/.derivedData/Build/Intermediates.noindex/Toggles.build/Debug-watchos/Toggles-t.build/Objects-normal/arm64/Toggles-Swift.h -arch arm64_32 /Users/admin/builder/spi-builder-workspace/.derivedData/Build/Intermediates.noindex/Toggles.build/Debug-watchos/Toggles-t.build/Objects-normal/arm64_32/Toggles-Swift.h -o /Users/admin/builder/spi-builder-workspace/.derivedData/Build/Intermediates.noindex/GeneratedModuleMaps-watchos/Toggles-Swift.h
Copy /Users/admin/builder/spi-builder-workspace/.derivedData/Build/Products/Debug-watchos/Toggles.swiftmodule/arm64_32-apple-watchos.abi.json /Users/admin/builder/spi-builder-workspace/.derivedData/Build/Intermediates.noindex/Toggles.build/Debug-watchos/Toggles-t.build/Objects-normal/arm64_32/Toggles.abi.json (in target 'Toggles' from project 'Toggles')
cd /Users/admin/builder/spi-builder-workspace
builtin-copy -exclude .DS_Store -exclude CVS -exclude .svn -exclude .git -exclude .hg -resolve-src-symlinks -rename /Users/admin/builder/spi-builder-workspace/.derivedData/Build/Intermediates.noindex/Toggles.build/Debug-watchos/Toggles-t.build/Objects-normal/arm64_32/Toggles.abi.json /Users/admin/builder/spi-builder-workspace/.derivedData/Build/Products/Debug-watchos/Toggles.swiftmodule/arm64_32-apple-watchos.abi.json
Copy /Users/admin/builder/spi-builder-workspace/.derivedData/Build/Products/Debug-watchos/Toggles.swiftmodule/arm64-apple-watchos.swiftmodule /Users/admin/builder/spi-builder-workspace/.derivedData/Build/Intermediates.noindex/Toggles.build/Debug-watchos/Toggles-t.build/Objects-normal/arm64/Toggles.swiftmodule (in target 'Toggles' from project 'Toggles')
cd /Users/admin/builder/spi-builder-workspace
builtin-copy -exclude .DS_Store -exclude CVS -exclude .svn -exclude .git -exclude .hg -resolve-src-symlinks -rename /Users/admin/builder/spi-builder-workspace/.derivedData/Build/Intermediates.noindex/Toggles.build/Debug-watchos/Toggles-t.build/Objects-normal/arm64/Toggles.swiftmodule /Users/admin/builder/spi-builder-workspace/.derivedData/Build/Products/Debug-watchos/Toggles.swiftmodule/arm64-apple-watchos.swiftmodule
Copy /Users/admin/builder/spi-builder-workspace/.derivedData/Build/Products/Debug-watchos/Toggles.swiftmodule/arm64-apple-watchos.swiftdoc /Users/admin/builder/spi-builder-workspace/.derivedData/Build/Intermediates.noindex/Toggles.build/Debug-watchos/Toggles-t.build/Objects-normal/arm64/Toggles.swiftdoc (in target 'Toggles' from project 'Toggles')
cd /Users/admin/builder/spi-builder-workspace
builtin-copy -exclude .DS_Store -exclude CVS -exclude .svn -exclude .git -exclude .hg -resolve-src-symlinks -rename /Users/admin/builder/spi-builder-workspace/.derivedData/Build/Intermediates.noindex/Toggles.build/Debug-watchos/Toggles-t.build/Objects-normal/arm64/Toggles.swiftdoc /Users/admin/builder/spi-builder-workspace/.derivedData/Build/Products/Debug-watchos/Toggles.swiftmodule/arm64-apple-watchos.swiftdoc
Copy /Users/admin/builder/spi-builder-workspace/.derivedData/Build/Products/Debug-watchos/Toggles.swiftmodule/arm64-apple-watchos.abi.json /Users/admin/builder/spi-builder-workspace/.derivedData/Build/Intermediates.noindex/Toggles.build/Debug-watchos/Toggles-t.build/Objects-normal/arm64/Toggles.abi.json (in target 'Toggles' from project 'Toggles')
cd /Users/admin/builder/spi-builder-workspace
builtin-copy -exclude .DS_Store -exclude CVS -exclude .svn -exclude .git -exclude .hg -resolve-src-symlinks -rename /Users/admin/builder/spi-builder-workspace/.derivedData/Build/Intermediates.noindex/Toggles.build/Debug-watchos/Toggles-t.build/Objects-normal/arm64/Toggles.abi.json /Users/admin/builder/spi-builder-workspace/.derivedData/Build/Products/Debug-watchos/Toggles.swiftmodule/arm64-apple-watchos.abi.json
Copy /Users/admin/builder/spi-builder-workspace/.derivedData/Build/Products/Debug-watchos/Toggles.swiftmodule/Project/arm64_32-apple-watchos.swiftsourceinfo /Users/admin/builder/spi-builder-workspace/.derivedData/Build/Intermediates.noindex/Toggles.build/Debug-watchos/Toggles-t.build/Objects-normal/arm64_32/Toggles.swiftsourceinfo (in target 'Toggles' from project 'Toggles')
cd /Users/admin/builder/spi-builder-workspace
builtin-copy -exclude .DS_Store -exclude CVS -exclude .svn -exclude .git -exclude .hg -resolve-src-symlinks -rename /Users/admin/builder/spi-builder-workspace/.derivedData/Build/Intermediates.noindex/Toggles.build/Debug-watchos/Toggles-t.build/Objects-normal/arm64_32/Toggles.swiftsourceinfo /Users/admin/builder/spi-builder-workspace/.derivedData/Build/Products/Debug-watchos/Toggles.swiftmodule/Project/arm64_32-apple-watchos.swiftsourceinfo
Copy /Users/admin/builder/spi-builder-workspace/.derivedData/Build/Products/Debug-watchos/Toggles.swiftmodule/Project/arm64-apple-watchos.swiftsourceinfo /Users/admin/builder/spi-builder-workspace/.derivedData/Build/Intermediates.noindex/Toggles.build/Debug-watchos/Toggles-t.build/Objects-normal/arm64/Toggles.swiftsourceinfo (in target 'Toggles' from project 'Toggles')
cd /Users/admin/builder/spi-builder-workspace
builtin-copy -exclude .DS_Store -exclude CVS -exclude .svn -exclude .git -exclude .hg -resolve-src-symlinks -rename /Users/admin/builder/spi-builder-workspace/.derivedData/Build/Intermediates.noindex/Toggles.build/Debug-watchos/Toggles-t.build/Objects-normal/arm64/Toggles.swiftsourceinfo /Users/admin/builder/spi-builder-workspace/.derivedData/Build/Products/Debug-watchos/Toggles.swiftmodule/Project/arm64-apple-watchos.swiftsourceinfo
SwiftCompile normal arm64 Compiling\ OverrideSection.swift,\ ProviderStackSection.swift,\ TextOverrideControl.swift,\ ToggleDetailView.swift,\ ToggleRow.swift,\ TogglesView.swift /Users/admin/builder/spi-builder-workspace/Sources/Views/ToggleDetailView/OverrideSection.swift /Users/admin/builder/spi-builder-workspace/Sources/Views/ToggleDetailView/ProviderStackSection.swift /Users/admin/builder/spi-builder-workspace/Sources/Views/ToggleDetailView/TextOverrideControl.swift /Users/admin/builder/spi-builder-workspace/Sources/Views/ToggleDetailView/ToggleDetailView.swift /Users/admin/builder/spi-builder-workspace/Sources/Views/TogglesView/ToggleRow.swift /Users/admin/builder/spi-builder-workspace/Sources/Views/TogglesView/TogglesView.swift (in target 'Toggles' from project 'Toggles')
SwiftCompile normal arm64 /Users/admin/builder/spi-builder-workspace/Sources/Views/ToggleDetailView/OverrideSection.swift (in target 'Toggles' from project 'Toggles')
cd /Users/admin/builder/spi-builder-workspace/.swiftpm/xcode
builtin-SwiftPerFileCompile OverrideSection.swift
SwiftCompile normal arm64 /Users/admin/builder/spi-builder-workspace/Sources/Views/ToggleDetailView/ProviderStackSection.swift (in target 'Toggles' from project 'Toggles')
cd /Users/admin/builder/spi-builder-workspace/.swiftpm/xcode
builtin-SwiftPerFileCompile ProviderStackSection.swift
SwiftCompile normal arm64 /Users/admin/builder/spi-builder-workspace/Sources/Views/ToggleDetailView/TextOverrideControl.swift (in target 'Toggles' from project 'Toggles')
cd /Users/admin/builder/spi-builder-workspace/.swiftpm/xcode
builtin-SwiftPerFileCompile TextOverrideControl.swift
SwiftCompile normal arm64 /Users/admin/builder/spi-builder-workspace/Sources/Views/ToggleDetailView/ToggleDetailView.swift (in target 'Toggles' from project 'Toggles')
cd /Users/admin/builder/spi-builder-workspace/.swiftpm/xcode
builtin-SwiftPerFileCompile ToggleDetailView.swift
SwiftCompile normal arm64 /Users/admin/builder/spi-builder-workspace/Sources/Views/TogglesView/ToggleRow.swift (in target 'Toggles' from project 'Toggles')
cd /Users/admin/builder/spi-builder-workspace/.swiftpm/xcode
builtin-SwiftPerFileCompile ToggleRow.swift
SwiftCompile normal arm64 /Users/admin/builder/spi-builder-workspace/Sources/Views/TogglesView/TogglesView.swift (in target 'Toggles' from project 'Toggles')
cd /Users/admin/builder/spi-builder-workspace/.swiftpm/xcode
builtin-SwiftPerFileCompile TogglesView.swift
SwiftCompile normal arm64 Compiling\ ObjectSupportedType+Accessors.swift,\ ObjectSupportedType+Codable.swift,\ ObjectSupportedType+Equatable.swift,\ ObjectSupportedType+Utilities.swift,\ String+Object.swift,\ String+Bool.swift,\ String+ValidJSON.swift /Users/admin/builder/spi-builder-workspace/Sources/Extensions/Object/ObjectSupportedType+Accessors.swift /Users/admin/builder/spi-builder-workspace/Sources/Extensions/Object/ObjectSupportedType+Codable.swift /Users/admin/builder/spi-builder-workspace/Sources/Extensions/Object/ObjectSupportedType+Equatable.swift /Users/admin/builder/spi-builder-workspace/Sources/Extensions/Object/ObjectSupportedType+Utilities.swift /Users/admin/builder/spi-builder-workspace/Sources/Extensions/Object/String+Object.swift /Users/admin/builder/spi-builder-workspace/Sources/Extensions/String+Bool.swift /Users/admin/builder/spi-builder-workspace/Sources/Extensions/String+ValidJSON.swift (in target 'Toggles' from project 'Toggles')
SwiftCompile normal arm64 /Users/admin/builder/spi-builder-workspace/Sources/Extensions/Object/ObjectSupportedType+Accessors.swift (in target 'Toggles' from project 'Toggles')
cd /Users/admin/builder/spi-builder-workspace/.swiftpm/xcode
builtin-SwiftPerFileCompile ObjectSupportedType+Accessors.swift
SwiftCompile normal arm64 /Users/admin/builder/spi-builder-workspace/Sources/Extensions/Object/ObjectSupportedType+Codable.swift (in target 'Toggles' from project 'Toggles')
cd /Users/admin/builder/spi-builder-workspace/.swiftpm/xcode
builtin-SwiftPerFileCompile ObjectSupportedType+Codable.swift
SwiftCompile normal arm64 /Users/admin/builder/spi-builder-workspace/Sources/Extensions/Object/ObjectSupportedType+Equatable.swift (in target 'Toggles' from project 'Toggles')
cd /Users/admin/builder/spi-builder-workspace/.swiftpm/xcode
builtin-SwiftPerFileCompile ObjectSupportedType+Equatable.swift
SwiftCompile normal arm64 /Users/admin/builder/spi-builder-workspace/Sources/Extensions/Object/ObjectSupportedType+Utilities.swift (in target 'Toggles' from project 'Toggles')
cd /Users/admin/builder/spi-builder-workspace/.swiftpm/xcode
builtin-SwiftPerFileCompile ObjectSupportedType+Utilities.swift
SwiftCompile normal arm64 /Users/admin/builder/spi-builder-workspace/Sources/Extensions/Object/String+Object.swift (in target 'Toggles' from project 'Toggles')
cd /Users/admin/builder/spi-builder-workspace/.swiftpm/xcode
builtin-SwiftPerFileCompile String+Object.swift
SwiftCompile normal arm64 /Users/admin/builder/spi-builder-workspace/Sources/Extensions/String+Bool.swift (in target 'Toggles' from project 'Toggles')
cd /Users/admin/builder/spi-builder-workspace/.swiftpm/xcode
builtin-SwiftPerFileCompile String+Bool.swift
SwiftCompile normal arm64 /Users/admin/builder/spi-builder-workspace/Sources/Extensions/String+ValidJSON.swift (in target 'Toggles' from project 'Toggles')
cd /Users/admin/builder/spi-builder-workspace/.swiftpm/xcode
builtin-SwiftPerFileCompile String+ValidJSON.swift
SwiftDriverJobDiscovery normal arm64_32 Compiling Variable.swift, ToggleObservable.swift, Ciphering.swift, Logger.swift, MutableValueProvider.swift, Publishing.swift (in target 'Toggles' from project 'Toggles')
SwiftCompile normal arm64 Compiling\ Reacting.swift,\ ValueProvider.swift,\ DefaultValueProvider.swift,\ InMemoryValueProvider.swift,\ LocalValueProvider.swift,\ PersistentValueProvider.swift /Users/admin/builder/spi-builder-workspace/Sources/Protocols/Reacting.swift /Users/admin/builder/spi-builder-workspace/Sources/Protocols/ValueProvider.swift /Users/admin/builder/spi-builder-workspace/Sources/Providers/DefaultValueProvider.swift /Users/admin/builder/spi-builder-workspace/Sources/Providers/InMemoryValueProvider.swift /Users/admin/builder/spi-builder-workspace/Sources/Providers/LocalValueProvider.swift /Users/admin/builder/spi-builder-workspace/Sources/Providers/PersistentValueProvider.swift (in target 'Toggles' from project 'Toggles')
SwiftCompile normal arm64 /Users/admin/builder/spi-builder-workspace/Sources/Protocols/Reacting.swift (in target 'Toggles' from project 'Toggles')
cd /Users/admin/builder/spi-builder-workspace/.swiftpm/xcode
builtin-SwiftPerFileCompile Reacting.swift
SwiftCompile normal arm64 /Users/admin/builder/spi-builder-workspace/Sources/Protocols/ValueProvider.swift (in target 'Toggles' from project 'Toggles')
cd /Users/admin/builder/spi-builder-workspace/.swiftpm/xcode
builtin-SwiftPerFileCompile ValueProvider.swift
SwiftCompile normal arm64 /Users/admin/builder/spi-builder-workspace/Sources/Providers/DefaultValueProvider.swift (in target 'Toggles' from project 'Toggles')
cd /Users/admin/builder/spi-builder-workspace/.swiftpm/xcode
builtin-SwiftPerFileCompile DefaultValueProvider.swift
SwiftCompile normal arm64 /Users/admin/builder/spi-builder-workspace/Sources/Providers/InMemoryValueProvider.swift (in target 'Toggles' from project 'Toggles')
cd /Users/admin/builder/spi-builder-workspace/.swiftpm/xcode
builtin-SwiftPerFileCompile InMemoryValueProvider.swift
SwiftCompile normal arm64 /Users/admin/builder/spi-builder-workspace/Sources/Providers/LocalValueProvider.swift (in target 'Toggles' from project 'Toggles')
cd /Users/admin/builder/spi-builder-workspace/.swiftpm/xcode
builtin-SwiftPerFileCompile LocalValueProvider.swift
SwiftCompile normal arm64 /Users/admin/builder/spi-builder-workspace/Sources/Providers/PersistentValueProvider.swift (in target 'Toggles' from project 'Toggles')
cd /Users/admin/builder/spi-builder-workspace/.swiftpm/xcode
builtin-SwiftPerFileCompile PersistentValueProvider.swift
SwiftCompile normal arm64 Compiling\ ToggleManager+Caching.swift,\ ToggleManager+Ciphering.swift,\ ToggleManager+Logging.swift,\ ToggleManager+Overrides.swift,\ ToggleManager+Publishing.swift,\ ToggleManager+Reacting.swift /Users/admin/builder/spi-builder-workspace/Sources/ToggleManager/ToggleManager+Caching.swift /Users/admin/builder/spi-builder-workspace/Sources/ToggleManager/ToggleManager+Ciphering.swift /Users/admin/builder/spi-builder-workspace/Sources/ToggleManager/ToggleManager+Logging.swift /Users/admin/builder/spi-builder-workspace/Sources/ToggleManager/ToggleManager+Overrides.swift /Users/admin/builder/spi-builder-workspace/Sources/ToggleManager/ToggleManager+Publishing.swift /Users/admin/builder/spi-builder-workspace/Sources/ToggleManager/ToggleManager+Reacting.swift (in target 'Toggles' from project 'Toggles')
SwiftCompile normal arm64 /Users/admin/builder/spi-builder-workspace/Sources/ToggleManager/ToggleManager+Caching.swift (in target 'Toggles' from project 'Toggles')
cd /Users/admin/builder/spi-builder-workspace/.swiftpm/xcode
builtin-SwiftPerFileCompile ToggleManager+Caching.swift
SwiftCompile normal arm64 /Users/admin/builder/spi-builder-workspace/Sources/ToggleManager/ToggleManager+Ciphering.swift (in target 'Toggles' from project 'Toggles')
cd /Users/admin/builder/spi-builder-workspace/.swiftpm/xcode
builtin-SwiftPerFileCompile ToggleManager+Ciphering.swift
SwiftCompile normal arm64 /Users/admin/builder/spi-builder-workspace/Sources/ToggleManager/ToggleManager+Logging.swift (in target 'Toggles' from project 'Toggles')
cd /Users/admin/builder/spi-builder-workspace/.swiftpm/xcode
builtin-SwiftPerFileCompile ToggleManager+Logging.swift
SwiftCompile normal arm64 /Users/admin/builder/spi-builder-workspace/Sources/ToggleManager/ToggleManager+Overrides.swift (in target 'Toggles' from project 'Toggles')
cd /Users/admin/builder/spi-builder-workspace/.swiftpm/xcode
builtin-SwiftPerFileCompile ToggleManager+Overrides.swift
SwiftCompile normal arm64 /Users/admin/builder/spi-builder-workspace/Sources/ToggleManager/ToggleManager+Publishing.swift (in target 'Toggles' from project 'Toggles')
cd /Users/admin/builder/spi-builder-workspace/.swiftpm/xcode
builtin-SwiftPerFileCompile ToggleManager+Publishing.swift
SwiftCompile normal arm64 /Users/admin/builder/spi-builder-workspace/Sources/ToggleManager/ToggleManager+Reacting.swift (in target 'Toggles' from project 'Toggles')
cd /Users/admin/builder/spi-builder-workspace/.swiftpm/xcode
builtin-SwiftPerFileCompile ToggleManager+Reacting.swift
SwiftDriverJobDiscovery normal arm64_32 Compiling Toggle+Codable.swift, Toggle+Comparable.swift, Toggle+Identifiable.swift, Toggle+Utilities.swift, Value+Accessors.swift, Value+Semi-Equatable.swift, Value+Utilities.swift (in target 'Toggles' from project 'Toggles')
SwiftCompile normal arm64 Compiling\ TogglesValidator.swift,\ ValueCache.swift,\ BooleanOverrideControl.swift,\ ExpandedValueView.swift,\ LiveValueSection.swift,\ MetadataSection.swift /Users/admin/builder/spi-builder-workspace/Sources/Utilities/TogglesValidator.swift /Users/admin/builder/spi-builder-workspace/Sources/Utilities/ValueCache.swift /Users/admin/builder/spi-builder-workspace/Sources/Views/ToggleDetailView/BooleanOverrideControl.swift /Users/admin/builder/spi-builder-workspace/Sources/Views/ToggleDetailView/ExpandedValueView.swift /Users/admin/builder/spi-builder-workspace/Sources/Views/ToggleDetailView/LiveValueSection.swift /Users/admin/builder/spi-builder-workspace/Sources/Views/ToggleDetailView/MetadataSection.swift (in target 'Toggles' from project 'Toggles')
/Users/admin/builder/spi-builder-workspace/Sources/Views/ToggleDetailView/ExpandedValueView.swift:22:22: error: 'textSelection' is unavailable in watchOS
20 | Text(value)
21 | .font(.system(.body, design: .monospaced))
22 | .textSelection(.enabled)
| `- error: 'textSelection' is unavailable in watchOS
23 | .frame(maxWidth: .infinity, alignment: .leading)
24 | .padding()
SwiftUI.View.textSelection:2:25: note: 'textSelection' has been explicitly marked unavailable here
1 | protocol View {
2 | nonisolated public func textSelection<S>(_ selectability: S) -> some View where S : TextSelectability
| `- note: 'textSelection' has been explicitly marked unavailable here
3 | }
4 |
SwiftCompile normal arm64 /Users/admin/builder/spi-builder-workspace/Sources/Utilities/TogglesValidator.swift (in target 'Toggles' from project 'Toggles')
cd /Users/admin/builder/spi-builder-workspace/.swiftpm/xcode
builtin-SwiftPerFileCompile TogglesValidator.swift
SwiftCompile normal arm64 /Users/admin/builder/spi-builder-workspace/Sources/Utilities/ValueCache.swift (in target 'Toggles' from project 'Toggles')
cd /Users/admin/builder/spi-builder-workspace/.swiftpm/xcode
builtin-SwiftPerFileCompile ValueCache.swift
SwiftCompile normal arm64 /Users/admin/builder/spi-builder-workspace/Sources/Views/ToggleDetailView/BooleanOverrideControl.swift (in target 'Toggles' from project 'Toggles')
cd /Users/admin/builder/spi-builder-workspace/.swiftpm/xcode
builtin-SwiftPerFileCompile BooleanOverrideControl.swift
SwiftCompile normal arm64 /Users/admin/builder/spi-builder-workspace/Sources/Views/ToggleDetailView/ExpandedValueView.swift (in target 'Toggles' from project 'Toggles')
cd /Users/admin/builder/spi-builder-workspace/.swiftpm/xcode
builtin-SwiftPerFileCompile ExpandedValueView.swift
SwiftCompile normal arm64 /Users/admin/builder/spi-builder-workspace/Sources/Views/ToggleDetailView/LiveValueSection.swift (in target 'Toggles' from project 'Toggles')
cd /Users/admin/builder/spi-builder-workspace/.swiftpm/xcode
builtin-SwiftPerFileCompile LiveValueSection.swift
SwiftCompile normal arm64 /Users/admin/builder/spi-builder-workspace/Sources/Views/ToggleDetailView/MetadataSection.swift (in target 'Toggles' from project 'Toggles')
cd /Users/admin/builder/spi-builder-workspace/.swiftpm/xcode
builtin-SwiftPerFileCompile MetadataSection.swift
SwiftCompile normal arm64 Compiling\ Toggle+Codable.swift,\ Toggle+Comparable.swift,\ Toggle+Identifiable.swift,\ Toggle+Utilities.swift,\ Value+Accessors.swift,\ Value+Semi-Equatable.swift,\ Value+Utilities.swift /Users/admin/builder/spi-builder-workspace/Sources/Extensions/Toggle+Codable.swift /Users/admin/builder/spi-builder-workspace/Sources/Extensions/Toggle+Comparable.swift /Users/admin/builder/spi-builder-workspace/Sources/Extensions/Toggle+Identifiable.swift /Users/admin/builder/spi-builder-workspace/Sources/Extensions/Toggle+Utilities.swift /Users/admin/builder/spi-builder-workspace/Sources/Extensions/Value+Accessors.swift /Users/admin/builder/spi-builder-workspace/Sources/Extensions/Value+Semi-Equatable.swift /Users/admin/builder/spi-builder-workspace/Sources/Extensions/Value+Utilities.swift (in target 'Toggles' from project 'Toggles')
SwiftCompile normal arm64 /Users/admin/builder/spi-builder-workspace/Sources/Extensions/Toggle+Codable.swift (in target 'Toggles' from project 'Toggles')
cd /Users/admin/builder/spi-builder-workspace/.swiftpm/xcode
builtin-SwiftPerFileCompile Toggle+Codable.swift
SwiftCompile normal arm64 /Users/admin/builder/spi-builder-workspace/Sources/Extensions/Toggle+Comparable.swift (in target 'Toggles' from project 'Toggles')
cd /Users/admin/builder/spi-builder-workspace/.swiftpm/xcode
builtin-SwiftPerFileCompile Toggle+Comparable.swift
SwiftCompile normal arm64 /Users/admin/builder/spi-builder-workspace/Sources/Extensions/Toggle+Identifiable.swift (in target 'Toggles' from project 'Toggles')
cd /Users/admin/builder/spi-builder-workspace/.swiftpm/xcode
builtin-SwiftPerFileCompile Toggle+Identifiable.swift
SwiftCompile normal arm64 /Users/admin/builder/spi-builder-workspace/Sources/Extensions/Toggle+Utilities.swift (in target 'Toggles' from project 'Toggles')
cd /Users/admin/builder/spi-builder-workspace/.swiftpm/xcode
builtin-SwiftPerFileCompile Toggle+Utilities.swift
SwiftCompile normal arm64 /Users/admin/builder/spi-builder-workspace/Sources/Extensions/Value+Accessors.swift (in target 'Toggles' from project 'Toggles')
cd /Users/admin/builder/spi-builder-workspace/.swiftpm/xcode
builtin-SwiftPerFileCompile Value+Accessors.swift
SwiftCompile normal arm64 /Users/admin/builder/spi-builder-workspace/Sources/Extensions/Value+Semi-Equatable.swift (in target 'Toggles' from project 'Toggles')
cd /Users/admin/builder/spi-builder-workspace/.swiftpm/xcode
builtin-SwiftPerFileCompile Value+Semi-Equatable.swift
SwiftCompile normal arm64 /Users/admin/builder/spi-builder-workspace/Sources/Extensions/Value+Utilities.swift (in target 'Toggles' from project 'Toggles')
cd /Users/admin/builder/spi-builder-workspace/.swiftpm/xcode
builtin-SwiftPerFileCompile Value+Utilities.swift
SwiftCompile normal arm64 Compiling\ resource_bundle_accessor.swift,\ ChaCha20Poly1305.swift,\ Dictionary+Toggles.swift,\ Group+Identifiable.swift,\ Group+Utilities.swift,\ Object+Codable.swift,\ Object+Equatable.swift /Users/admin/builder/spi-builder-workspace/.derivedData/Build/Intermediates.noindex/Toggles.build/Debug-watchos/Toggles-t.build/DerivedSources/resource_bundle_accessor.swift /Users/admin/builder/spi-builder-workspace/Sources/Ciphers/ChaCha20Poly1305.swift /Users/admin/builder/spi-builder-workspace/Sources/Extensions/Dictionary+Toggles.swift /Users/admin/builder/spi-builder-workspace/Sources/Extensions/Group+Identifiable.swift /Users/admin/builder/spi-builder-workspace/Sources/Extensions/Group+Utilities.swift /Users/admin/builder/spi-builder-workspace/Sources/Extensions/Object/Object+Codable.swift /Users/admin/builder/spi-builder-workspace/Sources/Extensions/Object/Object+Equatable.swift (in target 'Toggles' from project 'Toggles')
SwiftCompile normal arm64 /Users/admin/builder/spi-builder-workspace/.derivedData/Build/Intermediates.noindex/Toggles.build/Debug-watchos/Toggles-t.build/DerivedSources/resource_bundle_accessor.swift (in target 'Toggles' from project 'Toggles')
cd /Users/admin/builder/spi-builder-workspace/.swiftpm/xcode
builtin-SwiftPerFileCompile resource_bundle_accessor.swift
SwiftCompile normal arm64 /Users/admin/builder/spi-builder-workspace/Sources/Ciphers/ChaCha20Poly1305.swift (in target 'Toggles' from project 'Toggles')
cd /Users/admin/builder/spi-builder-workspace/.swiftpm/xcode
builtin-SwiftPerFileCompile ChaCha20Poly1305.swift
SwiftCompile normal arm64 /Users/admin/builder/spi-builder-workspace/Sources/Extensions/Dictionary+Toggles.swift (in target 'Toggles' from project 'Toggles')
cd /Users/admin/builder/spi-builder-workspace/.swiftpm/xcode
builtin-SwiftPerFileCompile Dictionary+Toggles.swift
SwiftCompile normal arm64 /Users/admin/builder/spi-builder-workspace/Sources/Extensions/Group+Identifiable.swift (in target 'Toggles' from project 'Toggles')
cd /Users/admin/builder/spi-builder-workspace/.swiftpm/xcode
builtin-SwiftPerFileCompile Group+Identifiable.swift
SwiftCompile normal arm64 /Users/admin/builder/spi-builder-workspace/Sources/Extensions/Group+Utilities.swift (in target 'Toggles' from project 'Toggles')
cd /Users/admin/builder/spi-builder-workspace/.swiftpm/xcode
builtin-SwiftPerFileCompile Group+Utilities.swift
SwiftCompile normal arm64 /Users/admin/builder/spi-builder-workspace/Sources/Extensions/Object/Object+Codable.swift (in target 'Toggles' from project 'Toggles')
cd /Users/admin/builder/spi-builder-workspace/.swiftpm/xcode
builtin-SwiftPerFileCompile Object+Codable.swift
SwiftCompile normal arm64 /Users/admin/builder/spi-builder-workspace/Sources/Extensions/Object/Object+Equatable.swift (in target 'Toggles' from project 'Toggles')
cd /Users/admin/builder/spi-builder-workspace/.swiftpm/xcode
builtin-SwiftPerFileCompile Object+Equatable.swift
SwiftDriverJobDiscovery normal arm64_32 Compiling ObjectSupportedType+Accessors.swift, ObjectSupportedType+Codable.swift, ObjectSupportedType+Equatable.swift, ObjectSupportedType+Utilities.swift, String+Object.swift, String+Bool.swift, String+ValidJSON.swift (in target 'Toggles' from project 'Toggles')
SwiftDriverJobDiscovery normal arm64_32 Compiling Datasource.swift, Group.swift, Metadata.swift, Object.swift, ObjectSupportedType.swift, Toggle.swift, Value.swift (in target 'Toggles' from project 'Toggles')
SwiftDriverJobDiscovery normal arm64_32 Compiling Reacting.swift, ValueProvider.swift, DefaultValueProvider.swift, InMemoryValueProvider.swift, LocalValueProvider.swift, PersistentValueProvider.swift (in target 'Toggles' from project 'Toggles')
SwiftDriverJobDiscovery normal arm64_32 Compiling ToggleManager+Trace.swift, ToggleManager.swift, CipherConfiguration.swift, GroupLoader.swift, InputValidationHelper.swift, SearchFilter.swift (in target 'Toggles' from project 'Toggles')
SwiftCompile normal arm64 Compiling\ ToggleManager+Trace.swift,\ ToggleManager.swift,\ CipherConfiguration.swift,\ GroupLoader.swift,\ InputValidationHelper.swift,\ SearchFilter.swift /Users/admin/builder/spi-builder-workspace/Sources/ToggleManager/ToggleManager+Trace.swift /Users/admin/builder/spi-builder-workspace/Sources/ToggleManager/ToggleManager.swift /Users/admin/builder/spi-builder-workspace/Sources/Utilities/CipherConfiguration.swift /Users/admin/builder/spi-builder-workspace/Sources/Utilities/GroupLoader.swift /Users/admin/builder/spi-builder-workspace/Sources/Utilities/InputValidationHelper.swift /Users/admin/builder/spi-builder-workspace/Sources/Utilities/SearchFilter.swift (in target 'Toggles' from project 'Toggles')
SwiftCompile normal arm64 /Users/admin/builder/spi-builder-workspace/Sources/ToggleManager/ToggleManager+Trace.swift (in target 'Toggles' from project 'Toggles')
cd /Users/admin/builder/spi-builder-workspace/.swiftpm/xcode
builtin-SwiftPerFileCompile ToggleManager+Trace.swift
SwiftCompile normal arm64 /Users/admin/builder/spi-builder-workspace/Sources/ToggleManager/ToggleManager.swift (in target 'Toggles' from project 'Toggles')
cd /Users/admin/builder/spi-builder-workspace/.swiftpm/xcode
builtin-SwiftPerFileCompile ToggleManager.swift
SwiftCompile normal arm64 /Users/admin/builder/spi-builder-workspace/Sources/Utilities/CipherConfiguration.swift (in target 'Toggles' from project 'Toggles')
cd /Users/admin/builder/spi-builder-workspace/.swiftpm/xcode
builtin-SwiftPerFileCompile CipherConfiguration.swift
SwiftCompile normal arm64 /Users/admin/builder/spi-builder-workspace/Sources/Utilities/GroupLoader.swift (in target 'Toggles' from project 'Toggles')
cd /Users/admin/builder/spi-builder-workspace/.swiftpm/xcode
builtin-SwiftPerFileCompile GroupLoader.swift
SwiftCompile normal arm64 /Users/admin/builder/spi-builder-workspace/Sources/Utilities/InputValidationHelper.swift (in target 'Toggles' from project 'Toggles')
cd /Users/admin/builder/spi-builder-workspace/.swiftpm/xcode
builtin-SwiftPerFileCompile InputValidationHelper.swift
SwiftCompile normal arm64 /Users/admin/builder/spi-builder-workspace/Sources/Utilities/SearchFilter.swift (in target 'Toggles' from project 'Toggles')
cd /Users/admin/builder/spi-builder-workspace/.swiftpm/xcode
builtin-SwiftPerFileCompile SearchFilter.swift
SwiftDriverJobDiscovery normal arm64_32 Compiling ToggleManager+Caching.swift, ToggleManager+Ciphering.swift, ToggleManager+Logging.swift, ToggleManager+Overrides.swift, ToggleManager+Publishing.swift, ToggleManager+Reacting.swift (in target 'Toggles' from project 'Toggles')
SwiftDriverJobDiscovery normal arm64 Compiling Reacting.swift, ValueProvider.swift, DefaultValueProvider.swift, InMemoryValueProvider.swift, LocalValueProvider.swift, PersistentValueProvider.swift (in target 'Toggles' from project 'Toggles')
SwiftCompile normal arm64_32 Compiling\ resource_bundle_accessor.swift,\ ChaCha20Poly1305.swift,\ Dictionary+Toggles.swift,\ Group+Identifiable.swift,\ Group+Utilities.swift,\ Object+Codable.swift,\ Object+Equatable.swift /Users/admin/builder/spi-builder-workspace/.derivedData/Build/Intermediates.noindex/Toggles.build/Debug-watchos/Toggles-t.build/DerivedSources/resource_bundle_accessor.swift /Users/admin/builder/spi-builder-workspace/Sources/Ciphers/ChaCha20Poly1305.swift /Users/admin/builder/spi-builder-workspace/Sources/Extensions/Dictionary+Toggles.swift /Users/admin/builder/spi-builder-workspace/Sources/Extensions/Group+Identifiable.swift /Users/admin/builder/spi-builder-workspace/Sources/Extensions/Group+Utilities.swift /Users/admin/builder/spi-builder-workspace/Sources/Extensions/Object/Object+Codable.swift /Users/admin/builder/spi-builder-workspace/Sources/Extensions/Object/Object+Equatable.swift (in target 'Toggles' from project 'Toggles')
SwiftCompile normal arm64_32 /Users/admin/builder/spi-builder-workspace/.derivedData/Build/Intermediates.noindex/Toggles.build/Debug-watchos/Toggles-t.build/DerivedSources/resource_bundle_accessor.swift (in target 'Toggles' from project 'Toggles')
cd /Users/admin/builder/spi-builder-workspace/.swiftpm/xcode
builtin-SwiftPerFileCompile resource_bundle_accessor.swift
SwiftCompile normal arm64_32 /Users/admin/builder/spi-builder-workspace/Sources/Ciphers/ChaCha20Poly1305.swift (in target 'Toggles' from project 'Toggles')
cd /Users/admin/builder/spi-builder-workspace/.swiftpm/xcode
builtin-SwiftPerFileCompile ChaCha20Poly1305.swift
SwiftCompile normal arm64_32 /Users/admin/builder/spi-builder-workspace/Sources/Extensions/Dictionary+Toggles.swift (in target 'Toggles' from project 'Toggles')
cd /Users/admin/builder/spi-builder-workspace/.swiftpm/xcode
builtin-SwiftPerFileCompile Dictionary+Toggles.swift
SwiftCompile normal arm64_32 /Users/admin/builder/spi-builder-workspace/Sources/Extensions/Group+Identifiable.swift (in target 'Toggles' from project 'Toggles')
cd /Users/admin/builder/spi-builder-workspace/.swiftpm/xcode
builtin-SwiftPerFileCompile Group+Identifiable.swift
SwiftCompile normal arm64_32 /Users/admin/builder/spi-builder-workspace/Sources/Extensions/Group+Utilities.swift (in target 'Toggles' from project 'Toggles')
cd /Users/admin/builder/spi-builder-workspace/.swiftpm/xcode
builtin-SwiftPerFileCompile Group+Utilities.swift
SwiftCompile normal arm64_32 /Users/admin/builder/spi-builder-workspace/Sources/Extensions/Object/Object+Codable.swift (in target 'Toggles' from project 'Toggles')
cd /Users/admin/builder/spi-builder-workspace/.swiftpm/xcode
builtin-SwiftPerFileCompile Object+Codable.swift
SwiftCompile normal arm64_32 /Users/admin/builder/spi-builder-workspace/Sources/Extensions/Object/Object+Equatable.swift (in target 'Toggles' from project 'Toggles')
cd /Users/admin/builder/spi-builder-workspace/.swiftpm/xcode
builtin-SwiftPerFileCompile Object+Equatable.swift
SwiftCompile normal arm64 Compiling\ Variable.swift,\ ToggleObservable.swift,\ Ciphering.swift,\ Logger.swift,\ MutableValueProvider.swift,\ Publishing.swift /Users/admin/builder/spi-builder-workspace/Sources/Models/Variable.swift /Users/admin/builder/spi-builder-workspace/Sources/ObservableObjects/ToggleObservable.swift /Users/admin/builder/spi-builder-workspace/Sources/Protocols/Ciphering.swift /Users/admin/builder/spi-builder-workspace/Sources/Protocols/Logger.swift /Users/admin/builder/spi-builder-workspace/Sources/Protocols/MutableValueProvider.swift /Users/admin/builder/spi-builder-workspace/Sources/Protocols/Publishing.swift (in target 'Toggles' from project 'Toggles')
SwiftCompile normal arm64 /Users/admin/builder/spi-builder-workspace/Sources/Models/Variable.swift (in target 'Toggles' from project 'Toggles')
cd /Users/admin/builder/spi-builder-workspace/.swiftpm/xcode
builtin-SwiftPerFileCompile Variable.swift
SwiftCompile normal arm64 /Users/admin/builder/spi-builder-workspace/Sources/ObservableObjects/ToggleObservable.swift (in target 'Toggles' from project 'Toggles')
cd /Users/admin/builder/spi-builder-workspace/.swiftpm/xcode
builtin-SwiftPerFileCompile ToggleObservable.swift
SwiftCompile normal arm64 /Users/admin/builder/spi-builder-workspace/Sources/Protocols/Ciphering.swift (in target 'Toggles' from project 'Toggles')
cd /Users/admin/builder/spi-builder-workspace/.swiftpm/xcode
builtin-SwiftPerFileCompile Ciphering.swift
SwiftCompile normal arm64 /Users/admin/builder/spi-builder-workspace/Sources/Protocols/Logger.swift (in target 'Toggles' from project 'Toggles')
cd /Users/admin/builder/spi-builder-workspace/.swiftpm/xcode
builtin-SwiftPerFileCompile Logger.swift
SwiftCompile normal arm64 /Users/admin/builder/spi-builder-workspace/Sources/Protocols/MutableValueProvider.swift (in target 'Toggles' from project 'Toggles')
cd /Users/admin/builder/spi-builder-workspace/.swiftpm/xcode
builtin-SwiftPerFileCompile MutableValueProvider.swift
SwiftCompile normal arm64 /Users/admin/builder/spi-builder-workspace/Sources/Protocols/Publishing.swift (in target 'Toggles' from project 'Toggles')
cd /Users/admin/builder/spi-builder-workspace/.swiftpm/xcode
builtin-SwiftPerFileCompile Publishing.swift
SwiftCompile normal arm64 Compiling\ Datasource.swift,\ Group.swift,\ Metadata.swift,\ Object.swift,\ ObjectSupportedType.swift,\ Toggle.swift,\ Value.swift /Users/admin/builder/spi-builder-workspace/Sources/Models/Datasource.swift /Users/admin/builder/spi-builder-workspace/Sources/Models/Group.swift /Users/admin/builder/spi-builder-workspace/Sources/Models/Metadata.swift /Users/admin/builder/spi-builder-workspace/Sources/Models/Object.swift /Users/admin/builder/spi-builder-workspace/Sources/Models/ObjectSupportedType.swift /Users/admin/builder/spi-builder-workspace/Sources/Models/Toggle.swift /Users/admin/builder/spi-builder-workspace/Sources/Models/Value.swift (in target 'Toggles' from project 'Toggles')
SwiftCompile normal arm64 /Users/admin/builder/spi-builder-workspace/Sources/Models/Datasource.swift (in target 'Toggles' from project 'Toggles')
cd /Users/admin/builder/spi-builder-workspace/.swiftpm/xcode
builtin-SwiftPerFileCompile Datasource.swift
SwiftCompile normal arm64 /Users/admin/builder/spi-builder-workspace/Sources/Models/Group.swift (in target 'Toggles' from project 'Toggles')
cd /Users/admin/builder/spi-builder-workspace/.swiftpm/xcode
builtin-SwiftPerFileCompile Group.swift
SwiftCompile normal arm64 /Users/admin/builder/spi-builder-workspace/Sources/Models/Metadata.swift (in target 'Toggles' from project 'Toggles')
cd /Users/admin/builder/spi-builder-workspace/.swiftpm/xcode
builtin-SwiftPerFileCompile Metadata.swift
SwiftCompile normal arm64 /Users/admin/builder/spi-builder-workspace/Sources/Models/Object.swift (in target 'Toggles' from project 'Toggles')
cd /Users/admin/builder/spi-builder-workspace/.swiftpm/xcode
builtin-SwiftPerFileCompile Object.swift
SwiftCompile normal arm64 /Users/admin/builder/spi-builder-workspace/Sources/Models/ObjectSupportedType.swift (in target 'Toggles' from project 'Toggles')
cd /Users/admin/builder/spi-builder-workspace/.swiftpm/xcode
builtin-SwiftPerFileCompile ObjectSupportedType.swift
SwiftCompile normal arm64 /Users/admin/builder/spi-builder-workspace/Sources/Models/Toggle.swift (in target 'Toggles' from project 'Toggles')
cd /Users/admin/builder/spi-builder-workspace/.swiftpm/xcode
builtin-SwiftPerFileCompile Toggle.swift
SwiftCompile normal arm64 /Users/admin/builder/spi-builder-workspace/Sources/Models/Value.swift (in target 'Toggles' from project 'Toggles')
cd /Users/admin/builder/spi-builder-workspace/.swiftpm/xcode
builtin-SwiftPerFileCompile Value.swift
SwiftDriverJobDiscovery normal arm64 Compiling ObjectSupportedType+Accessors.swift, ObjectSupportedType+Codable.swift, ObjectSupportedType+Equatable.swift, ObjectSupportedType+Utilities.swift, String+Object.swift, String+Bool.swift, String+ValidJSON.swift (in target 'Toggles' from project 'Toggles')
SwiftDriverJobDiscovery normal arm64 Compiling ToggleManager+Trace.swift, ToggleManager.swift, CipherConfiguration.swift, GroupLoader.swift, InputValidationHelper.swift, SearchFilter.swift (in target 'Toggles' from project 'Toggles')
SwiftDriverJobDiscovery normal arm64 Compiling Toggle+Codable.swift, Toggle+Comparable.swift, Toggle+Identifiable.swift, Toggle+Utilities.swift, Value+Accessors.swift, Value+Semi-Equatable.swift, Value+Utilities.swift (in target 'Toggles' from project 'Toggles')
SwiftDriverJobDiscovery normal arm64 Compiling ToggleManager+Caching.swift, ToggleManager+Ciphering.swift, ToggleManager+Logging.swift, ToggleManager+Overrides.swift, ToggleManager+Publishing.swift, ToggleManager+Reacting.swift (in target 'Toggles' from project 'Toggles')
SwiftDriverJobDiscovery normal arm64 Compiling resource_bundle_accessor.swift, ChaCha20Poly1305.swift, Dictionary+Toggles.swift, Group+Identifiable.swift, Group+Utilities.swift, Object+Codable.swift, Object+Equatable.swift (in target 'Toggles' from project 'Toggles')
PruneExplicitPrecompiledModules /Users/admin/builder/spi-builder-workspace/.derivedData/Build/Intermediates.noindex/SwiftExplicitPrecompiledModules
PruneExplicitPrecompiledModules /Users/admin/builder/spi-builder-workspace/.derivedData/Build/Intermediates.noindex/ExplicitPrecompiledModules
PruneExplicitPrecompiledModules /Users/admin/builder/spi-builder-workspace/.derivedData/SDKExplicitPrecompiledModules
2026-09-27 11:34:58.078 xcodebuild[888:5480] [MT] IDERunDestination: Supported platforms for the buildables in the current scheme is empty.
2026-09-27 11:34:58.179 xcodebuild[888:5480] [MT] IDERunDestination: Supported platforms for the buildables in the current scheme is empty.
** BUILD FAILED **
The following build commands failed:
SwiftCompile normal arm64_32 Compiling\ TogglesValidator.swift,\ ValueCache.swift,\ BooleanOverrideControl.swift,\ ExpandedValueView.swift,\ LiveValueSection.swift,\ MetadataSection.swift /Users/admin/builder/spi-builder-workspace/Sources/Utilities/TogglesValidator.swift /Users/admin/builder/spi-builder-workspace/Sources/Utilities/ValueCache.swift /Users/admin/builder/spi-builder-workspace/Sources/Views/ToggleDetailView/BooleanOverrideControl.swift /Users/admin/builder/spi-builder-workspace/Sources/Views/ToggleDetailView/ExpandedValueView.swift /Users/admin/builder/spi-builder-workspace/Sources/Views/ToggleDetailView/LiveValueSection.swift /Users/admin/builder/spi-builder-workspace/Sources/Views/ToggleDetailView/MetadataSection.swift (in target 'Toggles' from project 'Toggles')
SwiftCompile normal arm64_32 /Users/admin/builder/spi-builder-workspace/Sources/Views/ToggleDetailView/ExpandedValueView.swift (in target 'Toggles' from project 'Toggles')
Building workspace Toggles with scheme Toggles
(3 failures)
Command line invocation:
/Applications/Xcode-27.0.0-Release.Candidate.app/Contents/Developer/usr/bin/xcodebuild -IDEClonedSourcePackagesDirPathOverride=/Users/admin/builder/spi-builder-workspace/.dependencies -resolvePackageDependencies
Resolve Package Graph
Resolved source packages:
SwiftDocCPlugin: https://github.com/apple/swift-docc-plugin @ 1.4.6
Toggles: /Users/admin/builder/spi-builder-workspace
SymbolKit: https://github.com/swiftlang/swift-docc-symbolkit @ 1.0.0
resolved source packages: SwiftDocCPlugin, Toggles, SymbolKit
2026-09-27 11:35:23.001 xcodebuild[1171:6919] [MT] IDERunDestination: Supported platforms for the buildables in the current scheme is empty.
2026-09-27 11:35:23.107 xcodebuild[1171:6919] [MT] IDERunDestination: Supported platforms for the buildables in the current scheme is empty.
{
"dependencies" : [
{
"identity" : "swift-docc-plugin",
"requirement" : {
"range" : [
{
"lower_bound" : "1.4.3",
"upper_bound" : "1.5.0"
}
]
},
"type" : "sourceControl",
"url" : "https://github.com/apple/swift-docc-plugin"
}
],
"manifest_display_name" : "Toggles",
"name" : "Toggles",
"path" : "/Users/admin/builder/spi-builder-workspace",
"platforms" : [
{
"name" : "ios",
"version" : "15.0"
},
{
"name" : "macos",
"version" : "12.0"
},
{
"name" : "watchos",
"version" : "7.0"
},
{
"name" : "tvos",
"version" : "15.0"
}
],
"products" : [
{
"name" : "Toggles",
"targets" : [
"Toggles"
],
"type" : {
"library" : [
"automatic"
]
}
}
],
"targets" : [
{
"c99name" : "TogglesTests",
"module_type" : "SwiftTarget",
"name" : "TogglesTests",
"path" : "Tests",
"resources" : [
{
"path" : "/Users/admin/builder/spi-builder-workspace/Tests/Resources/TestDatasource.json",
"rule" : {
"process" : {
}
}
},
{
"path" : "/Users/admin/builder/spi-builder-workspace/Tests/Resources/TestDatasourceWithDuplicateVariables.json",
"rule" : {
"process" : {
}
}
},
{
"path" : "/Users/admin/builder/spi-builder-workspace/Tests/Resources/TestDatasourceWithNoMetadata.json",
"rule" : {
"process" : {
}
}
}
],
"sources" : [
"Extensions/Bundle+Tests.swift",
"Suites/Ciphers/ChaCha20Poly1305Tests.swift",
"Suites/Extensions/Dictionary+TogglesTests.swift",
"Suites/Extensions/Group+IdentifiableTests.swift",
"Suites/Extensions/Group+UtilitiesTests.swift",
"Suites/Extensions/String+BoolTests.swift",
"Suites/Extensions/Toggle+CodableTests.swift",
"Suites/Extensions/Toggle+ComparableTests.swift",
"Suites/Extensions/Toggle+IdentifiableTests.swift",
"Suites/Extensions/Toggle+UtilitiesTests.swift",
"Suites/Extensions/Value+AccessorsTests.swift",
"Suites/Extensions/Value+UtilitiesTests.swift",
"Suites/Models/ObjectTests.swift",
"Suites/ObservableObjects/ToggleObservableTests.swift",
"Suites/Providers/DefaultValueProviderTests.swift",
"Suites/Providers/InMemoryValueProviderTests.swift",
"Suites/Providers/LocalValueProviderTests.swift",
"Suites/Providers/PersistentValueProviderTests.swift",
"Suites/ToggleManager/ToggleManager+CachingTests.swift",
"Suites/ToggleManager/ToggleManager+CipheringTests.swift",
"Suites/ToggleManager/ToggleManager+ErrorLoggingTests.swift",
"Suites/ToggleManager/ToggleManager+OverridesTests.swift",
"Suites/ToggleManager/ToggleManager+PublishingTests.swift",
"Suites/ToggleManager/ToggleManager+ReactingTests.swift",
"Suites/ToggleManager/ToggleManager+SkipOptionsTests.swift",
"Suites/ToggleManager/ToggleManager+TraceTests.swift",
"Suites/ToggleManager/ToggleManagerTests.swift",
"Suites/Utilities/GroupLoaderTests.swift",
"Suites/Utilities/InputValidationHelperTests.swift",
"Suites/Utilities/SearchFilterTests.swift",
"Suites/Utilities/TogglesValidatorTests.swift",
"Suites/Utilities/ValueCacheTests.swift",
"Utilities/CipherConfiguration+Defaults.swift",
"Utilities/MockRemoteValueProvider.swift",
"Utilities/SingleValueMockProvider.swift",
"Utilities/ToggleFactory.swift"
],
"target_dependencies" : [
"Toggles"
],
"type" : "test"
},
{
"c99name" : "Toggles",
"module_type" : "SwiftTarget",
"name" : "Toggles",
"path" : "Sources",
"product_memberships" : [
"Toggles"
],
"resources" : [
{
"path" : "/Users/admin/builder/spi-builder-workspace/Sources/Resources/PreviewDatasource.json",
"rule" : {
"process" : {
}
}
}
],
"sources" : [
"Ciphers/ChaCha20Poly1305.swift",
"Extensions/Dictionary+Toggles.swift",
"Extensions/Group+Identifiable.swift",
"Extensions/Group+Utilities.swift",
"Extensions/Object/Object+Codable.swift",
"Extensions/Object/Object+Equatable.swift",
"Extensions/Object/ObjectSupportedType+Accessors.swift",
"Extensions/Object/ObjectSupportedType+Codable.swift",
"Extensions/Object/ObjectSupportedType+Equatable.swift",
"Extensions/Object/ObjectSupportedType+Utilities.swift",
"Extensions/Object/String+Object.swift",
"Extensions/String+Bool.swift",
"Extensions/String+ValidJSON.swift",
"Extensions/Toggle+Codable.swift",
"Extensions/Toggle+Comparable.swift",
"Extensions/Toggle+Identifiable.swift",
"Extensions/Toggle+Utilities.swift",
"Extensions/Value+Accessors.swift",
"Extensions/Value+Semi-Equatable.swift",
"Extensions/Value+Utilities.swift",
"Models/Datasource.swift",
"Models/Group.swift",
"Models/Metadata.swift",
"Models/Object.swift",
"Models/ObjectSupportedType.swift",
"Models/Toggle.swift",
"Models/Value.swift",
"Models/Variable.swift",
"ObservableObjects/ToggleObservable.swift",
"Protocols/Ciphering.swift",
"Protocols/Logger.swift",
"Protocols/MutableValueProvider.swift",
"Protocols/Publishing.swift",
"Protocols/Reacting.swift",
"Protocols/ValueProvider.swift",
"Providers/DefaultValueProvider.swift",
"Providers/InMemoryValueProvider.swift",
"Providers/LocalValueProvider.swift",
"Providers/PersistentValueProvider.swift",
"ToggleManager/ToggleManager+Caching.swift",
"ToggleManager/ToggleManager+Ciphering.swift",
"ToggleManager/ToggleManager+Logging.swift",
"ToggleManager/ToggleManager+Overrides.swift",
"ToggleManager/ToggleManager+Publishing.swift",
"ToggleManager/ToggleManager+Reacting.swift",
"ToggleManager/ToggleManager+Trace.swift",
"ToggleManager/ToggleManager.swift",
"Utilities/CipherConfiguration.swift",
"Utilities/GroupLoader.swift",
"Utilities/InputValidationHelper.swift",
"Utilities/SearchFilter.swift",
"Utilities/TogglesValidator.swift",
"Utilities/ValueCache.swift",
"Views/ToggleDetailView/BooleanOverrideControl.swift",
"Views/ToggleDetailView/ExpandedValueView.swift",
"Views/ToggleDetailView/LiveValueSection.swift",
"Views/ToggleDetailView/MetadataSection.swift",
"Views/ToggleDetailView/OverrideSection.swift",
"Views/ToggleDetailView/ProviderStackSection.swift",
"Views/ToggleDetailView/TextOverrideControl.swift",
"Views/ToggleDetailView/ToggleDetailView.swift",
"Views/TogglesView/ToggleRow.swift",
"Views/TogglesView/TogglesView.swift"
],
"type" : "library"
}
],
"tools_version" : "6.0"
}
{
"workspace" : {
"name" : "Toggles",
"schemes" : [
"Toggles"
]
}
}
2026-09-27 11:35:30.458 xcodebuild[1229:7311] [MT] IDERunDestination: Supported platforms for the buildables in the current scheme is empty.
2026-09-27 11:35:30.563 xcodebuild[1229:7311] [MT] IDERunDestination: Supported platforms for the buildables in the current scheme is empty.
Running build ...
env DEVELOPER_DIR=/Applications/Xcode-27.0.0-Release.Candidate.app xcrun xcodebuild -IDEClonedSourcePackagesDirPathOverride=$PWD/.dependencies -skipMacroValidation -skipPackagePluginValidation -derivedDataPath $PWD/.derivedData build -scheme Toggles -destination generic/platform=watchOS
Command line invocation:
/Applications/Xcode-27.0.0-Release.Candidate.app/Contents/Developer/usr/bin/xcodebuild -IDEClonedSourcePackagesDirPathOverride=/Users/admin/builder/spi-builder-workspace/.dependencies -skipMacroValidation -skipPackagePluginValidation -derivedDataPath /Users/admin/builder/spi-builder-workspace/.derivedData build -scheme Toggles -destination generic/platform=watchOS
Resolve Package Graph
Resolved source packages:
SymbolKit: https://github.com/swiftlang/swift-docc-symbolkit @ 1.0.0
SwiftDocCPlugin: https://github.com/apple/swift-docc-plugin @ 1.4.6
Toggles: /Users/admin/builder/spi-builder-workspace
ComputePackagePrebuildTargetDependencyGraph
Prepare packages
CreateBuildRequest
SendProjectDescription
CreateBuildOperation
ComputeTargetDependencyGraph
note: Building targets in dependency order
note: Target dependency graph (4 targets)
Target 'Toggles_TogglesTests' in project 'Toggles' (no dependencies)
Target 'Toggles-product' in project 'Toggles'
➜ Explicit dependency on target 'Toggles' in project 'Toggles'
➜ Explicit dependency on target 'Toggles_Toggles' in project 'Toggles'
Target 'Toggles' in project 'Toggles'
➜ Explicit dependency on target 'Toggles_Toggles' in project 'Toggles'
Target 'Toggles_Toggles' in project 'Toggles' (no dependencies)
GatherProvisioningInputs
CreateBuildDescription
ClangStatCache /Applications/Xcode-27.0.0-Release.Candidate.app/Contents/Developer/Toolchains/XcodeDefault.xctoolchain/usr/bin/clang-stat-cache /Applications/Xcode-27.0.0-Release.Candidate.app/Contents/Developer/Platforms/WatchOS.platform/Developer/SDKs/WatchOS27.0.sdk /Users/admin/builder/spi-builder-workspace/.derivedData/SDKStatCaches.noindex/watchos27.0-24R360-e829b21a6f8c9b70876ba0858053c04477534ef55a1706bf4c1112bbb242f0a2.sdkstatcache
cd /Users/admin/builder/spi-builder-workspace/.swiftpm/xcode
/Applications/Xcode-27.0.0-Release.Candidate.app/Contents/Developer/Toolchains/XcodeDefault.xctoolchain/usr/bin/clang-stat-cache /Applications/Xcode-27.0.0-Release.Candidate.app/Contents/Developer/Platforms/WatchOS.platform/Developer/SDKs/WatchOS27.0.sdk -o /Users/admin/builder/spi-builder-workspace/.derivedData/SDKStatCaches.noindex/watchos27.0-24R360-e829b21a6f8c9b70876ba0858053c04477534ef55a1706bf4c1112bbb242f0a2.sdkstatcache
SwiftDriver Toggles normal arm64 com.apple.xcode.tools.swift.compiler (in target 'Toggles' from project 'Toggles')
cd /Users/admin/builder/spi-builder-workspace/.swiftpm/xcode
builtin-SwiftDriver -- /Applications/Xcode-27.0.0-Release.Candidate.app/Contents/Developer/Toolchains/XcodeDefault.xctoolchain/usr/bin/swiftc -parse-as-library -module-name Toggles -Onone @/Users/admin/builder/spi-builder-workspace/.derivedData/Build/Intermediates.noindex/Toggles.build/Debug-watchos/Toggles-t.build/Objects-normal/arm64/Toggles.SwiftFileList -DSWIFT_PACKAGE -DDEBUG -DSWIFT_MODULE_RESOURCE_BUNDLE_AVAILABLE -DXcode -enable-upcoming-feature InternalImportsByDefault -enable-upcoming-feature ExistentialAny -plugin-path /Applications/Xcode-27.0.0-Release.Candidate.app/Contents/Developer/Toolchains/XcodeDefault.xctoolchain/usr/lib/swift/host/plugins/testing -enable-experimental-feature DebugDescriptionMacro -sdk /Applications/Xcode-27.0.0-Release.Candidate.app/Contents/Developer/Platforms/WatchOS.platform/Developer/SDKs/WatchOS27.0.sdk -target arm64-apple-watchos9.0 -g -module-cache-path /Users/admin/builder/spi-builder-workspace/.derivedData/ModuleCache.noindex -Xfrontend -serialize-debugging-options -profile-coverage-mapping -profile-generate -enable-testing -index-store-path /Users/admin/builder/spi-builder-workspace/.derivedData/Index.noindex/DataStore -Xcc -D_LIBCPP_HARDENING_MODE\=_LIBCPP_HARDENING_MODE_DEBUG -swift-version 6 -I /Users/admin/builder/spi-builder-workspace/.derivedData/Build/Products/Debug-watchos -Isystem /Applications/Xcode-27.0.0-Release.Candidate.app/Contents/Developer/Platforms/WatchOS.platform/Developer/usr/lib -F /Users/admin/builder/spi-builder-workspace/.derivedData/Build/Products/Debug-watchos -F /Applications/Xcode-27.0.0-Release.Candidate.app/Contents/Developer/Platforms/WatchOS.platform/Developer/Library/Frameworks -F /Applications/Xcode-27.0.0-Release.Candidate.app/Contents/Developer/Platforms/WatchOS.platform/Developer/SDKs/WatchOS27.0.sdk/Developer/Library/Frameworks -c -j10 -enable-batch-mode -incremental -Xcc -ivfsstatcache -Xcc /Users/admin/builder/spi-builder-workspace/.derivedData/SDKStatCaches.noindex/watchos27.0-24R360-e829b21a6f8c9b70876ba0858053c04477534ef55a1706bf4c1112bbb242f0a2.sdkstatcache -output-file-map /Users/admin/builder/spi-builder-workspace/.derivedData/Build/Intermediates.noindex/Toggles.build/Debug-watchos/Toggles-t.build/Objects-normal/arm64/Toggles-OutputFileMap.json -save-temps -no-color-diagnostics -explicit-module-build -module-cache-path /Users/admin/builder/spi-builder-workspace/.derivedData/Build/Intermediates.noindex/SwiftExplicitPrecompiledModules -clang-scanner-module-cache-path /Users/admin/builder/spi-builder-workspace/.derivedData/ModuleCache.noindex -sdk-module-cache-path /Users/admin/builder/spi-builder-workspace/.derivedData/SDKExplicitPrecompiledModules -emit-dependencies -emit-module -emit-module-path /Users/admin/builder/spi-builder-workspace/.derivedData/Build/Intermediates.noindex/Toggles.build/Debug-watchos/Toggles-t.build/Objects-normal/arm64/Toggles.swiftmodule -serialize-diagnostics -dependency-scan-serialize-diagnostics-path /Users/admin/builder/spi-builder-workspace/.derivedData/Build/Intermediates.noindex/Toggles.build/Debug-watchos/Toggles-t.build/Objects-normal/arm64/Toggles-dependency-scan.dia -validate-clang-modules-once -clang-build-session-file /Users/admin/builder/spi-builder-workspace/.derivedData/ModuleCache.noindex/Session.modulevalidation -Xcc -fmodules-prune-interval\=86400 -Xcc -fmodules-prune-after\=345600 -package-name spi_builder_workspace -emit-const-values -const-gather-protocols-list /Users/admin/builder/spi-builder-workspace/.derivedData/Build/Intermediates.noindex/Toggles.build/Debug-watchos/Toggles-t.build/Objects-normal/arm64/Toggles_const_extract_protocols.json -Xcc -I/Users/admin/builder/spi-builder-workspace/.derivedData/Build/Products/Debug-watchos/include -Xcc -I/Users/admin/builder/spi-builder-workspace/.derivedData/Build/Intermediates.noindex/Toggles.build/Debug-watchos/Toggles-t.build/DerivedSources-normal/arm64 -Xcc -I/Users/admin/builder/spi-builder-workspace/.derivedData/Build/Intermediates.noindex/Toggles.build/Debug-watchos/Toggles-t.build/DerivedSources/arm64 -Xcc -I/Users/admin/builder/spi-builder-workspace/.derivedData/Build/Intermediates.noindex/Toggles.build/Debug-watchos/Toggles-t.build/DerivedSources -Xcc -DSWIFT_PACKAGE -Xcc -DDEBUG\=1 -emit-objc-header -emit-objc-header-path /Users/admin/builder/spi-builder-workspace/.derivedData/Build/Intermediates.noindex/Toggles.build/Debug-watchos/Toggles-t.build/Objects-normal/arm64/Toggles-Swift.h -working-directory /Users/admin/builder/spi-builder-workspace/.swiftpm/xcode -experimental-emit-module-separately -disable-cmo
SwiftDriver Toggles normal arm64_32 com.apple.xcode.tools.swift.compiler (in target 'Toggles' from project 'Toggles')
cd /Users/admin/builder/spi-builder-workspace/.swiftpm/xcode
builtin-SwiftDriver -- /Applications/Xcode-27.0.0-Release.Candidate.app/Contents/Developer/Toolchains/XcodeDefault.xctoolchain/usr/bin/swiftc -parse-as-library -module-name Toggles -Onone @/Users/admin/builder/spi-builder-workspace/.derivedData/Build/Intermediates.noindex/Toggles.build/Debug-watchos/Toggles-t.build/Objects-normal/arm64_32/Toggles.SwiftFileList -DSWIFT_PACKAGE -DDEBUG -DSWIFT_MODULE_RESOURCE_BUNDLE_AVAILABLE -DXcode -enable-upcoming-feature InternalImportsByDefault -enable-upcoming-feature ExistentialAny -plugin-path /Applications/Xcode-27.0.0-Release.Candidate.app/Contents/Developer/Toolchains/XcodeDefault.xctoolchain/usr/lib/swift/host/plugins/testing -enable-experimental-feature DebugDescriptionMacro -sdk /Applications/Xcode-27.0.0-Release.Candidate.app/Contents/Developer/Platforms/WatchOS.platform/Developer/SDKs/WatchOS27.0.sdk -target arm64_32-apple-watchos9.0 -g -module-cache-path /Users/admin/builder/spi-builder-workspace/.derivedData/ModuleCache.noindex -Xfrontend -serialize-debugging-options -profile-coverage-mapping -profile-generate -enable-testing -index-store-path /Users/admin/builder/spi-builder-workspace/.derivedData/Index.noindex/DataStore -Xcc -D_LIBCPP_HARDENING_MODE\=_LIBCPP_HARDENING_MODE_DEBUG -swift-version 6 -I /Users/admin/builder/spi-builder-workspace/.derivedData/Build/Products/Debug-watchos -Isystem /Applications/Xcode-27.0.0-Release.Candidate.app/Contents/Developer/Platforms/WatchOS.platform/Developer/usr/lib -F /Users/admin/builder/spi-builder-workspace/.derivedData/Build/Products/Debug-watchos -F /Applications/Xcode-27.0.0-Release.Candidate.app/Contents/Developer/Platforms/WatchOS.platform/Developer/Library/Frameworks -F /Applications/Xcode-27.0.0-Release.Candidate.app/Contents/Developer/Platforms/WatchOS.platform/Developer/SDKs/WatchOS27.0.sdk/Developer/Library/Frameworks -c -j10 -enable-batch-mode -incremental -Xcc -ivfsstatcache -Xcc /Users/admin/builder/spi-builder-workspace/.derivedData/SDKStatCaches.noindex/watchos27.0-24R360-e829b21a6f8c9b70876ba0858053c04477534ef55a1706bf4c1112bbb242f0a2.sdkstatcache -output-file-map /Users/admin/builder/spi-builder-workspace/.derivedData/Build/Intermediates.noindex/Toggles.build/Debug-watchos/Toggles-t.build/Objects-normal/arm64_32/Toggles-OutputFileMap.json -save-temps -no-color-diagnostics -explicit-module-build -module-cache-path /Users/admin/builder/spi-builder-workspace/.derivedData/Build/Intermediates.noindex/SwiftExplicitPrecompiledModules -clang-scanner-module-cache-path /Users/admin/builder/spi-builder-workspace/.derivedData/ModuleCache.noindex -sdk-module-cache-path /Users/admin/builder/spi-builder-workspace/.derivedData/SDKExplicitPrecompiledModules -emit-dependencies -emit-module -emit-module-path /Users/admin/builder/spi-builder-workspace/.derivedData/Build/Intermediates.noindex/Toggles.build/Debug-watchos/Toggles-t.build/Objects-normal/arm64_32/Toggles.swiftmodule -serialize-diagnostics -dependency-scan-serialize-diagnostics-path /Users/admin/builder/spi-builder-workspace/.derivedData/Build/Intermediates.noindex/Toggles.build/Debug-watchos/Toggles-t.build/Objects-normal/arm64_32/Toggles-dependency-scan.dia -validate-clang-modules-once -clang-build-session-file /Users/admin/builder/spi-builder-workspace/.derivedData/ModuleCache.noindex/Session.modulevalidation -Xcc -fmodules-prune-interval\=86400 -Xcc -fmodules-prune-after\=345600 -package-name spi_builder_workspace -emit-const-values -const-gather-protocols-list /Users/admin/builder/spi-builder-workspace/.derivedData/Build/Intermediates.noindex/Toggles.build/Debug-watchos/Toggles-t.build/Objects-normal/arm64_32/Toggles_const_extract_protocols.json -Xcc -I/Users/admin/builder/spi-builder-workspace/.derivedData/Build/Products/Debug-watchos/include -Xcc -I/Users/admin/builder/spi-builder-workspace/.derivedData/Build/Intermediates.noindex/Toggles.build/Debug-watchos/Toggles-t.build/DerivedSources-normal/arm64_32 -Xcc -I/Users/admin/builder/spi-builder-workspace/.derivedData/Build/Intermediates.noindex/Toggles.build/Debug-watchos/Toggles-t.build/DerivedSources/arm64_32 -Xcc -I/Users/admin/builder/spi-builder-workspace/.derivedData/Build/Intermediates.noindex/Toggles.build/Debug-watchos/Toggles-t.build/DerivedSources -Xcc -DSWIFT_PACKAGE -Xcc -DDEBUG\=1 -emit-objc-header -emit-objc-header-path /Users/admin/builder/spi-builder-workspace/.derivedData/Build/Intermediates.noindex/Toggles.build/Debug-watchos/Toggles-t.build/Objects-normal/arm64_32/Toggles-Swift.h -working-directory /Users/admin/builder/spi-builder-workspace/.swiftpm/xcode -experimental-emit-module-separately -disable-cmo
SwiftCompile normal arm64 Compiling\ BooleanOverrideControl.swift,\ ExpandedValueView.swift /Users/admin/builder/spi-builder-workspace/Sources/Views/ToggleDetailView/BooleanOverrideControl.swift /Users/admin/builder/spi-builder-workspace/Sources/Views/ToggleDetailView/ExpandedValueView.swift (in target 'Toggles' from project 'Toggles')
SwiftCompile normal arm64 /Users/admin/builder/spi-builder-workspace/Sources/Views/ToggleDetailView/BooleanOverrideControl.swift (in target 'Toggles' from project 'Toggles')
cd /Users/admin/builder/spi-builder-workspace/.swiftpm/xcode
builtin-SwiftPerFileCompile BooleanOverrideControl.swift
SwiftCompile normal arm64 /Users/admin/builder/spi-builder-workspace/Sources/Views/ToggleDetailView/ExpandedValueView.swift (in target 'Toggles' from project 'Toggles')
cd /Users/admin/builder/spi-builder-workspace/.swiftpm/xcode
builtin-SwiftPerFileCompile ExpandedValueView.swift
/Users/admin/builder/spi-builder-workspace/Sources/Views/ToggleDetailView/ExpandedValueView.swift:22:22: error: 'textSelection' is unavailable in watchOS
20 | Text(value)
21 | .font(.system(.body, design: .monospaced))
22 | .textSelection(.enabled)
| `- error: 'textSelection' is unavailable in watchOS
23 | .frame(maxWidth: .infinity, alignment: .leading)
24 | .padding()
SwiftUI.View.textSelection:2:25: note: 'textSelection' has been explicitly marked unavailable here
1 | protocol View {
2 | nonisolated public func textSelection<S>(_ selectability: S) -> some View where S : TextSelectability
| `- note: 'textSelection' has been explicitly marked unavailable here
3 | }
4 |
SwiftCompile normal arm64 Compiling\ Ciphering.swift,\ Logger.swift,\ MutableValueProvider.swift /Users/admin/builder/spi-builder-workspace/Sources/Protocols/Ciphering.swift /Users/admin/builder/spi-builder-workspace/Sources/Protocols/Logger.swift /Users/admin/builder/spi-builder-workspace/Sources/Protocols/MutableValueProvider.swift (in target 'Toggles' from project 'Toggles')
SwiftCompile normal arm64 /Users/admin/builder/spi-builder-workspace/Sources/Protocols/Ciphering.swift (in target 'Toggles' from project 'Toggles')
cd /Users/admin/builder/spi-builder-workspace/.swiftpm/xcode
builtin-SwiftPerFileCompile Ciphering.swift
SwiftCompile normal arm64 /Users/admin/builder/spi-builder-workspace/Sources/Protocols/Logger.swift (in target 'Toggles' from project 'Toggles')
cd /Users/admin/builder/spi-builder-workspace/.swiftpm/xcode
builtin-SwiftPerFileCompile Logger.swift
SwiftCompile normal arm64 /Users/admin/builder/spi-builder-workspace/Sources/Protocols/MutableValueProvider.swift (in target 'Toggles' from project 'Toggles')
cd /Users/admin/builder/spi-builder-workspace/.swiftpm/xcode
builtin-SwiftPerFileCompile MutableValueProvider.swift
SwiftCompile normal arm64 Compiling\ Object.swift,\ ObjectSupportedType.swift,\ Toggle.swift /Users/admin/builder/spi-builder-workspace/Sources/Models/Object.swift /Users/admin/builder/spi-builder-workspace/Sources/Models/ObjectSupportedType.swift /Users/admin/builder/spi-builder-workspace/Sources/Models/Toggle.swift (in target 'Toggles' from project 'Toggles')
SwiftCompile normal arm64 /Users/admin/builder/spi-builder-workspace/Sources/Models/Object.swift (in target 'Toggles' from project 'Toggles')
cd /Users/admin/builder/spi-builder-workspace/.swiftpm/xcode
builtin-SwiftPerFileCompile Object.swift
SwiftCompile normal arm64 /Users/admin/builder/spi-builder-workspace/Sources/Models/ObjectSupportedType.swift (in target 'Toggles' from project 'Toggles')
cd /Users/admin/builder/spi-builder-workspace/.swiftpm/xcode
builtin-SwiftPerFileCompile ObjectSupportedType.swift
SwiftCompile normal arm64 /Users/admin/builder/spi-builder-workspace/Sources/Models/Toggle.swift (in target 'Toggles' from project 'Toggles')
cd /Users/admin/builder/spi-builder-workspace/.swiftpm/xcode
builtin-SwiftPerFileCompile Toggle.swift
SwiftEmitModule normal arm64_32 Emitting\ module\ for\ Toggles (in target 'Toggles' from project 'Toggles')
SwiftCompile normal arm64_32 (in target 'Toggles' from project 'Toggles')
cd /Users/admin/builder/spi-builder-workspace/.swiftpm/xcode
SwiftCompile normal arm64 Compiling\ ToggleRow.swift,\ TogglesView.swift /Users/admin/builder/spi-builder-workspace/Sources/Views/TogglesView/ToggleRow.swift /Users/admin/builder/spi-builder-workspace/Sources/Views/TogglesView/TogglesView.swift (in target 'Toggles' from project 'Toggles')
SwiftCompile normal arm64 /Users/admin/builder/spi-builder-workspace/Sources/Views/TogglesView/ToggleRow.swift (in target 'Toggles' from project 'Toggles')
cd /Users/admin/builder/spi-builder-workspace/.swiftpm/xcode
builtin-SwiftPerFileCompile ToggleRow.swift
SwiftCompile normal arm64 /Users/admin/builder/spi-builder-workspace/Sources/Views/TogglesView/TogglesView.swift (in target 'Toggles' from project 'Toggles')
cd /Users/admin/builder/spi-builder-workspace/.swiftpm/xcode
builtin-SwiftPerFileCompile TogglesView.swift
SwiftCompile normal arm64_32 Compiling\ Object+Equatable.swift,\ TogglesValidator.swift /Users/admin/builder/spi-builder-workspace/Sources/Extensions/Object/Object+Equatable.swift /Users/admin/builder/spi-builder-workspace/Sources/Utilities/TogglesValidator.swift (in target 'Toggles' from project 'Toggles')
SwiftCompile normal arm64_32 /Users/admin/builder/spi-builder-workspace/Sources/Extensions/Object/Object+Equatable.swift (in target 'Toggles' from project 'Toggles')
cd /Users/admin/builder/spi-builder-workspace/.swiftpm/xcode
builtin-SwiftPerFileCompile Object+Equatable.swift
SwiftCompile normal arm64_32 /Users/admin/builder/spi-builder-workspace/Sources/Utilities/TogglesValidator.swift (in target 'Toggles' from project 'Toggles')
cd /Users/admin/builder/spi-builder-workspace/.swiftpm/xcode
builtin-SwiftPerFileCompile TogglesValidator.swift
SwiftEmitModule normal arm64 Emitting\ module\ for\ Toggles (in target 'Toggles' from project 'Toggles')
SwiftCompile normal arm64 (in target 'Toggles' from project 'Toggles')
cd /Users/admin/builder/spi-builder-workspace/.swiftpm/xcode
SwiftCompile normal arm64_32 Compiling\ Dictionary+Toggles.swift,\ Group+Identifiable.swift /Users/admin/builder/spi-builder-workspace/Sources/Extensions/Dictionary+Toggles.swift /Users/admin/builder/spi-builder-workspace/Sources/Extensions/Group+Identifiable.swift (in target 'Toggles' from project 'Toggles')
SwiftCompile normal arm64_32 /Users/admin/builder/spi-builder-workspace/Sources/Extensions/Dictionary+Toggles.swift (in target 'Toggles' from project 'Toggles')
cd /Users/admin/builder/spi-builder-workspace/.swiftpm/xcode
builtin-SwiftPerFileCompile Dictionary+Toggles.swift
SwiftCompile normal arm64_32 /Users/admin/builder/spi-builder-workspace/Sources/Extensions/Group+Identifiable.swift (in target 'Toggles' from project 'Toggles')
cd /Users/admin/builder/spi-builder-workspace/.swiftpm/xcode
builtin-SwiftPerFileCompile Group+Identifiable.swift
SwiftCompile normal arm64_32 Compiling\ ProviderStackSection.swift,\ TextOverrideControl.swift /Users/admin/builder/spi-builder-workspace/Sources/Views/ToggleDetailView/ProviderStackSection.swift /Users/admin/builder/spi-builder-workspace/Sources/Views/ToggleDetailView/TextOverrideControl.swift (in target 'Toggles' from project 'Toggles')
/Users/admin/builder/spi-builder-workspace/Sources/Views/ToggleDetailView/TextOverrideControl.swift:22:21: error: 'TextEditor' is unavailable in watchOS
20 | // Use TextEditor for multiline content (objects, long strings)
21 | if inputValidationHelper.isObjectToggle {
22 | TextEditor(text: $textValue)
| `- error: 'TextEditor' is unavailable in watchOS
23 | .font(.system(.body, design: .monospaced))
24 | .frame(minHeight: 80, maxHeight: 120)
SwiftUI.TextEditor:4:27: note: 'TextEditor' has been explicitly marked unavailable here
2 | @available(tvOS, unavailable)
3 | @available(watchOS, unavailable)
4 | nonisolated public struct TextEditor : View, ~Sendable {
| `- note: 'TextEditor' has been explicitly marked unavailable here
5 | nonisolated public init(text: Binding<String>)
6 | @available(iOS 18.0, macOS 15.0, visionOS 2.0, *)
Failed frontend command:
/Applications/Xcode-27.0.0-Release.Candidate.app/Contents/Developer/Toolchains/XcodeDefault.xctoolchain/usr/bin/swift-frontend -frontend -c /Users/admin/builder/spi-builder-workspace/.derivedData/Build/Intermediates.noindex/Toggles.build/Debug-watchos/Toggles-t.build/DerivedSources/resource_bundle_accessor.swift /Users/admin/builder/spi-builder-workspace/Sources/Ciphers/ChaCha20Poly1305.swift /Users/admin/builder/spi-builder-workspace/Sources/Extensions/Dictionary+Toggles.swift /Users/admin/builder/spi-builder-workspace/Sources/Extensions/Group+Identifiable.swift /Users/admin/builder/spi-builder-workspace/Sources/Extensions/Group+Utilities.swift /Users/admin/builder/spi-builder-workspace/Sources/Extensions/Object/Object+Codable.swift /Users/admin/builder/spi-builder-workspace/Sources/Extensions/Object/Object+Equatable.swift /Users/admin/builder/spi-builder-workspace/Sources/Extensions/Object/ObjectSupportedType+Accessors.swift /Users/admin/builder/spi-builder-workspace/Sources/Extensions/Object/ObjectSupportedType+Codable.swift /Users/admin/builder/spi-builder-workspace/Sources/Extensions/Object/ObjectSupportedType+Equatable.swift /Users/admin/builder/spi-builder-workspace/Sources/Extensions/Object/ObjectSupportedType+Utilities.swift /Users/admin/builder/spi-builder-workspace/Sources/Extensions/Object/String+Object.swift /Users/admin/builder/spi-builder-workspace/Sources/Extensions/String+Bool.swift /Users/admin/builder/spi-builder-workspace/Sources/Extensions/String+ValidJSON.swift /Users/admin/builder/spi-builder-workspace/Sources/Extensions/Toggle+Codable.swift /Users/admin/builder/spi-builder-workspace/Sources/Extensions/Toggle+Comparable.swift /Users/admin/builder/spi-builder-workspace/Sources/Extensions/Toggle+Identifiable.swift /Users/admin/builder/spi-builder-workspace/Sources/Extensions/Toggle+Utilities.swift /Users/admin/builder/spi-builder-workspace/Sources/Extensions/Value+Accessors.swift /Users/admin/builder/spi-builder-workspace/Sources/Extensions/Value+Semi-Equatable.swift /Users/admin/builder/spi-builder-workspace/Sources/Extensions/Value+Utilities.swift /Users/admin/builder/spi-builder-workspace/Sources/Models/Datasource.swift /Users/admin/builder/spi-builder-workspace/Sources/Models/Group.swift /Users/admin/builder/spi-builder-workspace/Sources/Models/Metadata.swift /Users/admin/builder/spi-builder-workspace/Sources/Models/Object.swift /Users/admin/builder/spi-builder-workspace/Sources/Models/ObjectSupportedType.swift /Users/admin/builder/spi-builder-workspace/Sources/Models/Toggle.swift /Users/admin/builder/spi-builder-workspace/Sources/Models/Value.swift /Users/admin/builder/spi-builder-workspace/Sources/Models/Variable.swift /Users/admin/builder/spi-builder-workspace/Sources/ObservableObjects/ToggleObservable.swift /Users/admin/builder/spi-builder-workspace/Sources/Protocols/Ciphering.swift /Users/admin/builder/spi-builder-workspace/Sources/Protocols/Logger.swift /Users/admin/builder/spi-builder-workspace/Sources/Protocols/MutableValueProvider.swift /Users/admin/builder/spi-builder-workspace/Sources/Protocols/Publishing.swift /Users/admin/builder/spi-builder-workspace/Sources/Protocols/Reacting.swift /Users/admin/builder/spi-builder-workspace/Sources/Protocols/ValueProvider.swift /Users/admin/builder/spi-builder-workspace/Sources/Providers/DefaultValueProvider.swift /Users/admin/builder/spi-builder-workspace/Sources/Providers/InMemoryValueProvider.swift /Users/admin/builder/spi-builder-workspace/Sources/Providers/LocalValueProvider.swift /Users/admin/builder/spi-builder-workspace/Sources/Providers/PersistentValueProvider.swift /Users/admin/builder/spi-builder-workspace/Sources/ToggleManager/ToggleManager+Caching.swift /Users/admin/builder/spi-builder-workspace/Sources/ToggleManager/ToggleManager+Ciphering.swift /Users/admin/builder/spi-builder-workspace/Sources/ToggleManager/ToggleManager+Logging.swift /Users/admin/builder/spi-builder-workspace/Sources/ToggleManager/ToggleManager+Overrides.swift /Users/admin/builder/spi-builder-workspace/Sources/ToggleManager/ToggleManager+Publishing.swift /Users/admin/builder/spi-builder-workspace/Sources/ToggleManager/ToggleManager+Reacting.swift /Users/admin/builder/spi-builder-workspace/Sources/ToggleManager/ToggleManager+Trace.swift /Users/admin/builder/spi-builder-workspace/Sources/ToggleManager/ToggleManager.swift /Users/admin/builder/spi-builder-workspace/Sources/Utilities/CipherConfiguration.swift /Users/admin/builder/spi-builder-workspace/Sources/Utilities/GroupLoader.swift /Users/admin/builder/spi-builder-workspace/Sources/Utilities/InputValidationHelper.swift /Users/admin/builder/spi-builder-workspace/Sources/Utilities/SearchFilter.swift /Users/admin/builder/spi-builder-workspace/Sources/Utilities/TogglesValidator.swift /Users/admin/builder/spi-builder-workspace/Sources/Utilities/ValueCache.swift /Users/admin/builder/spi-builder-workspace/Sources/Views/ToggleDetailView/BooleanOverrideControl.swift /Users/admin/builder/spi-builder-workspace/Sources/Views/ToggleDetailView/ExpandedValueView.swift /Users/admin/builder/spi-builder-workspace/Sources/Views/ToggleDetailView/LiveValueSection.swift /Users/admin/builder/spi-builder-workspace/Sources/Views/ToggleDetailView/MetadataSection.swift /Users/admin/builder/spi-builder-workspace/Sources/Views/ToggleDetailView/OverrideSection.swift -primary-file /Users/admin/builder/spi-builder-workspace/Sources/Views/ToggleDetailView/ProviderStackSection.swift -primary-file /Users/admin/builder/spi-builder-workspace/Sources/Views/ToggleDetailView/TextOverrideControl.swift /Users/admin/builder/spi-builder-workspace/Sources/Views/ToggleDetailView/ToggleDetailView.swift /Users/admin/builder/spi-builder-workspace/Sources/Views/TogglesView/ToggleRow.swift /Users/admin/builder/spi-builder-workspace/Sources/Views/TogglesView/TogglesView.swift -emit-dependencies-path /Users/admin/builder/spi-builder-workspace/.derivedData/Build/Intermediates.noindex/Toggles.build/Debug-watchos/Toggles-t.build/Objects-normal/arm64_32/ProviderStackSection.d -emit-const-values-path /Users/admin/builder/spi-builder-workspace/.derivedData/Build/Intermediates.noindex/Toggles.build/Debug-watchos/Toggles-t.build/Objects-normal/arm64_32/ProviderStackSection.swiftconstvalues -emit-reference-dependencies-path /Users/admin/builder/spi-builder-workspace/.derivedData/Build/Intermediates.noindex/Toggles.build/Debug-watchos/Toggles-t.build/Objects-normal/arm64_32/ProviderStackSection.swiftdeps -serialize-diagnostics-path /Users/admin/builder/spi-builder-workspace/.derivedData/Build/Intermediates.noindex/Toggles.build/Debug-watchos/Toggles-t.build/Objects-normal/arm64_32/ProviderStackSection.dia -emit-dependencies-path /Users/admin/builder/spi-builder-workspace/.derivedData/Build/Intermediates.noindex/Toggles.build/Debug-watchos/Toggles-t.build/Objects-normal/arm64_32/TextOverrideControl.d -emit-const-values-path /Users/admin/builder/spi-builder-workspace/.derivedData/Build/Intermediates.noindex/Toggles.build/Debug-watchos/Toggles-t.build/Objects-normal/arm64_32/TextOverrideControl.swiftconstvalues -emit-reference-dependencies-path /Users/admin/builder/spi-builder-workspace/.derivedData/Build/Intermediates.noindex/Toggles.build/Debug-watchos/Toggles-t.build/Objects-normal/arm64_32/TextOverrideControl.swiftdeps -serialize-diagnostics-path /Users/admin/builder/spi-builder-workspace/.derivedData/Build/Intermediates.noindex/Toggles.build/Debug-watchos/Toggles-t.build/Objects-normal/arm64_32/TextOverrideControl.dia -target arm64_32-apple-watchos9.0 -disable-cross-import-overlay-search -load-resolved-plugin /Applications/Xcode-27.0.0-Release.Candidate.app/Contents/Developer/Platforms/WatchOS.platform/Developer/usr/lib/swift/host/plugins/libFoundationMacros.dylib\#/Applications/Xcode-27.0.0-Release.Candidate.app/Contents/Developer/Platforms/WatchOS.platform/Developer/usr/bin/swift-plugin-server\#FoundationMacros -load-resolved-plugin /Applications/Xcode-27.0.0-Release.Candidate.app/Contents/Developer/Platforms/WatchOS.platform/Developer/usr/lib/swift/host/plugins/libObservationMacros.dylib\#/Applications/Xcode-27.0.0-Release.Candidate.app/Contents/Developer/Platforms/WatchOS.platform/Developer/usr/bin/swift-plugin-server\#ObservationMacros -load-resolved-plugin /Applications/Xcode-27.0.0-Release.Candidate.app/Contents/Developer/Platforms/WatchOS.platform/Developer/usr/lib/swift/host/plugins/libPreviewsMacros.dylib\#/Applications/Xcode-27.0.0-Release.Candidate.app/Contents/Developer/Platforms/WatchOS.platform/Developer/usr/bin/swift-plugin-server\#PreviewsMacros -load-resolved-plugin /Applications/Xcode-27.0.0-Release.Candidate.app/Contents/Developer/Platforms/WatchOS.platform/Developer/usr/lib/swift/host/plugins/libSwiftMacros.dylib\#/Applications/Xcode-27.0.0-Release.Candidate.app/Contents/Developer/Platforms/WatchOS.platform/Developer/usr/bin/swift-plugin-server\#SwiftMacros -load-resolved-plugin /Applications/Xcode-27.0.0-Release.Candidate.app/Contents/Developer/Platforms/WatchOS.platform/Developer/usr/lib/swift/host/plugins/libSwiftUIMacros.dylib\#/Applications/Xcode-27.0.0-Release.Candidate.app/Contents/Developer/Platforms/WatchOS.platform/Developer/usr/bin/swift-plugin-server\#SwiftUIMacros -disable-implicit-swift-modules -Xcc -fno-implicit-modules -Xcc -fno-implicit-module-maps -explicit-swift-module-map-file /Users/admin/builder/spi-builder-workspace/.derivedData/Build/Intermediates.noindex/Toggles.build/Debug-watchos/Toggles-t.build/Objects-normal/arm64_32/Toggles-dependencies-1.json -enable-objc-interop -sdk /Applications/Xcode-27.0.0-Release.Candidate.app/Contents/Developer/Platforms/WatchOS.platform/Developer/SDKs/WatchOS27.0.sdk -I /Users/admin/builder/spi-builder-workspace/.derivedData/Build/Products/Debug-watchos -Isystem /Applications/Xcode-27.0.0-Release.Candidate.app/Contents/Developer/Platforms/WatchOS.platform/Developer/usr/lib -F /Users/admin/builder/spi-builder-workspace/.derivedData/Build/Products/Debug-watchos -F /Applications/Xcode-27.0.0-Release.Candidate.app/Contents/Developer/Platforms/WatchOS.platform/Developer/Library/Frameworks -F /Applications/Xcode-27.0.0-Release.Candidate.app/Contents/Developer/Platforms/WatchOS.platform/Developer/SDKs/WatchOS27.0.sdk/Developer/Library/Frameworks -module-cache-path /Users/admin/builder/spi-builder-workspace/.derivedData/Build/Intermediates.noindex/SwiftExplicitPrecompiledModules -no-color-diagnostics -Xcc -fno-color-diagnostics -enable-testing -g -debug-info-format\=dwarf -dwarf-version\=4 -profile-generate -profile-coverage-mapping -swift-version 6 -Onone -D SWIFT_PACKAGE -D DEBUG -D SWIFT_MODULE_RESOURCE_BUNDLE_AVAILABLE -D Xcode -serialize-debugging-options -enable-upcoming-feature InternalImportsByDefault -enable-upcoming-feature ExistentialAny -enable-experimental-feature DebugDescriptionMacro -empty-abi-descriptor -validate-clang-modules-once -clang-build-session-file /Users/admin/builder/spi-builder-workspace/.derivedData/ModuleCache.noindex/Session.modulevalidation -Xcc -working-directory -Xcc /Users/admin/builder/spi-builder-workspace/.swiftpm/xcode -enable-anonymous-context-mangled-names -file-compilation-dir /Users/admin/builder/spi-builder-workspace/.swiftpm/xcode -Xcc -D_LIBCPP_HARDENING_MODE\=_LIBCPP_HARDENING_MODE_DEBUG -Xcc -ivfsstatcache -Xcc /Users/admin/builder/spi-builder-workspace/.derivedData/SDKStatCaches.noindex/watchos27.0-24R360-e829b21a6f8c9b70876ba0858053c04477534ef55a1706bf4c1112bbb242f0a2.sdkstatcache -Xcc -fmodules-prune-interval\=86400 -Xcc -fmodules-prune-after\=345600 -Xcc -I/Users/admin/builder/spi-builder-workspace/.derivedData/Build/Products/Debug-watchos/include -Xcc -I/Users/admin/builder/spi-builder-workspace/.derivedData/Build/Intermediates.noindex/Toggles.build/Debug-watchos/Toggles-t.build/DerivedSources-normal/arm64_32 -Xcc -I/Users/admin/builder/spi-builder-workspace/.derivedData/Build/Intermediates.noindex/Toggles.build/Debug-watchos/Toggles-t.build/DerivedSources/arm64_32 -Xcc -I/Users/admin/builder/spi-builder-workspace/.derivedData/Build/Intermediates.noindex/Toggles.build/Debug-watchos/Toggles-t.build/DerivedSources -Xcc -DSWIFT_PACKAGE -Xcc -DDEBUG\=1 -no-auto-bridging-header-chaining -module-name Toggles -package-name spi_builder_workspace -const-gather-protocols-file /Users/admin/builder/spi-builder-workspace/.derivedData/Build/Intermediates.noindex/Toggles.build/Debug-watchos/Toggles-t.build/Objects-normal/arm64_32/Toggles_const_extract_protocols.json -disable-clang-spi -clang-target arm64_32-apple-watchos27.0 -target-sdk-version 27.0 -target-sdk-name watchos27.0 -in-process-plugin-server-path /Applications/Xcode-27.0.0-Release.Candidate.app/Contents/Developer/Toolchains/XcodeDefault.xctoolchain/usr/lib/swift/host/libSwiftInProcPluginServer.dylib -parse-as-library -o /Users/admin/builder/spi-builder-workspace/.derivedData/Build/Intermediates.noindex/Toggles.build/Debug-watchos/Toggles-t.build/Objects-normal/arm64_32/ProviderStackSection.o -o /Users/admin/builder/spi-builder-workspace/.derivedData/Build/Intermediates.noindex/Toggles.build/Debug-watchos/Toggles-t.build/Objects-normal/arm64_32/TextOverrideControl.o -debug-module-path /Users/admin/builder/spi-builder-workspace/.derivedData/Build/Intermediates.noindex/Toggles.build/Debug-watchos/Toggles-t.build/Objects-normal/arm64_32/Toggles.swiftmodule -index-unit-output-path /Toggles.build/Debug-watchos/Toggles-t.build/Objects-normal/arm64_32/ProviderStackSection.o -index-unit-output-path /Toggles.build/Debug-watchos/Toggles-t.build/Objects-normal/arm64_32/TextOverrideControl.o -index-store-path /Users/admin/builder/spi-builder-workspace/.derivedData/Index.noindex/DataStore -index-system-modules
SwiftCompile normal arm64_32 /Users/admin/builder/spi-builder-workspace/Sources/Views/ToggleDetailView/ProviderStackSection.swift (in target 'Toggles' from project 'Toggles')
cd /Users/admin/builder/spi-builder-workspace/.swiftpm/xcode
builtin-SwiftPerFileCompile ProviderStackSection.swift
SwiftCompile normal arm64_32 /Users/admin/builder/spi-builder-workspace/Sources/Views/ToggleDetailView/TextOverrideControl.swift (in target 'Toggles' from project 'Toggles')
cd /Users/admin/builder/spi-builder-workspace/.swiftpm/xcode
builtin-SwiftPerFileCompile TextOverrideControl.swift
SwiftCompile normal arm64_32 Compiling\ resource_bundle_accessor.swift,\ ChaCha20Poly1305.swift /Users/admin/builder/spi-builder-workspace/.derivedData/Build/Intermediates.noindex/Toggles.build/Debug-watchos/Toggles-t.build/DerivedSources/resource_bundle_accessor.swift /Users/admin/builder/spi-builder-workspace/Sources/Ciphers/ChaCha20Poly1305.swift (in target 'Toggles' from project 'Toggles')
SwiftCompile normal arm64_32 /Users/admin/builder/spi-builder-workspace/.derivedData/Build/Intermediates.noindex/Toggles.build/Debug-watchos/Toggles-t.build/DerivedSources/resource_bundle_accessor.swift (in target 'Toggles' from project 'Toggles')
cd /Users/admin/builder/spi-builder-workspace/.swiftpm/xcode
builtin-SwiftPerFileCompile resource_bundle_accessor.swift
SwiftCompile normal arm64_32 /Users/admin/builder/spi-builder-workspace/Sources/Ciphers/ChaCha20Poly1305.swift (in target 'Toggles' from project 'Toggles')
cd /Users/admin/builder/spi-builder-workspace/.swiftpm/xcode
builtin-SwiftPerFileCompile ChaCha20Poly1305.swift
SwiftCompile normal arm64 Compiling\ LiveValueSection.swift,\ MetadataSection.swift /Users/admin/builder/spi-builder-workspace/Sources/Views/ToggleDetailView/LiveValueSection.swift /Users/admin/builder/spi-builder-workspace/Sources/Views/ToggleDetailView/MetadataSection.swift (in target 'Toggles' from project 'Toggles')
SwiftCompile normal arm64 /Users/admin/builder/spi-builder-workspace/Sources/Views/ToggleDetailView/LiveValueSection.swift (in target 'Toggles' from project 'Toggles')
cd /Users/admin/builder/spi-builder-workspace/.swiftpm/xcode
builtin-SwiftPerFileCompile LiveValueSection.swift
SwiftCompile normal arm64 /Users/admin/builder/spi-builder-workspace/Sources/Views/ToggleDetailView/MetadataSection.swift (in target 'Toggles' from project 'Toggles')
cd /Users/admin/builder/spi-builder-workspace/.swiftpm/xcode
builtin-SwiftPerFileCompile MetadataSection.swift
SwiftDriverJobDiscovery normal arm64 Compiling Ciphering.swift, Logger.swift, MutableValueProvider.swift (in target 'Toggles' from project 'Toggles')
SwiftCompile normal arm64 Compiling\ ToggleManager+Trace.swift /Users/admin/builder/spi-builder-workspace/Sources/ToggleManager/ToggleManager+Trace.swift (in target 'Toggles' from project 'Toggles')
SwiftCompile normal arm64 /Users/admin/builder/spi-builder-workspace/Sources/ToggleManager/ToggleManager+Trace.swift (in target 'Toggles' from project 'Toggles')
cd /Users/admin/builder/spi-builder-workspace/.swiftpm/xcode
builtin-SwiftPerFileCompile ToggleManager+Trace.swift
SwiftDriverJobDiscovery normal arm64_32 Compiling Dictionary+Toggles.swift, Group+Identifiable.swift (in target 'Toggles' from project 'Toggles')
SwiftCompile normal arm64_32 Compiling\ Group.swift,\ Object.swift,\ Toggle.swift /Users/admin/builder/spi-builder-workspace/Sources/Models/Group.swift /Users/admin/builder/spi-builder-workspace/Sources/Models/Object.swift /Users/admin/builder/spi-builder-workspace/Sources/Models/Toggle.swift (in target 'Toggles' from project 'Toggles')
SwiftCompile normal arm64_32 /Users/admin/builder/spi-builder-workspace/Sources/Models/Group.swift (in target 'Toggles' from project 'Toggles')
cd /Users/admin/builder/spi-builder-workspace/.swiftpm/xcode
builtin-SwiftPerFileCompile Group.swift
SwiftCompile normal arm64_32 /Users/admin/builder/spi-builder-workspace/Sources/Models/Object.swift (in target 'Toggles' from project 'Toggles')
cd /Users/admin/builder/spi-builder-workspace/.swiftpm/xcode
builtin-SwiftPerFileCompile Object.swift
SwiftCompile normal arm64_32 /Users/admin/builder/spi-builder-workspace/Sources/Models/Toggle.swift (in target 'Toggles' from project 'Toggles')
cd /Users/admin/builder/spi-builder-workspace/.swiftpm/xcode
builtin-SwiftPerFileCompile Toggle.swift
SwiftDriverJobDiscovery normal arm64 Compiling Object.swift, ObjectSupportedType.swift, Toggle.swift (in target 'Toggles' from project 'Toggles')
SwiftCompile normal arm64 Compiling\ Dictionary+Toggles.swift,\ Group+Identifiable.swift,\ Group+Utilities.swift /Users/admin/builder/spi-builder-workspace/Sources/Extensions/Dictionary+Toggles.swift /Users/admin/builder/spi-builder-workspace/Sources/Extensions/Group+Identifiable.swift /Users/admin/builder/spi-builder-workspace/Sources/Extensions/Group+Utilities.swift (in target 'Toggles' from project 'Toggles')
SwiftCompile normal arm64 /Users/admin/builder/spi-builder-workspace/Sources/Extensions/Dictionary+Toggles.swift (in target 'Toggles' from project 'Toggles')
cd /Users/admin/builder/spi-builder-workspace/.swiftpm/xcode
builtin-SwiftPerFileCompile Dictionary+Toggles.swift
SwiftCompile normal arm64 /Users/admin/builder/spi-builder-workspace/Sources/Extensions/Group+Identifiable.swift (in target 'Toggles' from project 'Toggles')
cd /Users/admin/builder/spi-builder-workspace/.swiftpm/xcode
builtin-SwiftPerFileCompile Group+Identifiable.swift
SwiftCompile normal arm64 /Users/admin/builder/spi-builder-workspace/Sources/Extensions/Group+Utilities.swift (in target 'Toggles' from project 'Toggles')
cd /Users/admin/builder/spi-builder-workspace/.swiftpm/xcode
builtin-SwiftPerFileCompile Group+Utilities.swift
SwiftDriverJobDiscovery normal arm64_32 Compiling Object+Equatable.swift, TogglesValidator.swift (in target 'Toggles' from project 'Toggles')
SwiftCompile normal arm64 Compiling\ String+Object.swift,\ Toggle+Codable.swift /Users/admin/builder/spi-builder-workspace/Sources/Extensions/Object/String+Object.swift /Users/admin/builder/spi-builder-workspace/Sources/Extensions/Toggle+Codable.swift (in target 'Toggles' from project 'Toggles')
SwiftCompile normal arm64 /Users/admin/builder/spi-builder-workspace/Sources/Extensions/Object/String+Object.swift (in target 'Toggles' from project 'Toggles')
cd /Users/admin/builder/spi-builder-workspace/.swiftpm/xcode
builtin-SwiftPerFileCompile String+Object.swift
SwiftCompile normal arm64 /Users/admin/builder/spi-builder-workspace/Sources/Extensions/Toggle+Codable.swift (in target 'Toggles' from project 'Toggles')
cd /Users/admin/builder/spi-builder-workspace/.swiftpm/xcode
builtin-SwiftPerFileCompile Toggle+Codable.swift
SwiftDriverJobDiscovery normal arm64_32 Compiling resource_bundle_accessor.swift, ChaCha20Poly1305.swift (in target 'Toggles' from project 'Toggles')
SwiftCompile normal arm64 Compiling\ ToggleManager+Logging.swift /Users/admin/builder/spi-builder-workspace/Sources/ToggleManager/ToggleManager+Logging.swift (in target 'Toggles' from project 'Toggles')
SwiftCompile normal arm64 /Users/admin/builder/spi-builder-workspace/Sources/ToggleManager/ToggleManager+Logging.swift (in target 'Toggles' from project 'Toggles')
cd /Users/admin/builder/spi-builder-workspace/.swiftpm/xcode
builtin-SwiftPerFileCompile ToggleManager+Logging.swift
SwiftDriverJobDiscovery normal arm64 Compiling ToggleManager+Trace.swift (in target 'Toggles' from project 'Toggles')
SwiftCompile normal arm64 Compiling\ ToggleManager+Caching.swift /Users/admin/builder/spi-builder-workspace/Sources/ToggleManager/ToggleManager+Caching.swift (in target 'Toggles' from project 'Toggles')
SwiftCompile normal arm64 /Users/admin/builder/spi-builder-workspace/Sources/ToggleManager/ToggleManager+Caching.swift (in target 'Toggles' from project 'Toggles')
cd /Users/admin/builder/spi-builder-workspace/.swiftpm/xcode
builtin-SwiftPerFileCompile ToggleManager+Caching.swift
SwiftDriverJobDiscovery normal arm64_32 Compiling Group.swift, Object.swift, Toggle.swift (in target 'Toggles' from project 'Toggles')
SwiftCompile normal arm64 Compiling\ Toggle+Comparable.swift,\ Toggle+Identifiable.swift /Users/admin/builder/spi-builder-workspace/Sources/Extensions/Toggle+Comparable.swift /Users/admin/builder/spi-builder-workspace/Sources/Extensions/Toggle+Identifiable.swift (in target 'Toggles' from project 'Toggles')
SwiftCompile normal arm64 /Users/admin/builder/spi-builder-workspace/Sources/Extensions/Toggle+Comparable.swift (in target 'Toggles' from project 'Toggles')
cd /Users/admin/builder/spi-builder-workspace/.swiftpm/xcode
builtin-SwiftPerFileCompile Toggle+Comparable.swift
SwiftCompile normal arm64 /Users/admin/builder/spi-builder-workspace/Sources/Extensions/Toggle+Identifiable.swift (in target 'Toggles' from project 'Toggles')
cd /Users/admin/builder/spi-builder-workspace/.swiftpm/xcode
builtin-SwiftPerFileCompile Toggle+Identifiable.swift
SwiftDriverJobDiscovery normal arm64 Compiling String+Object.swift, Toggle+Codable.swift (in target 'Toggles' from project 'Toggles')
SwiftCompile normal arm64 Compiling\ ToggleManager.swift /Users/admin/builder/spi-builder-workspace/Sources/ToggleManager/ToggleManager.swift (in target 'Toggles' from project 'Toggles')
SwiftCompile normal arm64 /Users/admin/builder/spi-builder-workspace/Sources/ToggleManager/ToggleManager.swift (in target 'Toggles' from project 'Toggles')
cd /Users/admin/builder/spi-builder-workspace/.swiftpm/xcode
builtin-SwiftPerFileCompile ToggleManager.swift
SwiftDriverJobDiscovery normal arm64 Compiling Dictionary+Toggles.swift, Group+Identifiable.swift, Group+Utilities.swift (in target 'Toggles' from project 'Toggles')
SwiftCompile normal arm64 Compiling\ ToggleManager+Ciphering.swift /Users/admin/builder/spi-builder-workspace/Sources/ToggleManager/ToggleManager+Ciphering.swift (in target 'Toggles' from project 'Toggles')
SwiftCompile normal arm64 /Users/admin/builder/spi-builder-workspace/Sources/ToggleManager/ToggleManager+Ciphering.swift (in target 'Toggles' from project 'Toggles')
cd /Users/admin/builder/spi-builder-workspace/.swiftpm/xcode
builtin-SwiftPerFileCompile ToggleManager+Ciphering.swift
SwiftDriverJobDiscovery normal arm64 Compiling ToggleManager+Logging.swift (in target 'Toggles' from project 'Toggles')
SwiftCompile normal arm64 Compiling\ Object+Codable.swift,\ Object+Equatable.swift,\ ObjectSupportedType+Accessors.swift /Users/admin/builder/spi-builder-workspace/Sources/Extensions/Object/Object+Codable.swift /Users/admin/builder/spi-builder-workspace/Sources/Extensions/Object/Object+Equatable.swift /Users/admin/builder/spi-builder-workspace/Sources/Extensions/Object/ObjectSupportedType+Accessors.swift (in target 'Toggles' from project 'Toggles')
SwiftCompile normal arm64 /Users/admin/builder/spi-builder-workspace/Sources/Extensions/Object/Object+Codable.swift (in target 'Toggles' from project 'Toggles')
cd /Users/admin/builder/spi-builder-workspace/.swiftpm/xcode
builtin-SwiftPerFileCompile Object+Codable.swift
SwiftCompile normal arm64 /Users/admin/builder/spi-builder-workspace/Sources/Extensions/Object/Object+Equatable.swift (in target 'Toggles' from project 'Toggles')
cd /Users/admin/builder/spi-builder-workspace/.swiftpm/xcode
builtin-SwiftPerFileCompile Object+Equatable.swift
SwiftCompile normal arm64 /Users/admin/builder/spi-builder-workspace/Sources/Extensions/Object/ObjectSupportedType+Accessors.swift (in target 'Toggles' from project 'Toggles')
cd /Users/admin/builder/spi-builder-workspace/.swiftpm/xcode
builtin-SwiftPerFileCompile ObjectSupportedType+Accessors.swift
PruneExplicitPrecompiledModules /Users/admin/builder/spi-builder-workspace/.derivedData/Build/Intermediates.noindex/SwiftExplicitPrecompiledModules
PruneExplicitPrecompiledModules /Users/admin/builder/spi-builder-workspace/.derivedData/SDKExplicitPrecompiledModules
PruneExplicitPrecompiledModules /Users/admin/builder/spi-builder-workspace/.derivedData/Build/Intermediates.noindex/ExplicitPrecompiledModules
2026-09-27 11:35:37.475 xcodebuild[1280:7668] [MT] IDERunDestination: Supported platforms for the buildables in the current scheme is empty.
2026-09-27 11:35:37.579 xcodebuild[1280:7668] [MT] IDERunDestination: Supported platforms for the buildables in the current scheme is empty.
** BUILD FAILED **
The following build commands failed:
SwiftCompile normal arm64_32 Compiling\ ProviderStackSection.swift,\ TextOverrideControl.swift /Users/admin/builder/spi-builder-workspace/Sources/Views/ToggleDetailView/ProviderStackSection.swift /Users/admin/builder/spi-builder-workspace/Sources/Views/ToggleDetailView/TextOverrideControl.swift (in target 'Toggles' from project 'Toggles')
SwiftCompile normal arm64_32 /Users/admin/builder/spi-builder-workspace/Sources/Views/ToggleDetailView/TextOverrideControl.swift (in target 'Toggles' from project 'Toggles')
Building workspace Toggles with scheme Toggles
(3 failures)
BUILD FAILURE 6.4 watchOS