The Swift Package Index logo.Swift Package Index

Build Information

Failed to build Teapot, reference master (7b259e), with Swift 6.4 for watchOS using Xcode 27.0 on 16 Sep 2026 17:41:10 UTC.

Build Command

env DEVELOPER_DIR=/Applications/Xcode-27.0.0-Release.Candidate.app xcrun xcodebuild -IDEClonedSourcePackagesDirPathOverride=$PWD/.dependencies -skipMacroValidation -skipPackagePluginValidation -derivedDataPath $PWD/.derivedData build -scheme Teapot -destination generic/platform=watchOS

Build Log

SwiftExplicitDependencyGeneratePcm arm64_32 /Users/admin/builder/spi-builder-workspace/.derivedData/SDKExplicitPrecompiledModules/XPC-81Y45QFY96XYYFCW2GT6FY8S4.pcm
SwiftExplicitDependencyGeneratePcm arm64_32 /Users/admin/builder/spi-builder-workspace/.derivedData/SDKExplicitPrecompiledModules/CoreFoundation-8E6Y4BA3EXYKUGJ24GT9LGV3N.pcm
SwiftDriverJobDiscovery normal arm64 Compiling Bash.swift (in target 'SwiftShell' from project 'SwiftShell')
SwiftDriverJobDiscovery normal arm64 Compiling Files.swift (in target 'SwiftShell' from project 'SwiftShell')
SwiftCompile normal arm64 Compiling\ Group.swift /Users/admin/builder/spi-builder-workspace/.dependencies/checkouts/Commander/Sources/Commander/Group.swift (in target 'Commander' from project 'Commander')
SwiftCompile normal arm64 /Users/admin/builder/spi-builder-workspace/.dependencies/checkouts/Commander/Sources/Commander/Group.swift (in target 'Commander' from project 'Commander')
    cd /Users/admin/builder/spi-builder-workspace/.swiftpm/xcode
    builtin-SwiftPerFileCompile Group.swift
SwiftDriverJobDiscovery normal arm64 Compiling FileHandle.swift (in target 'SwiftShell' from project 'SwiftShell')
SwiftCompile normal arm64 Compiling\ ArgumentConvertible.swift /Users/admin/builder/spi-builder-workspace/.dependencies/checkouts/Commander/Sources/Commander/ArgumentConvertible.swift (in target 'Commander' from project 'Commander')
SwiftCompile normal arm64 /Users/admin/builder/spi-builder-workspace/.dependencies/checkouts/Commander/Sources/Commander/ArgumentConvertible.swift (in target 'Commander' from project 'Commander')
    cd /Users/admin/builder/spi-builder-workspace/.swiftpm/xcode
    builtin-SwiftPerFileCompile ArgumentConvertible.swift
SwiftCompile normal arm64_32 Compiling\ Error.swift /Users/admin/builder/spi-builder-workspace/.dependencies/checkouts/Commander/Sources/Commander/Error.swift (in target 'Commander' from project 'Commander')
SwiftCompile normal arm64_32 /Users/admin/builder/spi-builder-workspace/.dependencies/checkouts/Commander/Sources/Commander/Error.swift (in target 'Commander' from project 'Commander')
    cd /Users/admin/builder/spi-builder-workspace/.swiftpm/xcode
    builtin-SwiftPerFileCompile Error.swift
SwiftExplicitDependencyGeneratePcm arm64 /Users/admin/builder/spi-builder-workspace/.derivedData/SDKExplicitPrecompiledModules/os_object-3SDKD7F87FTZ26OON37DRYT6O.pcm
SwiftDriverJobDiscovery normal arm64 Compiling Process.swift (in target 'SwiftShell' from project 'SwiftShell')
SwiftCompile normal arm64_32 Compiling\ CommandType.swift /Users/admin/builder/spi-builder-workspace/.dependencies/checkouts/Commander/Sources/Commander/CommandType.swift (in target 'Commander' from project 'Commander')
SwiftCompile normal arm64_32 /Users/admin/builder/spi-builder-workspace/.dependencies/checkouts/Commander/Sources/Commander/CommandType.swift (in target 'Commander' from project 'Commander')
    cd /Users/admin/builder/spi-builder-workspace/.swiftpm/xcode
    builtin-SwiftPerFileCompile CommandType.swift
SwiftCompile normal arm64 Compiling\ Commands.swift /Users/admin/builder/spi-builder-workspace/.dependencies/checkouts/Commander/Sources/Commander/Commands.swift (in target 'Commander' from project 'Commander')
SwiftCompile normal arm64 /Users/admin/builder/spi-builder-workspace/.dependencies/checkouts/Commander/Sources/Commander/Commands.swift (in target 'Commander' from project 'Commander')
    cd /Users/admin/builder/spi-builder-workspace/.swiftpm/xcode
    builtin-SwiftPerFileCompile Commands.swift
SwiftDriverJobDiscovery normal arm64 Compiling Lazy-split.swift (in target 'SwiftShell' from project 'SwiftShell')
SwiftCompile normal arm64_32 Compiling\ ArgumentDescription.swift /Users/admin/builder/spi-builder-workspace/.dependencies/checkouts/Commander/Sources/Commander/ArgumentDescription.swift (in target 'Commander' from project 'Commander')
SwiftCompile normal arm64_32 /Users/admin/builder/spi-builder-workspace/.dependencies/checkouts/Commander/Sources/Commander/ArgumentDescription.swift (in target 'Commander' from project 'Commander')
    cd /Users/admin/builder/spi-builder-workspace/.swiftpm/xcode
    builtin-SwiftPerFileCompile ArgumentDescription.swift
SwiftDriverJobDiscovery normal arm64_32 Compiling String.swift (in target 'SwiftShell' from project 'SwiftShell')
SwiftCompile normal arm64_32 Compiling\ Commands.swift /Users/admin/builder/spi-builder-workspace/.dependencies/checkouts/Commander/Sources/Commander/Commands.swift (in target 'Commander' from project 'Commander')
SwiftCompile normal arm64_32 /Users/admin/builder/spi-builder-workspace/.dependencies/checkouts/Commander/Sources/Commander/Commands.swift (in target 'Commander' from project 'Commander')
    cd /Users/admin/builder/spi-builder-workspace/.swiftpm/xcode
    builtin-SwiftPerFileCompile Commands.swift
SwiftDriverJobDiscovery normal arm64_32 Compiling Stream.swift (in target 'SwiftShell' from project 'SwiftShell')
SwiftDriver\ Compilation SwiftShell normal arm64_32 com.apple.xcode.tools.swift.compiler (in target 'SwiftShell' from project 'SwiftShell')
    cd /Users/admin/builder/spi-builder-workspace/.swiftpm/xcode
    builtin-Swift-Compilation -- /Applications/Xcode-27.0.0-Release.Candidate.app/Contents/Developer/Toolchains/XcodeDefault.xctoolchain/usr/bin/swiftc -parse-as-library -module-name SwiftShell -Onone @/Users/admin/builder/spi-builder-workspace/.derivedData/Build/Intermediates.noindex/SwiftShell.build/Debug-watchos/SwiftShell-t.build/Objects-normal/arm64_32/SwiftShell.SwiftFileList -DSWIFT_PACKAGE -DDEBUG -DSWIFT_MODULE_RESOURCE_BUNDLE_UNAVAILABLE -DXcode -plugin-path /Applications/Xcode-27.0.0-Release.Candidate.app/Contents/Developer/Toolchains/XcodeDefault.xctoolchain/usr/lib/swift/host/plugins/testing -enable-experimental-feature DebugDescriptionMacro -sdk /Applications/Xcode-27.0.0-Release.Candidate.app/Contents/Developer/Platforms/WatchOS.platform/Developer/SDKs/WatchOS27.0.sdk -target arm64_32-apple-watchos9.0 -g -module-cache-path /Users/admin/builder/spi-builder-workspace/.derivedData/ModuleCache.noindex -Xfrontend -serialize-debugging-options -profile-coverage-mapping -profile-generate -enable-testing -suppress-warnings -index-store-path /Users/admin/builder/spi-builder-workspace/.derivedData/Index.noindex/DataStore -Xcc -D_LIBCPP_HARDENING_MODE\=_LIBCPP_HARDENING_MODE_DEBUG -swift-version 4 -I /Users/admin/builder/spi-builder-workspace/.derivedData/Build/Products/Debug-watchos -Isystem /Applications/Xcode-27.0.0-Release.Candidate.app/Contents/Developer/Platforms/WatchOS.platform/Developer/usr/lib -F /Users/admin/builder/spi-builder-workspace/.derivedData/Build/Products/Debug-watchos -F /Applications/Xcode-27.0.0-Release.Candidate.app/Contents/Developer/Platforms/WatchOS.platform/Developer/Library/Frameworks -F /Applications/Xcode-27.0.0-Release.Candidate.app/Contents/Developer/Platforms/WatchOS.platform/Developer/SDKs/WatchOS27.0.sdk/Developer/Library/Frameworks -c -j10 -enable-batch-mode -incremental -Xcc -ivfsstatcache -Xcc /Users/admin/builder/spi-builder-workspace/.derivedData/SDKStatCaches.noindex/watchos27.0-24R360-e829b21a6f8c9b70876ba0858053c04477534ef55a1706bf4c1112bbb242f0a2.sdkstatcache -output-file-map /Users/admin/builder/spi-builder-workspace/.derivedData/Build/Intermediates.noindex/SwiftShell.build/Debug-watchos/SwiftShell-t.build/Objects-normal/arm64_32/SwiftShell-OutputFileMap.json -save-temps -no-color-diagnostics -emit-dependencies -emit-module -emit-module-path /Users/admin/builder/spi-builder-workspace/.derivedData/Build/Intermediates.noindex/SwiftShell.build/Debug-watchos/SwiftShell-t.build/Objects-normal/arm64_32/SwiftShell.swiftmodule -serialize-diagnostics -validate-clang-modules-once -clang-build-session-file /Users/admin/builder/spi-builder-workspace/.derivedData/ModuleCache.noindex/Session.modulevalidation -Xcc -fmodules-prune-interval\=86400 -Xcc -fmodules-prune-after\=345600 -emit-const-values -const-gather-protocols-list /Users/admin/builder/spi-builder-workspace/.derivedData/Build/Intermediates.noindex/SwiftShell.build/Debug-watchos/SwiftShell-t.build/Objects-normal/arm64_32/SwiftShell_const_extract_protocols.json -Xcc -I/Users/admin/builder/spi-builder-workspace/.derivedData/Build/Products/Debug-watchos/include -Xcc -I/Users/admin/builder/spi-builder-workspace/.derivedData/Build/Intermediates.noindex/SwiftShell.build/Debug-watchos/SwiftShell-t.build/DerivedSources-normal/arm64_32 -Xcc -I/Users/admin/builder/spi-builder-workspace/.derivedData/Build/Intermediates.noindex/SwiftShell.build/Debug-watchos/SwiftShell-t.build/DerivedSources/arm64_32 -Xcc -I/Users/admin/builder/spi-builder-workspace/.derivedData/Build/Intermediates.noindex/SwiftShell.build/Debug-watchos/SwiftShell-t.build/DerivedSources -Xcc -DSWIFT_PACKAGE -Xcc -DDEBUG\=1 -emit-objc-header -emit-objc-header-path /Users/admin/builder/spi-builder-workspace/.derivedData/Build/Intermediates.noindex/SwiftShell.build/Debug-watchos/SwiftShell-t.build/Objects-normal/arm64_32/SwiftShell-Swift.h -working-directory /Users/admin/builder/spi-builder-workspace/.swiftpm/xcode -experimental-emit-module-separately -disable-cmo
SwiftExplicitDependencyGeneratePcm arm64 /Users/admin/builder/spi-builder-workspace/.derivedData/SDKExplicitPrecompiledModules/os_workgroup-89GG5G7YC2D0ZTK6AZXXQ20DH.pcm
SwiftDriverJobDiscovery normal arm64 Compiling Stream.swift (in target 'SwiftShell' from project 'SwiftShell')
SwiftCompile normal arm64_32 Compiling\ ArgumentParser.swift /Users/admin/builder/spi-builder-workspace/.dependencies/checkouts/Commander/Sources/Commander/ArgumentParser.swift (in target 'Commander' from project 'Commander')
SwiftCompile normal arm64_32 /Users/admin/builder/spi-builder-workspace/.dependencies/checkouts/Commander/Sources/Commander/ArgumentParser.swift (in target 'Commander' from project 'Commander')
    cd /Users/admin/builder/spi-builder-workspace/.swiftpm/xcode
    builtin-SwiftPerFileCompile ArgumentParser.swift
SwiftDriver\ Compilation SwiftShell normal arm64 com.apple.xcode.tools.swift.compiler (in target 'SwiftShell' from project 'SwiftShell')
    cd /Users/admin/builder/spi-builder-workspace/.swiftpm/xcode
    builtin-Swift-Compilation -- /Applications/Xcode-27.0.0-Release.Candidate.app/Contents/Developer/Toolchains/XcodeDefault.xctoolchain/usr/bin/swiftc -parse-as-library -module-name SwiftShell -Onone @/Users/admin/builder/spi-builder-workspace/.derivedData/Build/Intermediates.noindex/SwiftShell.build/Debug-watchos/SwiftShell-t.build/Objects-normal/arm64/SwiftShell.SwiftFileList -DSWIFT_PACKAGE -DDEBUG -DSWIFT_MODULE_RESOURCE_BUNDLE_UNAVAILABLE -DXcode -plugin-path /Applications/Xcode-27.0.0-Release.Candidate.app/Contents/Developer/Toolchains/XcodeDefault.xctoolchain/usr/lib/swift/host/plugins/testing -enable-experimental-feature DebugDescriptionMacro -sdk /Applications/Xcode-27.0.0-Release.Candidate.app/Contents/Developer/Platforms/WatchOS.platform/Developer/SDKs/WatchOS27.0.sdk -target arm64-apple-watchos9.0 -g -module-cache-path /Users/admin/builder/spi-builder-workspace/.derivedData/ModuleCache.noindex -Xfrontend -serialize-debugging-options -profile-coverage-mapping -profile-generate -enable-testing -suppress-warnings -index-store-path /Users/admin/builder/spi-builder-workspace/.derivedData/Index.noindex/DataStore -Xcc -D_LIBCPP_HARDENING_MODE\=_LIBCPP_HARDENING_MODE_DEBUG -swift-version 4 -I /Users/admin/builder/spi-builder-workspace/.derivedData/Build/Products/Debug-watchos -Isystem /Applications/Xcode-27.0.0-Release.Candidate.app/Contents/Developer/Platforms/WatchOS.platform/Developer/usr/lib -F /Users/admin/builder/spi-builder-workspace/.derivedData/Build/Products/Debug-watchos -F /Applications/Xcode-27.0.0-Release.Candidate.app/Contents/Developer/Platforms/WatchOS.platform/Developer/Library/Frameworks -F /Applications/Xcode-27.0.0-Release.Candidate.app/Contents/Developer/Platforms/WatchOS.platform/Developer/SDKs/WatchOS27.0.sdk/Developer/Library/Frameworks -c -j10 -enable-batch-mode -incremental -Xcc -ivfsstatcache -Xcc /Users/admin/builder/spi-builder-workspace/.derivedData/SDKStatCaches.noindex/watchos27.0-24R360-e829b21a6f8c9b70876ba0858053c04477534ef55a1706bf4c1112bbb242f0a2.sdkstatcache -output-file-map /Users/admin/builder/spi-builder-workspace/.derivedData/Build/Intermediates.noindex/SwiftShell.build/Debug-watchos/SwiftShell-t.build/Objects-normal/arm64/SwiftShell-OutputFileMap.json -save-temps -no-color-diagnostics -emit-dependencies -emit-module -emit-module-path /Users/admin/builder/spi-builder-workspace/.derivedData/Build/Intermediates.noindex/SwiftShell.build/Debug-watchos/SwiftShell-t.build/Objects-normal/arm64/SwiftShell.swiftmodule -serialize-diagnostics -validate-clang-modules-once -clang-build-session-file /Users/admin/builder/spi-builder-workspace/.derivedData/ModuleCache.noindex/Session.modulevalidation -Xcc -fmodules-prune-interval\=86400 -Xcc -fmodules-prune-after\=345600 -emit-const-values -const-gather-protocols-list /Users/admin/builder/spi-builder-workspace/.derivedData/Build/Intermediates.noindex/SwiftShell.build/Debug-watchos/SwiftShell-t.build/Objects-normal/arm64/SwiftShell_const_extract_protocols.json -Xcc -I/Users/admin/builder/spi-builder-workspace/.derivedData/Build/Products/Debug-watchos/include -Xcc -I/Users/admin/builder/spi-builder-workspace/.derivedData/Build/Intermediates.noindex/SwiftShell.build/Debug-watchos/SwiftShell-t.build/DerivedSources-normal/arm64 -Xcc -I/Users/admin/builder/spi-builder-workspace/.derivedData/Build/Intermediates.noindex/SwiftShell.build/Debug-watchos/SwiftShell-t.build/DerivedSources/arm64 -Xcc -I/Users/admin/builder/spi-builder-workspace/.derivedData/Build/Intermediates.noindex/SwiftShell.build/Debug-watchos/SwiftShell-t.build/DerivedSources -Xcc -DSWIFT_PACKAGE -Xcc -DDEBUG\=1 -emit-objc-header -emit-objc-header-path /Users/admin/builder/spi-builder-workspace/.derivedData/Build/Intermediates.noindex/SwiftShell.build/Debug-watchos/SwiftShell-t.build/Objects-normal/arm64/SwiftShell-Swift.h -working-directory /Users/admin/builder/spi-builder-workspace/.swiftpm/xcode -experimental-emit-module-separately -disable-cmo
SwiftExplicitDependencyGeneratePcm arm64_32 /Users/admin/builder/spi-builder-workspace/.derivedData/SDKExplicitPrecompiledModules/Security-D7TOWF88VWF67TB9HAFP5UWB1.pcm
SwiftDriverJobDiscovery normal arm64_32 Compiling CommandType.swift (in target 'Commander' from project 'Commander')
SwiftCompile normal arm64 Compiling\ CommandRunner.swift /Users/admin/builder/spi-builder-workspace/.dependencies/checkouts/Commander/Sources/Commander/CommandRunner.swift (in target 'Commander' from project 'Commander')
SwiftCompile normal arm64 /Users/admin/builder/spi-builder-workspace/.dependencies/checkouts/Commander/Sources/Commander/CommandRunner.swift (in target 'Commander' from project 'Commander')
    cd /Users/admin/builder/spi-builder-workspace/.swiftpm/xcode
    builtin-SwiftPerFileCompile CommandRunner.swift
SwiftExplicitDependencyGeneratePcm arm64 /Users/admin/builder/spi-builder-workspace/.derivedData/SDKExplicitPrecompiledModules/Dispatch-1NLJOVAK60XP0DUB05XA59EIM.pcm
SwiftDriverJobDiscovery normal arm64 Compiling Group.swift (in target 'Commander' from project 'Commander')
SwiftCompile normal arm64 Compiling\ CommandType.swift /Users/admin/builder/spi-builder-workspace/.dependencies/checkouts/Commander/Sources/Commander/CommandType.swift (in target 'Commander' from project 'Commander')
SwiftCompile normal arm64 /Users/admin/builder/spi-builder-workspace/.dependencies/checkouts/Commander/Sources/Commander/CommandType.swift (in target 'Commander' from project 'Commander')
    cd /Users/admin/builder/spi-builder-workspace/.swiftpm/xcode
    builtin-SwiftPerFileCompile CommandType.swift
SwiftCompile normal arm64_32 Compiling\ ArgumentConvertible.swift /Users/admin/builder/spi-builder-workspace/.dependencies/checkouts/Commander/Sources/Commander/ArgumentConvertible.swift (in target 'Commander' from project 'Commander')
SwiftCompile normal arm64_32 /Users/admin/builder/spi-builder-workspace/.dependencies/checkouts/Commander/Sources/Commander/ArgumentConvertible.swift (in target 'Commander' from project 'Commander')
    cd /Users/admin/builder/spi-builder-workspace/.swiftpm/xcode
    builtin-SwiftPerFileCompile ArgumentConvertible.swift
SwiftDriverJobDiscovery normal arm64_32 Compiling Error.swift (in target 'Commander' from project 'Commander')
SwiftCompile normal arm64 Compiling\ ArgumentParser.swift /Users/admin/builder/spi-builder-workspace/.dependencies/checkouts/Commander/Sources/Commander/ArgumentParser.swift (in target 'Commander' from project 'Commander')
SwiftCompile normal arm64 /Users/admin/builder/spi-builder-workspace/.dependencies/checkouts/Commander/Sources/Commander/ArgumentParser.swift (in target 'Commander' from project 'Commander')
    cd /Users/admin/builder/spi-builder-workspace/.swiftpm/xcode
    builtin-SwiftPerFileCompile ArgumentParser.swift
SwiftDriverJobDiscovery normal arm64 Compiling ArgumentConvertible.swift (in target 'Commander' from project 'Commander')
SwiftCompile normal arm64_32 Compiling\ Command.swift /Users/admin/builder/spi-builder-workspace/.dependencies/checkouts/Commander/Sources/Commander/Command.swift (in target 'Commander' from project 'Commander')
SwiftCompile normal arm64_32 /Users/admin/builder/spi-builder-workspace/.dependencies/checkouts/Commander/Sources/Commander/Command.swift (in target 'Commander' from project 'Commander')
    cd /Users/admin/builder/spi-builder-workspace/.swiftpm/xcode
    builtin-SwiftPerFileCompile Command.swift
SwiftExplicitDependencyGeneratePcm arm64_32 /Users/admin/builder/spi-builder-workspace/.derivedData/SDKExplicitPrecompiledModules/Foundation-BJ2VQGI3OGR34500MEQ1VKHPH.pcm
SwiftExplicitDependencyGeneratePcm arm64 /Users/admin/builder/spi-builder-workspace/.derivedData/SDKExplicitPrecompiledModules/CoreFoundation-8T2L24YC5NU7WO6WQJWRY7W08.pcm
SwiftDriverJobDiscovery normal arm64 Compiling CommandRunner.swift (in target 'Commander' from project 'Commander')
SwiftExplicitDependencyGeneratePcm arm64 /Users/admin/builder/spi-builder-workspace/.derivedData/SDKExplicitPrecompiledModules/XPC-40DR0X1DHKGCV4J1IOLFS8MOU.pcm
SwiftDriverJobDiscovery normal arm64 Compiling CommandType.swift (in target 'Commander' from project 'Commander')
SwiftCompile normal arm64 Compiling\ Command.swift /Users/admin/builder/spi-builder-workspace/.dependencies/checkouts/Commander/Sources/Commander/Command.swift (in target 'Commander' from project 'Commander')
SwiftCompile normal arm64 /Users/admin/builder/spi-builder-workspace/.dependencies/checkouts/Commander/Sources/Commander/Command.swift (in target 'Commander' from project 'Commander')
    cd /Users/admin/builder/spi-builder-workspace/.swiftpm/xcode
    builtin-SwiftPerFileCompile Command.swift
SwiftCompile normal arm64_32 Compiling\ CommandRunner.swift /Users/admin/builder/spi-builder-workspace/.dependencies/checkouts/Commander/Sources/Commander/CommandRunner.swift (in target 'Commander' from project 'Commander')
SwiftCompile normal arm64_32 /Users/admin/builder/spi-builder-workspace/.dependencies/checkouts/Commander/Sources/Commander/CommandRunner.swift (in target 'Commander' from project 'Commander')
    cd /Users/admin/builder/spi-builder-workspace/.swiftpm/xcode
    builtin-SwiftPerFileCompile CommandRunner.swift
SwiftDriverJobDiscovery normal arm64_32 Compiling ArgumentParser.swift (in target 'Commander' from project 'Commander')
SwiftCompile normal arm64 Compiling\ ArgumentDescription.swift /Users/admin/builder/spi-builder-workspace/.dependencies/checkouts/Commander/Sources/Commander/ArgumentDescription.swift (in target 'Commander' from project 'Commander')
SwiftCompile normal arm64 /Users/admin/builder/spi-builder-workspace/.dependencies/checkouts/Commander/Sources/Commander/ArgumentDescription.swift (in target 'Commander' from project 'Commander')
    cd /Users/admin/builder/spi-builder-workspace/.swiftpm/xcode
    builtin-SwiftPerFileCompile ArgumentDescription.swift
SwiftDriverJobDiscovery normal arm64_32 Compiling ArgumentConvertible.swift (in target 'Commander' from project 'Commander')
SwiftCompile normal arm64 Compiling\ Error.swift /Users/admin/builder/spi-builder-workspace/.dependencies/checkouts/Commander/Sources/Commander/Error.swift (in target 'Commander' from project 'Commander')
SwiftCompile normal arm64 /Users/admin/builder/spi-builder-workspace/.dependencies/checkouts/Commander/Sources/Commander/Error.swift (in target 'Commander' from project 'Commander')
    cd /Users/admin/builder/spi-builder-workspace/.swiftpm/xcode
    builtin-SwiftPerFileCompile Error.swift
SwiftExplicitDependencyGeneratePcm arm64 /Users/admin/builder/spi-builder-workspace/.derivedData/SDKExplicitPrecompiledModules/Security-6RZ6YBRU8WCUHRFFRVUK5WKMM.pcm
SwiftDriverJobDiscovery normal arm64_32 Compiling Command.swift (in target 'Commander' from project 'Commander')
SwiftCompile normal arm64_32 Compiling\ Group.swift /Users/admin/builder/spi-builder-workspace/.dependencies/checkouts/Commander/Sources/Commander/Group.swift (in target 'Commander' from project 'Commander')
SwiftCompile normal arm64_32 /Users/admin/builder/spi-builder-workspace/.dependencies/checkouts/Commander/Sources/Commander/Group.swift (in target 'Commander' from project 'Commander')
    cd /Users/admin/builder/spi-builder-workspace/.swiftpm/xcode
    builtin-SwiftPerFileCompile Group.swift
SwiftDriverJobDiscovery normal arm64 Compiling ArgumentParser.swift (in target 'Commander' from project 'Commander')
SwiftDriverJobDiscovery normal arm64_32 Compiling ArgumentDescription.swift (in target 'Commander' from project 'Commander')
Ld /Users/admin/builder/spi-builder-workspace/.derivedData/Build/Intermediates.noindex/Yaml.build/Debug-watchos/Yaml-t.build/Objects-normal/arm64_32/Binary/Yaml.o normal arm64_32 (in target 'Yaml' from project 'Yaml')
    cd /Users/admin/builder/spi-builder-workspace/.dependencies/checkouts/YamlSwift
    /Applications/Xcode-27.0.0-Release.Candidate.app/Contents/Developer/Toolchains/XcodeDefault.xctoolchain/usr/bin/clang -Xlinker -reproducible -target arm64_32-apple-watchos9.0 -r -isysroot /Applications/Xcode-27.0.0-Release.Candidate.app/Contents/Developer/Platforms/WatchOS.platform/Developer/SDKs/WatchOS27.0.sdk -O0 -w -Xlinker -no_warn_duplicate_libraries -F/Users/admin/builder/spi-builder-workspace/.derivedData/Build/Intermediates.noindex/EagerLinkingTBDs/Debug-watchos -F/Users/admin/builder/spi-builder-workspace/.derivedData/Build/Products/Debug-watchos -iframework /Applications/Xcode-27.0.0-Release.Candidate.app/Contents/Developer/Platforms/WatchOS.platform/Developer/Library/Frameworks -iframework /Applications/Xcode-27.0.0-Release.Candidate.app/Contents/Developer/Platforms/WatchOS.platform/Developer/SDKs/WatchOS27.0.sdk/Developer/Library/Frameworks -filelist /Users/admin/builder/spi-builder-workspace/.derivedData/Build/Intermediates.noindex/Yaml.build/Debug-watchos/Yaml-t.build/Objects-normal/arm64_32/Yaml.LinkFileList -nostdlib -Xlinker -object_path_lto -Xlinker /Users/admin/builder/spi-builder-workspace/.derivedData/Build/Intermediates.noindex/Yaml.build/Debug-watchos/Yaml-t.build/Objects-normal/arm64_32/Yaml_lto.o -Xlinker -no_deduplicate -Xlinker -debug_variant -Xlinker -dependency_info -Xlinker /Users/admin/builder/spi-builder-workspace/.derivedData/Build/Intermediates.noindex/Yaml.build/Debug-watchos/Yaml-t.build/Objects-normal/arm64_32/Yaml_dependency_info.dat -fobjc-link-runtime -L/Applications/Xcode-27.0.0-Release.Candidate.app/Contents/Developer/Toolchains/XcodeDefault.xctoolchain/usr/lib/swift/watchos -L/usr/lib/swift -Xlinker -add_ast_path -Xlinker /Users/admin/builder/spi-builder-workspace/.derivedData/Build/Intermediates.noindex/Yaml.build/Debug-watchos/Yaml-t.build/Objects-normal/arm64_32/Yaml.swiftmodule -o /Users/admin/builder/spi-builder-workspace/.derivedData/Build/Intermediates.noindex/Yaml.build/Debug-watchos/Yaml-t.build/Objects-normal/arm64_32/Binary/Yaml.o
SwiftDriverJobDiscovery normal arm64_32 Compiling CommandRunner.swift (in target 'Commander' from project 'Commander')
Ld /Users/admin/builder/spi-builder-workspace/.derivedData/Build/Intermediates.noindex/Yaml.build/Debug-watchos/Yaml-t.build/Objects-normal/arm64/Binary/Yaml.o normal arm64 (in target 'Yaml' from project 'Yaml')
    cd /Users/admin/builder/spi-builder-workspace/.dependencies/checkouts/YamlSwift
    /Applications/Xcode-27.0.0-Release.Candidate.app/Contents/Developer/Toolchains/XcodeDefault.xctoolchain/usr/bin/clang -Xlinker -reproducible -target arm64-apple-watchos9.0 -r -isysroot /Applications/Xcode-27.0.0-Release.Candidate.app/Contents/Developer/Platforms/WatchOS.platform/Developer/SDKs/WatchOS27.0.sdk -O0 -w -Xlinker -no_warn_duplicate_libraries -F/Users/admin/builder/spi-builder-workspace/.derivedData/Build/Intermediates.noindex/EagerLinkingTBDs/Debug-watchos -F/Users/admin/builder/spi-builder-workspace/.derivedData/Build/Products/Debug-watchos -iframework /Applications/Xcode-27.0.0-Release.Candidate.app/Contents/Developer/Platforms/WatchOS.platform/Developer/Library/Frameworks -iframework /Applications/Xcode-27.0.0-Release.Candidate.app/Contents/Developer/Platforms/WatchOS.platform/Developer/SDKs/WatchOS27.0.sdk/Developer/Library/Frameworks -filelist /Users/admin/builder/spi-builder-workspace/.derivedData/Build/Intermediates.noindex/Yaml.build/Debug-watchos/Yaml-t.build/Objects-normal/arm64/Yaml.LinkFileList -nostdlib -Xlinker -object_path_lto -Xlinker /Users/admin/builder/spi-builder-workspace/.derivedData/Build/Intermediates.noindex/Yaml.build/Debug-watchos/Yaml-t.build/Objects-normal/arm64/Yaml_lto.o -Xlinker -no_deduplicate -Xlinker -debug_variant -Xlinker -dependency_info -Xlinker /Users/admin/builder/spi-builder-workspace/.derivedData/Build/Intermediates.noindex/Yaml.build/Debug-watchos/Yaml-t.build/Objects-normal/arm64/Yaml_dependency_info.dat -fobjc-link-runtime -L/Applications/Xcode-27.0.0-Release.Candidate.app/Contents/Developer/Toolchains/XcodeDefault.xctoolchain/usr/lib/swift/watchos -L/usr/lib/swift -Xlinker -add_ast_path -Xlinker /Users/admin/builder/spi-builder-workspace/.derivedData/Build/Intermediates.noindex/Yaml.build/Debug-watchos/Yaml-t.build/Objects-normal/arm64/Yaml.swiftmodule -o /Users/admin/builder/spi-builder-workspace/.derivedData/Build/Intermediates.noindex/Yaml.build/Debug-watchos/Yaml-t.build/Objects-normal/arm64/Binary/Yaml.o
Ld /Users/admin/builder/spi-builder-workspace/.derivedData/Build/Intermediates.noindex/SwiftShell.build/Debug-watchos/SwiftShell-t.build/Objects-normal/arm64_32/Binary/SwiftShell.o normal arm64_32 (in target 'SwiftShell' from project 'SwiftShell')
    cd /Users/admin/builder/spi-builder-workspace/.dependencies/checkouts/SwiftShell
    /Applications/Xcode-27.0.0-Release.Candidate.app/Contents/Developer/Toolchains/XcodeDefault.xctoolchain/usr/bin/clang -Xlinker -reproducible -target arm64_32-apple-watchos9.0 -r -isysroot /Applications/Xcode-27.0.0-Release.Candidate.app/Contents/Developer/Platforms/WatchOS.platform/Developer/SDKs/WatchOS27.0.sdk -O0 -w -Xlinker -no_warn_duplicate_libraries -F/Users/admin/builder/spi-builder-workspace/.derivedData/Build/Intermediates.noindex/EagerLinkingTBDs/Debug-watchos -F/Users/admin/builder/spi-builder-workspace/.derivedData/Build/Products/Debug-watchos -iframework /Applications/Xcode-27.0.0-Release.Candidate.app/Contents/Developer/Platforms/WatchOS.platform/Developer/Library/Frameworks -iframework /Applications/Xcode-27.0.0-Release.Candidate.app/Contents/Developer/Platforms/WatchOS.platform/Developer/SDKs/WatchOS27.0.sdk/Developer/Library/Frameworks -filelist /Users/admin/builder/spi-builder-workspace/.derivedData/Build/Intermediates.noindex/SwiftShell.build/Debug-watchos/SwiftShell-t.build/Objects-normal/arm64_32/SwiftShell.LinkFileList -nostdlib -Xlinker -object_path_lto -Xlinker /Users/admin/builder/spi-builder-workspace/.derivedData/Build/Intermediates.noindex/SwiftShell.build/Debug-watchos/SwiftShell-t.build/Objects-normal/arm64_32/SwiftShell_lto.o -Xlinker -no_deduplicate -Xlinker -debug_variant -Xlinker -dependency_info -Xlinker /Users/admin/builder/spi-builder-workspace/.derivedData/Build/Intermediates.noindex/SwiftShell.build/Debug-watchos/SwiftShell-t.build/Objects-normal/arm64_32/SwiftShell_dependency_info.dat -fobjc-link-runtime -L/Applications/Xcode-27.0.0-Release.Candidate.app/Contents/Developer/Toolchains/XcodeDefault.xctoolchain/usr/lib/swift/watchos -L/usr/lib/swift -Xlinker -add_ast_path -Xlinker /Users/admin/builder/spi-builder-workspace/.derivedData/Build/Intermediates.noindex/SwiftShell.build/Debug-watchos/SwiftShell-t.build/Objects-normal/arm64_32/SwiftShell.swiftmodule -o /Users/admin/builder/spi-builder-workspace/.derivedData/Build/Intermediates.noindex/SwiftShell.build/Debug-watchos/SwiftShell-t.build/Objects-normal/arm64_32/Binary/SwiftShell.o
Ld /Users/admin/builder/spi-builder-workspace/.derivedData/Build/Intermediates.noindex/SwiftShell.build/Debug-watchos/SwiftShell-t.build/Objects-normal/arm64/Binary/SwiftShell.o normal arm64 (in target 'SwiftShell' from project 'SwiftShell')
    cd /Users/admin/builder/spi-builder-workspace/.dependencies/checkouts/SwiftShell
    /Applications/Xcode-27.0.0-Release.Candidate.app/Contents/Developer/Toolchains/XcodeDefault.xctoolchain/usr/bin/clang -Xlinker -reproducible -target arm64-apple-watchos9.0 -r -isysroot /Applications/Xcode-27.0.0-Release.Candidate.app/Contents/Developer/Platforms/WatchOS.platform/Developer/SDKs/WatchOS27.0.sdk -O0 -w -Xlinker -no_warn_duplicate_libraries -F/Users/admin/builder/spi-builder-workspace/.derivedData/Build/Intermediates.noindex/EagerLinkingTBDs/Debug-watchos -F/Users/admin/builder/spi-builder-workspace/.derivedData/Build/Products/Debug-watchos -iframework /Applications/Xcode-27.0.0-Release.Candidate.app/Contents/Developer/Platforms/WatchOS.platform/Developer/Library/Frameworks -iframework /Applications/Xcode-27.0.0-Release.Candidate.app/Contents/Developer/Platforms/WatchOS.platform/Developer/SDKs/WatchOS27.0.sdk/Developer/Library/Frameworks -filelist /Users/admin/builder/spi-builder-workspace/.derivedData/Build/Intermediates.noindex/SwiftShell.build/Debug-watchos/SwiftShell-t.build/Objects-normal/arm64/SwiftShell.LinkFileList -nostdlib -Xlinker -object_path_lto -Xlinker /Users/admin/builder/spi-builder-workspace/.derivedData/Build/Intermediates.noindex/SwiftShell.build/Debug-watchos/SwiftShell-t.build/Objects-normal/arm64/SwiftShell_lto.o -Xlinker -no_deduplicate -Xlinker -debug_variant -Xlinker -dependency_info -Xlinker /Users/admin/builder/spi-builder-workspace/.derivedData/Build/Intermediates.noindex/SwiftShell.build/Debug-watchos/SwiftShell-t.build/Objects-normal/arm64/SwiftShell_dependency_info.dat -fobjc-link-runtime -L/Applications/Xcode-27.0.0-Release.Candidate.app/Contents/Developer/Toolchains/XcodeDefault.xctoolchain/usr/lib/swift/watchos -L/usr/lib/swift -Xlinker -add_ast_path -Xlinker /Users/admin/builder/spi-builder-workspace/.derivedData/Build/Intermediates.noindex/SwiftShell.build/Debug-watchos/SwiftShell-t.build/Objects-normal/arm64/SwiftShell.swiftmodule -o /Users/admin/builder/spi-builder-workspace/.derivedData/Build/Intermediates.noindex/SwiftShell.build/Debug-watchos/SwiftShell-t.build/Objects-normal/arm64/Binary/SwiftShell.o
Ld /Users/admin/builder/spi-builder-workspace/.derivedData/Build/Intermediates.noindex/PathKit.build/Debug-watchos/PathKit-t.build/Objects-normal/arm64_32/Binary/PathKit.o normal arm64_32 (in target 'PathKit' from project 'PathKit')
    cd /Users/admin/builder/spi-builder-workspace/.dependencies/checkouts/PathKit
    /Applications/Xcode-27.0.0-Release.Candidate.app/Contents/Developer/Toolchains/XcodeDefault.xctoolchain/usr/bin/clang -Xlinker -reproducible -target arm64_32-apple-watchos9.0 -r -isysroot /Applications/Xcode-27.0.0-Release.Candidate.app/Contents/Developer/Platforms/WatchOS.platform/Developer/SDKs/WatchOS27.0.sdk -O0 -w -Xlinker -no_warn_duplicate_libraries -F/Users/admin/builder/spi-builder-workspace/.derivedData/Build/Intermediates.noindex/EagerLinkingTBDs/Debug-watchos -F/Users/admin/builder/spi-builder-workspace/.derivedData/Build/Products/Debug-watchos -iframework /Applications/Xcode-27.0.0-Release.Candidate.app/Contents/Developer/Platforms/WatchOS.platform/Developer/Library/Frameworks -iframework /Applications/Xcode-27.0.0-Release.Candidate.app/Contents/Developer/Platforms/WatchOS.platform/Developer/SDKs/WatchOS27.0.sdk/Developer/Library/Frameworks -filelist /Users/admin/builder/spi-builder-workspace/.derivedData/Build/Intermediates.noindex/PathKit.build/Debug-watchos/PathKit-t.build/Objects-normal/arm64_32/PathKit.LinkFileList -nostdlib -Xlinker -object_path_lto -Xlinker /Users/admin/builder/spi-builder-workspace/.derivedData/Build/Intermediates.noindex/PathKit.build/Debug-watchos/PathKit-t.build/Objects-normal/arm64_32/PathKit_lto.o -Xlinker -no_deduplicate -Xlinker -debug_variant -Xlinker -dependency_info -Xlinker /Users/admin/builder/spi-builder-workspace/.derivedData/Build/Intermediates.noindex/PathKit.build/Debug-watchos/PathKit-t.build/Objects-normal/arm64_32/PathKit_dependency_info.dat -fobjc-link-runtime -L/Applications/Xcode-27.0.0-Release.Candidate.app/Contents/Developer/Toolchains/XcodeDefault.xctoolchain/usr/lib/swift/watchos -L/usr/lib/swift -Xlinker -add_ast_path -Xlinker /Users/admin/builder/spi-builder-workspace/.derivedData/Build/Intermediates.noindex/PathKit.build/Debug-watchos/PathKit-t.build/Objects-normal/arm64_32/PathKit.swiftmodule -o /Users/admin/builder/spi-builder-workspace/.derivedData/Build/Intermediates.noindex/PathKit.build/Debug-watchos/PathKit-t.build/Objects-normal/arm64_32/Binary/PathKit.o
CreateUniversalBinary /Users/admin/builder/spi-builder-workspace/.derivedData/Build/Products/Debug-watchos/Yaml.o normal arm64\ arm64_32 (in target 'Yaml' from project 'Yaml')
    cd /Users/admin/builder/spi-builder-workspace/.dependencies/checkouts/YamlSwift
    /Applications/Xcode-27.0.0-Release.Candidate.app/Contents/Developer/Toolchains/XcodeDefault.xctoolchain/usr/bin/lipo -create /Users/admin/builder/spi-builder-workspace/.derivedData/Build/Intermediates.noindex/Yaml.build/Debug-watchos/Yaml-t.build/Objects-normal/arm64/Binary/Yaml.o /Users/admin/builder/spi-builder-workspace/.derivedData/Build/Intermediates.noindex/Yaml.build/Debug-watchos/Yaml-t.build/Objects-normal/arm64_32/Binary/Yaml.o -output /Users/admin/builder/spi-builder-workspace/.derivedData/Build/Products/Debug-watchos/Yaml.o
SwiftDriverJobDiscovery normal arm64 Compiling Command.swift (in target 'Commander' from project 'Commander')
Ld /Users/admin/builder/spi-builder-workspace/.derivedData/Build/Intermediates.noindex/PathKit.build/Debug-watchos/PathKit-t.build/Objects-normal/arm64/Binary/PathKit.o normal arm64 (in target 'PathKit' from project 'PathKit')
    cd /Users/admin/builder/spi-builder-workspace/.dependencies/checkouts/PathKit
    /Applications/Xcode-27.0.0-Release.Candidate.app/Contents/Developer/Toolchains/XcodeDefault.xctoolchain/usr/bin/clang -Xlinker -reproducible -target arm64-apple-watchos9.0 -r -isysroot /Applications/Xcode-27.0.0-Release.Candidate.app/Contents/Developer/Platforms/WatchOS.platform/Developer/SDKs/WatchOS27.0.sdk -O0 -w -Xlinker -no_warn_duplicate_libraries -F/Users/admin/builder/spi-builder-workspace/.derivedData/Build/Intermediates.noindex/EagerLinkingTBDs/Debug-watchos -F/Users/admin/builder/spi-builder-workspace/.derivedData/Build/Products/Debug-watchos -iframework /Applications/Xcode-27.0.0-Release.Candidate.app/Contents/Developer/Platforms/WatchOS.platform/Developer/Library/Frameworks -iframework /Applications/Xcode-27.0.0-Release.Candidate.app/Contents/Developer/Platforms/WatchOS.platform/Developer/SDKs/WatchOS27.0.sdk/Developer/Library/Frameworks -filelist /Users/admin/builder/spi-builder-workspace/.derivedData/Build/Intermediates.noindex/PathKit.build/Debug-watchos/PathKit-t.build/Objects-normal/arm64/PathKit.LinkFileList -nostdlib -Xlinker -object_path_lto -Xlinker /Users/admin/builder/spi-builder-workspace/.derivedData/Build/Intermediates.noindex/PathKit.build/Debug-watchos/PathKit-t.build/Objects-normal/arm64/PathKit_lto.o -Xlinker -no_deduplicate -Xlinker -debug_variant -Xlinker -dependency_info -Xlinker /Users/admin/builder/spi-builder-workspace/.derivedData/Build/Intermediates.noindex/PathKit.build/Debug-watchos/PathKit-t.build/Objects-normal/arm64/PathKit_dependency_info.dat -fobjc-link-runtime -L/Applications/Xcode-27.0.0-Release.Candidate.app/Contents/Developer/Toolchains/XcodeDefault.xctoolchain/usr/lib/swift/watchos -L/usr/lib/swift -Xlinker -add_ast_path -Xlinker /Users/admin/builder/spi-builder-workspace/.derivedData/Build/Intermediates.noindex/PathKit.build/Debug-watchos/PathKit-t.build/Objects-normal/arm64/PathKit.swiftmodule -o /Users/admin/builder/spi-builder-workspace/.derivedData/Build/Intermediates.noindex/PathKit.build/Debug-watchos/PathKit-t.build/Objects-normal/arm64/Binary/PathKit.o
SwiftExplicitDependencyGeneratePcm arm64 /Users/admin/builder/spi-builder-workspace/.derivedData/SDKExplicitPrecompiledModules/Foundation-DLBKUSGXN8QHAT8W0OARR9S8A.pcm
SwiftDriverJobDiscovery normal arm64 Compiling Error.swift (in target 'Commander' from project 'Commander')
ExtractAppIntentsMetadata (in target 'Yaml' from project 'Yaml')
    cd /Users/admin/builder/spi-builder-workspace/.dependencies/checkouts/YamlSwift
    /Applications/Xcode-27.0.0-Release.Candidate.app/Contents/Developer/Toolchains/XcodeDefault.xctoolchain/usr/bin/appintentsmetadataprocessor --toolchain-dir /var/run/com.apple.security.cryptexd/mnt/com.apple.MobileAsset.MetalToolchain-v27.1.266.1.YbVAQ7/Metal.xctoolchain --module-name Yaml --sdk-root /Applications/Xcode-27.0.0-Release.Candidate.app/Contents/Developer/Platforms/WatchOS.platform/Developer/SDKs/WatchOS27.0.sdk --xcode-version 27A266a --platform-family watchOS --deployment-target 9.0 --bundle-identifier yamlswift.Yaml --output /Users/admin/builder/spi-builder-workspace/.derivedData/Build/Products/Debug-watchos/Yaml.appintents --target-triple arm64-apple-watchos9.0 --target-triple arm64_32-apple-watchos9.0 --binary-file /Users/admin/builder/spi-builder-workspace/.derivedData/Build/Products/Debug-watchos/Yaml.o --dependency-file /Users/admin/builder/spi-builder-workspace/.derivedData/Build/Intermediates.noindex/Yaml.build/Debug-watchos/Yaml-t.build/Objects-normal/arm64/Yaml_dependency_info.dat --dependency-file /Users/admin/builder/spi-builder-workspace/.derivedData/Build/Intermediates.noindex/Yaml.build/Debug-watchos/Yaml-t.build/Objects-normal/arm64_32/Yaml_dependency_info.dat --stringsdata-file /Users/admin/builder/spi-builder-workspace/.derivedData/Build/Intermediates.noindex/Yaml.build/Debug-watchos/Yaml-t.build/Objects-normal/arm64/ExtractedAppShortcutsMetadata.stringsdata --stringsdata-file /Users/admin/builder/spi-builder-workspace/.derivedData/Build/Intermediates.noindex/Yaml.build/Debug-watchos/Yaml-t.build/Objects-normal/arm64_32/ExtractedAppShortcutsMetadata.stringsdata --source-file-list /Users/admin/builder/spi-builder-workspace/.derivedData/Build/Intermediates.noindex/Yaml.build/Debug-watchos/Yaml-t.build/Objects-normal/arm64/Yaml.SwiftFileList --source-file-list /Users/admin/builder/spi-builder-workspace/.derivedData/Build/Intermediates.noindex/Yaml.build/Debug-watchos/Yaml-t.build/Objects-normal/arm64_32/Yaml.SwiftFileList --metadata-file-list /Users/admin/builder/spi-builder-workspace/.derivedData/Build/Intermediates.noindex/Yaml.build/Debug-watchos/Yaml-t.build/Yaml.DependencyMetadataFileList --static-metadata-file-list /Users/admin/builder/spi-builder-workspace/.derivedData/Build/Intermediates.noindex/Yaml.build/Debug-watchos/Yaml-t.build/Yaml.DependencyStaticMetadataFileList --swift-const-vals-list /Users/admin/builder/spi-builder-workspace/.derivedData/Build/Intermediates.noindex/Yaml.build/Debug-watchos/Yaml-t.build/Objects-normal/arm64/Yaml.SwiftConstValuesFileList --swift-const-vals-list /Users/admin/builder/spi-builder-workspace/.derivedData/Build/Intermediates.noindex/Yaml.build/Debug-watchos/Yaml-t.build/Objects-normal/arm64_32/Yaml.SwiftConstValuesFileList --force --compile-time-extraction --deployment-aware-processing --no-app-shortcuts-localization
2026-09-16 13:41:04.892 appintentsmetadataprocessor[1209:6637] Starting appintentsmetadataprocessor export
CreateUniversalBinary /Users/admin/builder/spi-builder-workspace/.derivedData/Build/Products/Debug-watchos/SwiftShell.o normal arm64\ arm64_32 (in target 'SwiftShell' from project 'SwiftShell')
    cd /Users/admin/builder/spi-builder-workspace/.dependencies/checkouts/SwiftShell
    /Applications/Xcode-27.0.0-Release.Candidate.app/Contents/Developer/Toolchains/XcodeDefault.xctoolchain/usr/bin/lipo -create /Users/admin/builder/spi-builder-workspace/.derivedData/Build/Intermediates.noindex/SwiftShell.build/Debug-watchos/SwiftShell-t.build/Objects-normal/arm64/Binary/SwiftShell.o /Users/admin/builder/spi-builder-workspace/.derivedData/Build/Intermediates.noindex/SwiftShell.build/Debug-watchos/SwiftShell-t.build/Objects-normal/arm64_32/Binary/SwiftShell.o -output /Users/admin/builder/spi-builder-workspace/.derivedData/Build/Products/Debug-watchos/SwiftShell.o
ExtractAppIntentsMetadata (in target 'SwiftShell' from project 'SwiftShell')
    cd /Users/admin/builder/spi-builder-workspace/.dependencies/checkouts/SwiftShell
    /Applications/Xcode-27.0.0-Release.Candidate.app/Contents/Developer/Toolchains/XcodeDefault.xctoolchain/usr/bin/appintentsmetadataprocessor --toolchain-dir /var/run/com.apple.security.cryptexd/mnt/com.apple.MobileAsset.MetalToolchain-v27.1.266.1.YbVAQ7/Metal.xctoolchain --module-name SwiftShell --sdk-root /Applications/Xcode-27.0.0-Release.Candidate.app/Contents/Developer/Platforms/WatchOS.platform/Developer/SDKs/WatchOS27.0.sdk --xcode-version 27A266a --platform-family watchOS --deployment-target 9.0 --bundle-identifier swiftshell.SwiftShell --output /Users/admin/builder/spi-builder-workspace/.derivedData/Build/Products/Debug-watchos/SwiftShell.appintents --target-triple arm64-apple-watchos9.0 --target-triple arm64_32-apple-watchos9.0 --binary-file /Users/admin/builder/spi-builder-workspace/.derivedData/Build/Products/Debug-watchos/SwiftShell.o --dependency-file /Users/admin/builder/spi-builder-workspace/.derivedData/Build/Intermediates.noindex/SwiftShell.build/Debug-watchos/SwiftShell-t.build/Objects-normal/arm64/SwiftShell_dependency_info.dat --dependency-file /Users/admin/builder/spi-builder-workspace/.derivedData/Build/Intermediates.noindex/SwiftShell.build/Debug-watchos/SwiftShell-t.build/Objects-normal/arm64_32/SwiftShell_dependency_info.dat --stringsdata-file /Users/admin/builder/spi-builder-workspace/.derivedData/Build/Intermediates.noindex/SwiftShell.build/Debug-watchos/SwiftShell-t.build/Objects-normal/arm64/ExtractedAppShortcutsMetadata.stringsdata --stringsdata-file /Users/admin/builder/spi-builder-workspace/.derivedData/Build/Intermediates.noindex/SwiftShell.build/Debug-watchos/SwiftShell-t.build/Objects-normal/arm64_32/ExtractedAppShortcutsMetadata.stringsdata --source-file-list /Users/admin/builder/spi-builder-workspace/.derivedData/Build/Intermediates.noindex/SwiftShell.build/Debug-watchos/SwiftShell-t.build/Objects-normal/arm64/SwiftShell.SwiftFileList --source-file-list /Users/admin/builder/spi-builder-workspace/.derivedData/Build/Intermediates.noindex/SwiftShell.build/Debug-watchos/SwiftShell-t.build/Objects-normal/arm64_32/SwiftShell.SwiftFileList --metadata-file-list /Users/admin/builder/spi-builder-workspace/.derivedData/Build/Intermediates.noindex/SwiftShell.build/Debug-watchos/SwiftShell-t.build/SwiftShell.DependencyMetadataFileList --static-metadata-file-list /Users/admin/builder/spi-builder-workspace/.derivedData/Build/Intermediates.noindex/SwiftShell.build/Debug-watchos/SwiftShell-t.build/SwiftShell.DependencyStaticMetadataFileList --swift-const-vals-list /Users/admin/builder/spi-builder-workspace/.derivedData/Build/Intermediates.noindex/SwiftShell.build/Debug-watchos/SwiftShell-t.build/Objects-normal/arm64/SwiftShell.SwiftConstValuesFileList --swift-const-vals-list /Users/admin/builder/spi-builder-workspace/.derivedData/Build/Intermediates.noindex/SwiftShell.build/Debug-watchos/SwiftShell-t.build/Objects-normal/arm64_32/SwiftShell.SwiftConstValuesFileList --force --compile-time-extraction --deployment-aware-processing --no-app-shortcuts-localization
2026-09-16 13:41:04.892 appintentsmetadataprocessor[1211:6657] Starting appintentsmetadataprocessor export
CreateUniversalBinary /Users/admin/builder/spi-builder-workspace/.derivedData/Build/Products/Debug-watchos/PathKit.o normal arm64\ arm64_32 (in target 'PathKit' from project 'PathKit')
    cd /Users/admin/builder/spi-builder-workspace/.dependencies/checkouts/PathKit
    /Applications/Xcode-27.0.0-Release.Candidate.app/Contents/Developer/Toolchains/XcodeDefault.xctoolchain/usr/bin/lipo -create /Users/admin/builder/spi-builder-workspace/.derivedData/Build/Intermediates.noindex/PathKit.build/Debug-watchos/PathKit-t.build/Objects-normal/arm64/Binary/PathKit.o /Users/admin/builder/spi-builder-workspace/.derivedData/Build/Intermediates.noindex/PathKit.build/Debug-watchos/PathKit-t.build/Objects-normal/arm64_32/Binary/PathKit.o -output /Users/admin/builder/spi-builder-workspace/.derivedData/Build/Products/Debug-watchos/PathKit.o
SwiftEmitModule normal arm64_32 Emitting\ module\ for\ Ocha (in target 'Ocha' from project 'Ocha')
/Users/admin/builder/spi-builder-workspace/.dependencies/checkouts/Ocha/Sources/Ocha/EventSet.swift:17:49: error: cannot find 'kFSEventStreamEventFlagNone' in scope
 15 |     }
 16 |
 17 |     public static let none = EventSet(rawValue: kFSEventStreamEventFlagNone) // 0
    |                                                 `- error: cannot find 'kFSEventStreamEventFlagNone' in scope
 18 |     public static let mustScanSubDirs = EventSet(rawValue: kFSEventStreamEventFlagMustScanSubDirs) // 1
 19 |     public static let userDropped = EventSet(rawValue: kFSEventStreamEventFlagUserDropped) // 2
/Users/admin/builder/spi-builder-workspace/.dependencies/checkouts/Ocha/Sources/Ocha/EventSet.swift:18:60: error: cannot find 'kFSEventStreamEventFlagMustScanSubDirs' in scope
 16 |
 17 |     public static let none = EventSet(rawValue: kFSEventStreamEventFlagNone) // 0
 18 |     public static let mustScanSubDirs = EventSet(rawValue: kFSEventStreamEventFlagMustScanSubDirs) // 1
    |                                                            `- error: cannot find 'kFSEventStreamEventFlagMustScanSubDirs' in scope
 19 |     public static let userDropped = EventSet(rawValue: kFSEventStreamEventFlagUserDropped) // 2
 20 |     public static let kernelDropped = EventSet(rawValue: kFSEventStreamEventFlagKernelDropped) // 4
/Users/admin/builder/spi-builder-workspace/.dependencies/checkouts/Ocha/Sources/Ocha/EventSet.swift:19:56: error: cannot find 'kFSEventStreamEventFlagUserDropped' in scope
 17 |     public static let none = EventSet(rawValue: kFSEventStreamEventFlagNone) // 0
 18 |     public static let mustScanSubDirs = EventSet(rawValue: kFSEventStreamEventFlagMustScanSubDirs) // 1
 19 |     public static let userDropped = EventSet(rawValue: kFSEventStreamEventFlagUserDropped) // 2
    |                                                        `- error: cannot find 'kFSEventStreamEventFlagUserDropped' in scope
 20 |     public static let kernelDropped = EventSet(rawValue: kFSEventStreamEventFlagKernelDropped) // 4
 21 |     public static let eventIdsWrapped = EventSet(rawValue: kFSEventStreamEventFlagEventIdsWrapped) // 8
/Users/admin/builder/spi-builder-workspace/.dependencies/checkouts/Ocha/Sources/Ocha/EventSet.swift:20:58: error: cannot find 'kFSEventStreamEventFlagKernelDropped' in scope
 18 |     public static let mustScanSubDirs = EventSet(rawValue: kFSEventStreamEventFlagMustScanSubDirs) // 1
 19 |     public static let userDropped = EventSet(rawValue: kFSEventStreamEventFlagUserDropped) // 2
 20 |     public static let kernelDropped = EventSet(rawValue: kFSEventStreamEventFlagKernelDropped) // 4
    |                                                          `- error: cannot find 'kFSEventStreamEventFlagKernelDropped' in scope
 21 |     public static let eventIdsWrapped = EventSet(rawValue: kFSEventStreamEventFlagEventIdsWrapped) // 8
 22 |     public static let historyDone = EventSet(rawValue: kFSEventStreamEventFlagHistoryDone) // 16
/Users/admin/builder/spi-builder-workspace/.dependencies/checkouts/Ocha/Sources/Ocha/EventSet.swift:21:60: error: cannot find 'kFSEventStreamEventFlagEventIdsWrapped' in scope
 19 |     public static let userDropped = EventSet(rawValue: kFSEventStreamEventFlagUserDropped) // 2
 20 |     public static let kernelDropped = EventSet(rawValue: kFSEventStreamEventFlagKernelDropped) // 4
 21 |     public static let eventIdsWrapped = EventSet(rawValue: kFSEventStreamEventFlagEventIdsWrapped) // 8
    |                                                            `- error: cannot find 'kFSEventStreamEventFlagEventIdsWrapped' in scope
 22 |     public static let historyDone = EventSet(rawValue: kFSEventStreamEventFlagHistoryDone) // 16
 23 |     public static let rootChanged = EventSet(rawValue: kFSEventStreamEventFlagRootChanged) // 32
/Users/admin/builder/spi-builder-workspace/.dependencies/checkouts/Ocha/Sources/Ocha/EventSet.swift:22:56: error: cannot find 'kFSEventStreamEventFlagHistoryDone' in scope
 20 |     public static let kernelDropped = EventSet(rawValue: kFSEventStreamEventFlagKernelDropped) // 4
 21 |     public static let eventIdsWrapped = EventSet(rawValue: kFSEventStreamEventFlagEventIdsWrapped) // 8
 22 |     public static let historyDone = EventSet(rawValue: kFSEventStreamEventFlagHistoryDone) // 16
    |                                                        `- error: cannot find 'kFSEventStreamEventFlagHistoryDone' in scope
 23 |     public static let rootChanged = EventSet(rawValue: kFSEventStreamEventFlagRootChanged) // 32
 24 |     public static let mount = EventSet(rawValue: kFSEventStreamEventFlagMount) // 64
/Users/admin/builder/spi-builder-workspace/.dependencies/checkouts/Ocha/Sources/Ocha/EventSet.swift:23:56: error: cannot find 'kFSEventStreamEventFlagRootChanged' in scope
 21 |     public static let eventIdsWrapped = EventSet(rawValue: kFSEventStreamEventFlagEventIdsWrapped) // 8
 22 |     public static let historyDone = EventSet(rawValue: kFSEventStreamEventFlagHistoryDone) // 16
 23 |     public static let rootChanged = EventSet(rawValue: kFSEventStreamEventFlagRootChanged) // 32
    |                                                        `- error: cannot find 'kFSEventStreamEventFlagRootChanged' in scope
 24 |     public static let mount = EventSet(rawValue: kFSEventStreamEventFlagMount) // 64
 25 |     public static let unmount = EventSet(rawValue: kFSEventStreamEventFlagUnmount) // 128
/Users/admin/builder/spi-builder-workspace/.dependencies/checkouts/Ocha/Sources/Ocha/EventSet.swift:24:50: error: cannot find 'kFSEventStreamEventFlagMount' in scope
 22 |     public static let historyDone = EventSet(rawValue: kFSEventStreamEventFlagHistoryDone) // 16
 23 |     public static let rootChanged = EventSet(rawValue: kFSEventStreamEventFlagRootChanged) // 32
 24 |     public static let mount = EventSet(rawValue: kFSEventStreamEventFlagMount) // 64
    |                                                  `- error: cannot find 'kFSEventStreamEventFlagMount' in scope
 25 |     public static let unmount = EventSet(rawValue: kFSEventStreamEventFlagUnmount) // 128
 26 |     public static let itemCreated = EventSet(rawValue: kFSEventStreamEventFlagItemCreated) // 256
/Users/admin/builder/spi-builder-workspace/.dependencies/checkouts/Ocha/Sources/Ocha/EventSet.swift:25:52: error: cannot find 'kFSEventStreamEventFlagUnmount' in scope
 23 |     public static let rootChanged = EventSet(rawValue: kFSEventStreamEventFlagRootChanged) // 32
 24 |     public static let mount = EventSet(rawValue: kFSEventStreamEventFlagMount) // 64
 25 |     public static let unmount = EventSet(rawValue: kFSEventStreamEventFlagUnmount) // 128
    |                                                    `- error: cannot find 'kFSEventStreamEventFlagUnmount' in scope
 26 |     public static let itemCreated = EventSet(rawValue: kFSEventStreamEventFlagItemCreated) // 256
 27 |     public static let itemRemoved = EventSet(rawValue: kFSEventStreamEventFlagItemRemoved) // 512
/Users/admin/builder/spi-builder-workspace/.dependencies/checkouts/Ocha/Sources/Ocha/EventSet.swift:26:56: error: cannot find 'kFSEventStreamEventFlagItemCreated' in scope
 24 |     public static let mount = EventSet(rawValue: kFSEventStreamEventFlagMount) // 64
 25 |     public static let unmount = EventSet(rawValue: kFSEventStreamEventFlagUnmount) // 128
 26 |     public static let itemCreated = EventSet(rawValue: kFSEventStreamEventFlagItemCreated) // 256
    |                                                        `- error: cannot find 'kFSEventStreamEventFlagItemCreated' in scope
 27 |     public static let itemRemoved = EventSet(rawValue: kFSEventStreamEventFlagItemRemoved) // 512
 28 |     public static let itemInodeMetaMod = EventSet(rawValue: kFSEventStreamEventFlagItemInodeMetaMod) // 1024
/Users/admin/builder/spi-builder-workspace/.dependencies/checkouts/Ocha/Sources/Ocha/EventSet.swift:27:56: error: cannot find 'kFSEventStreamEventFlagItemRemoved' in scope
 25 |     public static let unmount = EventSet(rawValue: kFSEventStreamEventFlagUnmount) // 128
 26 |     public static let itemCreated = EventSet(rawValue: kFSEventStreamEventFlagItemCreated) // 256
 27 |     public static let itemRemoved = EventSet(rawValue: kFSEventStreamEventFlagItemRemoved) // 512
    |                                                        `- error: cannot find 'kFSEventStreamEventFlagItemRemoved' in scope
 28 |     public static let itemInodeMetaMod = EventSet(rawValue: kFSEventStreamEventFlagItemInodeMetaMod) // 1024
 29 |     public static let itemRenamed = EventSet(rawValue: kFSEventStreamEventFlagItemRenamed) // 2048
/Users/admin/builder/spi-builder-workspace/.dependencies/checkouts/Ocha/Sources/Ocha/EventSet.swift:28:61: error: cannot find 'kFSEventStreamEventFlagItemInodeMetaMod' in scope
 26 |     public static let itemCreated = EventSet(rawValue: kFSEventStreamEventFlagItemCreated) // 256
 27 |     public static let itemRemoved = EventSet(rawValue: kFSEventStreamEventFlagItemRemoved) // 512
 28 |     public static let itemInodeMetaMod = EventSet(rawValue: kFSEventStreamEventFlagItemInodeMetaMod) // 1024
    |                                                             `- error: cannot find 'kFSEventStreamEventFlagItemInodeMetaMod' in scope
 29 |     public static let itemRenamed = EventSet(rawValue: kFSEventStreamEventFlagItemRenamed) // 2048
 30 |     public static let itemModified = EventSet(rawValue: kFSEventStreamEventFlagItemModified) // 4096
/Users/admin/builder/spi-builder-workspace/.dependencies/checkouts/Ocha/Sources/Ocha/EventSet.swift:29:56: error: cannot find 'kFSEventStreamEventFlagItemRenamed' in scope
 27 |     public static let itemRemoved = EventSet(rawValue: kFSEventStreamEventFlagItemRemoved) // 512
 28 |     public static let itemInodeMetaMod = EventSet(rawValue: kFSEventStreamEventFlagItemInodeMetaMod) // 1024
 29 |     public static let itemRenamed = EventSet(rawValue: kFSEventStreamEventFlagItemRenamed) // 2048
    |                                                        `- error: cannot find 'kFSEventStreamEventFlagItemRenamed' in scope
 30 |     public static let itemModified = EventSet(rawValue: kFSEventStreamEventFlagItemModified) // 4096
 31 |     public static let itemFinderInfoMod = EventSet(rawValue: kFSEventStreamEventFlagItemFinderInfoMod) // 8192
/Users/admin/builder/spi-builder-workspace/.dependencies/checkouts/Ocha/Sources/Ocha/EventSet.swift:30:57: error: cannot find 'kFSEventStreamEventFlagItemModified' in scope
 28 |     public static let itemInodeMetaMod = EventSet(rawValue: kFSEventStreamEventFlagItemInodeMetaMod) // 1024
 29 |     public static let itemRenamed = EventSet(rawValue: kFSEventStreamEventFlagItemRenamed) // 2048
 30 |     public static let itemModified = EventSet(rawValue: kFSEventStreamEventFlagItemModified) // 4096
    |                                                         `- error: cannot find 'kFSEventStreamEventFlagItemModified' in scope
 31 |     public static let itemFinderInfoMod = EventSet(rawValue: kFSEventStreamEventFlagItemFinderInfoMod) // 8192
 32 |     public static let itemChangeOwner = EventSet(rawValue: kFSEventStreamEventFlagItemChangeOwner) // 16384
/Users/admin/builder/spi-builder-workspace/.dependencies/checkouts/Ocha/Sources/Ocha/EventSet.swift:31:62: error: cannot find 'kFSEventStreamEventFlagItemFinderInfoMod' in scope
 29 |     public static let itemRenamed = EventSet(rawValue: kFSEventStreamEventFlagItemRenamed) // 2048
 30 |     public static let itemModified = EventSet(rawValue: kFSEventStreamEventFlagItemModified) // 4096
 31 |     public static let itemFinderInfoMod = EventSet(rawValue: kFSEventStreamEventFlagItemFinderInfoMod) // 8192
    |                                                              `- error: cannot find 'kFSEventStreamEventFlagItemFinderInfoMod' in scope
 32 |     public static let itemChangeOwner = EventSet(rawValue: kFSEventStreamEventFlagItemChangeOwner) // 16384
 33 |     public static let itemXattrMod = EventSet(rawValue: kFSEventStreamEventFlagItemXattrMod) // 32768
/Users/admin/builder/spi-builder-workspace/.dependencies/checkouts/Ocha/Sources/Ocha/EventSet.swift:32:60: error: cannot find 'kFSEventStreamEventFlagItemChangeOwner' in scope
 30 |     public static let itemModified = EventSet(rawValue: kFSEventStreamEventFlagItemModified) // 4096
 31 |     public static let itemFinderInfoMod = EventSet(rawValue: kFSEventStreamEventFlagItemFinderInfoMod) // 8192
 32 |     public static let itemChangeOwner = EventSet(rawValue: kFSEventStreamEventFlagItemChangeOwner) // 16384
    |                                                            `- error: cannot find 'kFSEventStreamEventFlagItemChangeOwner' in scope
 33 |     public static let itemXattrMod = EventSet(rawValue: kFSEventStreamEventFlagItemXattrMod) // 32768
 34 |     public static let itemIsFile = EventSet(rawValue: kFSEventStreamEventFlagItemIsFile) // 65536
/Users/admin/builder/spi-builder-workspace/.dependencies/checkouts/Ocha/Sources/Ocha/EventSet.swift:33:57: error: cannot find 'kFSEventStreamEventFlagItemXattrMod' in scope
 31 |     public static let itemFinderInfoMod = EventSet(rawValue: kFSEventStreamEventFlagItemFinderInfoMod) // 8192
 32 |     public static let itemChangeOwner = EventSet(rawValue: kFSEventStreamEventFlagItemChangeOwner) // 16384
 33 |     public static let itemXattrMod = EventSet(rawValue: kFSEventStreamEventFlagItemXattrMod) // 32768
    |                                                         `- error: cannot find 'kFSEventStreamEventFlagItemXattrMod' in scope
 34 |     public static let itemIsFile = EventSet(rawValue: kFSEventStreamEventFlagItemIsFile) // 65536
 35 |     public static let itemIsDir = EventSet(rawValue: kFSEventStreamEventFlagItemIsDir) // 131072
/Users/admin/builder/spi-builder-workspace/.dependencies/checkouts/Ocha/Sources/Ocha/EventSet.swift:34:55: error: cannot find 'kFSEventStreamEventFlagItemIsFile' in scope
 32 |     public static let itemChangeOwner = EventSet(rawValue: kFSEventStreamEventFlagItemChangeOwner) // 16384
 33 |     public static let itemXattrMod = EventSet(rawValue: kFSEventStreamEventFlagItemXattrMod) // 32768
 34 |     public static let itemIsFile = EventSet(rawValue: kFSEventStreamEventFlagItemIsFile) // 65536
    |                                                       `- error: cannot find 'kFSEventStreamEventFlagItemIsFile' in scope
 35 |     public static let itemIsDir = EventSet(rawValue: kFSEventStreamEventFlagItemIsDir) // 131072
 36 |     public static let itemIsSymlink = EventSet(rawValue: kFSEventStreamEventFlagItemIsSymlink) // 262144
/Users/admin/builder/spi-builder-workspace/.dependencies/checkouts/Ocha/Sources/Ocha/EventSet.swift:35:54: error: cannot find 'kFSEventStreamEventFlagItemIsDir' in scope
 33 |     public static let itemXattrMod = EventSet(rawValue: kFSEventStreamEventFlagItemXattrMod) // 32768
 34 |     public static let itemIsFile = EventSet(rawValue: kFSEventStreamEventFlagItemIsFile) // 65536
 35 |     public static let itemIsDir = EventSet(rawValue: kFSEventStreamEventFlagItemIsDir) // 131072
    |                                                      `- error: cannot find 'kFSEventStreamEventFlagItemIsDir' in scope
 36 |     public static let itemIsSymlink = EventSet(rawValue: kFSEventStreamEventFlagItemIsSymlink) // 262144
 37 |     public static let ownEvent = EventSet(rawValue: kFSEventStreamEventFlagOwnEvent) // 524288
/Users/admin/builder/spi-builder-workspace/.dependencies/checkouts/Ocha/Sources/Ocha/EventSet.swift:36:58: error: cannot find 'kFSEventStreamEventFlagItemIsSymlink' in scope
 34 |     public static let itemIsFile = EventSet(rawValue: kFSEventStreamEventFlagItemIsFile) // 65536
 35 |     public static let itemIsDir = EventSet(rawValue: kFSEventStreamEventFlagItemIsDir) // 131072
 36 |     public static let itemIsSymlink = EventSet(rawValue: kFSEventStreamEventFlagItemIsSymlink) // 262144
    |                                                          `- error: cannot find 'kFSEventStreamEventFlagItemIsSymlink' in scope
 37 |     public static let ownEvent = EventSet(rawValue: kFSEventStreamEventFlagOwnEvent) // 524288
 38 |     public static let itemIsHardlink = EventSet(rawValue: kFSEventStreamEventFlagItemIsHardlink) // 1048576
/Users/admin/builder/spi-builder-workspace/.dependencies/checkouts/Ocha/Sources/Ocha/EventSet.swift:37:53: error: cannot find 'kFSEventStreamEventFlagOwnEvent' in scope
 35 |     public static let itemIsDir = EventSet(rawValue: kFSEventStreamEventFlagItemIsDir) // 131072
 36 |     public static let itemIsSymlink = EventSet(rawValue: kFSEventStreamEventFlagItemIsSymlink) // 262144
 37 |     public static let ownEvent = EventSet(rawValue: kFSEventStreamEventFlagOwnEvent) // 524288
    |                                                     `- error: cannot find 'kFSEventStreamEventFlagOwnEvent' in scope
 38 |     public static let itemIsHardlink = EventSet(rawValue: kFSEventStreamEventFlagItemIsHardlink) // 1048576
 39 |     public static let itemIsLastHardlink = EventSet(rawValue: kFSEventStreamEventFlagItemIsLastHardlink) // 2097152
/Users/admin/builder/spi-builder-workspace/.dependencies/checkouts/Ocha/Sources/Ocha/EventSet.swift:38:59: error: cannot find 'kFSEventStreamEventFlagItemIsHardlink' in scope
 36 |     public static let itemIsSymlink = EventSet(rawValue: kFSEventStreamEventFlagItemIsSymlink) // 262144
 37 |     public static let ownEvent = EventSet(rawValue: kFSEventStreamEventFlagOwnEvent) // 524288
 38 |     public static let itemIsHardlink = EventSet(rawValue: kFSEventStreamEventFlagItemIsHardlink) // 1048576
    |                                                           `- error: cannot find 'kFSEventStreamEventFlagItemIsHardlink' in scope
 39 |     public static let itemIsLastHardlink = EventSet(rawValue: kFSEventStreamEventFlagItemIsLastHardlink) // 2097152
 40 |     @available(OSX 10.13, *)
/Users/admin/builder/spi-builder-workspace/.dependencies/checkouts/Ocha/Sources/Ocha/EventSet.swift:39:63: error: cannot find 'kFSEventStreamEventFlagItemIsLastHardlink' in scope
 37 |     public static let ownEvent = EventSet(rawValue: kFSEventStreamEventFlagOwnEvent) // 524288
 38 |     public static let itemIsHardlink = EventSet(rawValue: kFSEventStreamEventFlagItemIsHardlink) // 1048576
 39 |     public static let itemIsLastHardlink = EventSet(rawValue: kFSEventStreamEventFlagItemIsLastHardlink) // 2097152
    |                                                               `- error: cannot find 'kFSEventStreamEventFlagItemIsLastHardlink' in scope
 40 |     @available(OSX 10.13, *)
 41 |     public static let itemCloned = EventSet(rawValue: kFSEventStreamEventFlagItemCloned) // 4194304
/Users/admin/builder/spi-builder-workspace/.dependencies/checkouts/Ocha/Sources/Ocha/EventSet.swift:41:55: error: cannot find 'kFSEventStreamEventFlagItemCloned' in scope
 39 |     public static let itemIsLastHardlink = EventSet(rawValue: kFSEventStreamEventFlagItemIsLastHardlink) // 2097152
 40 |     @available(OSX 10.13, *)
 41 |     public static let itemCloned = EventSet(rawValue: kFSEventStreamEventFlagItemCloned) // 4194304
    |                                                       `- error: cannot find 'kFSEventStreamEventFlagItemCloned' in scope
 42 |
 43 |     public static let xcodeFileAddedFirstEventSet: EventSet = [.itemCreated, .itemRenamed, .itemModified, .itemXattrMod, .itemIsFile]
/Users/admin/builder/spi-builder-workspace/.dependencies/checkouts/Ocha/Sources/Ocha/Watcher.swift:14:32: error: cannot find 'FSEventStreamContext' in scope
12 |         return UnsafeMutableRawPointer(mutating: Unmanaged.passUnretained(self).toOpaque())
13 |     }
14 |     private lazy var context = FSEventStreamContext(version: 0, info: pointer, retain: nil, release: nil, copyDescription: nil)
   |                                `- error: cannot find 'FSEventStreamContext' in scope
15 |     private lazy var stream: FSEventStreamRef = {
16 |         let stream = FSEventStreamCreate(
/Users/admin/builder/spi-builder-workspace/.dependencies/checkouts/Ocha/Sources/Ocha/Watcher.swift:15:30: error: cannot find type 'FSEventStreamRef' in scope
13 |     }
14 |     private lazy var context = FSEventStreamContext(version: 0, info: pointer, retain: nil, release: nil, copyDescription: nil)
15 |     private lazy var stream: FSEventStreamRef = {
   |                              `- error: cannot find type 'FSEventStreamRef' in scope
16 |         let stream = FSEventStreamCreate(
17 |             kCFAllocatorDefault,
/Users/admin/builder/spi-builder-workspace/.dependencies/checkouts/Ocha/Sources/Ocha/Watcher.swift:16:22: error: cannot find 'FSEventStreamCreate' in scope
14 |     private lazy var context = FSEventStreamContext(version: 0, info: pointer, retain: nil, release: nil, copyDescription: nil)
15 |     private lazy var stream: FSEventStreamRef = {
16 |         let stream = FSEventStreamCreate(
   |                      `- error: cannot find 'FSEventStreamCreate' in scope
17 |             kCFAllocatorDefault,
18 |             _callback,
/Users/admin/builder/spi-builder-workspace/.dependencies/checkouts/Ocha/Sources/Ocha/Watcher.swift:21:13: error: cannot find 'FSEventStreamEventId' in scope
19 |             &context,
20 |             paths as CFArray,
21 |             FSEventStreamEventId(kFSEventStreamEventIdSinceNow),
   |             `- error: cannot find 'FSEventStreamEventId' in scope
22 |             0,
23 |             UInt32(kFSEventStreamCreateFlagUseCFTypes | kFSEventStreamCreateFlagFileEvents)
/Users/admin/builder/spi-builder-workspace/.dependencies/checkouts/Ocha/Sources/Ocha/Watcher.swift:21:34: error: cannot find 'kFSEventStreamEventIdSinceNow' in scope
19 |             &context,
20 |             paths as CFArray,
21 |             FSEventStreamEventId(kFSEventStreamEventIdSinceNow),
   |                                  `- error: cannot find 'kFSEventStreamEventIdSinceNow' in scope
22 |             0,
23 |             UInt32(kFSEventStreamCreateFlagUseCFTypes | kFSEventStreamCreateFlagFileEvents)
/Users/admin/builder/spi-builder-workspace/.dependencies/checkouts/Ocha/Sources/Ocha/Watcher.swift:23:20: error: cannot find 'kFSEventStreamCreateFlagUseCFTypes' in scope
21 |             FSEventStreamEventId(kFSEventStreamEventIdSinceNow),
22 |             0,
23 |             UInt32(kFSEventStreamCreateFlagUseCFTypes | kFSEventStreamCreateFlagFileEvents)
   |                    `- error: cannot find 'kFSEventStreamCreateFlagUseCFTypes' in scope
24 |             )!
25 |         return stream
/Users/admin/builder/spi-builder-workspace/.dependencies/checkouts/Ocha/Sources/Ocha/Watcher.swift:23:57: error: cannot find 'kFSEventStreamCreateFlagFileEvents' in scope
21 |             FSEventStreamEventId(kFSEventStreamEventIdSinceNow),
22 |             0,
23 |             UInt32(kFSEventStreamCreateFlagUseCFTypes | kFSEventStreamCreateFlagFileEvents)
   |                                                         `- error: cannot find 'kFSEventStreamCreateFlagFileEvents' in scope
24 |             )!
25 |         return stream
/Users/admin/builder/spi-builder-workspace/.dependencies/checkouts/Ocha/Sources/Ocha/Watcher.swift:35:28: error: cannot find type 'FSEventStreamCallback' in scope
33 |     }
34 |
35 |     private var _callback: FSEventStreamCallback = { (stream, contextInfo, numEvents, eventPaths, eventFlags, eventIds) in
   |                            `- error: cannot find type 'FSEventStreamCallback' in scope
36 |         let watcher = unsafeBitCast(contextInfo, to: Watcher.self)
37 |         guard let paths = unsafeBitCast(eventPaths, to: NSArray.self) as? [String] else {
/Users/admin/builder/spi-builder-workspace/.dependencies/checkouts/Ocha/Sources/Ocha/Watcher.swift:15:49: error: failed to produce diagnostic for expression; please submit a bug report (https://swift.org/contributing/#reporting-bugs)
13 |     }
14 |     private lazy var context = FSEventStreamContext(version: 0, info: pointer, retain: nil, release: nil, copyDescription: nil)
15 |     private lazy var stream: FSEventStreamRef = {
   |                                                 `- error: failed to produce diagnostic for expression; please submit a bug report (https://swift.org/contributing/#reporting-bugs)
16 |         let stream = FSEventStreamCreate(
17 |             kCFAllocatorDefault,
Failed frontend command:
/Applications/Xcode-27.0.0-Release.Candidate.app/Contents/Developer/Toolchains/XcodeDefault.xctoolchain/usr/bin/swift-frontend -frontend -emit-module -experimental-skip-non-inlinable-function-bodies-without-types /Users/admin/builder/spi-builder-workspace/.dependencies/checkouts/Ocha/Sources/Ocha/Event.swift /Users/admin/builder/spi-builder-workspace/.dependencies/checkouts/Ocha/Sources/Ocha/EventSet.swift /Users/admin/builder/spi-builder-workspace/.dependencies/checkouts/Ocha/Sources/Ocha/Watcher.swift /Users/admin/builder/spi-builder-workspace/.dependencies/checkouts/Ocha/Sources/Ocha/WatchingPathable.swift -target arm64_32-apple-watchos9.0 -disable-cross-import-overlay-search -load-resolved-plugin /Applications/Xcode-27.0.0-Release.Candidate.app/Contents/Developer/Platforms/WatchOS.platform/Developer/usr/lib/swift/host/plugins/libFoundationMacros.dylib\#/Applications/Xcode-27.0.0-Release.Candidate.app/Contents/Developer/Platforms/WatchOS.platform/Developer/usr/bin/swift-plugin-server\#FoundationMacros -load-resolved-plugin /Applications/Xcode-27.0.0-Release.Candidate.app/Contents/Developer/Platforms/WatchOS.platform/Developer/usr/lib/swift/host/plugins/libObservationMacros.dylib\#/Applications/Xcode-27.0.0-Release.Candidate.app/Contents/Developer/Platforms/WatchOS.platform/Developer/usr/bin/swift-plugin-server\#ObservationMacros -load-resolved-plugin /Applications/Xcode-27.0.0-Release.Candidate.app/Contents/Developer/Platforms/WatchOS.platform/Developer/usr/lib/swift/host/plugins/libSwiftMacros.dylib\#/Applications/Xcode-27.0.0-Release.Candidate.app/Contents/Developer/Platforms/WatchOS.platform/Developer/usr/bin/swift-plugin-server\#SwiftMacros -disable-implicit-swift-modules -Xcc -fno-implicit-modules -Xcc -fno-implicit-module-maps -explicit-swift-module-map-file /Users/admin/builder/spi-builder-workspace/.derivedData/Build/Intermediates.noindex/Ocha.build/Debug-watchos/Ocha-t.build/Objects-normal/arm64_32/Ocha-dependencies-2.json -enable-objc-interop -sdk /Applications/Xcode-27.0.0-Release.Candidate.app/Contents/Developer/Platforms/WatchOS.platform/Developer/SDKs/WatchOS27.0.sdk -I /Users/admin/builder/spi-builder-workspace/.derivedData/Build/Products/Debug-watchos -Isystem /Applications/Xcode-27.0.0-Release.Candidate.app/Contents/Developer/Platforms/WatchOS.platform/Developer/usr/lib -F /Users/admin/builder/spi-builder-workspace/.derivedData/Build/Products/Debug-watchos -F /Applications/Xcode-27.0.0-Release.Candidate.app/Contents/Developer/Platforms/WatchOS.platform/Developer/Library/Frameworks -F /Applications/Xcode-27.0.0-Release.Candidate.app/Contents/Developer/Platforms/WatchOS.platform/Developer/SDKs/WatchOS27.0.sdk/Developer/Library/Frameworks -module-cache-path /Users/admin/builder/spi-builder-workspace/.derivedData/Build/Intermediates.noindex/SwiftExplicitPrecompiledModules -no-color-diagnostics -Xcc -fno-color-diagnostics -enable-testing -g -debug-info-format\=dwarf -dwarf-version\=4 -suppress-warnings -profile-generate -profile-coverage-mapping -swift-version 5 -Onone -D SWIFT_PACKAGE -D DEBUG -D SWIFT_MODULE_RESOURCE_BUNDLE_UNAVAILABLE -D Xcode -serialize-debugging-options -enable-experimental-feature DebugDescriptionMacro -empty-abi-descriptor -validate-clang-modules-once -clang-build-session-file /Users/admin/builder/spi-builder-workspace/.derivedData/ModuleCache.noindex/Session.modulevalidation -Xcc -working-directory -Xcc /Users/admin/builder/spi-builder-workspace/.swiftpm/xcode -enable-anonymous-context-mangled-names -file-compilation-dir /Users/admin/builder/spi-builder-workspace/.swiftpm/xcode -Xcc -D_LIBCPP_HARDENING_MODE\=_LIBCPP_HARDENING_MODE_DEBUG -Xcc -ivfsstatcache -Xcc /Users/admin/builder/spi-builder-workspace/.derivedData/SDKStatCaches.noindex/watchos27.0-24R360-e829b21a6f8c9b70876ba0858053c04477534ef55a1706bf4c1112bbb242f0a2.sdkstatcache -Xcc -fmodules-prune-interval\=86400 -Xcc -fmodules-prune-after\=345600 -Xcc -I/Users/admin/builder/spi-builder-workspace/.derivedData/Build/Products/Debug-watchos/include -Xcc -I/Users/admin/builder/spi-builder-workspace/.derivedData/Build/Intermediates.noindex/Ocha.build/Debug-watchos/Ocha-t.build/DerivedSources-normal/arm64_32 -Xcc -I/Users/admin/builder/spi-builder-workspace/.derivedData/Build/Intermediates.noindex/Ocha.build/Debug-watchos/Ocha-t.build/DerivedSources/arm64_32 -Xcc -I/Users/admin/builder/spi-builder-workspace/.derivedData/Build/Intermediates.noindex/Ocha.build/Debug-watchos/Ocha-t.build/DerivedSources -Xcc -DSWIFT_PACKAGE -Xcc -DDEBUG\=1 -no-auto-bridging-header-chaining -module-name Ocha -const-gather-protocols-file /Users/admin/builder/spi-builder-workspace/.derivedData/Build/Intermediates.noindex/Ocha.build/Debug-watchos/Ocha-t.build/Objects-normal/arm64_32/Ocha_const_extract_protocols.json -disable-clang-spi -clang-target arm64_32-apple-watchos27.0 -target-sdk-version 27.0 -target-sdk-name watchos27.0 -in-process-plugin-server-path /Applications/Xcode-27.0.0-Release.Candidate.app/Contents/Developer/Toolchains/XcodeDefault.xctoolchain/usr/lib/swift/host/libSwiftInProcPluginServer.dylib -emit-module-doc-path /Users/admin/builder/spi-builder-workspace/.derivedData/Build/Intermediates.noindex/Ocha.build/Debug-watchos/Ocha-t.build/Objects-normal/arm64_32/Ocha.swiftdoc -emit-module-source-info-path /Users/admin/builder/spi-builder-workspace/.derivedData/Build/Intermediates.noindex/Ocha.build/Debug-watchos/Ocha-t.build/Objects-normal/arm64_32/Ocha.swiftsourceinfo -emit-objc-header-path /Users/admin/builder/spi-builder-workspace/.derivedData/Build/Intermediates.noindex/Ocha.build/Debug-watchos/Ocha-t.build/Objects-normal/arm64_32/Ocha-Swift.h -serialize-diagnostics-path /Users/admin/builder/spi-builder-workspace/.derivedData/Build/Intermediates.noindex/Ocha.build/Debug-watchos/Ocha-t.build/Objects-normal/arm64_32/Ocha-primary-emit-module.dia -emit-dependencies-path /Users/admin/builder/spi-builder-workspace/.derivedData/Build/Intermediates.noindex/Ocha.build/Debug-watchos/Ocha-t.build/Objects-normal/arm64_32/Ocha-primary-emit-module.d -parse-as-library -o /Users/admin/builder/spi-builder-workspace/.derivedData/Build/Intermediates.noindex/Ocha.build/Debug-watchos/Ocha-t.build/Objects-normal/arm64_32/Ocha.swiftmodule -emit-abi-descriptor-path /Users/admin/builder/spi-builder-workspace/.derivedData/Build/Intermediates.noindex/Ocha.build/Debug-watchos/Ocha-t.build/Objects-normal/arm64_32/Ocha.abi.json
SwiftCompile normal arm64_32 (in target 'Ocha' from project 'Ocha')
    cd /Users/admin/builder/spi-builder-workspace/.swiftpm/xcode

SwiftCompile normal arm64_32 Compiling\ Event.swift /Users/admin/builder/spi-builder-workspace/.dependencies/checkouts/Ocha/Sources/Ocha/Event.swift (in target 'Ocha' from project 'Ocha')
SwiftCompile normal arm64_32 /Users/admin/builder/spi-builder-workspace/.dependencies/checkouts/Ocha/Sources/Ocha/Event.swift (in target 'Ocha' from project 'Ocha')
    cd /Users/admin/builder/spi-builder-workspace/.swiftpm/xcode
    builtin-SwiftPerFileCompile Event.swift
SwiftCompile normal arm64_32 Compiling\ EventSet.swift /Users/admin/builder/spi-builder-workspace/.dependencies/checkouts/Ocha/Sources/Ocha/EventSet.swift (in target 'Ocha' from project 'Ocha')
/Users/admin/builder/spi-builder-workspace/.dependencies/checkouts/Ocha/Sources/Ocha/EventSet.swift:17:49: error: cannot find 'kFSEventStreamEventFlagNone' in scope
 15 |     }
 16 |
 17 |     public static let none = EventSet(rawValue: kFSEventStreamEventFlagNone) // 0
    |                                                 `- error: cannot find 'kFSEventStreamEventFlagNone' in scope
 18 |     public static let mustScanSubDirs = EventSet(rawValue: kFSEventStreamEventFlagMustScanSubDirs) // 1
 19 |     public static let userDropped = EventSet(rawValue: kFSEventStreamEventFlagUserDropped) // 2
/Users/admin/builder/spi-builder-workspace/.dependencies/checkouts/Ocha/Sources/Ocha/EventSet.swift:18:60: error: cannot find 'kFSEventStreamEventFlagMustScanSubDirs' in scope
 16 |
 17 |     public static let none = EventSet(rawValue: kFSEventStreamEventFlagNone) // 0
 18 |     public static let mustScanSubDirs = EventSet(rawValue: kFSEventStreamEventFlagMustScanSubDirs) // 1
    |                                                            `- error: cannot find 'kFSEventStreamEventFlagMustScanSubDirs' in scope
 19 |     public static let userDropped = EventSet(rawValue: kFSEventStreamEventFlagUserDropped) // 2
 20 |     public static let kernelDropped = EventSet(rawValue: kFSEventStreamEventFlagKernelDropped) // 4
/Users/admin/builder/spi-builder-workspace/.dependencies/checkouts/Ocha/Sources/Ocha/EventSet.swift:19:56: error: cannot find 'kFSEventStreamEventFlagUserDropped' in scope
 17 |     public static let none = EventSet(rawValue: kFSEventStreamEventFlagNone) // 0
 18 |     public static let mustScanSubDirs = EventSet(rawValue: kFSEventStreamEventFlagMustScanSubDirs) // 1
 19 |     public static let userDropped = EventSet(rawValue: kFSEventStreamEventFlagUserDropped) // 2
    |                                                        `- error: cannot find 'kFSEventStreamEventFlagUserDropped' in scope
 20 |     public static let kernelDropped = EventSet(rawValue: kFSEventStreamEventFlagKernelDropped) // 4
 21 |     public static let eventIdsWrapped = EventSet(rawValue: kFSEventStreamEventFlagEventIdsWrapped) // 8
/Users/admin/builder/spi-builder-workspace/.dependencies/checkouts/Ocha/Sources/Ocha/EventSet.swift:20:58: error: cannot find 'kFSEventStreamEventFlagKernelDropped' in scope
 18 |     public static let mustScanSubDirs = EventSet(rawValue: kFSEventStreamEventFlagMustScanSubDirs) // 1
 19 |     public static let userDropped = EventSet(rawValue: kFSEventStreamEventFlagUserDropped) // 2
 20 |     public static let kernelDropped = EventSet(rawValue: kFSEventStreamEventFlagKernelDropped) // 4
    |                                                          `- error: cannot find 'kFSEventStreamEventFlagKernelDropped' in scope
 21 |     public static let eventIdsWrapped = EventSet(rawValue: kFSEventStreamEventFlagEventIdsWrapped) // 8
 22 |     public static let historyDone = EventSet(rawValue: kFSEventStreamEventFlagHistoryDone) // 16
/Users/admin/builder/spi-builder-workspace/.dependencies/checkouts/Ocha/Sources/Ocha/EventSet.swift:21:60: error: cannot find 'kFSEventStreamEventFlagEventIdsWrapped' in scope
 19 |     public static let userDropped = EventSet(rawValue: kFSEventStreamEventFlagUserDropped) // 2
 20 |     public static let kernelDropped = EventSet(rawValue: kFSEventStreamEventFlagKernelDropped) // 4
 21 |     public static let eventIdsWrapped = EventSet(rawValue: kFSEventStreamEventFlagEventIdsWrapped) // 8
    |                                                            `- error: cannot find 'kFSEventStreamEventFlagEventIdsWrapped' in scope
 22 |     public static let historyDone = EventSet(rawValue: kFSEventStreamEventFlagHistoryDone) // 16
 23 |     public static let rootChanged = EventSet(rawValue: kFSEventStreamEventFlagRootChanged) // 32
/Users/admin/builder/spi-builder-workspace/.dependencies/checkouts/Ocha/Sources/Ocha/EventSet.swift:22:56: error: cannot find 'kFSEventStreamEventFlagHistoryDone' in scope
 20 |     public static let kernelDropped = EventSet(rawValue: kFSEventStreamEventFlagKernelDropped) // 4
 21 |     public static let eventIdsWrapped = EventSet(rawValue: kFSEventStreamEventFlagEventIdsWrapped) // 8
 22 |     public static let historyDone = EventSet(rawValue: kFSEventStreamEventFlagHistoryDone) // 16
    |                                                        `- error: cannot find 'kFSEventStreamEventFlagHistoryDone' in scope
 23 |     public static let rootChanged = EventSet(rawValue: kFSEventStreamEventFlagRootChanged) // 32
 24 |     public static let mount = EventSet(rawValue: kFSEventStreamEventFlagMount) // 64
/Users/admin/builder/spi-builder-workspace/.dependencies/checkouts/Ocha/Sources/Ocha/EventSet.swift:23:56: error: cannot find 'kFSEventStreamEventFlagRootChanged' in scope
 21 |     public static let eventIdsWrapped = EventSet(rawValue: kFSEventStreamEventFlagEventIdsWrapped) // 8
 22 |     public static let historyDone = EventSet(rawValue: kFSEventStreamEventFlagHistoryDone) // 16
 23 |     public static let rootChanged = EventSet(rawValue: kFSEventStreamEventFlagRootChanged) // 32
    |                                                        `- error: cannot find 'kFSEventStreamEventFlagRootChanged' in scope
 24 |     public static let mount = EventSet(rawValue: kFSEventStreamEventFlagMount) // 64
 25 |     public static let unmount = EventSet(rawValue: kFSEventStreamEventFlagUnmount) // 128
/Users/admin/builder/spi-builder-workspace/.dependencies/checkouts/Ocha/Sources/Ocha/EventSet.swift:24:50: error: cannot find 'kFSEventStreamEventFlagMount' in scope
 22 |     public static let historyDone = EventSet(rawValue: kFSEventStreamEventFlagHistoryDone) // 16
 23 |     public static let rootChanged = EventSet(rawValue: kFSEventStreamEventFlagRootChanged) // 32
 24 |     public static let mount = EventSet(rawValue: kFSEventStreamEventFlagMount) // 64
    |                                                  `- error: cannot find 'kFSEventStreamEventFlagMount' in scope
 25 |     public static let unmount = EventSet(rawValue: kFSEventStreamEventFlagUnmount) // 128
 26 |     public static let itemCreated = EventSet(rawValue: kFSEventStreamEventFlagItemCreated) // 256
/Users/admin/builder/spi-builder-workspace/.dependencies/checkouts/Ocha/Sources/Ocha/EventSet.swift:25:52: error: cannot find 'kFSEventStreamEventFlagUnmount' in scope
 23 |     public static let rootChanged = EventSet(rawValue: kFSEventStreamEventFlagRootChanged) // 32
 24 |     public static let mount = EventSet(rawValue: kFSEventStreamEventFlagMount) // 64
 25 |     public static let unmount = EventSet(rawValue: kFSEventStreamEventFlagUnmount) // 128
    |                                                    `- error: cannot find 'kFSEventStreamEventFlagUnmount' in scope
 26 |     public static let itemCreated = EventSet(rawValue: kFSEventStreamEventFlagItemCreated) // 256
 27 |     public static let itemRemoved = EventSet(rawValue: kFSEventStreamEventFlagItemRemoved) // 512
/Users/admin/builder/spi-builder-workspace/.dependencies/checkouts/Ocha/Sources/Ocha/EventSet.swift:26:56: error: cannot find 'kFSEventStreamEventFlagItemCreated' in scope
 24 |     public static let mount = EventSet(rawValue: kFSEventStreamEventFlagMount) // 64
 25 |     public static let unmount = EventSet(rawValue: kFSEventStreamEventFlagUnmount) // 128
 26 |     public static let itemCreated = EventSet(rawValue: kFSEventStreamEventFlagItemCreated) // 256
    |                                                        `- error: cannot find 'kFSEventStreamEventFlagItemCreated' in scope
 27 |     public static let itemRemoved = EventSet(rawValue: kFSEventStreamEventFlagItemRemoved) // 512
 28 |     public static let itemInodeMetaMod = EventSet(rawValue: kFSEventStreamEventFlagItemInodeMetaMod) // 1024
/Users/admin/builder/spi-builder-workspace/.dependencies/checkouts/Ocha/Sources/Ocha/EventSet.swift:27:56: error: cannot find 'kFSEventStreamEventFlagItemRemoved' in scope
 25 |     public static let unmount = EventSet(rawValue: kFSEventStreamEventFlagUnmount) // 128
 26 |     public static let itemCreated = EventSet(rawValue: kFSEventStreamEventFlagItemCreated) // 256
 27 |     public static let itemRemoved = EventSet(rawValue: kFSEventStreamEventFlagItemRemoved) // 512
    |                                                        `- error: cannot find 'kFSEventStreamEventFlagItemRemoved' in scope
 28 |     public static let itemInodeMetaMod = EventSet(rawValue: kFSEventStreamEventFlagItemInodeMetaMod) // 1024
 29 |     public static let itemRenamed = EventSet(rawValue: kFSEventStreamEventFlagItemRenamed) // 2048
/Users/admin/builder/spi-builder-workspace/.dependencies/checkouts/Ocha/Sources/Ocha/EventSet.swift:28:61: error: cannot find 'kFSEventStreamEventFlagItemInodeMetaMod' in scope
 26 |     public static let itemCreated = EventSet(rawValue: kFSEventStreamEventFlagItemCreated) // 256
 27 |     public static let itemRemoved = EventSet(rawValue: kFSEventStreamEventFlagItemRemoved) // 512
 28 |     public static let itemInodeMetaMod = EventSet(rawValue: kFSEventStreamEventFlagItemInodeMetaMod) // 1024
    |                                                             `- error: cannot find 'kFSEventStreamEventFlagItemInodeMetaMod' in scope
 29 |     public static let itemRenamed = EventSet(rawValue: kFSEventStreamEventFlagItemRenamed) // 2048
 30 |     public static let itemModified = EventSet(rawValue: kFSEventStreamEventFlagItemModified) // 4096
/Users/admin/builder/spi-builder-workspace/.dependencies/checkouts/Ocha/Sources/Ocha/EventSet.swift:29:56: error: cannot find 'kFSEventStreamEventFlagItemRenamed' in scope
 27 |     public static let itemRemoved = EventSet(rawValue: kFSEventStreamEventFlagItemRemoved) // 512
 28 |     public static let itemInodeMetaMod = EventSet(rawValue: kFSEventStreamEventFlagItemInodeMetaMod) // 1024
 29 |     public static let itemRenamed = EventSet(rawValue: kFSEventStreamEventFlagItemRenamed) // 2048
    |                                                        `- error: cannot find 'kFSEventStreamEventFlagItemRenamed' in scope
 30 |     public static let itemModified = EventSet(rawValue: kFSEventStreamEventFlagItemModified) // 4096
 31 |     public static let itemFinderInfoMod = EventSet(rawValue: kFSEventStreamEventFlagItemFinderInfoMod) // 8192
/Users/admin/builder/spi-builder-workspace/.dependencies/checkouts/Ocha/Sources/Ocha/EventSet.swift:30:57: error: cannot find 'kFSEventStreamEventFlagItemModified' in scope
 28 |     public static let itemInodeMetaMod = EventSet(rawValue: kFSEventStreamEventFlagItemInodeMetaMod) // 1024
 29 |     public static let itemRenamed = EventSet(rawValue: kFSEventStreamEventFlagItemRenamed) // 2048
 30 |     public static let itemModified = EventSet(rawValue: kFSEventStreamEventFlagItemModified) // 4096
    |                                                         `- error: cannot find 'kFSEventStreamEventFlagItemModified' in scope
 31 |     public static let itemFinderInfoMod = EventSet(rawValue: kFSEventStreamEventFlagItemFinderInfoMod) // 8192
 32 |     public static let itemChangeOwner = EventSet(rawValue: kFSEventStreamEventFlagItemChangeOwner) // 16384
/Users/admin/builder/spi-builder-workspace/.dependencies/checkouts/Ocha/Sources/Ocha/EventSet.swift:31:62: error: cannot find 'kFSEventStreamEventFlagItemFinderInfoMod' in scope
 29 |     public static let itemRenamed = EventSet(rawValue: kFSEventStreamEventFlagItemRenamed) // 2048
 30 |     public static let itemModified = EventSet(rawValue: kFSEventStreamEventFlagItemModified) // 4096
 31 |     public static let itemFinderInfoMod = EventSet(rawValue: kFSEventStreamEventFlagItemFinderInfoMod) // 8192
    |                                                              `- error: cannot find 'kFSEventStreamEventFlagItemFinderInfoMod' in scope
 32 |     public static let itemChangeOwner = EventSet(rawValue: kFSEventStreamEventFlagItemChangeOwner) // 16384
 33 |     public static let itemXattrMod = EventSet(rawValue: kFSEventStreamEventFlagItemXattrMod) // 32768
/Users/admin/builder/spi-builder-workspace/.dependencies/checkouts/Ocha/Sources/Ocha/EventSet.swift:32:60: error: cannot find 'kFSEventStreamEventFlagItemChangeOwner' in scope
 30 |     public static let itemModified = EventSet(rawValue: kFSEventStreamEventFlagItemModified) // 4096
 31 |     public static let itemFinderInfoMod = EventSet(rawValue: kFSEventStreamEventFlagItemFinderInfoMod) // 8192
 32 |     public static let itemChangeOwner = EventSet(rawValue: kFSEventStreamEventFlagItemChangeOwner) // 16384
    |                                                            `- error: cannot find 'kFSEventStreamEventFlagItemChangeOwner' in scope
 33 |     public static let itemXattrMod = EventSet(rawValue: kFSEventStreamEventFlagItemXattrMod) // 32768
 34 |     public static let itemIsFile = EventSet(rawValue: kFSEventStreamEventFlagItemIsFile) // 65536
/Users/admin/builder/spi-builder-workspace/.dependencies/checkouts/Ocha/Sources/Ocha/EventSet.swift:33:57: error: cannot find 'kFSEventStreamEventFlagItemXattrMod' in scope
 31 |     public static let itemFinderInfoMod = EventSet(rawValue: kFSEventStreamEventFlagItemFinderInfoMod) // 8192
 32 |     public static let itemChangeOwner = EventSet(rawValue: kFSEventStreamEventFlagItemChangeOwner) // 16384
 33 |     public static let itemXattrMod = EventSet(rawValue: kFSEventStreamEventFlagItemXattrMod) // 32768
    |                                                         `- error: cannot find 'kFSEventStreamEventFlagItemXattrMod' in scope
 34 |     public static let itemIsFile = EventSet(rawValue: kFSEventStreamEventFlagItemIsFile) // 65536
 35 |     public static let itemIsDir = EventSet(rawValue: kFSEventStreamEventFlagItemIsDir) // 131072
/Users/admin/builder/spi-builder-workspace/.dependencies/checkouts/Ocha/Sources/Ocha/EventSet.swift:34:55: error: cannot find 'kFSEventStreamEventFlagItemIsFile' in scope
 32 |     public static let itemChangeOwner = EventSet(rawValue: kFSEventStreamEventFlagItemChangeOwner) // 16384
 33 |     public static let itemXattrMod = EventSet(rawValue: kFSEventStreamEventFlagItemXattrMod) // 32768
 34 |     public static let itemIsFile = EventSet(rawValue: kFSEventStreamEventFlagItemIsFile) // 65536
    |                                                       `- error: cannot find 'kFSEventStreamEventFlagItemIsFile' in scope
 35 |     public static let itemIsDir = EventSet(rawValue: kFSEventStreamEventFlagItemIsDir) // 131072
 36 |     public static let itemIsSymlink = EventSet(rawValue: kFSEventStreamEventFlagItemIsSymlink) // 262144
/Users/admin/builder/spi-builder-workspace/.dependencies/checkouts/Ocha/Sources/Ocha/EventSet.swift:35:54: error: cannot find 'kFSEventStreamEventFlagItemIsDir' in scope
 33 |     public static let itemXattrMod = EventSet(rawValue: kFSEventStreamEventFlagItemXattrMod) // 32768
 34 |     public static let itemIsFile = EventSet(rawValue: kFSEventStreamEventFlagItemIsFile) // 65536
 35 |     public static let itemIsDir = EventSet(rawValue: kFSEventStreamEventFlagItemIsDir) // 131072
    |                                                      `- error: cannot find 'kFSEventStreamEventFlagItemIsDir' in scope
 36 |     public static let itemIsSymlink = EventSet(rawValue: kFSEventStreamEventFlagItemIsSymlink) // 262144
 37 |     public static let ownEvent = EventSet(rawValue: kFSEventStreamEventFlagOwnEvent) // 524288
/Users/admin/builder/spi-builder-workspace/.dependencies/checkouts/Ocha/Sources/Ocha/EventSet.swift:36:58: error: cannot find 'kFSEventStreamEventFlagItemIsSymlink' in scope
 34 |     public static let itemIsFile = EventSet(rawValue: kFSEventStreamEventFlagItemIsFile) // 65536
 35 |     public static let itemIsDir = EventSet(rawValue: kFSEventStreamEventFlagItemIsDir) // 131072
 36 |     public static let itemIsSymlink = EventSet(rawValue: kFSEventStreamEventFlagItemIsSymlink) // 262144
    |                                                          `- error: cannot find 'kFSEventStreamEventFlagItemIsSymlink' in scope
 37 |     public static let ownEvent = EventSet(rawValue: kFSEventStreamEventFlagOwnEvent) // 524288
 38 |     public static let itemIsHardlink = EventSet(rawValue: kFSEventStreamEventFlagItemIsHardlink) // 1048576
/Users/admin/builder/spi-builder-workspace/.dependencies/checkouts/Ocha/Sources/Ocha/EventSet.swift:37:53: error: cannot find 'kFSEventStreamEventFlagOwnEvent' in scope
 35 |     public static let itemIsDir = EventSet(rawValue: kFSEventStreamEventFlagItemIsDir) // 131072
 36 |     public static let itemIsSymlink = EventSet(rawValue: kFSEventStreamEventFlagItemIsSymlink) // 262144
 37 |     public static let ownEvent = EventSet(rawValue: kFSEventStreamEventFlagOwnEvent) // 524288
    |                                                     `- error: cannot find 'kFSEventStreamEventFlagOwnEvent' in scope
 38 |     public static let itemIsHardlink = EventSet(rawValue: kFSEventStreamEventFlagItemIsHardlink) // 1048576
 39 |     public static let itemIsLastHardlink = EventSet(rawValue: kFSEventStreamEventFlagItemIsLastHardlink) // 2097152
/Users/admin/builder/spi-builder-workspace/.dependencies/checkouts/Ocha/Sources/Ocha/EventSet.swift:38:59: error: cannot find 'kFSEventStreamEventFlagItemIsHardlink' in scope
 36 |     public static let itemIsSymlink = EventSet(rawValue: kFSEventStreamEventFlagItemIsSymlink) // 262144
 37 |     public static let ownEvent = EventSet(rawValue: kFSEventStreamEventFlagOwnEvent) // 524288
 38 |     public static let itemIsHardlink = EventSet(rawValue: kFSEventStreamEventFlagItemIsHardlink) // 1048576
    |                                                           `- error: cannot find 'kFSEventStreamEventFlagItemIsHardlink' in scope
 39 |     public static let itemIsLastHardlink = EventSet(rawValue: kFSEventStreamEventFlagItemIsLastHardlink) // 2097152
 40 |     @available(OSX 10.13, *)
/Users/admin/builder/spi-builder-workspace/.dependencies/checkouts/Ocha/Sources/Ocha/EventSet.swift:39:63: error: cannot find 'kFSEventStreamEventFlagItemIsLastHardlink' in scope
 37 |     public static let ownEvent = EventSet(rawValue: kFSEventStreamEventFlagOwnEvent) // 524288
 38 |     public static let itemIsHardlink = EventSet(rawValue: kFSEventStreamEventFlagItemIsHardlink) // 1048576
 39 |     public static let itemIsLastHardlink = EventSet(rawValue: kFSEventStreamEventFlagItemIsLastHardlink) // 2097152
    |                                                               `- error: cannot find 'kFSEventStreamEventFlagItemIsLastHardlink' in scope
 40 |     @available(OSX 10.13, *)
 41 |     public static let itemCloned = EventSet(rawValue: kFSEventStreamEventFlagItemCloned) // 4194304
SwiftCompile normal arm64_32 /Users/admin/builder/spi-builder-workspace/.dependencies/checkouts/Ocha/Sources/Ocha/EventSet.swift (in target 'Ocha' from project 'Ocha')
    cd /Users/admin/builder/spi-builder-workspace/.swiftpm/xcode
    builtin-SwiftPerFileCompile EventSet.swift
SwiftDriverJobDiscovery normal arm64_32 Compiling Group.swift (in target 'Commander' from project 'Commander')
SwiftCompile normal arm64_32 Compiling\ WatchingPathable.swift /Users/admin/builder/spi-builder-workspace/.dependencies/checkouts/Ocha/Sources/Ocha/WatchingPathable.swift (in target 'Ocha' from project 'Ocha')
SwiftCompile normal arm64_32 /Users/admin/builder/spi-builder-workspace/.dependencies/checkouts/Ocha/Sources/Ocha/WatchingPathable.swift (in target 'Ocha' from project 'Ocha')
    cd /Users/admin/builder/spi-builder-workspace/.swiftpm/xcode
    builtin-SwiftPerFileCompile WatchingPathable.swift
SwiftCompile normal arm64_32 Compiling\ Watcher.swift /Users/admin/builder/spi-builder-workspace/.dependencies/checkouts/Ocha/Sources/Ocha/Watcher.swift (in target 'Ocha' from project 'Ocha')
SwiftCompile normal arm64_32 /Users/admin/builder/spi-builder-workspace/.dependencies/checkouts/Ocha/Sources/Ocha/Watcher.swift (in target 'Ocha' from project 'Ocha')
    cd /Users/admin/builder/spi-builder-workspace/.swiftpm/xcode
    builtin-SwiftPerFileCompile Watcher.swift
PruneExplicitPrecompiledModules /Users/admin/builder/spi-builder-workspace/.derivedData/Build/Intermediates.noindex/SwiftExplicitPrecompiledModules
PruneExplicitPrecompiledModules /Users/admin/builder/spi-builder-workspace/.derivedData/SDKExplicitPrecompiledModules
PruneExplicitPrecompiledModules /Users/admin/builder/spi-builder-workspace/.derivedData/Build/Intermediates.noindex/ExplicitPrecompiledModules
2026-09-16 13:40:58.453 xcodebuild[1004:5690] [MT] IDERunDestination: Supported platforms for the buildables in the current scheme is empty.
** BUILD FAILED **
The following build commands failed:
	SwiftEmitModule normal arm64_32 Emitting\ module\ for\ Ocha (in target 'Ocha' from project 'Ocha')
	SwiftCompile normal arm64_32 (in target 'Ocha' from project 'Ocha')
	Building workspace Teapot with scheme Teapot
(3 failures)
Command line invocation:
    /Applications/Xcode-27.0.0-Release.Candidate.app/Contents/Developer/usr/bin/xcodebuild -IDEClonedSourcePackagesDirPathOverride=/Users/admin/builder/spi-builder-workspace/.dependencies -resolvePackageDependencies
Resolve Package Graph
the target name ragnarok has different case on the filesystem and the Package.swift manifest file
Resolved source packages:
  SwiftShell: https://github.com/kareman/SwiftShell.git @ 4.1.2
  SwiftSyntax: https://github.com/apple/swift-syntax.git @ 0.50700.1
  Yaml: https://github.com/behrang/YamlSwift.git @ 3.4.4
  Ocha: https://github.com/bannzai/Ocha.git @ 1.1.0
  PathKit: https://github.com/kylef/PathKit.git @ 0.9.2
  Commander: https://github.com/kylef/Commander.git @ 0.9.1
  Teapot: /Users/admin/builder/spi-builder-workspace
  Spectre: https://github.com/kylef/Spectre.git @ 0.9.2
  Ragnarok: https://github.com/bannzai/Ragnarok.git @ 1.0.2
resolved source packages: SwiftShell, SwiftSyntax, Yaml, Ocha, PathKit, Commander, Teapot, Spectre, Ragnarok
2026-09-16 13:41:06.236 xcodebuild[1217:6708] [MT] IDERunDestination: Supported platforms for the buildables in the current scheme is empty.
{
  "dependencies" : [
    {
      "identity" : "swiftshell",
      "requirement" : {
        "range" : [
          {
            "lower_bound" : "4.1.2",
            "upper_bound" : "5.0.0"
          }
        ]
      },
      "type" : "sourceControl",
      "url" : "https://github.com/kareman/SwiftShell.git"
    },
    {
      "identity" : "pathkit",
      "requirement" : {
        "range" : [
          {
            "lower_bound" : "0.9.2",
            "upper_bound" : "1.0.0"
          }
        ]
      },
      "type" : "sourceControl",
      "url" : "https://github.com/kylef/PathKit.git"
    },
    {
      "identity" : "yamlswift",
      "requirement" : {
        "range" : [
          {
            "lower_bound" : "3.4.0",
            "upper_bound" : "4.0.0"
          }
        ]
      },
      "type" : "sourceControl",
      "url" : "https://github.com/behrang/YamlSwift.git"
    },
    {
      "identity" : "ocha",
      "requirement" : {
        "range" : [
          {
            "lower_bound" : "1.1.0",
            "upper_bound" : "2.0.0"
          }
        ]
      },
      "type" : "sourceControl",
      "url" : "https://github.com/bannzai/Ocha.git"
    },
    {
      "identity" : "commander",
      "requirement" : {
        "range" : [
          {
            "lower_bound" : "0.8.0",
            "upper_bound" : "1.0.0"
          }
        ]
      },
      "type" : "sourceControl",
      "url" : "https://github.com/kylef/Commander.git"
    }
  ],
  "manifest_display_name" : "Teapot",
  "name" : "Teapot",
  "path" : "/Users/admin/builder/spi-builder-workspace",
  "platforms" : [
  ],
  "products" : [
    {
      "name" : "Teapot",
      "targets" : [
        "Teapot"
      ],
      "type" : {
        "executable" : null
      }
    }
  ],
  "targets" : [
    {
      "c99name" : "TeapotCoreTests",
      "module_type" : "SwiftTarget",
      "name" : "TeapotCoreTests",
      "path" : "Tests/TeapotCoreTests",
      "product_dependencies" : [
        "Ocha"
      ],
      "sources" : [
        "Mock.swift",
        "StartTests.swift"
      ],
      "target_dependencies" : [
        "TeapotCore"
      ],
      "type" : "test"
    },
    {
      "c99name" : "TeapotCore",
      "module_type" : "SwiftTarget",
      "name" : "TeapotCore",
      "path" : "Sources/TeapotCore",
      "product_dependencies" : [
        "Ocha",
        "SwiftShell",
        "PathKit",
        "Yaml"
      ],
      "product_memberships" : [
        "Teapot"
      ],
      "sources" : [
        "Collector/Collector.swift",
        "Collector/FilePathCollector.swift",
        "Executor/Executor.swift",
        "Executor/TeapotCommandExecutor.swift",
        "Extractor/Extractor.swift",
        "Extractor/FilePathExtractor.swift",
        "Reader/ConfigReader.swift",
        "Reader/Glob.swift",
        "Reader/YamlReadError.swift",
        "Reader/YamlReader.swift",
        "Runner.swift",
        "Setup.swift",
        "Structure/Alias.swift",
        "Translator/ConfigurationTranslator.swift",
        "Translator/Translator.swift",
        "Watcher/Watcher.swift"
      ],
      "type" : "library"
    },
    {
      "c99name" : "Teapot",
      "module_type" : "SwiftTarget",
      "name" : "Teapot",
      "path" : "Sources/Teapot",
      "product_dependencies" : [
        "Commander"
      ],
      "product_memberships" : [
        "Teapot"
      ],
      "sources" : [
        "main.swift"
      ],
      "target_dependencies" : [
        "TeapotCore"
      ],
      "type" : "executable"
    }
  ],
  "tools_version" : "5.0"
}
{
  "workspace" : {
    "name" : "Teapot",
    "schemes" : [
      "Teapot"
    ]
  }
}
2026-09-16 13:41:07.696 xcodebuild[1226:6791] [MT] IDERunDestination: Supported platforms for the buildables in the current scheme is empty.
Running build ...
env DEVELOPER_DIR=/Applications/Xcode-27.0.0-Release.Candidate.app xcrun xcodebuild -IDEClonedSourcePackagesDirPathOverride=$PWD/.dependencies -skipMacroValidation -skipPackagePluginValidation -derivedDataPath $PWD/.derivedData build -scheme Teapot -destination generic/platform=watchOS
Command line invocation:
    /Applications/Xcode-27.0.0-Release.Candidate.app/Contents/Developer/usr/bin/xcodebuild -IDEClonedSourcePackagesDirPathOverride=/Users/admin/builder/spi-builder-workspace/.dependencies -skipMacroValidation -skipPackagePluginValidation -derivedDataPath /Users/admin/builder/spi-builder-workspace/.derivedData build -scheme Teapot -destination generic/platform=watchOS
Resolve Package Graph
the target name ragnarok has different case on the filesystem and the Package.swift manifest file
Resolved source packages:
  Teapot: /Users/admin/builder/spi-builder-workspace
  SwiftShell: https://github.com/kareman/SwiftShell.git @ 4.1.2
  Spectre: https://github.com/kylef/Spectre.git @ 0.9.2
  Ragnarok: https://github.com/bannzai/Ragnarok.git @ 1.0.2
  PathKit: https://github.com/kylef/PathKit.git @ 0.9.2
  SwiftSyntax: https://github.com/apple/swift-syntax.git @ 0.50700.1
  Ocha: https://github.com/bannzai/Ocha.git @ 1.1.0
  Yaml: https://github.com/behrang/YamlSwift.git @ 3.4.4
  Commander: https://github.com/kylef/Commander.git @ 0.9.1
ComputePackagePrebuildTargetDependencyGraph
Prepare packages
CreateBuildRequest
SendProjectDescription
CreateBuildOperation
ComputeTargetDependencyGraph
note: Building targets in dependency order
note: Target dependency graph (12 targets)
    Target 'Teapot-product' in project 'Teapot'
        ➜ Explicit dependency on target 'TeapotCore' in project 'Teapot'
        ➜ Explicit dependency on target 'Ocha-product' in project 'Ocha'
        ➜ Explicit dependency on target 'SwiftShell-product' in project 'SwiftShell'
        ➜ Explicit dependency on target 'PathKit-product' in project 'PathKit'
        ➜ Explicit dependency on target 'Yaml-product' in project 'Yaml'
        ➜ Explicit dependency on target 'Commander-product' in project 'Commander'
    Target 'Commander-product' in project 'Commander'
        ➜ Explicit dependency on target 'Commander' in project 'Commander'
    Target 'Commander' in project 'Commander' (no dependencies)
    Target 'TeapotCore' in project 'Teapot'
        ➜ Explicit dependency on target 'Ocha-product' in project 'Ocha'
        ➜ Explicit dependency on target 'SwiftShell-product' in project 'SwiftShell'
        ➜ Explicit dependency on target 'PathKit-product' in project 'PathKit'
        ➜ Explicit dependency on target 'Yaml-product' in project 'Yaml'
    Target 'Yaml-product' in project 'Yaml'
        ➜ Explicit dependency on target 'Yaml' in project 'Yaml'
    Target 'Yaml' in project 'Yaml' (no dependencies)
    Target 'PathKit-product' in project 'PathKit'
        ➜ Explicit dependency on target 'PathKit' in project 'PathKit'
    Target 'PathKit' in project 'PathKit' (no dependencies)
    Target 'SwiftShell-product' in project 'SwiftShell'
        ➜ Explicit dependency on target 'SwiftShell' in project 'SwiftShell'
    Target 'SwiftShell' in project 'SwiftShell' (no dependencies)
    Target 'Ocha-product' in project 'Ocha'
        ➜ Explicit dependency on target 'Ocha' in project 'Ocha'
    Target 'Ocha' in project 'Ocha' (no dependencies)
GatherProvisioningInputs
CreateBuildDescription
ClangStatCache /Applications/Xcode-27.0.0-Release.Candidate.app/Contents/Developer/Toolchains/XcodeDefault.xctoolchain/usr/bin/clang-stat-cache /Applications/Xcode-27.0.0-Release.Candidate.app/Contents/Developer/Platforms/WatchOS.platform/Developer/SDKs/WatchOS27.0.sdk /Users/admin/builder/spi-builder-workspace/.derivedData/SDKStatCaches.noindex/watchos27.0-24R360-e829b21a6f8c9b70876ba0858053c04477534ef55a1706bf4c1112bbb242f0a2.sdkstatcache
    cd /Users/admin/builder/spi-builder-workspace/.swiftpm/xcode
    /Applications/Xcode-27.0.0-Release.Candidate.app/Contents/Developer/Toolchains/XcodeDefault.xctoolchain/usr/bin/clang-stat-cache /Applications/Xcode-27.0.0-Release.Candidate.app/Contents/Developer/Platforms/WatchOS.platform/Developer/SDKs/WatchOS27.0.sdk -o /Users/admin/builder/spi-builder-workspace/.derivedData/SDKStatCaches.noindex/watchos27.0-24R360-e829b21a6f8c9b70876ba0858053c04477534ef55a1706bf4c1112bbb242f0a2.sdkstatcache
ExtractAppIntentsMetadata (in target 'Yaml' from project 'Yaml')
    cd /Users/admin/builder/spi-builder-workspace/.dependencies/checkouts/YamlSwift
    /Applications/Xcode-27.0.0-Release.Candidate.app/Contents/Developer/Toolchains/XcodeDefault.xctoolchain/usr/bin/appintentsmetadataprocessor --toolchain-dir /var/run/com.apple.security.cryptexd/mnt/com.apple.MobileAsset.MetalToolchain-v27.1.266.1.YbVAQ7/Metal.xctoolchain --module-name Yaml --sdk-root /Applications/Xcode-27.0.0-Release.Candidate.app/Contents/Developer/Platforms/WatchOS.platform/Developer/SDKs/WatchOS27.0.sdk --xcode-version 27A266a --platform-family watchOS --deployment-target 9.0 --bundle-identifier yamlswift.Yaml --output /Users/admin/builder/spi-builder-workspace/.derivedData/Build/Products/Debug-watchos/Yaml.appintents --target-triple arm64-apple-watchos9.0 --target-triple arm64_32-apple-watchos9.0 --binary-file /Users/admin/builder/spi-builder-workspace/.derivedData/Build/Products/Debug-watchos/Yaml.o --dependency-file /Users/admin/builder/spi-builder-workspace/.derivedData/Build/Intermediates.noindex/Yaml.build/Debug-watchos/Yaml-t.build/Objects-normal/arm64/Yaml_dependency_info.dat --dependency-file /Users/admin/builder/spi-builder-workspace/.derivedData/Build/Intermediates.noindex/Yaml.build/Debug-watchos/Yaml-t.build/Objects-normal/arm64_32/Yaml_dependency_info.dat --stringsdata-file /Users/admin/builder/spi-builder-workspace/.derivedData/Build/Intermediates.noindex/Yaml.build/Debug-watchos/Yaml-t.build/Objects-normal/arm64/ExtractedAppShortcutsMetadata.stringsdata --stringsdata-file /Users/admin/builder/spi-builder-workspace/.derivedData/Build/Intermediates.noindex/Yaml.build/Debug-watchos/Yaml-t.build/Objects-normal/arm64_32/ExtractedAppShortcutsMetadata.stringsdata --source-file-list /Users/admin/builder/spi-builder-workspace/.derivedData/Build/Intermediates.noindex/Yaml.build/Debug-watchos/Yaml-t.build/Objects-normal/arm64/Yaml.SwiftFileList --source-file-list /Users/admin/builder/spi-builder-workspace/.derivedData/Build/Intermediates.noindex/Yaml.build/Debug-watchos/Yaml-t.build/Objects-normal/arm64_32/Yaml.SwiftFileList --metadata-file-list /Users/admin/builder/spi-builder-workspace/.derivedData/Build/Intermediates.noindex/Yaml.build/Debug-watchos/Yaml-t.build/Yaml.DependencyMetadataFileList --static-metadata-file-list /Users/admin/builder/spi-builder-workspace/.derivedData/Build/Intermediates.noindex/Yaml.build/Debug-watchos/Yaml-t.build/Yaml.DependencyStaticMetadataFileList --swift-const-vals-list /Users/admin/builder/spi-builder-workspace/.derivedData/Build/Intermediates.noindex/Yaml.build/Debug-watchos/Yaml-t.build/Objects-normal/arm64/Yaml.SwiftConstValuesFileList --swift-const-vals-list /Users/admin/builder/spi-builder-workspace/.derivedData/Build/Intermediates.noindex/Yaml.build/Debug-watchos/Yaml-t.build/Objects-normal/arm64_32/Yaml.SwiftConstValuesFileList --force --compile-time-extraction --deployment-aware-processing --no-app-shortcuts-localization
2026-09-16 13:41:09.853 appintentsmetadataprocessor[1233:6874] Starting appintentsmetadataprocessor export
2026-09-16 13:41:09.926 appintentsmetadataprocessor[1233:6874] Extracted no relevant App Intents symbols, skipping writing output
ExtractAppIntentsMetadata (in target 'SwiftShell' from project 'SwiftShell')
    cd /Users/admin/builder/spi-builder-workspace/.dependencies/checkouts/SwiftShell
    /Applications/Xcode-27.0.0-Release.Candidate.app/Contents/Developer/Toolchains/XcodeDefault.xctoolchain/usr/bin/appintentsmetadataprocessor --toolchain-dir /var/run/com.apple.security.cryptexd/mnt/com.apple.MobileAsset.MetalToolchain-v27.1.266.1.YbVAQ7/Metal.xctoolchain --module-name SwiftShell --sdk-root /Applications/Xcode-27.0.0-Release.Candidate.app/Contents/Developer/Platforms/WatchOS.platform/Developer/SDKs/WatchOS27.0.sdk --xcode-version 27A266a --platform-family watchOS --deployment-target 9.0 --bundle-identifier swiftshell.SwiftShell --output /Users/admin/builder/spi-builder-workspace/.derivedData/Build/Products/Debug-watchos/SwiftShell.appintents --target-triple arm64-apple-watchos9.0 --target-triple arm64_32-apple-watchos9.0 --binary-file /Users/admin/builder/spi-builder-workspace/.derivedData/Build/Products/Debug-watchos/SwiftShell.o --dependency-file /Users/admin/builder/spi-builder-workspace/.derivedData/Build/Intermediates.noindex/SwiftShell.build/Debug-watchos/SwiftShell-t.build/Objects-normal/arm64/SwiftShell_dependency_info.dat --dependency-file /Users/admin/builder/spi-builder-workspace/.derivedData/Build/Intermediates.noindex/SwiftShell.build/Debug-watchos/SwiftShell-t.build/Objects-normal/arm64_32/SwiftShell_dependency_info.dat --stringsdata-file /Users/admin/builder/spi-builder-workspace/.derivedData/Build/Intermediates.noindex/SwiftShell.build/Debug-watchos/SwiftShell-t.build/Objects-normal/arm64/ExtractedAppShortcutsMetadata.stringsdata --stringsdata-file /Users/admin/builder/spi-builder-workspace/.derivedData/Build/Intermediates.noindex/SwiftShell.build/Debug-watchos/SwiftShell-t.build/Objects-normal/arm64_32/ExtractedAppShortcutsMetadata.stringsdata --source-file-list /Users/admin/builder/spi-builder-workspace/.derivedData/Build/Intermediates.noindex/SwiftShell.build/Debug-watchos/SwiftShell-t.build/Objects-normal/arm64/SwiftShell.SwiftFileList --source-file-list /Users/admin/builder/spi-builder-workspace/.derivedData/Build/Intermediates.noindex/SwiftShell.build/Debug-watchos/SwiftShell-t.build/Objects-normal/arm64_32/SwiftShell.SwiftFileList --metadata-file-list /Users/admin/builder/spi-builder-workspace/.derivedData/Build/Intermediates.noindex/SwiftShell.build/Debug-watchos/SwiftShell-t.build/SwiftShell.DependencyMetadataFileList --static-metadata-file-list /Users/admin/builder/spi-builder-workspace/.derivedData/Build/Intermediates.noindex/SwiftShell.build/Debug-watchos/SwiftShell-t.build/SwiftShell.DependencyStaticMetadataFileList --swift-const-vals-list /Users/admin/builder/spi-builder-workspace/.derivedData/Build/Intermediates.noindex/SwiftShell.build/Debug-watchos/SwiftShell-t.build/Objects-normal/arm64/SwiftShell.SwiftConstValuesFileList --swift-const-vals-list /Users/admin/builder/spi-builder-workspace/.derivedData/Build/Intermediates.noindex/SwiftShell.build/Debug-watchos/SwiftShell-t.build/Objects-normal/arm64_32/SwiftShell.SwiftConstValuesFileList --force --compile-time-extraction --deployment-aware-processing --no-app-shortcuts-localization
2026-09-16 13:41:09.853 appintentsmetadataprocessor[1232:6873] Starting appintentsmetadataprocessor export
2026-09-16 13:41:09.923 appintentsmetadataprocessor[1232:6873] Extracted no relevant App Intents symbols, skipping writing output
SwiftDriver Ocha normal arm64_32 com.apple.xcode.tools.swift.compiler (in target 'Ocha' from project 'Ocha')
    cd /Users/admin/builder/spi-builder-workspace/.swiftpm/xcode
    builtin-SwiftDriver -- /Applications/Xcode-27.0.0-Release.Candidate.app/Contents/Developer/Toolchains/XcodeDefault.xctoolchain/usr/bin/swiftc -parse-as-library -module-name Ocha -Onone @/Users/admin/builder/spi-builder-workspace/.derivedData/Build/Intermediates.noindex/Ocha.build/Debug-watchos/Ocha-t.build/Objects-normal/arm64_32/Ocha.SwiftFileList -DSWIFT_PACKAGE -DDEBUG -DSWIFT_MODULE_RESOURCE_BUNDLE_UNAVAILABLE -DXcode -plugin-path /Applications/Xcode-27.0.0-Release.Candidate.app/Contents/Developer/Toolchains/XcodeDefault.xctoolchain/usr/lib/swift/host/plugins/testing -enable-experimental-feature DebugDescriptionMacro -sdk /Applications/Xcode-27.0.0-Release.Candidate.app/Contents/Developer/Platforms/WatchOS.platform/Developer/SDKs/WatchOS27.0.sdk -target arm64_32-apple-watchos9.0 -g -module-cache-path /Users/admin/builder/spi-builder-workspace/.derivedData/ModuleCache.noindex -Xfrontend -serialize-debugging-options -profile-coverage-mapping -profile-generate -enable-testing -suppress-warnings -index-store-path /Users/admin/builder/spi-builder-workspace/.derivedData/Index.noindex/DataStore -Xcc -D_LIBCPP_HARDENING_MODE\=_LIBCPP_HARDENING_MODE_DEBUG -swift-version 5 -I /Users/admin/builder/spi-builder-workspace/.derivedData/Build/Products/Debug-watchos -Isystem /Applications/Xcode-27.0.0-Release.Candidate.app/Contents/Developer/Platforms/WatchOS.platform/Developer/usr/lib -F /Users/admin/builder/spi-builder-workspace/.derivedData/Build/Products/Debug-watchos -F /Applications/Xcode-27.0.0-Release.Candidate.app/Contents/Developer/Platforms/WatchOS.platform/Developer/Library/Frameworks -F /Applications/Xcode-27.0.0-Release.Candidate.app/Contents/Developer/Platforms/WatchOS.platform/Developer/SDKs/WatchOS27.0.sdk/Developer/Library/Frameworks -c -j10 -enable-batch-mode -incremental -Xcc -ivfsstatcache -Xcc /Users/admin/builder/spi-builder-workspace/.derivedData/SDKStatCaches.noindex/watchos27.0-24R360-e829b21a6f8c9b70876ba0858053c04477534ef55a1706bf4c1112bbb242f0a2.sdkstatcache -output-file-map /Users/admin/builder/spi-builder-workspace/.derivedData/Build/Intermediates.noindex/Ocha.build/Debug-watchos/Ocha-t.build/Objects-normal/arm64_32/Ocha-OutputFileMap.json -save-temps -no-color-diagnostics -explicit-module-build -module-cache-path /Users/admin/builder/spi-builder-workspace/.derivedData/Build/Intermediates.noindex/SwiftExplicitPrecompiledModules -clang-scanner-module-cache-path /Users/admin/builder/spi-builder-workspace/.derivedData/ModuleCache.noindex -sdk-module-cache-path /Users/admin/builder/spi-builder-workspace/.derivedData/SDKExplicitPrecompiledModules -emit-dependencies -emit-module -emit-module-path /Users/admin/builder/spi-builder-workspace/.derivedData/Build/Intermediates.noindex/Ocha.build/Debug-watchos/Ocha-t.build/Objects-normal/arm64_32/Ocha.swiftmodule -serialize-diagnostics -dependency-scan-serialize-diagnostics-path /Users/admin/builder/spi-builder-workspace/.derivedData/Build/Intermediates.noindex/Ocha.build/Debug-watchos/Ocha-t.build/Objects-normal/arm64_32/Ocha-dependency-scan.dia -validate-clang-modules-once -clang-build-session-file /Users/admin/builder/spi-builder-workspace/.derivedData/ModuleCache.noindex/Session.modulevalidation -Xcc -fmodules-prune-interval\=86400 -Xcc -fmodules-prune-after\=345600 -emit-const-values -const-gather-protocols-list /Users/admin/builder/spi-builder-workspace/.derivedData/Build/Intermediates.noindex/Ocha.build/Debug-watchos/Ocha-t.build/Objects-normal/arm64_32/Ocha_const_extract_protocols.json -Xcc -I/Users/admin/builder/spi-builder-workspace/.derivedData/Build/Products/Debug-watchos/include -Xcc -I/Users/admin/builder/spi-builder-workspace/.derivedData/Build/Intermediates.noindex/Ocha.build/Debug-watchos/Ocha-t.build/DerivedSources-normal/arm64_32 -Xcc -I/Users/admin/builder/spi-builder-workspace/.derivedData/Build/Intermediates.noindex/Ocha.build/Debug-watchos/Ocha-t.build/DerivedSources/arm64_32 -Xcc -I/Users/admin/builder/spi-builder-workspace/.derivedData/Build/Intermediates.noindex/Ocha.build/Debug-watchos/Ocha-t.build/DerivedSources -Xcc -DSWIFT_PACKAGE -Xcc -DDEBUG\=1 -emit-objc-header -emit-objc-header-path /Users/admin/builder/spi-builder-workspace/.derivedData/Build/Intermediates.noindex/Ocha.build/Debug-watchos/Ocha-t.build/Objects-normal/arm64_32/Ocha-Swift.h -working-directory /Users/admin/builder/spi-builder-workspace/.swiftpm/xcode -experimental-emit-module-separately -disable-cmo
SwiftDriver Commander normal arm64_32 com.apple.xcode.tools.swift.compiler (in target 'Commander' from project 'Commander')
    cd /Users/admin/builder/spi-builder-workspace/.swiftpm/xcode
    builtin-SwiftDriver -- /Applications/Xcode-27.0.0-Release.Candidate.app/Contents/Developer/Toolchains/XcodeDefault.xctoolchain/usr/bin/swiftc -parse-as-library -module-name Commander -Onone @/Users/admin/builder/spi-builder-workspace/.derivedData/Build/Intermediates.noindex/Commander.build/Debug-watchos/Commander-t.build/Objects-normal/arm64_32/Commander.SwiftFileList -DSWIFT_PACKAGE -DDEBUG -DSWIFT_MODULE_RESOURCE_BUNDLE_UNAVAILABLE -DXcode -plugin-path /Applications/Xcode-27.0.0-Release.Candidate.app/Contents/Developer/Toolchains/XcodeDefault.xctoolchain/usr/lib/swift/host/plugins/testing -enable-experimental-feature DebugDescriptionMacro -sdk /Applications/Xcode-27.0.0-Release.Candidate.app/Contents/Developer/Platforms/WatchOS.platform/Developer/SDKs/WatchOS27.0.sdk -target arm64_32-apple-watchos9.0 -g -module-cache-path /Users/admin/builder/spi-builder-workspace/.derivedData/ModuleCache.noindex -Xfrontend -serialize-debugging-options -profile-coverage-mapping -profile-generate -enable-testing -suppress-warnings -index-store-path /Users/admin/builder/spi-builder-workspace/.derivedData/Index.noindex/DataStore -Xcc -D_LIBCPP_HARDENING_MODE\=_LIBCPP_HARDENING_MODE_DEBUG -swift-version 4 -I /Users/admin/builder/spi-builder-workspace/.derivedData/Build/Products/Debug-watchos -Isystem /Applications/Xcode-27.0.0-Release.Candidate.app/Contents/Developer/Platforms/WatchOS.platform/Developer/usr/lib -F /Users/admin/builder/spi-builder-workspace/.derivedData/Build/Products/Debug-watchos -F /Applications/Xcode-27.0.0-Release.Candidate.app/Contents/Developer/Platforms/WatchOS.platform/Developer/Library/Frameworks -F /Applications/Xcode-27.0.0-Release.Candidate.app/Contents/Developer/Platforms/WatchOS.platform/Developer/SDKs/WatchOS27.0.sdk/Developer/Library/Frameworks -c -j10 -enable-batch-mode -incremental -Xcc -ivfsstatcache -Xcc /Users/admin/builder/spi-builder-workspace/.derivedData/SDKStatCaches.noindex/watchos27.0-24R360-e829b21a6f8c9b70876ba0858053c04477534ef55a1706bf4c1112bbb242f0a2.sdkstatcache -output-file-map /Users/admin/builder/spi-builder-workspace/.derivedData/Build/Intermediates.noindex/Commander.build/Debug-watchos/Commander-t.build/Objects-normal/arm64_32/Commander-OutputFileMap.json -save-temps -no-color-diagnostics -emit-dependencies -emit-module -emit-module-path /Users/admin/builder/spi-builder-workspace/.derivedData/Build/Intermediates.noindex/Commander.build/Debug-watchos/Commander-t.build/Objects-normal/arm64_32/Commander.swiftmodule -serialize-diagnostics -validate-clang-modules-once -clang-build-session-file /Users/admin/builder/spi-builder-workspace/.derivedData/ModuleCache.noindex/Session.modulevalidation -Xcc -fmodules-prune-interval\=86400 -Xcc -fmodules-prune-after\=345600 -emit-const-values -const-gather-protocols-list /Users/admin/builder/spi-builder-workspace/.derivedData/Build/Intermediates.noindex/Commander.build/Debug-watchos/Commander-t.build/Objects-normal/arm64_32/Commander_const_extract_protocols.json -Xcc -I/Users/admin/builder/spi-builder-workspace/.derivedData/Build/Products/Debug-watchos/include -Xcc -I/Users/admin/builder/spi-builder-workspace/.derivedData/Build/Intermediates.noindex/Commander.build/Debug-watchos/Commander-t.build/DerivedSources-normal/arm64_32 -Xcc -I/Users/admin/builder/spi-builder-workspace/.derivedData/Build/Intermediates.noindex/Commander.build/Debug-watchos/Commander-t.build/DerivedSources/arm64_32 -Xcc -I/Users/admin/builder/spi-builder-workspace/.derivedData/Build/Intermediates.noindex/Commander.build/Debug-watchos/Commander-t.build/DerivedSources -Xcc -DSWIFT_PACKAGE -Xcc -DDEBUG\=1 -emit-objc-header -emit-objc-header-path /Users/admin/builder/spi-builder-workspace/.derivedData/Build/Intermediates.noindex/Commander.build/Debug-watchos/Commander-t.build/Objects-normal/arm64_32/Commander-Swift.h -working-directory /Users/admin/builder/spi-builder-workspace/.swiftpm/xcode -experimental-emit-module-separately -disable-cmo
SwiftDriver Ocha normal arm64 com.apple.xcode.tools.swift.compiler (in target 'Ocha' from project 'Ocha')
    cd /Users/admin/builder/spi-builder-workspace/.swiftpm/xcode
    builtin-SwiftDriver -- /Applications/Xcode-27.0.0-Release.Candidate.app/Contents/Developer/Toolchains/XcodeDefault.xctoolchain/usr/bin/swiftc -parse-as-library -module-name Ocha -Onone @/Users/admin/builder/spi-builder-workspace/.derivedData/Build/Intermediates.noindex/Ocha.build/Debug-watchos/Ocha-t.build/Objects-normal/arm64/Ocha.SwiftFileList -DSWIFT_PACKAGE -DDEBUG -DSWIFT_MODULE_RESOURCE_BUNDLE_UNAVAILABLE -DXcode -plugin-path /Applications/Xcode-27.0.0-Release.Candidate.app/Contents/Developer/Toolchains/XcodeDefault.xctoolchain/usr/lib/swift/host/plugins/testing -enable-experimental-feature DebugDescriptionMacro -sdk /Applications/Xcode-27.0.0-Release.Candidate.app/Contents/Developer/Platforms/WatchOS.platform/Developer/SDKs/WatchOS27.0.sdk -target arm64-apple-watchos9.0 -g -module-cache-path /Users/admin/builder/spi-builder-workspace/.derivedData/ModuleCache.noindex -Xfrontend -serialize-debugging-options -profile-coverage-mapping -profile-generate -enable-testing -suppress-warnings -index-store-path /Users/admin/builder/spi-builder-workspace/.derivedData/Index.noindex/DataStore -Xcc -D_LIBCPP_HARDENING_MODE\=_LIBCPP_HARDENING_MODE_DEBUG -swift-version 5 -I /Users/admin/builder/spi-builder-workspace/.derivedData/Build/Products/Debug-watchos -Isystem /Applications/Xcode-27.0.0-Release.Candidate.app/Contents/Developer/Platforms/WatchOS.platform/Developer/usr/lib -F /Users/admin/builder/spi-builder-workspace/.derivedData/Build/Products/Debug-watchos -F /Applications/Xcode-27.0.0-Release.Candidate.app/Contents/Developer/Platforms/WatchOS.platform/Developer/Library/Frameworks -F /Applications/Xcode-27.0.0-Release.Candidate.app/Contents/Developer/Platforms/WatchOS.platform/Developer/SDKs/WatchOS27.0.sdk/Developer/Library/Frameworks -c -j10 -enable-batch-mode -incremental -Xcc -ivfsstatcache -Xcc /Users/admin/builder/spi-builder-workspace/.derivedData/SDKStatCaches.noindex/watchos27.0-24R360-e829b21a6f8c9b70876ba0858053c04477534ef55a1706bf4c1112bbb242f0a2.sdkstatcache -output-file-map /Users/admin/builder/spi-builder-workspace/.derivedData/Build/Intermediates.noindex/Ocha.build/Debug-watchos/Ocha-t.build/Objects-normal/arm64/Ocha-OutputFileMap.json -save-temps -no-color-diagnostics -explicit-module-build -module-cache-path /Users/admin/builder/spi-builder-workspace/.derivedData/Build/Intermediates.noindex/SwiftExplicitPrecompiledModules -clang-scanner-module-cache-path /Users/admin/builder/spi-builder-workspace/.derivedData/ModuleCache.noindex -sdk-module-cache-path /Users/admin/builder/spi-builder-workspace/.derivedData/SDKExplicitPrecompiledModules -emit-dependencies -emit-module -emit-module-path /Users/admin/builder/spi-builder-workspace/.derivedData/Build/Intermediates.noindex/Ocha.build/Debug-watchos/Ocha-t.build/Objects-normal/arm64/Ocha.swiftmodule -serialize-diagnostics -dependency-scan-serialize-diagnostics-path /Users/admin/builder/spi-builder-workspace/.derivedData/Build/Intermediates.noindex/Ocha.build/Debug-watchos/Ocha-t.build/Objects-normal/arm64/Ocha-dependency-scan.dia -validate-clang-modules-once -clang-build-session-file /Users/admin/builder/spi-builder-workspace/.derivedData/ModuleCache.noindex/Session.modulevalidation -Xcc -fmodules-prune-interval\=86400 -Xcc -fmodules-prune-after\=345600 -emit-const-values -const-gather-protocols-list /Users/admin/builder/spi-builder-workspace/.derivedData/Build/Intermediates.noindex/Ocha.build/Debug-watchos/Ocha-t.build/Objects-normal/arm64/Ocha_const_extract_protocols.json -Xcc -I/Users/admin/builder/spi-builder-workspace/.derivedData/Build/Products/Debug-watchos/include -Xcc -I/Users/admin/builder/spi-builder-workspace/.derivedData/Build/Intermediates.noindex/Ocha.build/Debug-watchos/Ocha-t.build/DerivedSources-normal/arm64 -Xcc -I/Users/admin/builder/spi-builder-workspace/.derivedData/Build/Intermediates.noindex/Ocha.build/Debug-watchos/Ocha-t.build/DerivedSources/arm64 -Xcc -I/Users/admin/builder/spi-builder-workspace/.derivedData/Build/Intermediates.noindex/Ocha.build/Debug-watchos/Ocha-t.build/DerivedSources -Xcc -DSWIFT_PACKAGE -Xcc -DDEBUG\=1 -emit-objc-header -emit-objc-header-path /Users/admin/builder/spi-builder-workspace/.derivedData/Build/Intermediates.noindex/Ocha.build/Debug-watchos/Ocha-t.build/Objects-normal/arm64/Ocha-Swift.h -working-directory /Users/admin/builder/spi-builder-workspace/.swiftpm/xcode -experimental-emit-module-separately -disable-cmo
SwiftDriver Commander normal arm64 com.apple.xcode.tools.swift.compiler (in target 'Commander' from project 'Commander')
    cd /Users/admin/builder/spi-builder-workspace/.swiftpm/xcode
    builtin-SwiftDriver -- /Applications/Xcode-27.0.0-Release.Candidate.app/Contents/Developer/Toolchains/XcodeDefault.xctoolchain/usr/bin/swiftc -parse-as-library -module-name Commander -Onone @/Users/admin/builder/spi-builder-workspace/.derivedData/Build/Intermediates.noindex/Commander.build/Debug-watchos/Commander-t.build/Objects-normal/arm64/Commander.SwiftFileList -DSWIFT_PACKAGE -DDEBUG -DSWIFT_MODULE_RESOURCE_BUNDLE_UNAVAILABLE -DXcode -plugin-path /Applications/Xcode-27.0.0-Release.Candidate.app/Contents/Developer/Toolchains/XcodeDefault.xctoolchain/usr/lib/swift/host/plugins/testing -enable-experimental-feature DebugDescriptionMacro -sdk /Applications/Xcode-27.0.0-Release.Candidate.app/Contents/Developer/Platforms/WatchOS.platform/Developer/SDKs/WatchOS27.0.sdk -target arm64-apple-watchos9.0 -g -module-cache-path /Users/admin/builder/spi-builder-workspace/.derivedData/ModuleCache.noindex -Xfrontend -serialize-debugging-options -profile-coverage-mapping -profile-generate -enable-testing -suppress-warnings -index-store-path /Users/admin/builder/spi-builder-workspace/.derivedData/Index.noindex/DataStore -Xcc -D_LIBCPP_HARDENING_MODE\=_LIBCPP_HARDENING_MODE_DEBUG -swift-version 4 -I /Users/admin/builder/spi-builder-workspace/.derivedData/Build/Products/Debug-watchos -Isystem /Applications/Xcode-27.0.0-Release.Candidate.app/Contents/Developer/Platforms/WatchOS.platform/Developer/usr/lib -F /Users/admin/builder/spi-builder-workspace/.derivedData/Build/Products/Debug-watchos -F /Applications/Xcode-27.0.0-Release.Candidate.app/Contents/Developer/Platforms/WatchOS.platform/Developer/Library/Frameworks -F /Applications/Xcode-27.0.0-Release.Candidate.app/Contents/Developer/Platforms/WatchOS.platform/Developer/SDKs/WatchOS27.0.sdk/Developer/Library/Frameworks -c -j10 -enable-batch-mode -incremental -Xcc -ivfsstatcache -Xcc /Users/admin/builder/spi-builder-workspace/.derivedData/SDKStatCaches.noindex/watchos27.0-24R360-e829b21a6f8c9b70876ba0858053c04477534ef55a1706bf4c1112bbb242f0a2.sdkstatcache -output-file-map /Users/admin/builder/spi-builder-workspace/.derivedData/Build/Intermediates.noindex/Commander.build/Debug-watchos/Commander-t.build/Objects-normal/arm64/Commander-OutputFileMap.json -save-temps -no-color-diagnostics -emit-dependencies -emit-module -emit-module-path /Users/admin/builder/spi-builder-workspace/.derivedData/Build/Intermediates.noindex/Commander.build/Debug-watchos/Commander-t.build/Objects-normal/arm64/Commander.swiftmodule -serialize-diagnostics -validate-clang-modules-once -clang-build-session-file /Users/admin/builder/spi-builder-workspace/.derivedData/ModuleCache.noindex/Session.modulevalidation -Xcc -fmodules-prune-interval\=86400 -Xcc -fmodules-prune-after\=345600 -emit-const-values -const-gather-protocols-list /Users/admin/builder/spi-builder-workspace/.derivedData/Build/Intermediates.noindex/Commander.build/Debug-watchos/Commander-t.build/Objects-normal/arm64/Commander_const_extract_protocols.json -Xcc -I/Users/admin/builder/spi-builder-workspace/.derivedData/Build/Products/Debug-watchos/include -Xcc -I/Users/admin/builder/spi-builder-workspace/.derivedData/Build/Intermediates.noindex/Commander.build/Debug-watchos/Commander-t.build/DerivedSources-normal/arm64 -Xcc -I/Users/admin/builder/spi-builder-workspace/.derivedData/Build/Intermediates.noindex/Commander.build/Debug-watchos/Commander-t.build/DerivedSources/arm64 -Xcc -I/Users/admin/builder/spi-builder-workspace/.derivedData/Build/Intermediates.noindex/Commander.build/Debug-watchos/Commander-t.build/DerivedSources -Xcc -DSWIFT_PACKAGE -Xcc -DDEBUG\=1 -emit-objc-header -emit-objc-header-path /Users/admin/builder/spi-builder-workspace/.derivedData/Build/Intermediates.noindex/Commander.build/Debug-watchos/Commander-t.build/Objects-normal/arm64/Commander-Swift.h -working-directory /Users/admin/builder/spi-builder-workspace/.swiftpm/xcode -experimental-emit-module-separately -disable-cmo
ExtractAppIntentsMetadata (in target 'PathKit' from project 'PathKit')
    cd /Users/admin/builder/spi-builder-workspace/.dependencies/checkouts/PathKit
    /Applications/Xcode-27.0.0-Release.Candidate.app/Contents/Developer/Toolchains/XcodeDefault.xctoolchain/usr/bin/appintentsmetadataprocessor --toolchain-dir /var/run/com.apple.security.cryptexd/mnt/com.apple.MobileAsset.MetalToolchain-v27.1.266.1.YbVAQ7/Metal.xctoolchain --module-name PathKit --sdk-root /Applications/Xcode-27.0.0-Release.Candidate.app/Contents/Developer/Platforms/WatchOS.platform/Developer/SDKs/WatchOS27.0.sdk --xcode-version 27A266a --platform-family watchOS --deployment-target 9.0 --bundle-identifier pathkit.PathKit --output /Users/admin/builder/spi-builder-workspace/.derivedData/Build/Products/Debug-watchos/PathKit.appintents --target-triple arm64-apple-watchos9.0 --target-triple arm64_32-apple-watchos9.0 --binary-file /Users/admin/builder/spi-builder-workspace/.derivedData/Build/Products/Debug-watchos/PathKit.o --dependency-file /Users/admin/builder/spi-builder-workspace/.derivedData/Build/Intermediates.noindex/PathKit.build/Debug-watchos/PathKit-t.build/Objects-normal/arm64/PathKit_dependency_info.dat --dependency-file /Users/admin/builder/spi-builder-workspace/.derivedData/Build/Intermediates.noindex/PathKit.build/Debug-watchos/PathKit-t.build/Objects-normal/arm64_32/PathKit_dependency_info.dat --stringsdata-file /Users/admin/builder/spi-builder-workspace/.derivedData/Build/Intermediates.noindex/PathKit.build/Debug-watchos/PathKit-t.build/Objects-normal/arm64/ExtractedAppShortcutsMetadata.stringsdata --stringsdata-file /Users/admin/builder/spi-builder-workspace/.derivedData/Build/Intermediates.noindex/PathKit.build/Debug-watchos/PathKit-t.build/Objects-normal/arm64_32/ExtractedAppShortcutsMetadata.stringsdata --source-file-list /Users/admin/builder/spi-builder-workspace/.derivedData/Build/Intermediates.noindex/PathKit.build/Debug-watchos/PathKit-t.build/Objects-normal/arm64/PathKit.SwiftFileList --source-file-list /Users/admin/builder/spi-builder-workspace/.derivedData/Build/Intermediates.noindex/PathKit.build/Debug-watchos/PathKit-t.build/Objects-normal/arm64_32/PathKit.SwiftFileList --metadata-file-list /Users/admin/builder/spi-builder-workspace/.derivedData/Build/Intermediates.noindex/PathKit.build/Debug-watchos/PathKit-t.build/PathKit.DependencyMetadataFileList --static-metadata-file-list /Users/admin/builder/spi-builder-workspace/.derivedData/Build/Intermediates.noindex/PathKit.build/Debug-watchos/PathKit-t.build/PathKit.DependencyStaticMetadataFileList --swift-const-vals-list /Users/admin/builder/spi-builder-workspace/.derivedData/Build/Intermediates.noindex/PathKit.build/Debug-watchos/PathKit-t.build/Objects-normal/arm64/PathKit.SwiftConstValuesFileList --swift-const-vals-list /Users/admin/builder/spi-builder-workspace/.derivedData/Build/Intermediates.noindex/PathKit.build/Debug-watchos/PathKit-t.build/Objects-normal/arm64_32/PathKit.SwiftConstValuesFileList --force --compile-time-extraction --deployment-aware-processing --no-app-shortcuts-localization
2026-09-16 13:41:09.853 appintentsmetadataprocessor[1234:6875] Starting appintentsmetadataprocessor export
2026-09-16 13:41:09.924 appintentsmetadataprocessor[1234:6875] Extracted no relevant App Intents symbols, skipping writing output
SwiftCompile normal arm64 Compiling\ ArgumentDescription.swift /Users/admin/builder/spi-builder-workspace/.dependencies/checkouts/Commander/Sources/Commander/ArgumentDescription.swift (in target 'Commander' from project 'Commander')
SwiftCompile normal arm64 /Users/admin/builder/spi-builder-workspace/.dependencies/checkouts/Commander/Sources/Commander/ArgumentDescription.swift (in target 'Commander' from project 'Commander')
    cd /Users/admin/builder/spi-builder-workspace/.swiftpm/xcode
    builtin-SwiftPerFileCompile ArgumentDescription.swift
SwiftEmitModule normal arm64 Emitting\ module\ for\ Commander (in target 'Commander' from project 'Commander')
SwiftCompile normal arm64 (in target 'Commander' from project 'Commander')
    cd /Users/admin/builder/spi-builder-workspace/.swiftpm/xcode

SwiftCompile normal arm64 Compiling\ Commands.swift /Users/admin/builder/spi-builder-workspace/.dependencies/checkouts/Commander/Sources/Commander/Commands.swift (in target 'Commander' from project 'Commander')
SwiftCompile normal arm64 /Users/admin/builder/spi-builder-workspace/.dependencies/checkouts/Commander/Sources/Commander/Commands.swift (in target 'Commander' from project 'Commander')
    cd /Users/admin/builder/spi-builder-workspace/.swiftpm/xcode
    builtin-SwiftPerFileCompile Commands.swift
SwiftEmitModule normal arm64_32 Emitting\ module\ for\ Commander (in target 'Commander' from project 'Commander')
SwiftCompile normal arm64_32 (in target 'Commander' from project 'Commander')
    cd /Users/admin/builder/spi-builder-workspace/.swiftpm/xcode

SwiftCompile normal arm64_32 Compiling\ Commands.swift /Users/admin/builder/spi-builder-workspace/.dependencies/checkouts/Commander/Sources/Commander/Commands.swift (in target 'Commander' from project 'Commander')
SwiftCompile normal arm64_32 /Users/admin/builder/spi-builder-workspace/.dependencies/checkouts/Commander/Sources/Commander/Commands.swift (in target 'Commander' from project 'Commander')
    cd /Users/admin/builder/spi-builder-workspace/.swiftpm/xcode
    builtin-SwiftPerFileCompile Commands.swift
SwiftEmitModule normal arm64_32 Emitting\ module\ for\ Ocha (in target 'Ocha' from project 'Ocha')
/Users/admin/builder/spi-builder-workspace/.dependencies/checkouts/Ocha/Sources/Ocha/EventSet.swift:17:49: error: cannot find 'kFSEventStreamEventFlagNone' in scope
 15 |     }
 16 |
 17 |     public static let none = EventSet(rawValue: kFSEventStreamEventFlagNone) // 0
    |                                                 `- error: cannot find 'kFSEventStreamEventFlagNone' in scope
 18 |     public static let mustScanSubDirs = EventSet(rawValue: kFSEventStreamEventFlagMustScanSubDirs) // 1
 19 |     public static let userDropped = EventSet(rawValue: kFSEventStreamEventFlagUserDropped) // 2
/Users/admin/builder/spi-builder-workspace/.dependencies/checkouts/Ocha/Sources/Ocha/EventSet.swift:18:60: error: cannot find 'kFSEventStreamEventFlagMustScanSubDirs' in scope
 16 |
 17 |     public static let none = EventSet(rawValue: kFSEventStreamEventFlagNone) // 0
 18 |     public static let mustScanSubDirs = EventSet(rawValue: kFSEventStreamEventFlagMustScanSubDirs) // 1
    |                                                            `- error: cannot find 'kFSEventStreamEventFlagMustScanSubDirs' in scope
 19 |     public static let userDropped = EventSet(rawValue: kFSEventStreamEventFlagUserDropped) // 2
 20 |     public static let kernelDropped = EventSet(rawValue: kFSEventStreamEventFlagKernelDropped) // 4
/Users/admin/builder/spi-builder-workspace/.dependencies/checkouts/Ocha/Sources/Ocha/EventSet.swift:19:56: error: cannot find 'kFSEventStreamEventFlagUserDropped' in scope
 17 |     public static let none = EventSet(rawValue: kFSEventStreamEventFlagNone) // 0
 18 |     public static let mustScanSubDirs = EventSet(rawValue: kFSEventStreamEventFlagMustScanSubDirs) // 1
 19 |     public static let userDropped = EventSet(rawValue: kFSEventStreamEventFlagUserDropped) // 2
    |                                                        `- error: cannot find 'kFSEventStreamEventFlagUserDropped' in scope
 20 |     public static let kernelDropped = EventSet(rawValue: kFSEventStreamEventFlagKernelDropped) // 4
 21 |     public static let eventIdsWrapped = EventSet(rawValue: kFSEventStreamEventFlagEventIdsWrapped) // 8
/Users/admin/builder/spi-builder-workspace/.dependencies/checkouts/Ocha/Sources/Ocha/EventSet.swift:20:58: error: cannot find 'kFSEventStreamEventFlagKernelDropped' in scope
 18 |     public static let mustScanSubDirs = EventSet(rawValue: kFSEventStreamEventFlagMustScanSubDirs) // 1
 19 |     public static let userDropped = EventSet(rawValue: kFSEventStreamEventFlagUserDropped) // 2
 20 |     public static let kernelDropped = EventSet(rawValue: kFSEventStreamEventFlagKernelDropped) // 4
    |                                                          `- error: cannot find 'kFSEventStreamEventFlagKernelDropped' in scope
 21 |     public static let eventIdsWrapped = EventSet(rawValue: kFSEventStreamEventFlagEventIdsWrapped) // 8
 22 |     public static let historyDone = EventSet(rawValue: kFSEventStreamEventFlagHistoryDone) // 16
/Users/admin/builder/spi-builder-workspace/.dependencies/checkouts/Ocha/Sources/Ocha/EventSet.swift:21:60: error: cannot find 'kFSEventStreamEventFlagEventIdsWrapped' in scope
 19 |     public static let userDropped = EventSet(rawValue: kFSEventStreamEventFlagUserDropped) // 2
 20 |     public static let kernelDropped = EventSet(rawValue: kFSEventStreamEventFlagKernelDropped) // 4
 21 |     public static let eventIdsWrapped = EventSet(rawValue: kFSEventStreamEventFlagEventIdsWrapped) // 8
    |                                                            `- error: cannot find 'kFSEventStreamEventFlagEventIdsWrapped' in scope
 22 |     public static let historyDone = EventSet(rawValue: kFSEventStreamEventFlagHistoryDone) // 16
 23 |     public static let rootChanged = EventSet(rawValue: kFSEventStreamEventFlagRootChanged) // 32
/Users/admin/builder/spi-builder-workspace/.dependencies/checkouts/Ocha/Sources/Ocha/EventSet.swift:22:56: error: cannot find 'kFSEventStreamEventFlagHistoryDone' in scope
 20 |     public static let kernelDropped = EventSet(rawValue: kFSEventStreamEventFlagKernelDropped) // 4
 21 |     public static let eventIdsWrapped = EventSet(rawValue: kFSEventStreamEventFlagEventIdsWrapped) // 8
 22 |     public static let historyDone = EventSet(rawValue: kFSEventStreamEventFlagHistoryDone) // 16
    |                                                        `- error: cannot find 'kFSEventStreamEventFlagHistoryDone' in scope
 23 |     public static let rootChanged = EventSet(rawValue: kFSEventStreamEventFlagRootChanged) // 32
 24 |     public static let mount = EventSet(rawValue: kFSEventStreamEventFlagMount) // 64
/Users/admin/builder/spi-builder-workspace/.dependencies/checkouts/Ocha/Sources/Ocha/EventSet.swift:23:56: error: cannot find 'kFSEventStreamEventFlagRootChanged' in scope
 21 |     public static let eventIdsWrapped = EventSet(rawValue: kFSEventStreamEventFlagEventIdsWrapped) // 8
 22 |     public static let historyDone = EventSet(rawValue: kFSEventStreamEventFlagHistoryDone) // 16
 23 |     public static let rootChanged = EventSet(rawValue: kFSEventStreamEventFlagRootChanged) // 32
    |                                                        `- error: cannot find 'kFSEventStreamEventFlagRootChanged' in scope
 24 |     public static let mount = EventSet(rawValue: kFSEventStreamEventFlagMount) // 64
 25 |     public static let unmount = EventSet(rawValue: kFSEventStreamEventFlagUnmount) // 128
/Users/admin/builder/spi-builder-workspace/.dependencies/checkouts/Ocha/Sources/Ocha/EventSet.swift:24:50: error: cannot find 'kFSEventStreamEventFlagMount' in scope
 22 |     public static let historyDone = EventSet(rawValue: kFSEventStreamEventFlagHistoryDone) // 16
 23 |     public static let rootChanged = EventSet(rawValue: kFSEventStreamEventFlagRootChanged) // 32
 24 |     public static let mount = EventSet(rawValue: kFSEventStreamEventFlagMount) // 64
    |                                                  `- error: cannot find 'kFSEventStreamEventFlagMount' in scope
 25 |     public static let unmount = EventSet(rawValue: kFSEventStreamEventFlagUnmount) // 128
 26 |     public static let itemCreated = EventSet(rawValue: kFSEventStreamEventFlagItemCreated) // 256
/Users/admin/builder/spi-builder-workspace/.dependencies/checkouts/Ocha/Sources/Ocha/EventSet.swift:25:52: error: cannot find 'kFSEventStreamEventFlagUnmount' in scope
 23 |     public static let rootChanged = EventSet(rawValue: kFSEventStreamEventFlagRootChanged) // 32
 24 |     public static let mount = EventSet(rawValue: kFSEventStreamEventFlagMount) // 64
 25 |     public static let unmount = EventSet(rawValue: kFSEventStreamEventFlagUnmount) // 128
    |                                                    `- error: cannot find 'kFSEventStreamEventFlagUnmount' in scope
 26 |     public static let itemCreated = EventSet(rawValue: kFSEventStreamEventFlagItemCreated) // 256
 27 |     public static let itemRemoved = EventSet(rawValue: kFSEventStreamEventFlagItemRemoved) // 512
/Users/admin/builder/spi-builder-workspace/.dependencies/checkouts/Ocha/Sources/Ocha/EventSet.swift:26:56: error: cannot find 'kFSEventStreamEventFlagItemCreated' in scope
 24 |     public static let mount = EventSet(rawValue: kFSEventStreamEventFlagMount) // 64
 25 |     public static let unmount = EventSet(rawValue: kFSEventStreamEventFlagUnmount) // 128
 26 |     public static let itemCreated = EventSet(rawValue: kFSEventStreamEventFlagItemCreated) // 256
    |                                                        `- error: cannot find 'kFSEventStreamEventFlagItemCreated' in scope
 27 |     public static let itemRemoved = EventSet(rawValue: kFSEventStreamEventFlagItemRemoved) // 512
 28 |     public static let itemInodeMetaMod = EventSet(rawValue: kFSEventStreamEventFlagItemInodeMetaMod) // 1024
/Users/admin/builder/spi-builder-workspace/.dependencies/checkouts/Ocha/Sources/Ocha/EventSet.swift:27:56: error: cannot find 'kFSEventStreamEventFlagItemRemoved' in scope
 25 |     public static let unmount = EventSet(rawValue: kFSEventStreamEventFlagUnmount) // 128
 26 |     public static let itemCreated = EventSet(rawValue: kFSEventStreamEventFlagItemCreated) // 256
 27 |     public static let itemRemoved = EventSet(rawValue: kFSEventStreamEventFlagItemRemoved) // 512
    |                                                        `- error: cannot find 'kFSEventStreamEventFlagItemRemoved' in scope
 28 |     public static let itemInodeMetaMod = EventSet(rawValue: kFSEventStreamEventFlagItemInodeMetaMod) // 1024
 29 |     public static let itemRenamed = EventSet(rawValue: kFSEventStreamEventFlagItemRenamed) // 2048
/Users/admin/builder/spi-builder-workspace/.dependencies/checkouts/Ocha/Sources/Ocha/EventSet.swift:28:61: error: cannot find 'kFSEventStreamEventFlagItemInodeMetaMod' in scope
 26 |     public static let itemCreated = EventSet(rawValue: kFSEventStreamEventFlagItemCreated) // 256
 27 |     public static let itemRemoved = EventSet(rawValue: kFSEventStreamEventFlagItemRemoved) // 512
 28 |     public static let itemInodeMetaMod = EventSet(rawValue: kFSEventStreamEventFlagItemInodeMetaMod) // 1024
    |                                                             `- error: cannot find 'kFSEventStreamEventFlagItemInodeMetaMod' in scope
 29 |     public static let itemRenamed = EventSet(rawValue: kFSEventStreamEventFlagItemRenamed) // 2048
 30 |     public static let itemModified = EventSet(rawValue: kFSEventStreamEventFlagItemModified) // 4096
/Users/admin/builder/spi-builder-workspace/.dependencies/checkouts/Ocha/Sources/Ocha/EventSet.swift:29:56: error: cannot find 'kFSEventStreamEventFlagItemRenamed' in scope
 27 |     public static let itemRemoved = EventSet(rawValue: kFSEventStreamEventFlagItemRemoved) // 512
 28 |     public static let itemInodeMetaMod = EventSet(rawValue: kFSEventStreamEventFlagItemInodeMetaMod) // 1024
 29 |     public static let itemRenamed = EventSet(rawValue: kFSEventStreamEventFlagItemRenamed) // 2048
    |                                                        `- error: cannot find 'kFSEventStreamEventFlagItemRenamed' in scope
 30 |     public static let itemModified = EventSet(rawValue: kFSEventStreamEventFlagItemModified) // 4096
 31 |     public static let itemFinderInfoMod = EventSet(rawValue: kFSEventStreamEventFlagItemFinderInfoMod) // 8192
/Users/admin/builder/spi-builder-workspace/.dependencies/checkouts/Ocha/Sources/Ocha/EventSet.swift:30:57: error: cannot find 'kFSEventStreamEventFlagItemModified' in scope
 28 |     public static let itemInodeMetaMod = EventSet(rawValue: kFSEventStreamEventFlagItemInodeMetaMod) // 1024
 29 |     public static let itemRenamed = EventSet(rawValue: kFSEventStreamEventFlagItemRenamed) // 2048
 30 |     public static let itemModified = EventSet(rawValue: kFSEventStreamEventFlagItemModified) // 4096
    |                                                         `- error: cannot find 'kFSEventStreamEventFlagItemModified' in scope
 31 |     public static let itemFinderInfoMod = EventSet(rawValue: kFSEventStreamEventFlagItemFinderInfoMod) // 8192
 32 |     public static let itemChangeOwner = EventSet(rawValue: kFSEventStreamEventFlagItemChangeOwner) // 16384
/Users/admin/builder/spi-builder-workspace/.dependencies/checkouts/Ocha/Sources/Ocha/EventSet.swift:31:62: error: cannot find 'kFSEventStreamEventFlagItemFinderInfoMod' in scope
 29 |     public static let itemRenamed = EventSet(rawValue: kFSEventStreamEventFlagItemRenamed) // 2048
 30 |     public static let itemModified = EventSet(rawValue: kFSEventStreamEventFlagItemModified) // 4096
 31 |     public static let itemFinderInfoMod = EventSet(rawValue: kFSEventStreamEventFlagItemFinderInfoMod) // 8192
    |                                                              `- error: cannot find 'kFSEventStreamEventFlagItemFinderInfoMod' in scope
 32 |     public static let itemChangeOwner = EventSet(rawValue: kFSEventStreamEventFlagItemChangeOwner) // 16384
 33 |     public static let itemXattrMod = EventSet(rawValue: kFSEventStreamEventFlagItemXattrMod) // 32768
/Users/admin/builder/spi-builder-workspace/.dependencies/checkouts/Ocha/Sources/Ocha/EventSet.swift:32:60: error: cannot find 'kFSEventStreamEventFlagItemChangeOwner' in scope
 30 |     public static let itemModified = EventSet(rawValue: kFSEventStreamEventFlagItemModified) // 4096
 31 |     public static let itemFinderInfoMod = EventSet(rawValue: kFSEventStreamEventFlagItemFinderInfoMod) // 8192
 32 |     public static let itemChangeOwner = EventSet(rawValue: kFSEventStreamEventFlagItemChangeOwner) // 16384
    |                                                            `- error: cannot find 'kFSEventStreamEventFlagItemChangeOwner' in scope
 33 |     public static let itemXattrMod = EventSet(rawValue: kFSEventStreamEventFlagItemXattrMod) // 32768
 34 |     public static let itemIsFile = EventSet(rawValue: kFSEventStreamEventFlagItemIsFile) // 65536
/Users/admin/builder/spi-builder-workspace/.dependencies/checkouts/Ocha/Sources/Ocha/EventSet.swift:33:57: error: cannot find 'kFSEventStreamEventFlagItemXattrMod' in scope
 31 |     public static let itemFinderInfoMod = EventSet(rawValue: kFSEventStreamEventFlagItemFinderInfoMod) // 8192
 32 |     public static let itemChangeOwner = EventSet(rawValue: kFSEventStreamEventFlagItemChangeOwner) // 16384
 33 |     public static let itemXattrMod = EventSet(rawValue: kFSEventStreamEventFlagItemXattrMod) // 32768
    |                                                         `- error: cannot find 'kFSEventStreamEventFlagItemXattrMod' in scope
 34 |     public static let itemIsFile = EventSet(rawValue: kFSEventStreamEventFlagItemIsFile) // 65536
 35 |     public static let itemIsDir = EventSet(rawValue: kFSEventStreamEventFlagItemIsDir) // 131072
/Users/admin/builder/spi-builder-workspace/.dependencies/checkouts/Ocha/Sources/Ocha/EventSet.swift:34:55: error: cannot find 'kFSEventStreamEventFlagItemIsFile' in scope
 32 |     public static let itemChangeOwner = EventSet(rawValue: kFSEventStreamEventFlagItemChangeOwner) // 16384
 33 |     public static let itemXattrMod = EventSet(rawValue: kFSEventStreamEventFlagItemXattrMod) // 32768
 34 |     public static let itemIsFile = EventSet(rawValue: kFSEventStreamEventFlagItemIsFile) // 65536
    |                                                       `- error: cannot find 'kFSEventStreamEventFlagItemIsFile' in scope
 35 |     public static let itemIsDir = EventSet(rawValue: kFSEventStreamEventFlagItemIsDir) // 131072
 36 |     public static let itemIsSymlink = EventSet(rawValue: kFSEventStreamEventFlagItemIsSymlink) // 262144
/Users/admin/builder/spi-builder-workspace/.dependencies/checkouts/Ocha/Sources/Ocha/EventSet.swift:35:54: error: cannot find 'kFSEventStreamEventFlagItemIsDir' in scope
 33 |     public static let itemXattrMod = EventSet(rawValue: kFSEventStreamEventFlagItemXattrMod) // 32768
 34 |     public static let itemIsFile = EventSet(rawValue: kFSEventStreamEventFlagItemIsFile) // 65536
 35 |     public static let itemIsDir = EventSet(rawValue: kFSEventStreamEventFlagItemIsDir) // 131072
    |                                                      `- error: cannot find 'kFSEventStreamEventFlagItemIsDir' in scope
 36 |     public static let itemIsSymlink = EventSet(rawValue: kFSEventStreamEventFlagItemIsSymlink) // 262144
 37 |     public static let ownEvent = EventSet(rawValue: kFSEventStreamEventFlagOwnEvent) // 524288
/Users/admin/builder/spi-builder-workspace/.dependencies/checkouts/Ocha/Sources/Ocha/EventSet.swift:36:58: error: cannot find 'kFSEventStreamEventFlagItemIsSymlink' in scope
 34 |     public static let itemIsFile = EventSet(rawValue: kFSEventStreamEventFlagItemIsFile) // 65536
 35 |     public static let itemIsDir = EventSet(rawValue: kFSEventStreamEventFlagItemIsDir) // 131072
 36 |     public static let itemIsSymlink = EventSet(rawValue: kFSEventStreamEventFlagItemIsSymlink) // 262144
    |                                                          `- error: cannot find 'kFSEventStreamEventFlagItemIsSymlink' in scope
 37 |     public static let ownEvent = EventSet(rawValue: kFSEventStreamEventFlagOwnEvent) // 524288
 38 |     public static let itemIsHardlink = EventSet(rawValue: kFSEventStreamEventFlagItemIsHardlink) // 1048576
/Users/admin/builder/spi-builder-workspace/.dependencies/checkouts/Ocha/Sources/Ocha/EventSet.swift:37:53: error: cannot find 'kFSEventStreamEventFlagOwnEvent' in scope
 35 |     public static let itemIsDir = EventSet(rawValue: kFSEventStreamEventFlagItemIsDir) // 131072
 36 |     public static let itemIsSymlink = EventSet(rawValue: kFSEventStreamEventFlagItemIsSymlink) // 262144
 37 |     public static let ownEvent = EventSet(rawValue: kFSEventStreamEventFlagOwnEvent) // 524288
    |                                                     `- error: cannot find 'kFSEventStreamEventFlagOwnEvent' in scope
 38 |     public static let itemIsHardlink = EventSet(rawValue: kFSEventStreamEventFlagItemIsHardlink) // 1048576
 39 |     public static let itemIsLastHardlink = EventSet(rawValue: kFSEventStreamEventFlagItemIsLastHardlink) // 2097152
/Users/admin/builder/spi-builder-workspace/.dependencies/checkouts/Ocha/Sources/Ocha/EventSet.swift:38:59: error: cannot find 'kFSEventStreamEventFlagItemIsHardlink' in scope
 36 |     public static let itemIsSymlink = EventSet(rawValue: kFSEventStreamEventFlagItemIsSymlink) // 262144
 37 |     public static let ownEvent = EventSet(rawValue: kFSEventStreamEventFlagOwnEvent) // 524288
 38 |     public static let itemIsHardlink = EventSet(rawValue: kFSEventStreamEventFlagItemIsHardlink) // 1048576
    |                                                           `- error: cannot find 'kFSEventStreamEventFlagItemIsHardlink' in scope
 39 |     public static let itemIsLastHardlink = EventSet(rawValue: kFSEventStreamEventFlagItemIsLastHardlink) // 2097152
 40 |     @available(OSX 10.13, *)
/Users/admin/builder/spi-builder-workspace/.dependencies/checkouts/Ocha/Sources/Ocha/EventSet.swift:39:63: error: cannot find 'kFSEventStreamEventFlagItemIsLastHardlink' in scope
 37 |     public static let ownEvent = EventSet(rawValue: kFSEventStreamEventFlagOwnEvent) // 524288
 38 |     public static let itemIsHardlink = EventSet(rawValue: kFSEventStreamEventFlagItemIsHardlink) // 1048576
 39 |     public static let itemIsLastHardlink = EventSet(rawValue: kFSEventStreamEventFlagItemIsLastHardlink) // 2097152
    |                                                               `- error: cannot find 'kFSEventStreamEventFlagItemIsLastHardlink' in scope
 40 |     @available(OSX 10.13, *)
 41 |     public static let itemCloned = EventSet(rawValue: kFSEventStreamEventFlagItemCloned) // 4194304
/Users/admin/builder/spi-builder-workspace/.dependencies/checkouts/Ocha/Sources/Ocha/EventSet.swift:41:55: error: cannot find 'kFSEventStreamEventFlagItemCloned' in scope
 39 |     public static let itemIsLastHardlink = EventSet(rawValue: kFSEventStreamEventFlagItemIsLastHardlink) // 2097152
 40 |     @available(OSX 10.13, *)
 41 |     public static let itemCloned = EventSet(rawValue: kFSEventStreamEventFlagItemCloned) // 4194304
    |                                                       `- error: cannot find 'kFSEventStreamEventFlagItemCloned' in scope
 42 |
 43 |     public static let xcodeFileAddedFirstEventSet: EventSet = [.itemCreated, .itemRenamed, .itemModified, .itemXattrMod, .itemIsFile]
/Users/admin/builder/spi-builder-workspace/.dependencies/checkouts/Ocha/Sources/Ocha/Watcher.swift:14:32: error: cannot find 'FSEventStreamContext' in scope
12 |         return UnsafeMutableRawPointer(mutating: Unmanaged.passUnretained(self).toOpaque())
13 |     }
14 |     private lazy var context = FSEventStreamContext(version: 0, info: pointer, retain: nil, release: nil, copyDescription: nil)
   |                                `- error: cannot find 'FSEventStreamContext' in scope
15 |     private lazy var stream: FSEventStreamRef = {
16 |         let stream = FSEventStreamCreate(
/Users/admin/builder/spi-builder-workspace/.dependencies/checkouts/Ocha/Sources/Ocha/Watcher.swift:15:30: error: cannot find type 'FSEventStreamRef' in scope
13 |     }
14 |     private lazy var context = FSEventStreamContext(version: 0, info: pointer, retain: nil, release: nil, copyDescription: nil)
15 |     private lazy var stream: FSEventStreamRef = {
   |                              `- error: cannot find type 'FSEventStreamRef' in scope
16 |         let stream = FSEventStreamCreate(
17 |             kCFAllocatorDefault,
/Users/admin/builder/spi-builder-workspace/.dependencies/checkouts/Ocha/Sources/Ocha/Watcher.swift:16:22: error: cannot find 'FSEventStreamCreate' in scope
14 |     private lazy var context = FSEventStreamContext(version: 0, info: pointer, retain: nil, release: nil, copyDescription: nil)
15 |     private lazy var stream: FSEventStreamRef = {
16 |         let stream = FSEventStreamCreate(
   |                      `- error: cannot find 'FSEventStreamCreate' in scope
17 |             kCFAllocatorDefault,
18 |             _callback,
/Users/admin/builder/spi-builder-workspace/.dependencies/checkouts/Ocha/Sources/Ocha/Watcher.swift:21:13: error: cannot find 'FSEventStreamEventId' in scope
19 |             &context,
20 |             paths as CFArray,
21 |             FSEventStreamEventId(kFSEventStreamEventIdSinceNow),
   |             `- error: cannot find 'FSEventStreamEventId' in scope
22 |             0,
23 |             UInt32(kFSEventStreamCreateFlagUseCFTypes | kFSEventStreamCreateFlagFileEvents)
/Users/admin/builder/spi-builder-workspace/.dependencies/checkouts/Ocha/Sources/Ocha/Watcher.swift:21:34: error: cannot find 'kFSEventStreamEventIdSinceNow' in scope
19 |             &context,
20 |             paths as CFArray,
21 |             FSEventStreamEventId(kFSEventStreamEventIdSinceNow),
   |                                  `- error: cannot find 'kFSEventStreamEventIdSinceNow' in scope
22 |             0,
23 |             UInt32(kFSEventStreamCreateFlagUseCFTypes | kFSEventStreamCreateFlagFileEvents)
/Users/admin/builder/spi-builder-workspace/.dependencies/checkouts/Ocha/Sources/Ocha/Watcher.swift:23:20: error: cannot find 'kFSEventStreamCreateFlagUseCFTypes' in scope
21 |             FSEventStreamEventId(kFSEventStreamEventIdSinceNow),
22 |             0,
23 |             UInt32(kFSEventStreamCreateFlagUseCFTypes | kFSEventStreamCreateFlagFileEvents)
   |                    `- error: cannot find 'kFSEventStreamCreateFlagUseCFTypes' in scope
24 |             )!
25 |         return stream
/Users/admin/builder/spi-builder-workspace/.dependencies/checkouts/Ocha/Sources/Ocha/Watcher.swift:23:57: error: cannot find 'kFSEventStreamCreateFlagFileEvents' in scope
21 |             FSEventStreamEventId(kFSEventStreamEventIdSinceNow),
22 |             0,
23 |             UInt32(kFSEventStreamCreateFlagUseCFTypes | kFSEventStreamCreateFlagFileEvents)
   |                                                         `- error: cannot find 'kFSEventStreamCreateFlagFileEvents' in scope
24 |             )!
25 |         return stream
/Users/admin/builder/spi-builder-workspace/.dependencies/checkouts/Ocha/Sources/Ocha/Watcher.swift:35:28: error: cannot find type 'FSEventStreamCallback' in scope
33 |     }
34 |
35 |     private var _callback: FSEventStreamCallback = { (stream, contextInfo, numEvents, eventPaths, eventFlags, eventIds) in
   |                            `- error: cannot find type 'FSEventStreamCallback' in scope
36 |         let watcher = unsafeBitCast(contextInfo, to: Watcher.self)
37 |         guard let paths = unsafeBitCast(eventPaths, to: NSArray.self) as? [String] else {
/Users/admin/builder/spi-builder-workspace/.dependencies/checkouts/Ocha/Sources/Ocha/Watcher.swift:15:49: error: failed to produce diagnostic for expression; please submit a bug report (https://swift.org/contributing/#reporting-bugs)
13 |     }
14 |     private lazy var context = FSEventStreamContext(version: 0, info: pointer, retain: nil, release: nil, copyDescription: nil)
15 |     private lazy var stream: FSEventStreamRef = {
   |                                                 `- error: failed to produce diagnostic for expression; please submit a bug report (https://swift.org/contributing/#reporting-bugs)
16 |         let stream = FSEventStreamCreate(
17 |             kCFAllocatorDefault,
Failed frontend command:
/Applications/Xcode-27.0.0-Release.Candidate.app/Contents/Developer/Toolchains/XcodeDefault.xctoolchain/usr/bin/swift-frontend -frontend -emit-module -experimental-skip-non-inlinable-function-bodies-without-types /Users/admin/builder/spi-builder-workspace/.dependencies/checkouts/Ocha/Sources/Ocha/Event.swift /Users/admin/builder/spi-builder-workspace/.dependencies/checkouts/Ocha/Sources/Ocha/EventSet.swift /Users/admin/builder/spi-builder-workspace/.dependencies/checkouts/Ocha/Sources/Ocha/Watcher.swift /Users/admin/builder/spi-builder-workspace/.dependencies/checkouts/Ocha/Sources/Ocha/WatchingPathable.swift -target arm64_32-apple-watchos9.0 -disable-cross-import-overlay-search -load-resolved-plugin /Applications/Xcode-27.0.0-Release.Candidate.app/Contents/Developer/Platforms/WatchOS.platform/Developer/usr/lib/swift/host/plugins/libFoundationMacros.dylib\#/Applications/Xcode-27.0.0-Release.Candidate.app/Contents/Developer/Platforms/WatchOS.platform/Developer/usr/bin/swift-plugin-server\#FoundationMacros -load-resolved-plugin /Applications/Xcode-27.0.0-Release.Candidate.app/Contents/Developer/Platforms/WatchOS.platform/Developer/usr/lib/swift/host/plugins/libObservationMacros.dylib\#/Applications/Xcode-27.0.0-Release.Candidate.app/Contents/Developer/Platforms/WatchOS.platform/Developer/usr/bin/swift-plugin-server\#ObservationMacros -load-resolved-plugin /Applications/Xcode-27.0.0-Release.Candidate.app/Contents/Developer/Platforms/WatchOS.platform/Developer/usr/lib/swift/host/plugins/libSwiftMacros.dylib\#/Applications/Xcode-27.0.0-Release.Candidate.app/Contents/Developer/Platforms/WatchOS.platform/Developer/usr/bin/swift-plugin-server\#SwiftMacros -disable-implicit-swift-modules -Xcc -fno-implicit-modules -Xcc -fno-implicit-module-maps -explicit-swift-module-map-file /Users/admin/builder/spi-builder-workspace/.derivedData/Build/Intermediates.noindex/Ocha.build/Debug-watchos/Ocha-t.build/Objects-normal/arm64_32/Ocha-dependencies-2.json -enable-objc-interop -sdk /Applications/Xcode-27.0.0-Release.Candidate.app/Contents/Developer/Platforms/WatchOS.platform/Developer/SDKs/WatchOS27.0.sdk -I /Users/admin/builder/spi-builder-workspace/.derivedData/Build/Products/Debug-watchos -Isystem /Applications/Xcode-27.0.0-Release.Candidate.app/Contents/Developer/Platforms/WatchOS.platform/Developer/usr/lib -F /Users/admin/builder/spi-builder-workspace/.derivedData/Build/Products/Debug-watchos -F /Applications/Xcode-27.0.0-Release.Candidate.app/Contents/Developer/Platforms/WatchOS.platform/Developer/Library/Frameworks -F /Applications/Xcode-27.0.0-Release.Candidate.app/Contents/Developer/Platforms/WatchOS.platform/Developer/SDKs/WatchOS27.0.sdk/Developer/Library/Frameworks -module-cache-path /Users/admin/builder/spi-builder-workspace/.derivedData/Build/Intermediates.noindex/SwiftExplicitPrecompiledModules -no-color-diagnostics -Xcc -fno-color-diagnostics -enable-testing -g -debug-info-format\=dwarf -dwarf-version\=4 -suppress-warnings -profile-generate -profile-coverage-mapping -swift-version 5 -Onone -D SWIFT_PACKAGE -D DEBUG -D SWIFT_MODULE_RESOURCE_BUNDLE_UNAVAILABLE -D Xcode -serialize-debugging-options -enable-experimental-feature DebugDescriptionMacro -empty-abi-descriptor -validate-clang-modules-once -clang-build-session-file /Users/admin/builder/spi-builder-workspace/.derivedData/ModuleCache.noindex/Session.modulevalidation -Xcc -working-directory -Xcc /Users/admin/builder/spi-builder-workspace/.swiftpm/xcode -enable-anonymous-context-mangled-names -file-compilation-dir /Users/admin/builder/spi-builder-workspace/.swiftpm/xcode -Xcc -D_LIBCPP_HARDENING_MODE\=_LIBCPP_HARDENING_MODE_DEBUG -Xcc -ivfsstatcache -Xcc /Users/admin/builder/spi-builder-workspace/.derivedData/SDKStatCaches.noindex/watchos27.0-24R360-e829b21a6f8c9b70876ba0858053c04477534ef55a1706bf4c1112bbb242f0a2.sdkstatcache -Xcc -fmodules-prune-interval\=86400 -Xcc -fmodules-prune-after\=345600 -Xcc -I/Users/admin/builder/spi-builder-workspace/.derivedData/Build/Products/Debug-watchos/include -Xcc -I/Users/admin/builder/spi-builder-workspace/.derivedData/Build/Intermediates.noindex/Ocha.build/Debug-watchos/Ocha-t.build/DerivedSources-normal/arm64_32 -Xcc -I/Users/admin/builder/spi-builder-workspace/.derivedData/Build/Intermediates.noindex/Ocha.build/Debug-watchos/Ocha-t.build/DerivedSources/arm64_32 -Xcc -I/Users/admin/builder/spi-builder-workspace/.derivedData/Build/Intermediates.noindex/Ocha.build/Debug-watchos/Ocha-t.build/DerivedSources -Xcc -DSWIFT_PACKAGE -Xcc -DDEBUG\=1 -no-auto-bridging-header-chaining -module-name Ocha -const-gather-protocols-file /Users/admin/builder/spi-builder-workspace/.derivedData/Build/Intermediates.noindex/Ocha.build/Debug-watchos/Ocha-t.build/Objects-normal/arm64_32/Ocha_const_extract_protocols.json -disable-clang-spi -clang-target arm64_32-apple-watchos27.0 -target-sdk-version 27.0 -target-sdk-name watchos27.0 -in-process-plugin-server-path /Applications/Xcode-27.0.0-Release.Candidate.app/Contents/Developer/Toolchains/XcodeDefault.xctoolchain/usr/lib/swift/host/libSwiftInProcPluginServer.dylib -emit-module-doc-path /Users/admin/builder/spi-builder-workspace/.derivedData/Build/Intermediates.noindex/Ocha.build/Debug-watchos/Ocha-t.build/Objects-normal/arm64_32/Ocha.swiftdoc -emit-module-source-info-path /Users/admin/builder/spi-builder-workspace/.derivedData/Build/Intermediates.noindex/Ocha.build/Debug-watchos/Ocha-t.build/Objects-normal/arm64_32/Ocha.swiftsourceinfo -emit-objc-header-path /Users/admin/builder/spi-builder-workspace/.derivedData/Build/Intermediates.noindex/Ocha.build/Debug-watchos/Ocha-t.build/Objects-normal/arm64_32/Ocha-Swift.h -serialize-diagnostics-path /Users/admin/builder/spi-builder-workspace/.derivedData/Build/Intermediates.noindex/Ocha.build/Debug-watchos/Ocha-t.build/Objects-normal/arm64_32/Ocha-primary-emit-module.dia -emit-dependencies-path /Users/admin/builder/spi-builder-workspace/.derivedData/Build/Intermediates.noindex/Ocha.build/Debug-watchos/Ocha-t.build/Objects-normal/arm64_32/Ocha-primary-emit-module.d -parse-as-library -o /Users/admin/builder/spi-builder-workspace/.derivedData/Build/Intermediates.noindex/Ocha.build/Debug-watchos/Ocha-t.build/Objects-normal/arm64_32/Ocha.swiftmodule -emit-abi-descriptor-path /Users/admin/builder/spi-builder-workspace/.derivedData/Build/Intermediates.noindex/Ocha.build/Debug-watchos/Ocha-t.build/Objects-normal/arm64_32/Ocha.abi.json
SwiftCompile normal arm64_32 (in target 'Ocha' from project 'Ocha')
    cd /Users/admin/builder/spi-builder-workspace/.swiftpm/xcode

SwiftCompile normal arm64_32 Compiling\ WatchingPathable.swift /Users/admin/builder/spi-builder-workspace/.dependencies/checkouts/Ocha/Sources/Ocha/WatchingPathable.swift (in target 'Ocha' from project 'Ocha')
SwiftCompile normal arm64_32 /Users/admin/builder/spi-builder-workspace/.dependencies/checkouts/Ocha/Sources/Ocha/WatchingPathable.swift (in target 'Ocha' from project 'Ocha')
    cd /Users/admin/builder/spi-builder-workspace/.swiftpm/xcode
    builtin-SwiftPerFileCompile WatchingPathable.swift
SwiftCompile normal arm64_32 Compiling\ EventSet.swift /Users/admin/builder/spi-builder-workspace/.dependencies/checkouts/Ocha/Sources/Ocha/EventSet.swift (in target 'Ocha' from project 'Ocha')
/Users/admin/builder/spi-builder-workspace/.dependencies/checkouts/Ocha/Sources/Ocha/EventSet.swift:17:49: error: cannot find 'kFSEventStreamEventFlagNone' in scope
 15 |     }
 16 |
 17 |     public static let none = EventSet(rawValue: kFSEventStreamEventFlagNone) // 0
    |                                                 `- error: cannot find 'kFSEventStreamEventFlagNone' in scope
 18 |     public static let mustScanSubDirs = EventSet(rawValue: kFSEventStreamEventFlagMustScanSubDirs) // 1
 19 |     public static let userDropped = EventSet(rawValue: kFSEventStreamEventFlagUserDropped) // 2
/Users/admin/builder/spi-builder-workspace/.dependencies/checkouts/Ocha/Sources/Ocha/EventSet.swift:18:60: error: cannot find 'kFSEventStreamEventFlagMustScanSubDirs' in scope
 16 |
 17 |     public static let none = EventSet(rawValue: kFSEventStreamEventFlagNone) // 0
 18 |     public static let mustScanSubDirs = EventSet(rawValue: kFSEventStreamEventFlagMustScanSubDirs) // 1
    |                                                            `- error: cannot find 'kFSEventStreamEventFlagMustScanSubDirs' in scope
 19 |     public static let userDropped = EventSet(rawValue: kFSEventStreamEventFlagUserDropped) // 2
 20 |     public static let kernelDropped = EventSet(rawValue: kFSEventStreamEventFlagKernelDropped) // 4
/Users/admin/builder/spi-builder-workspace/.dependencies/checkouts/Ocha/Sources/Ocha/EventSet.swift:19:56: error: cannot find 'kFSEventStreamEventFlagUserDropped' in scope
 17 |     public static let none = EventSet(rawValue: kFSEventStreamEventFlagNone) // 0
 18 |     public static let mustScanSubDirs = EventSet(rawValue: kFSEventStreamEventFlagMustScanSubDirs) // 1
 19 |     public static let userDropped = EventSet(rawValue: kFSEventStreamEventFlagUserDropped) // 2
    |                                                        `- error: cannot find 'kFSEventStreamEventFlagUserDropped' in scope
 20 |     public static let kernelDropped = EventSet(rawValue: kFSEventStreamEventFlagKernelDropped) // 4
 21 |     public static let eventIdsWrapped = EventSet(rawValue: kFSEventStreamEventFlagEventIdsWrapped) // 8
/Users/admin/builder/spi-builder-workspace/.dependencies/checkouts/Ocha/Sources/Ocha/EventSet.swift:20:58: error: cannot find 'kFSEventStreamEventFlagKernelDropped' in scope
 18 |     public static let mustScanSubDirs = EventSet(rawValue: kFSEventStreamEventFlagMustScanSubDirs) // 1
 19 |     public static let userDropped = EventSet(rawValue: kFSEventStreamEventFlagUserDropped) // 2
 20 |     public static let kernelDropped = EventSet(rawValue: kFSEventStreamEventFlagKernelDropped) // 4
    |                                                          `- error: cannot find 'kFSEventStreamEventFlagKernelDropped' in scope
 21 |     public static let eventIdsWrapped = EventSet(rawValue: kFSEventStreamEventFlagEventIdsWrapped) // 8
 22 |     public static let historyDone = EventSet(rawValue: kFSEventStreamEventFlagHistoryDone) // 16
/Users/admin/builder/spi-builder-workspace/.dependencies/checkouts/Ocha/Sources/Ocha/EventSet.swift:21:60: error: cannot find 'kFSEventStreamEventFlagEventIdsWrapped' in scope
 19 |     public static let userDropped = EventSet(rawValue: kFSEventStreamEventFlagUserDropped) // 2
 20 |     public static let kernelDropped = EventSet(rawValue: kFSEventStreamEventFlagKernelDropped) // 4
 21 |     public static let eventIdsWrapped = EventSet(rawValue: kFSEventStreamEventFlagEventIdsWrapped) // 8
    |                                                            `- error: cannot find 'kFSEventStreamEventFlagEventIdsWrapped' in scope
 22 |     public static let historyDone = EventSet(rawValue: kFSEventStreamEventFlagHistoryDone) // 16
 23 |     public static let rootChanged = EventSet(rawValue: kFSEventStreamEventFlagRootChanged) // 32
/Users/admin/builder/spi-builder-workspace/.dependencies/checkouts/Ocha/Sources/Ocha/EventSet.swift:22:56: error: cannot find 'kFSEventStreamEventFlagHistoryDone' in scope
 20 |     public static let kernelDropped = EventSet(rawValue: kFSEventStreamEventFlagKernelDropped) // 4
 21 |     public static let eventIdsWrapped = EventSet(rawValue: kFSEventStreamEventFlagEventIdsWrapped) // 8
 22 |     public static let historyDone = EventSet(rawValue: kFSEventStreamEventFlagHistoryDone) // 16
    |                                                        `- error: cannot find 'kFSEventStreamEventFlagHistoryDone' in scope
 23 |     public static let rootChanged = EventSet(rawValue: kFSEventStreamEventFlagRootChanged) // 32
 24 |     public static let mount = EventSet(rawValue: kFSEventStreamEventFlagMount) // 64
/Users/admin/builder/spi-builder-workspace/.dependencies/checkouts/Ocha/Sources/Ocha/EventSet.swift:23:56: error: cannot find 'kFSEventStreamEventFlagRootChanged' in scope
 21 |     public static let eventIdsWrapped = EventSet(rawValue: kFSEventStreamEventFlagEventIdsWrapped) // 8
 22 |     public static let historyDone = EventSet(rawValue: kFSEventStreamEventFlagHistoryDone) // 16
 23 |     public static let rootChanged = EventSet(rawValue: kFSEventStreamEventFlagRootChanged) // 32
    |                                                        `- error: cannot find 'kFSEventStreamEventFlagRootChanged' in scope
 24 |     public static let mount = EventSet(rawValue: kFSEventStreamEventFlagMount) // 64
 25 |     public static let unmount = EventSet(rawValue: kFSEventStreamEventFlagUnmount) // 128
/Users/admin/builder/spi-builder-workspace/.dependencies/checkouts/Ocha/Sources/Ocha/EventSet.swift:24:50: error: cannot find 'kFSEventStreamEventFlagMount' in scope
 22 |     public static let historyDone = EventSet(rawValue: kFSEventStreamEventFlagHistoryDone) // 16
 23 |     public static let rootChanged = EventSet(rawValue: kFSEventStreamEventFlagRootChanged) // 32
 24 |     public static let mount = EventSet(rawValue: kFSEventStreamEventFlagMount) // 64
    |                                                  `- error: cannot find 'kFSEventStreamEventFlagMount' in scope
 25 |     public static let unmount = EventSet(rawValue: kFSEventStreamEventFlagUnmount) // 128
 26 |     public static let itemCreated = EventSet(rawValue: kFSEventStreamEventFlagItemCreated) // 256
/Users/admin/builder/spi-builder-workspace/.dependencies/checkouts/Ocha/Sources/Ocha/EventSet.swift:25:52: error: cannot find 'kFSEventStreamEventFlagUnmount' in scope
 23 |     public static let rootChanged = EventSet(rawValue: kFSEventStreamEventFlagRootChanged) // 32
 24 |     public static let mount = EventSet(rawValue: kFSEventStreamEventFlagMount) // 64
 25 |     public static let unmount = EventSet(rawValue: kFSEventStreamEventFlagUnmount) // 128
    |                                                    `- error: cannot find 'kFSEventStreamEventFlagUnmount' in scope
 26 |     public static let itemCreated = EventSet(rawValue: kFSEventStreamEventFlagItemCreated) // 256
 27 |     public static let itemRemoved = EventSet(rawValue: kFSEventStreamEventFlagItemRemoved) // 512
/Users/admin/builder/spi-builder-workspace/.dependencies/checkouts/Ocha/Sources/Ocha/EventSet.swift:26:56: error: cannot find 'kFSEventStreamEventFlagItemCreated' in scope
 24 |     public static let mount = EventSet(rawValue: kFSEventStreamEventFlagMount) // 64
 25 |     public static let unmount = EventSet(rawValue: kFSEventStreamEventFlagUnmount) // 128
 26 |     public static let itemCreated = EventSet(rawValue: kFSEventStreamEventFlagItemCreated) // 256
    |                                                        `- error: cannot find 'kFSEventStreamEventFlagItemCreated' in scope
 27 |     public static let itemRemoved = EventSet(rawValue: kFSEventStreamEventFlagItemRemoved) // 512
 28 |     public static let itemInodeMetaMod = EventSet(rawValue: kFSEventStreamEventFlagItemInodeMetaMod) // 1024
/Users/admin/builder/spi-builder-workspace/.dependencies/checkouts/Ocha/Sources/Ocha/EventSet.swift:27:56: error: cannot find 'kFSEventStreamEventFlagItemRemoved' in scope
 25 |     public static let unmount = EventSet(rawValue: kFSEventStreamEventFlagUnmount) // 128
 26 |     public static let itemCreated = EventSet(rawValue: kFSEventStreamEventFlagItemCreated) // 256
 27 |     public static let itemRemoved = EventSet(rawValue: kFSEventStreamEventFlagItemRemoved) // 512
    |                                                        `- error: cannot find 'kFSEventStreamEventFlagItemRemoved' in scope
 28 |     public static let itemInodeMetaMod = EventSet(rawValue: kFSEventStreamEventFlagItemInodeMetaMod) // 1024
 29 |     public static let itemRenamed = EventSet(rawValue: kFSEventStreamEventFlagItemRenamed) // 2048
/Users/admin/builder/spi-builder-workspace/.dependencies/checkouts/Ocha/Sources/Ocha/EventSet.swift:28:61: error: cannot find 'kFSEventStreamEventFlagItemInodeMetaMod' in scope
 26 |     public static let itemCreated = EventSet(rawValue: kFSEventStreamEventFlagItemCreated) // 256
 27 |     public static let itemRemoved = EventSet(rawValue: kFSEventStreamEventFlagItemRemoved) // 512
 28 |     public static let itemInodeMetaMod = EventSet(rawValue: kFSEventStreamEventFlagItemInodeMetaMod) // 1024
    |                                                             `- error: cannot find 'kFSEventStreamEventFlagItemInodeMetaMod' in scope
 29 |     public static let itemRenamed = EventSet(rawValue: kFSEventStreamEventFlagItemRenamed) // 2048
 30 |     public static let itemModified = EventSet(rawValue: kFSEventStreamEventFlagItemModified) // 4096
/Users/admin/builder/spi-builder-workspace/.dependencies/checkouts/Ocha/Sources/Ocha/EventSet.swift:29:56: error: cannot find 'kFSEventStreamEventFlagItemRenamed' in scope
 27 |     public static let itemRemoved = EventSet(rawValue: kFSEventStreamEventFlagItemRemoved) // 512
 28 |     public static let itemInodeMetaMod = EventSet(rawValue: kFSEventStreamEventFlagItemInodeMetaMod) // 1024
 29 |     public static let itemRenamed = EventSet(rawValue: kFSEventStreamEventFlagItemRenamed) // 2048
    |                                                        `- error: cannot find 'kFSEventStreamEventFlagItemRenamed' in scope
 30 |     public static let itemModified = EventSet(rawValue: kFSEventStreamEventFlagItemModified) // 4096
 31 |     public static let itemFinderInfoMod = EventSet(rawValue: kFSEventStreamEventFlagItemFinderInfoMod) // 8192
/Users/admin/builder/spi-builder-workspace/.dependencies/checkouts/Ocha/Sources/Ocha/EventSet.swift:30:57: error: cannot find 'kFSEventStreamEventFlagItemModified' in scope
 28 |     public static let itemInodeMetaMod = EventSet(rawValue: kFSEventStreamEventFlagItemInodeMetaMod) // 1024
 29 |     public static let itemRenamed = EventSet(rawValue: kFSEventStreamEventFlagItemRenamed) // 2048
 30 |     public static let itemModified = EventSet(rawValue: kFSEventStreamEventFlagItemModified) // 4096
    |                                                         `- error: cannot find 'kFSEventStreamEventFlagItemModified' in scope
 31 |     public static let itemFinderInfoMod = EventSet(rawValue: kFSEventStreamEventFlagItemFinderInfoMod) // 8192
 32 |     public static let itemChangeOwner = EventSet(rawValue: kFSEventStreamEventFlagItemChangeOwner) // 16384
/Users/admin/builder/spi-builder-workspace/.dependencies/checkouts/Ocha/Sources/Ocha/EventSet.swift:31:62: error: cannot find 'kFSEventStreamEventFlagItemFinderInfoMod' in scope
 29 |     public static let itemRenamed = EventSet(rawValue: kFSEventStreamEventFlagItemRenamed) // 2048
 30 |     public static let itemModified = EventSet(rawValue: kFSEventStreamEventFlagItemModified) // 4096
 31 |     public static let itemFinderInfoMod = EventSet(rawValue: kFSEventStreamEventFlagItemFinderInfoMod) // 8192
    |                                                              `- error: cannot find 'kFSEventStreamEventFlagItemFinderInfoMod' in scope
 32 |     public static let itemChangeOwner = EventSet(rawValue: kFSEventStreamEventFlagItemChangeOwner) // 16384
 33 |     public static let itemXattrMod = EventSet(rawValue: kFSEventStreamEventFlagItemXattrMod) // 32768
/Users/admin/builder/spi-builder-workspace/.dependencies/checkouts/Ocha/Sources/Ocha/EventSet.swift:32:60: error: cannot find 'kFSEventStreamEventFlagItemChangeOwner' in scope
 30 |     public static let itemModified = EventSet(rawValue: kFSEventStreamEventFlagItemModified) // 4096
 31 |     public static let itemFinderInfoMod = EventSet(rawValue: kFSEventStreamEventFlagItemFinderInfoMod) // 8192
 32 |     public static let itemChangeOwner = EventSet(rawValue: kFSEventStreamEventFlagItemChangeOwner) // 16384
    |                                                            `- error: cannot find 'kFSEventStreamEventFlagItemChangeOwner' in scope
 33 |     public static let itemXattrMod = EventSet(rawValue: kFSEventStreamEventFlagItemXattrMod) // 32768
 34 |     public static let itemIsFile = EventSet(rawValue: kFSEventStreamEventFlagItemIsFile) // 65536
/Users/admin/builder/spi-builder-workspace/.dependencies/checkouts/Ocha/Sources/Ocha/EventSet.swift:33:57: error: cannot find 'kFSEventStreamEventFlagItemXattrMod' in scope
 31 |     public static let itemFinderInfoMod = EventSet(rawValue: kFSEventStreamEventFlagItemFinderInfoMod) // 8192
 32 |     public static let itemChangeOwner = EventSet(rawValue: kFSEventStreamEventFlagItemChangeOwner) // 16384
 33 |     public static let itemXattrMod = EventSet(rawValue: kFSEventStreamEventFlagItemXattrMod) // 32768
    |                                                         `- error: cannot find 'kFSEventStreamEventFlagItemXattrMod' in scope
 34 |     public static let itemIsFile = EventSet(rawValue: kFSEventStreamEventFlagItemIsFile) // 65536
 35 |     public static let itemIsDir = EventSet(rawValue: kFSEventStreamEventFlagItemIsDir) // 131072
/Users/admin/builder/spi-builder-workspace/.dependencies/checkouts/Ocha/Sources/Ocha/EventSet.swift:34:55: error: cannot find 'kFSEventStreamEventFlagItemIsFile' in scope
 32 |     public static let itemChangeOwner = EventSet(rawValue: kFSEventStreamEventFlagItemChangeOwner) // 16384
 33 |     public static let itemXattrMod = EventSet(rawValue: kFSEventStreamEventFlagItemXattrMod) // 32768
 34 |     public static let itemIsFile = EventSet(rawValue: kFSEventStreamEventFlagItemIsFile) // 65536
    |                                                       `- error: cannot find 'kFSEventStreamEventFlagItemIsFile' in scope
 35 |     public static let itemIsDir = EventSet(rawValue: kFSEventStreamEventFlagItemIsDir) // 131072
 36 |     public static let itemIsSymlink = EventSet(rawValue: kFSEventStreamEventFlagItemIsSymlink) // 262144
/Users/admin/builder/spi-builder-workspace/.dependencies/checkouts/Ocha/Sources/Ocha/EventSet.swift:35:54: error: cannot find 'kFSEventStreamEventFlagItemIsDir' in scope
 33 |     public static let itemXattrMod = EventSet(rawValue: kFSEventStreamEventFlagItemXattrMod) // 32768
 34 |     public static let itemIsFile = EventSet(rawValue: kFSEventStreamEventFlagItemIsFile) // 65536
 35 |     public static let itemIsDir = EventSet(rawValue: kFSEventStreamEventFlagItemIsDir) // 131072
    |                                                      `- error: cannot find 'kFSEventStreamEventFlagItemIsDir' in scope
 36 |     public static let itemIsSymlink = EventSet(rawValue: kFSEventStreamEventFlagItemIsSymlink) // 262144
 37 |     public static let ownEvent = EventSet(rawValue: kFSEventStreamEventFlagOwnEvent) // 524288
/Users/admin/builder/spi-builder-workspace/.dependencies/checkouts/Ocha/Sources/Ocha/EventSet.swift:36:58: error: cannot find 'kFSEventStreamEventFlagItemIsSymlink' in scope
 34 |     public static let itemIsFile = EventSet(rawValue: kFSEventStreamEventFlagItemIsFile) // 65536
 35 |     public static let itemIsDir = EventSet(rawValue: kFSEventStreamEventFlagItemIsDir) // 131072
 36 |     public static let itemIsSymlink = EventSet(rawValue: kFSEventStreamEventFlagItemIsSymlink) // 262144
    |                                                          `- error: cannot find 'kFSEventStreamEventFlagItemIsSymlink' in scope
 37 |     public static let ownEvent = EventSet(rawValue: kFSEventStreamEventFlagOwnEvent) // 524288
 38 |     public static let itemIsHardlink = EventSet(rawValue: kFSEventStreamEventFlagItemIsHardlink) // 1048576
/Users/admin/builder/spi-builder-workspace/.dependencies/checkouts/Ocha/Sources/Ocha/EventSet.swift:37:53: error: cannot find 'kFSEventStreamEventFlagOwnEvent' in scope
 35 |     public static let itemIsDir = EventSet(rawValue: kFSEventStreamEventFlagItemIsDir) // 131072
 36 |     public static let itemIsSymlink = EventSet(rawValue: kFSEventStreamEventFlagItemIsSymlink) // 262144
 37 |     public static let ownEvent = EventSet(rawValue: kFSEventStreamEventFlagOwnEvent) // 524288
    |                                                     `- error: cannot find 'kFSEventStreamEventFlagOwnEvent' in scope
 38 |     public static let itemIsHardlink = EventSet(rawValue: kFSEventStreamEventFlagItemIsHardlink) // 1048576
 39 |     public static let itemIsLastHardlink = EventSet(rawValue: kFSEventStreamEventFlagItemIsLastHardlink) // 2097152
/Users/admin/builder/spi-builder-workspace/.dependencies/checkouts/Ocha/Sources/Ocha/EventSet.swift:38:59: error: cannot find 'kFSEventStreamEventFlagItemIsHardlink' in scope
 36 |     public static let itemIsSymlink = EventSet(rawValue: kFSEventStreamEventFlagItemIsSymlink) // 262144
 37 |     public static let ownEvent = EventSet(rawValue: kFSEventStreamEventFlagOwnEvent) // 524288
 38 |     public static let itemIsHardlink = EventSet(rawValue: kFSEventStreamEventFlagItemIsHardlink) // 1048576
    |                                                           `- error: cannot find 'kFSEventStreamEventFlagItemIsHardlink' in scope
 39 |     public static let itemIsLastHardlink = EventSet(rawValue: kFSEventStreamEventFlagItemIsLastHardlink) // 2097152
 40 |     @available(OSX 10.13, *)
/Users/admin/builder/spi-builder-workspace/.dependencies/checkouts/Ocha/Sources/Ocha/EventSet.swift:39:63: error: cannot find 'kFSEventStreamEventFlagItemIsLastHardlink' in scope
 37 |     public static let ownEvent = EventSet(rawValue: kFSEventStreamEventFlagOwnEvent) // 524288
 38 |     public static let itemIsHardlink = EventSet(rawValue: kFSEventStreamEventFlagItemIsHardlink) // 1048576
 39 |     public static let itemIsLastHardlink = EventSet(rawValue: kFSEventStreamEventFlagItemIsLastHardlink) // 2097152
    |                                                               `- error: cannot find 'kFSEventStreamEventFlagItemIsLastHardlink' in scope
 40 |     @available(OSX 10.13, *)
 41 |     public static let itemCloned = EventSet(rawValue: kFSEventStreamEventFlagItemCloned) // 4194304
SwiftCompile normal arm64_32 /Users/admin/builder/spi-builder-workspace/.dependencies/checkouts/Ocha/Sources/Ocha/EventSet.swift (in target 'Ocha' from project 'Ocha')
    cd /Users/admin/builder/spi-builder-workspace/.swiftpm/xcode
    builtin-SwiftPerFileCompile EventSet.swift
SwiftExplicitDependencyGeneratePcm arm64 /Users/admin/builder/spi-builder-workspace/.derivedData/SDKExplicitPrecompiledModules/Foundation-DLBKUSGXN8QHAT8W0OARR9S8A.pcm
SwiftCompile normal arm64_32 Compiling\ Watcher.swift /Users/admin/builder/spi-builder-workspace/.dependencies/checkouts/Ocha/Sources/Ocha/Watcher.swift (in target 'Ocha' from project 'Ocha')
/Users/admin/builder/spi-builder-workspace/.dependencies/checkouts/Ocha/Sources/Ocha/Watcher.swift:14:32: error: cannot find 'FSEventStreamContext' in scope
12 |         return UnsafeMutableRawPointer(mutating: Unmanaged.passUnretained(self).toOpaque())
13 |     }
14 |     private lazy var context = FSEventStreamContext(version: 0, info: pointer, retain: nil, release: nil, copyDescription: nil)
   |                                `- error: cannot find 'FSEventStreamContext' in scope
15 |     private lazy var stream: FSEventStreamRef = {
16 |         let stream = FSEventStreamCreate(
/Users/admin/builder/spi-builder-workspace/.dependencies/checkouts/Ocha/Sources/Ocha/Watcher.swift:15:30: error: cannot find type 'FSEventStreamRef' in scope
13 |     }
14 |     private lazy var context = FSEventStreamContext(version: 0, info: pointer, retain: nil, release: nil, copyDescription: nil)
15 |     private lazy var stream: FSEventStreamRef = {
   |                              `- error: cannot find type 'FSEventStreamRef' in scope
16 |         let stream = FSEventStreamCreate(
17 |             kCFAllocatorDefault,
/Users/admin/builder/spi-builder-workspace/.dependencies/checkouts/Ocha/Sources/Ocha/Watcher.swift:16:22: error: cannot find 'FSEventStreamCreate' in scope
14 |     private lazy var context = FSEventStreamContext(version: 0, info: pointer, retain: nil, release: nil, copyDescription: nil)
15 |     private lazy var stream: FSEventStreamRef = {
16 |         let stream = FSEventStreamCreate(
   |                      `- error: cannot find 'FSEventStreamCreate' in scope
17 |             kCFAllocatorDefault,
18 |             _callback,
/Users/admin/builder/spi-builder-workspace/.dependencies/checkouts/Ocha/Sources/Ocha/Watcher.swift:21:13: error: cannot find 'FSEventStreamEventId' in scope
19 |             &context,
20 |             paths as CFArray,
21 |             FSEventStreamEventId(kFSEventStreamEventIdSinceNow),
   |             `- error: cannot find 'FSEventStreamEventId' in scope
22 |             0,
23 |             UInt32(kFSEventStreamCreateFlagUseCFTypes | kFSEventStreamCreateFlagFileEvents)
/Users/admin/builder/spi-builder-workspace/.dependencies/checkouts/Ocha/Sources/Ocha/Watcher.swift:21:34: error: cannot find 'kFSEventStreamEventIdSinceNow' in scope
19 |             &context,
20 |             paths as CFArray,
21 |             FSEventStreamEventId(kFSEventStreamEventIdSinceNow),
   |                                  `- error: cannot find 'kFSEventStreamEventIdSinceNow' in scope
22 |             0,
23 |             UInt32(kFSEventStreamCreateFlagUseCFTypes | kFSEventStreamCreateFlagFileEvents)
/Users/admin/builder/spi-builder-workspace/.dependencies/checkouts/Ocha/Sources/Ocha/Watcher.swift:23:20: error: cannot find 'kFSEventStreamCreateFlagUseCFTypes' in scope
21 |             FSEventStreamEventId(kFSEventStreamEventIdSinceNow),
22 |             0,
23 |             UInt32(kFSEventStreamCreateFlagUseCFTypes | kFSEventStreamCreateFlagFileEvents)
   |                    `- error: cannot find 'kFSEventStreamCreateFlagUseCFTypes' in scope
24 |             )!
25 |         return stream
/Users/admin/builder/spi-builder-workspace/.dependencies/checkouts/Ocha/Sources/Ocha/Watcher.swift:23:57: error: cannot find 'kFSEventStreamCreateFlagFileEvents' in scope
21 |             FSEventStreamEventId(kFSEventStreamEventIdSinceNow),
22 |             0,
23 |             UInt32(kFSEventStreamCreateFlagUseCFTypes | kFSEventStreamCreateFlagFileEvents)
   |                                                         `- error: cannot find 'kFSEventStreamCreateFlagFileEvents' in scope
24 |             )!
25 |         return stream
/Users/admin/builder/spi-builder-workspace/.dependencies/checkouts/Ocha/Sources/Ocha/Watcher.swift:35:28: error: cannot find type 'FSEventStreamCallback' in scope
33 |     }
34 |
35 |     private var _callback: FSEventStreamCallback = { (stream, contextInfo, numEvents, eventPaths, eventFlags, eventIds) in
   |                            `- error: cannot find type 'FSEventStreamCallback' in scope
36 |         let watcher = unsafeBitCast(contextInfo, to: Watcher.self)
37 |         guard let paths = unsafeBitCast(eventPaths, to: NSArray.self) as? [String] else {
/Users/admin/builder/spi-builder-workspace/.dependencies/checkouts/Ocha/Sources/Ocha/Watcher.swift:15:49: error: failed to produce diagnostic for expression; please submit a bug report (https://swift.org/contributing/#reporting-bugs)
13 |     }
14 |     private lazy var context = FSEventStreamContext(version: 0, info: pointer, retain: nil, release: nil, copyDescription: nil)
15 |     private lazy var stream: FSEventStreamRef = {
   |                                                 `- error: failed to produce diagnostic for expression; please submit a bug report (https://swift.org/contributing/#reporting-bugs)
16 |         let stream = FSEventStreamCreate(
17 |             kCFAllocatorDefault,
/Users/admin/builder/spi-builder-workspace/.dependencies/checkouts/Ocha/Sources/Ocha/Watcher.swift:54:9: error: cannot find 'FSEventStreamScheduleWithRunLoop' in scope
52 |     public func start(_ callback: @escaping CallBack) {
53 |         self.callback = callback
54 |         FSEventStreamScheduleWithRunLoop(stream, CFRunLoopGetMain(), CFRunLoopMode.defaultMode.rawValue)
   |         `- error: cannot find 'FSEventStreamScheduleWithRunLoop' in scope
55 |         FSEventStreamStart(stream)
56 |     }
/Users/admin/builder/spi-builder-workspace/.dependencies/checkouts/Ocha/Sources/Ocha/Watcher.swift:54:9: error: failed to produce diagnostic for expression; please submit a bug report (https://swift.org/contributing/#reporting-bugs)
52 |     public func start(_ callback: @escaping CallBack) {
53 |         self.callback = callback
54 |         FSEventStreamScheduleWithRunLoop(stream, CFRunLoopGetMain(), CFRunLoopMode.defaultMode.rawValue)
   |         `- error: failed to produce diagnostic for expression; please submit a bug report (https://swift.org/contributing/#reporting-bugs)
55 |         FSEventStreamStart(stream)
56 |     }
/Users/admin/builder/spi-builder-workspace/.dependencies/checkouts/Ocha/Sources/Ocha/Watcher.swift:55:9: error: cannot find 'FSEventStreamStart' in scope
53 |         self.callback = callback
54 |         FSEventStreamScheduleWithRunLoop(stream, CFRunLoopGetMain(), CFRunLoopMode.defaultMode.rawValue)
55 |         FSEventStreamStart(stream)
   |         `- error: cannot find 'FSEventStreamStart' in scope
56 |     }
57 |
/Users/admin/builder/spi-builder-workspace/.dependencies/checkouts/Ocha/Sources/Ocha/Watcher.swift:63:9: error: cannot find 'FSEventStreamStop' in scope
61 |
62 |     public func stop() {
63 |         FSEventStreamStop(stream)
   |         `- error: cannot find 'FSEventStreamStop' in scope
64 |     }
65 |
SwiftCompile normal arm64_32 /Users/admin/builder/spi-builder-workspace/.dependencies/checkouts/Ocha/Sources/Ocha/Watcher.swift (in target 'Ocha' from project 'Ocha')
    cd /Users/admin/builder/spi-builder-workspace/.swiftpm/xcode
    builtin-SwiftPerFileCompile Watcher.swift
SwiftCompile normal arm64_32 Compiling\ Event.swift /Users/admin/builder/spi-builder-workspace/.dependencies/checkouts/Ocha/Sources/Ocha/Event.swift (in target 'Ocha' from project 'Ocha')
SwiftCompile normal arm64_32 /Users/admin/builder/spi-builder-workspace/.dependencies/checkouts/Ocha/Sources/Ocha/Event.swift (in target 'Ocha' from project 'Ocha')
    cd /Users/admin/builder/spi-builder-workspace/.swiftpm/xcode
    builtin-SwiftPerFileCompile Event.swift
SwiftDriverJobDiscovery normal arm64_32 Compiling WatchingPathable.swift (in target 'Ocha' from project 'Ocha')
PruneExplicitPrecompiledModules /Users/admin/builder/spi-builder-workspace/.derivedData/Build/Intermediates.noindex/SwiftExplicitPrecompiledModules
PruneExplicitPrecompiledModules /Users/admin/builder/spi-builder-workspace/.derivedData/Build/Intermediates.noindex/ExplicitPrecompiledModules
PruneExplicitPrecompiledModules /Users/admin/builder/spi-builder-workspace/.derivedData/SDKExplicitPrecompiledModules
2026-09-16 13:41:08.879 xcodebuild[1228:6822] [MT] IDERunDestination: Supported platforms for the buildables in the current scheme is empty.
** BUILD FAILED **
The following build commands failed:
	SwiftEmitModule normal arm64_32 Emitting\ module\ for\ Ocha (in target 'Ocha' from project 'Ocha')
	SwiftCompile normal arm64_32 (in target 'Ocha' from project 'Ocha')
	Building workspace Teapot with scheme Teapot
(3 failures)
BUILD FAILURE 6.4 watchOS