The Swift Package Index logo.Swift Package Index

Track the adoption of Swift 6 strict concurrency checks for data race safety. How many packages are Ready for Swift 6?

Build Information

Failed to build HealthDataSync with Swift 5.9 for visionOS using Xcode 15.2 at 1.0.0.

Build Command

env DEVELOPER_DIR="/Applications/Xcode-15.0.0-Beta.2.app" xcrun xcodebuild -IDEClonedSourcePackagesDirPathOverride="$PWD/.dependencies" -derivedDataPath "$PWD/.derivedData" build -scheme HealthDataSync_Tests -destination "generic/platform=xros"

Build Log

========================================
RunAll
========================================
Builder version: 4.20.0
Interrupt handler set up.
========================================
Checkout
========================================
Clone URL: https://github.com/microsoft/health-data-sync.git
Reference: 1.0.0
Initialized empty Git repository in /Users/builder/builds/TDmZkXJm/1/finestructure/swiftpackageindex-builder/spi-builder-workspace/.git/
From https://github.com/microsoft/health-data-sync
 * tag               1.0.0      -> FETCH_HEAD
HEAD is now at 6e0f8d9 Initial commit
Cloned https://github.com/microsoft/health-data-sync.git into spi-builder-workspace
6e0f8d923c551a71e1ce512cc1354453c3de250e
SUCCESS checkout https://github.com/microsoft/health-data-sync.git at 1.0.0
========================================
Build
========================================
Selected platform:         visionOS
Swift version:             5.9
Building package at path:  spi-builder-workspace
Command line invocation:
    /Applications/Xcode-15.0.0-Beta.2.app/Contents/Developer/usr/bin/xcodebuild -IDEClonedSourcePackagesDirPathOverride=/Users/builder/builds/TDmZkXJm/1/finestructure/swiftpackageindex-builder/spi-builder-workspace/.dependencies -resolvePackageDependencies

User defaults from command line:
    IDEClonedSourcePackagesDirPathOverride = /Users/builder/builds/TDmZkXJm/1/finestructure/swiftpackageindex-builder/spi-builder-workspace/.dependencies
    IDEPackageSupportUseBuiltinSCM = YES
Resolve Package Graph

Fetching from https://github.com/Quick/Quick (cached)


Fetching from https://github.com/Quick/Nimble (cached)

Creating working copy of package ‘Quick’

Checking out 2.2.1 of package ‘Quick’

Creating working copy of package ‘Nimble’

Checking out 8.0.2 of package ‘Nimble’


Resolved source packages:
  Quick: https://github.com/Quick/Quick @ 2.2.1
  Nimble: https://github.com/Quick/Nimble @ 8.0.2

resolved source packages: Quick, Nimble
{
  "project" : {
    "configurations" : [
      "Debug",
      "Release"
    ],
    "name" : "HealthDataSync",
    "schemes" : [
      "HealthDataSync_Tests"
    ],
    "targets" : [
      "HealthDataSync_Tests"
    ]
  }
}
Running build ...
env DEVELOPER_DIR="/Applications/Xcode-15.0.0-Beta.2.app" xcrun xcodebuild -IDEClonedSourcePackagesDirPathOverride="$PWD/.dependencies" -derivedDataPath "$PWD/.derivedData" build -scheme HealthDataSync_Tests -destination "generic/platform=xros"
Building ... (attempt 1)
Command line invocation:
    /Applications/Xcode-15.0.0-Beta.2.app/Contents/Developer/usr/bin/xcodebuild -IDEClonedSourcePackagesDirPathOverride=/Users/builder/builds/TDmZkXJm/1/finestructure/swiftpackageindex-builder/spi-builder-workspace/.dependencies -derivedDataPath /Users/builder/builds/TDmZkXJm/1/finestructure/swiftpackageindex-builder/spi-builder-workspace/.derivedData build -scheme HealthDataSync_Tests -destination generic/platform=xros

User defaults from command line:
    IDEClonedSourcePackagesDirPathOverride = /Users/builder/builds/TDmZkXJm/1/finestructure/swiftpackageindex-builder/spi-builder-workspace/.dependencies
    IDEDerivedDataPathOverride = /Users/builder/builds/TDmZkXJm/1/finestructure/swiftpackageindex-builder/spi-builder-workspace/.derivedData
    IDEPackageSupportUseBuiltinSCM = YES
Resolve Package Graph


Resolved source packages:
  Quick: https://github.com/Quick/Quick @ 2.2.1
  Nimble: https://github.com/Quick/Nimble @ 8.0.2
2023-06-29 01:09:11.628 xcodebuild[18552:399897] Writing error result bundle to /var/folders/4f/vmvvw7xn07sg3fzsc7v7mmx40000gp/T/ResultBundle_2023-29-06_01-09-0011.xcresult
xcodebuild: error: Unable to find a destination matching the provided destination specifier:
		{ generic:1, platform:xros }

	Available destinations for the "HealthDataSync_Tests" scheme:
		{ platform:macOS, arch:arm64, variant:Mac Catalyst, id:00008103-0008793E26D2001E }
		{ platform:macOS, arch:x86_64, variant:Mac Catalyst, id:00008103-0008793E26D2001E }
		{ platform:macOS, arch:arm64, variant:Designed for [iPad,iPhone], id:00008103-0008793E26D2001E }
		{ platform:iOS, id:dvtdevice-DVTiPhonePlaceholder-iphoneos:placeholder, name:Any iOS Device }
		{ platform:iOS Simulator, id:dvtdevice-DVTiOSDeviceSimulatorPlaceholder-iphonesimulator:placeholder, name:Any iOS Simulator Device }
		{ platform:macOS, variant:Mac Catalyst, name:Any Mac }
		{ platform:visionOS Simulator, variant:Designed for [iPad,iPhone], id:6AC0F656-AA4E-43C7-8D43-5A0FF4CDF4F1, OS:1.0, name:Apple Vision Pro }
		{ platform:iOS Simulator, id:B00839C6-8FF8-4D39-A6B5-FD00D2A6A7C5, OS:17.0, name:iPad (10th generation) }
		{ platform:iOS Simulator, id:B00839C6-8FF8-4D39-A6B5-FD00D2A6A7C5, OS:17.0, name:iPad (10th generation) }
		{ platform:iOS Simulator, id:C6883C72-5959-4596-B924-DE2D0D431720, OS:17.0, name:iPad Air (5th generation) }
		{ platform:iOS Simulator, id:C6883C72-5959-4596-B924-DE2D0D431720, OS:17.0, name:iPad Air (5th generation) }
		{ platform:iOS Simulator, id:92C04CF7-92C6-449C-9FD3-451652813034, OS:17.0, name:iPad Pro (11-inch) (4th generation) }
		{ platform:iOS Simulator, id:92C04CF7-92C6-449C-9FD3-451652813034, OS:17.0, name:iPad Pro (11-inch) (4th generation) }
		{ platform:iOS Simulator, id:621B129D-6C99-4975-B43B-455ECE9546CD, OS:17.0, name:iPad Pro (12.9-inch) (6th generation) }
		{ platform:iOS Simulator, id:621B129D-6C99-4975-B43B-455ECE9546CD, OS:17.0, name:iPad Pro (12.9-inch) (6th generation) }
		{ platform:iOS Simulator, id:48702D01-4545-42D3-9637-9B6864EF395C, OS:17.0, name:iPad mini (6th generation) }
		{ platform:iOS Simulator, id:48702D01-4545-42D3-9637-9B6864EF395C, OS:17.0, name:iPad mini (6th generation) }
		{ platform:iOS Simulator, id:20A27119-A68A-4DBA-802C-B62086C3F698, OS:17.0, name:iPhone 14 }
		{ platform:iOS Simulator, id:20A27119-A68A-4DBA-802C-B62086C3F698, OS:17.0, name:iPhone 14 }
		{ platform:iOS Simulator, id:486E8823-68B4-4102-88B2-2F9FD4FB9AA8, OS:17.0, name:iPhone 14 Plus }
		{ platform:iOS Simulator, id:486E8823-68B4-4102-88B2-2F9FD4FB9AA8, OS:17.0, name:iPhone 14 Plus }
		{ platform:iOS Simulator, id:0A50C903-B382-4083-B4BB-F1482C16BFAE, OS:17.0, name:iPhone 14 Pro }
		{ platform:iOS Simulator, id:0A50C903-B382-4083-B4BB-F1482C16BFAE, OS:17.0, name:iPhone 14 Pro }
		{ platform:iOS Simulator, id:BD24B767-B1F9-4BC1-A817-D608DA5EB8A0, OS:17.0, name:iPhone 14 Pro Max }
		{ platform:iOS Simulator, id:BD24B767-B1F9-4BC1-A817-D608DA5EB8A0, OS:17.0, name:iPhone 14 Pro Max }
		{ platform:iOS Simulator, id:1C9D7FE7-703A-4F51-9979-A2A5433B3EA5, OS:17.0, name:iPhone SE (3rd generation) }
		{ platform:iOS Simulator, id:1C9D7FE7-703A-4F51-9979-A2A5433B3EA5, OS:17.0, name:iPhone SE (3rd generation) }
Retrying in 0 seconds ...
Building ... (attempt 2)
Command line invocation:
    /Applications/Xcode-15.0.0-Beta.2.app/Contents/Developer/usr/bin/xcodebuild -IDEClonedSourcePackagesDirPathOverride=/Users/builder/builds/TDmZkXJm/1/finestructure/swiftpackageindex-builder/spi-builder-workspace/.dependencies -derivedDataPath /Users/builder/builds/TDmZkXJm/1/finestructure/swiftpackageindex-builder/spi-builder-workspace/.derivedData build -scheme HealthDataSync_Tests -destination generic/platform=xros

User defaults from command line:
    IDEClonedSourcePackagesDirPathOverride = /Users/builder/builds/TDmZkXJm/1/finestructure/swiftpackageindex-builder/spi-builder-workspace/.dependencies
    IDEDerivedDataPathOverride = /Users/builder/builds/TDmZkXJm/1/finestructure/swiftpackageindex-builder/spi-builder-workspace/.derivedData
    IDEPackageSupportUseBuiltinSCM = YES
Resolve Package Graph


Resolved source packages:
  Nimble: https://github.com/Quick/Nimble @ 8.0.2
  Quick: https://github.com/Quick/Quick @ 2.2.1
2023-06-29 01:09:13.910 xcodebuild[19252:401463] Writing error result bundle to /var/folders/4f/vmvvw7xn07sg3fzsc7v7mmx40000gp/T/ResultBundle_2023-29-06_01-09-0013.xcresult
xcodebuild: error: Unable to find a destination matching the provided destination specifier:
		{ generic:1, platform:xros }

	Available destinations for the "HealthDataSync_Tests" scheme:
		{ platform:macOS, arch:arm64, variant:Mac Catalyst, id:00008103-0008793E26D2001E }
		{ platform:macOS, arch:x86_64, variant:Mac Catalyst, id:00008103-0008793E26D2001E }
		{ platform:macOS, arch:arm64, variant:Designed for [iPad,iPhone], id:00008103-0008793E26D2001E }
		{ platform:iOS, id:dvtdevice-DVTiPhonePlaceholder-iphoneos:placeholder, name:Any iOS Device }
		{ platform:iOS Simulator, id:dvtdevice-DVTiOSDeviceSimulatorPlaceholder-iphonesimulator:placeholder, name:Any iOS Simulator Device }
		{ platform:macOS, variant:Mac Catalyst, name:Any Mac }
		{ platform:visionOS Simulator, variant:Designed for [iPad,iPhone], id:6AC0F656-AA4E-43C7-8D43-5A0FF4CDF4F1, OS:1.0, name:Apple Vision Pro }
		{ platform:iOS Simulator, id:B00839C6-8FF8-4D39-A6B5-FD00D2A6A7C5, OS:17.0, name:iPad (10th generation) }
		{ platform:iOS Simulator, id:B00839C6-8FF8-4D39-A6B5-FD00D2A6A7C5, OS:17.0, name:iPad (10th generation) }
		{ platform:iOS Simulator, id:C6883C72-5959-4596-B924-DE2D0D431720, OS:17.0, name:iPad Air (5th generation) }
		{ platform:iOS Simulator, id:C6883C72-5959-4596-B924-DE2D0D431720, OS:17.0, name:iPad Air (5th generation) }
		{ platform:iOS Simulator, id:92C04CF7-92C6-449C-9FD3-451652813034, OS:17.0, name:iPad Pro (11-inch) (4th generation) }
		{ platform:iOS Simulator, id:92C04CF7-92C6-449C-9FD3-451652813034, OS:17.0, name:iPad Pro (11-inch) (4th generation) }
		{ platform:iOS Simulator, id:621B129D-6C99-4975-B43B-455ECE9546CD, OS:17.0, name:iPad Pro (12.9-inch) (6th generation) }
		{ platform:iOS Simulator, id:621B129D-6C99-4975-B43B-455ECE9546CD, OS:17.0, name:iPad Pro (12.9-inch) (6th generation) }
		{ platform:iOS Simulator, id:48702D01-4545-42D3-9637-9B6864EF395C, OS:17.0, name:iPad mini (6th generation) }
		{ platform:iOS Simulator, id:48702D01-4545-42D3-9637-9B6864EF395C, OS:17.0, name:iPad mini (6th generation) }
		{ platform:iOS Simulator, id:20A27119-A68A-4DBA-802C-B62086C3F698, OS:17.0, name:iPhone 14 }
		{ platform:iOS Simulator, id:20A27119-A68A-4DBA-802C-B62086C3F698, OS:17.0, name:iPhone 14 }
		{ platform:iOS Simulator, id:486E8823-68B4-4102-88B2-2F9FD4FB9AA8, OS:17.0, name:iPhone 14 Plus }
		{ platform:iOS Simulator, id:486E8823-68B4-4102-88B2-2F9FD4FB9AA8, OS:17.0, name:iPhone 14 Plus }
		{ platform:iOS Simulator, id:0A50C903-B382-4083-B4BB-F1482C16BFAE, OS:17.0, name:iPhone 14 Pro }
		{ platform:iOS Simulator, id:0A50C903-B382-4083-B4BB-F1482C16BFAE, OS:17.0, name:iPhone 14 Pro }
		{ platform:iOS Simulator, id:BD24B767-B1F9-4BC1-A817-D608DA5EB8A0, OS:17.0, name:iPhone 14 Pro Max }
		{ platform:iOS Simulator, id:BD24B767-B1F9-4BC1-A817-D608DA5EB8A0, OS:17.0, name:iPhone 14 Pro Max }
		{ platform:iOS Simulator, id:1C9D7FE7-703A-4F51-9979-A2A5433B3EA5, OS:17.0, name:iPhone SE (3rd generation) }
		{ platform:iOS Simulator, id:1C9D7FE7-703A-4F51-9979-A2A5433B3EA5, OS:17.0, name:iPhone SE (3rd generation) }
Retrying in 0 seconds ...
BUILD FAILURE 5.9 visionOS