Build Information
Failed to build HTMLEntities, reference master (d8ca73), with Swift 6.4 for tvOS using Xcode 27.0 on 18 Sep 2026 06:09:45 UTC.
Build Command
env DEVELOPER_DIR=/Applications/Xcode-27.0.0-Release.Candidate.app xcrun xcodebuild -IDEClonedSourcePackagesDirPathOverride=$PWD/.dependencies -skipMacroValidation -skipPackagePluginValidation -derivedDataPath $PWD/.derivedData build -scheme HTMLEntities -destination generic/platform=tvOSBuild Log
========================================
RunAll
========================================
Builder version: 5.1.0
Interrupt handler set up.
========================================
Checkout
========================================
Clone URL: https://github.com/Kitura/swift-html-entities.git
Reference: master
Initialized empty Git repository in /Users/admin/builder/spi-builder-workspace/.git/
From https://github.com/Kitura/swift-html-entities
* branch master -> FETCH_HEAD
* [new branch] master -> origin/master
HEAD is now at d8ca731 Remove .swift-version file
Cloned https://github.com/Kitura/swift-html-entities.git
Revision (git rev-parse @):
d8ca73197f59ce260c71bd6d7f6eb8bbdccf508b
SUCCESS checkout https://github.com/Kitura/swift-html-entities.git at master
========================================
Build
========================================
Selected platform: tvOS
Swift version: 6.4
Building package at path: $PWD
https://github.com/Kitura/swift-html-entities.git
Command line invocation:
/Applications/Xcode-27.0.0-Release.Candidate.app/Contents/Developer/usr/bin/xcodebuild -IDEClonedSourcePackagesDirPathOverride=/Users/admin/builder/spi-builder-workspace/.dependencies -resolvePackageDependencies
resolved source packages:
{
"dependencies" : [
],
"manifest_display_name" : "HTMLEntities",
"name" : "HTMLEntities",
"path" : "/Users/admin/builder/spi-builder-workspace",
"platforms" : [
],
"products" : [
{
"name" : "HTMLEntities",
"targets" : [
"HTMLEntities"
],
"type" : {
"library" : [
"automatic"
]
}
}
],
"targets" : [
{
"c99name" : "HTMLEntitiesTests",
"module_type" : "SwiftTarget",
"name" : "HTMLEntitiesTests",
"path" : "Tests/HTMLEntitiesTests",
"sources" : [
"HTMLEntitiesTests.swift",
"LinuxSafeguardTest.swift"
],
"target_dependencies" : [
"HTMLEntities"
],
"type" : "test"
},
{
"c99name" : "HTMLEntities",
"module_type" : "SwiftTarget",
"name" : "HTMLEntities",
"path" : "Sources/HTMLEntities",
"product_memberships" : [
"HTMLEntities"
],
"sources" : [
"Constants.swift",
"ParseError.swift",
"String+HTMLEntities.swift",
"Utilities.swift"
],
"type" : "library"
}
],
"tools_version" : "5.2"
}
{
"project" : {
"configurations" : [
"Debug",
"Release"
],
"name" : "HTMLEntities-Carthage",
"schemes" : [
"HTMLEntities"
],
"targets" : [
"HTMLEntities",
"HTMLEntitiesTests"
]
}
}
Running build ...
env DEVELOPER_DIR=/Applications/Xcode-27.0.0-Release.Candidate.app xcrun xcodebuild -IDEClonedSourcePackagesDirPathOverride=$PWD/.dependencies -skipMacroValidation -skipPackagePluginValidation -derivedDataPath $PWD/.derivedData build -scheme HTMLEntities -destination generic/platform=tvOS
Command line invocation:
/Applications/Xcode-27.0.0-Release.Candidate.app/Contents/Developer/usr/bin/xcodebuild -IDEClonedSourcePackagesDirPathOverride=/Users/admin/builder/spi-builder-workspace/.dependencies -skipMacroValidation -skipPackagePluginValidation -derivedDataPath /Users/admin/builder/spi-builder-workspace/.derivedData build -scheme HTMLEntities -destination generic/platform=tvOS
ComputePackagePrebuildTargetDependencyGraph
Prepare packages
CreateBuildRequest
SendProjectDescription
CreateBuildOperation
ComputeTargetDependencyGraph
note: Building targets in dependency order
note: Target dependency graph (1 target)
Target 'HTMLEntities' in project 'HTMLEntities-Carthage' (no dependencies)
GatherProvisioningInputs
CreateBuildDescription
ExecuteExternalTool /Applications/Xcode-27.0.0-Release.Candidate.app/Contents/Developer/Toolchains/XcodeDefault.xctoolchain/usr/bin/clang -v -E -dM -isysroot /Applications/Xcode-27.0.0-Release.Candidate.app/Contents/Developer/Platforms/AppleTVOS.platform/Developer/SDKs/AppleTVOS27.0.sdk -x c -c /dev/null
ExecuteExternalTool /Applications/Xcode-27.0.0-Release.Candidate.app/Contents/Developer/Toolchains/XcodeDefault.xctoolchain/usr/bin/swiftc --version
ExecuteExternalTool /Applications/Xcode-27.0.0-Release.Candidate.app/Contents/Developer/Toolchains/XcodeDefault.xctoolchain/usr/bin/ld -version_details
Build description signature: 1562a0378a776d2154f82c5d2b5b8481
Build description path: /Users/admin/builder/spi-builder-workspace/.derivedData/Build/Intermediates.noindex/XCBuildData/1562a0378a776d2154f82c5d2b5b8481.xcbuilddata
/Users/admin/builder/spi-builder-workspace/HTMLEntities-Carthage.xcodeproj: error: The tvOS deployment target 'TVOS_DEPLOYMENT_TARGET' is set to 9.0, but the range of supported deployment target versions is 15.0 to 27.0.x. (in target 'HTMLEntities' from project 'HTMLEntities-Carthage')
** BUILD FAILED **
The following build commands failed:
Building project HTMLEntities-Carthage with scheme HTMLEntities
(1 failure)
Command line invocation:
/Applications/Xcode-27.0.0-Release.Candidate.app/Contents/Developer/usr/bin/xcodebuild -IDEClonedSourcePackagesDirPathOverride=/Users/admin/builder/spi-builder-workspace/.dependencies -resolvePackageDependencies
resolved source packages:
{
"dependencies" : [
],
"manifest_display_name" : "HTMLEntities",
"name" : "HTMLEntities",
"path" : "/Users/admin/builder/spi-builder-workspace",
"platforms" : [
],
"products" : [
{
"name" : "HTMLEntities",
"targets" : [
"HTMLEntities"
],
"type" : {
"library" : [
"automatic"
]
}
}
],
"targets" : [
{
"c99name" : "HTMLEntitiesTests",
"module_type" : "SwiftTarget",
"name" : "HTMLEntitiesTests",
"path" : "Tests/HTMLEntitiesTests",
"sources" : [
"HTMLEntitiesTests.swift",
"LinuxSafeguardTest.swift"
],
"target_dependencies" : [
"HTMLEntities"
],
"type" : "test"
},
{
"c99name" : "HTMLEntities",
"module_type" : "SwiftTarget",
"name" : "HTMLEntities",
"path" : "Sources/HTMLEntities",
"product_memberships" : [
"HTMLEntities"
],
"sources" : [
"Constants.swift",
"ParseError.swift",
"String+HTMLEntities.swift",
"Utilities.swift"
],
"type" : "library"
}
],
"tools_version" : "5.2"
}
{
"project" : {
"configurations" : [
"Debug",
"Release"
],
"name" : "HTMLEntities-Carthage",
"schemes" : [
"HTMLEntities"
],
"targets" : [
"HTMLEntities",
"HTMLEntitiesTests"
]
}
}
Running build ...
env DEVELOPER_DIR=/Applications/Xcode-27.0.0-Release.Candidate.app xcrun xcodebuild -IDEClonedSourcePackagesDirPathOverride=$PWD/.dependencies -skipMacroValidation -skipPackagePluginValidation -derivedDataPath $PWD/.derivedData build -scheme HTMLEntities -destination generic/platform=tvOS
Command line invocation:
/Applications/Xcode-27.0.0-Release.Candidate.app/Contents/Developer/usr/bin/xcodebuild -IDEClonedSourcePackagesDirPathOverride=/Users/admin/builder/spi-builder-workspace/.dependencies -skipMacroValidation -skipPackagePluginValidation -derivedDataPath /Users/admin/builder/spi-builder-workspace/.derivedData build -scheme HTMLEntities -destination generic/platform=tvOS
ComputePackagePrebuildTargetDependencyGraph
Prepare packages
CreateBuildRequest
SendProjectDescription
CreateBuildOperation
ComputeTargetDependencyGraph
note: Building targets in dependency order
note: Target dependency graph (1 target)
Target 'HTMLEntities' in project 'HTMLEntities-Carthage' (no dependencies)
GatherProvisioningInputs
CreateBuildDescription
/Users/admin/builder/spi-builder-workspace/HTMLEntities-Carthage.xcodeproj: error: The tvOS deployment target 'TVOS_DEPLOYMENT_TARGET' is set to 9.0, but the range of supported deployment target versions is 15.0 to 27.0.x. (in target 'HTMLEntities' from project 'HTMLEntities-Carthage')
** BUILD FAILED **
The following build commands failed:
Building project HTMLEntities-Carthage with scheme HTMLEntities
(1 failure)
BUILD FAILURE 6.4 tvOS