The Swift Package Index logo.Swift Package Index

Build Information

Failed to build Masonry, reference master (5fdcab), with Swift 6.4 for macOS (Xcode) using Xcode 27.0 on 22 Sep 2026 17:32:47 UTC.

Build Command

env DEVELOPER_DIR=/Applications/Xcode-27.0.0-Release.Candidate.app xcrun xcodebuild -IDEClonedSourcePackagesDirPathOverride=$PWD/.dependencies -skipMacroValidation -skipPackagePluginValidation -derivedDataPath $PWD/.derivedData build -scheme Masonry -destination platform=macOS,arch=arm64

Build Log

========================================
RunAll
========================================
Builder version: 5.1.0
Interrupt handler set up.
========================================
Checkout
========================================
Clone URL: https://github.com/cntrump/Masonry.git
Reference: master
Initialized empty Git repository in /Users/admin/builder/spi-builder-workspace/.git/
From https://github.com/cntrump/Masonry
 * branch            master     -> FETCH_HEAD
 * [new branch]      master     -> origin/master
HEAD is now at 5fdcabd Add keyboardLayoutGuide support
Cloned https://github.com/cntrump/Masonry.git
Revision (git rev-parse @):
5fdcabdee48986e6fbbf0267d941173ef41095b9
SUCCESS checkout https://github.com/cntrump/Masonry.git at master
========================================
Build
========================================
Selected platform:         macosXcodebuild
Swift version:             6.4
Building package at path:  $PWD
https://github.com/cntrump/Masonry.git
Command line invocation:
    /Applications/Xcode-27.0.0-Release.Candidate.app/Contents/Developer/usr/bin/xcodebuild -IDEClonedSourcePackagesDirPathOverride=/Users/admin/builder/spi-builder-workspace/.dependencies -resolvePackageDependencies
resolved source packages:
{
  "dependencies" : [
  ],
  "manifest_display_name" : "Masonry",
  "name" : "Masonry",
  "path" : "/Users/admin/builder/spi-builder-workspace",
  "platforms" : [
    {
      "name" : "macos",
      "version" : "10.11"
    },
    {
      "name" : "ios",
      "version" : "9.0"
    },
    {
      "name" : "tvos",
      "version" : "9.0"
    }
  ],
  "products" : [
    {
      "name" : "Masonry",
      "targets" : [
        "Masonry"
      ],
      "type" : {
        "library" : [
          "automatic"
        ]
      }
    }
  ],
  "targets" : [
    {
      "c99name" : "Masonry",
      "module_type" : "ClangTarget",
      "name" : "Masonry",
      "path" : ".",
      "product_memberships" : [
        "Masonry"
      ],
      "sources" : [
        "Masonry/LayoutGuide+MASAdditions.m",
        "Masonry/LayoutGuide+MASShorthandAdditions.m",
        "Masonry/MASCompositeConstraint.m",
        "Masonry/MASConstraint.m",
        "Masonry/MASConstraintMaker.m",
        "Masonry/MASLayoutConstraint.m",
        "Masonry/MASUtilities.m",
        "Masonry/MASViewAttribute.m",
        "Masonry/MASViewConstraint.m",
        "Masonry/NSArray+MASAdditions.m",
        "Masonry/NSArray+MASShorthandAdditions.m",
        "Masonry/NSLayoutConstraint+MASDebugAdditions.m",
        "Masonry/UIScrollView+MASAdditions.m",
        "Masonry/View+MASAdditions.m",
        "Masonry/View+MASShorthandAdditions.m",
        "Masonry/ViewController+MASAdditions.m"
      ],
      "type" : "library"
    }
  ],
  "tools_version" : "5.0"
}
{
  "project" : {
    "configurations" : [
      "Debug",
      "Release"
    ],
    "name" : "Masonry",
    "schemes" : [
      "Masonry"
    ],
    "targets" : [
      "Masonry"
    ]
  }
}
Running build ...
env DEVELOPER_DIR=/Applications/Xcode-27.0.0-Release.Candidate.app xcrun xcodebuild -IDEClonedSourcePackagesDirPathOverride=$PWD/.dependencies -skipMacroValidation -skipPackagePluginValidation -derivedDataPath $PWD/.derivedData build -scheme Masonry -destination platform=macOS,arch=arm64
Command line invocation:
    /Applications/Xcode-27.0.0-Release.Candidate.app/Contents/Developer/usr/bin/xcodebuild -IDEClonedSourcePackagesDirPathOverride=/Users/admin/builder/spi-builder-workspace/.dependencies -skipMacroValidation -skipPackagePluginValidation -derivedDataPath /Users/admin/builder/spi-builder-workspace/.derivedData build -scheme Masonry -destination platform=macOS,arch=arm64
ComputePackagePrebuildTargetDependencyGraph
Prepare packages
CreateBuildRequest
SendProjectDescription
CreateBuildOperation
ComputeTargetDependencyGraph
note: Building targets in dependency order
note: Target dependency graph (1 target)
    Target 'Masonry' in project 'Masonry' (no dependencies)
GatherProvisioningInputs
CreateBuildDescription
ExecuteExternalTool /Applications/Xcode-27.0.0-Release.Candidate.app/Contents/Developer/Toolchains/XcodeDefault.xctoolchain/usr/bin/clang -v -E -dM -isysroot /Applications/Xcode-27.0.0-Release.Candidate.app/Contents/Developer/Platforms/MacOSX.platform/Developer/SDKs/MacOSX27.0.sdk -x c -c /dev/null
ExecuteExternalTool /Applications/Xcode-27.0.0-Release.Candidate.app/Contents/Developer/Toolchains/XcodeDefault.xctoolchain/usr/bin/clang -v -E -dM -arch arm64 -isysroot /Applications/Xcode-27.0.0-Release.Candidate.app/Contents/Developer/Platforms/MacOSX.platform/Developer/SDKs/MacOSX27.0.sdk -x c -c /dev/null
ExecuteExternalTool /Applications/Xcode-27.0.0-Release.Candidate.app/Contents/Developer/Toolchains/XcodeDefault.xctoolchain/usr/bin/clang -v -E -dM -arch arm64 -isysroot /Applications/Xcode-27.0.0-Release.Candidate.app/Contents/Developer/Platforms/MacOSX.platform/Developer/SDKs/MacOSX27.0.sdk -x objective-c -c /dev/null
ExecuteExternalTool /Applications/Xcode-27.0.0-Release.Candidate.app/Contents/Developer/Toolchains/XcodeDefault.xctoolchain/usr/bin/libtool -V
Build description signature: f49294392835f4e644bacb5ad99e2ef8
Build description path: /Users/admin/builder/spi-builder-workspace/.derivedData/Build/Intermediates.noindex/XCBuildData/f49294392835f4e644bacb5ad99e2ef8.xcbuilddata
/Users/admin/builder/spi-builder-workspace/Masonry.xcodeproj: error: The macOS deployment target 'MACOSX_DEPLOYMENT_TARGET' is set to 10.11, but the range of supported deployment target versions is 12.0 to 27.0.x. (in target 'Masonry' from project 'Masonry')
** BUILD FAILED **
The following build commands failed:
	Building project Masonry with scheme Masonry
(1 failure)
Command line invocation:
    /Applications/Xcode-27.0.0-Release.Candidate.app/Contents/Developer/usr/bin/xcodebuild -IDEClonedSourcePackagesDirPathOverride=/Users/admin/builder/spi-builder-workspace/.dependencies -resolvePackageDependencies
resolved source packages:
{
  "dependencies" : [
  ],
  "manifest_display_name" : "Masonry",
  "name" : "Masonry",
  "path" : "/Users/admin/builder/spi-builder-workspace",
  "platforms" : [
    {
      "name" : "macos",
      "version" : "10.11"
    },
    {
      "name" : "ios",
      "version" : "9.0"
    },
    {
      "name" : "tvos",
      "version" : "9.0"
    }
  ],
  "products" : [
    {
      "name" : "Masonry",
      "targets" : [
        "Masonry"
      ],
      "type" : {
        "library" : [
          "automatic"
        ]
      }
    }
  ],
  "targets" : [
    {
      "c99name" : "Masonry",
      "module_type" : "ClangTarget",
      "name" : "Masonry",
      "path" : ".",
      "product_memberships" : [
        "Masonry"
      ],
      "sources" : [
        "Masonry/LayoutGuide+MASAdditions.m",
        "Masonry/LayoutGuide+MASShorthandAdditions.m",
        "Masonry/MASCompositeConstraint.m",
        "Masonry/MASConstraint.m",
        "Masonry/MASConstraintMaker.m",
        "Masonry/MASLayoutConstraint.m",
        "Masonry/MASUtilities.m",
        "Masonry/MASViewAttribute.m",
        "Masonry/MASViewConstraint.m",
        "Masonry/NSArray+MASAdditions.m",
        "Masonry/NSArray+MASShorthandAdditions.m",
        "Masonry/NSLayoutConstraint+MASDebugAdditions.m",
        "Masonry/UIScrollView+MASAdditions.m",
        "Masonry/View+MASAdditions.m",
        "Masonry/View+MASShorthandAdditions.m",
        "Masonry/ViewController+MASAdditions.m"
      ],
      "type" : "library"
    }
  ],
  "tools_version" : "5.0"
}
{
  "project" : {
    "configurations" : [
      "Debug",
      "Release"
    ],
    "name" : "Masonry",
    "schemes" : [
      "Masonry"
    ],
    "targets" : [
      "Masonry"
    ]
  }
}
Running build ...
env DEVELOPER_DIR=/Applications/Xcode-27.0.0-Release.Candidate.app xcrun xcodebuild -IDEClonedSourcePackagesDirPathOverride=$PWD/.dependencies -skipMacroValidation -skipPackagePluginValidation -derivedDataPath $PWD/.derivedData build -scheme Masonry -destination platform=macOS,arch=arm64
Command line invocation:
    /Applications/Xcode-27.0.0-Release.Candidate.app/Contents/Developer/usr/bin/xcodebuild -IDEClonedSourcePackagesDirPathOverride=/Users/admin/builder/spi-builder-workspace/.dependencies -skipMacroValidation -skipPackagePluginValidation -derivedDataPath /Users/admin/builder/spi-builder-workspace/.derivedData build -scheme Masonry -destination platform=macOS,arch=arm64
ComputePackagePrebuildTargetDependencyGraph
Prepare packages
CreateBuildRequest
SendProjectDescription
CreateBuildOperation
ComputeTargetDependencyGraph
note: Building targets in dependency order
note: Target dependency graph (1 target)
    Target 'Masonry' in project 'Masonry' (no dependencies)
GatherProvisioningInputs
CreateBuildDescription
/Users/admin/builder/spi-builder-workspace/Masonry.xcodeproj: error: The macOS deployment target 'MACOSX_DEPLOYMENT_TARGET' is set to 10.11, but the range of supported deployment target versions is 12.0 to 27.0.x. (in target 'Masonry' from project 'Masonry')
** BUILD FAILED **
The following build commands failed:
	Building project Masonry with scheme Masonry
(1 failure)
BUILD FAILURE 6.4 macosXcodebuild