Build Information
Failed to build Chameleon, reference 0.0.3 (cae36a), with Swift 6.4 for watchOS using Xcode 27.0 on 16 Sep 2026 09:44:06 UTC.
Build Command
env DEVELOPER_DIR=/Applications/Xcode-27.0.0-Release.Candidate.app xcrun xcodebuild -IDEClonedSourcePackagesDirPathOverride=$PWD/.dependencies -skipMacroValidation -skipPackagePluginValidation -derivedDataPath $PWD/.derivedData build -scheme Chameleon-Package -destination generic/platform=watchOSBuild Log
SwiftCompile normal arm64 /Users/admin/builder/spi-builder-workspace/.dependencies/checkouts/node/Sources/Node/Fuzzy/Optional+Convertible.swift (in target 'Node' from project 'Node')
cd /Users/admin/builder/spi-builder-workspace/.swiftpm/xcode
builtin-SwiftPerFileCompile Optional+Convertible.swift
SwiftCompile normal arm64 /Users/admin/builder/spi-builder-workspace/.dependencies/checkouts/node/Sources/Node/Fuzzy/Set+Convertible.swift (in target 'Node' from project 'Node')
cd /Users/admin/builder/spi-builder-workspace/.swiftpm/xcode
builtin-SwiftPerFileCompile Set+Convertible.swift
SwiftCompile normal arm64 /Users/admin/builder/spi-builder-workspace/.dependencies/checkouts/node/Sources/Node/Number/Number.swift (in target 'Node' from project 'Node')
cd /Users/admin/builder/spi-builder-workspace/.swiftpm/xcode
builtin-SwiftPerFileCompile Number.swift
SwiftCompile normal arm64 /Users/admin/builder/spi-builder-workspace/.dependencies/checkouts/node/Sources/Node/StructuredData/StructuredData+Equatable.swift (in target 'Node' from project 'Node')
cd /Users/admin/builder/spi-builder-workspace/.swiftpm/xcode
builtin-SwiftPerFileCompile StructuredData+Equatable.swift
SwiftDriverJobDiscovery normal arm64 Compiling StructuredDataWrapper+Cases.swift, StructuredDataWrapper+Convenience.swift, StructuredDataWrapper+Equatable.swift, StructuredDataWrapper+Literals.swift (in target 'Node' from project 'Node')
SwiftCompile normal arm64 Compiling\ Errors.swift,\ Exports.swift,\ Identifier.swift /Users/admin/builder/spi-builder-workspace/.dependencies/checkouts/node/Sources/Node/Utilities/Errors.swift /Users/admin/builder/spi-builder-workspace/.dependencies/checkouts/node/Sources/Node/Utilities/Exports.swift /Users/admin/builder/spi-builder-workspace/.dependencies/checkouts/node/Sources/Node/Utilities/Identifier.swift (in target 'Node' from project 'Node')
SwiftCompile normal arm64 /Users/admin/builder/spi-builder-workspace/.dependencies/checkouts/node/Sources/Node/Utilities/Errors.swift (in target 'Node' from project 'Node')
cd /Users/admin/builder/spi-builder-workspace/.swiftpm/xcode
builtin-SwiftPerFileCompile Errors.swift
SwiftCompile normal arm64 /Users/admin/builder/spi-builder-workspace/.dependencies/checkouts/node/Sources/Node/Utilities/Exports.swift (in target 'Node' from project 'Node')
cd /Users/admin/builder/spi-builder-workspace/.swiftpm/xcode
builtin-SwiftPerFileCompile Exports.swift
SwiftCompile normal arm64 /Users/admin/builder/spi-builder-workspace/.dependencies/checkouts/node/Sources/Node/Utilities/Identifier.swift (in target 'Node' from project 'Node')
cd /Users/admin/builder/spi-builder-workspace/.swiftpm/xcode
builtin-SwiftPerFileCompile Identifier.swift
SwiftDriverJobDiscovery normal arm64 Compiling Getters.swift, Setters.swift, Bool+Convertible.swift, Date+Convertible.swift (in target 'Node' from project 'Node')
SwiftCompile normal arm64 Compiling\ StructuredData+Init.swift,\ StructuredData+PathIndexable.swift,\ StructuredData+Polymorphic.swift,\ StructuredData.swift /Users/admin/builder/spi-builder-workspace/.dependencies/checkouts/node/Sources/Node/StructuredData/StructuredData+Init.swift /Users/admin/builder/spi-builder-workspace/.dependencies/checkouts/node/Sources/Node/StructuredData/StructuredData+PathIndexable.swift /Users/admin/builder/spi-builder-workspace/.dependencies/checkouts/node/Sources/Node/StructuredData/StructuredData+Polymorphic.swift /Users/admin/builder/spi-builder-workspace/.dependencies/checkouts/node/Sources/Node/StructuredData/StructuredData.swift (in target 'Node' from project 'Node')
SwiftCompile normal arm64 /Users/admin/builder/spi-builder-workspace/.dependencies/checkouts/node/Sources/Node/StructuredData/StructuredData+Init.swift (in target 'Node' from project 'Node')
cd /Users/admin/builder/spi-builder-workspace/.swiftpm/xcode
builtin-SwiftPerFileCompile StructuredData+Init.swift
SwiftCompile normal arm64 /Users/admin/builder/spi-builder-workspace/.dependencies/checkouts/node/Sources/Node/StructuredData/StructuredData+PathIndexable.swift (in target 'Node' from project 'Node')
cd /Users/admin/builder/spi-builder-workspace/.swiftpm/xcode
builtin-SwiftPerFileCompile StructuredData+PathIndexable.swift
SwiftCompile normal arm64 /Users/admin/builder/spi-builder-workspace/.dependencies/checkouts/node/Sources/Node/StructuredData/StructuredData+Polymorphic.swift (in target 'Node' from project 'Node')
cd /Users/admin/builder/spi-builder-workspace/.swiftpm/xcode
builtin-SwiftPerFileCompile StructuredData+Polymorphic.swift
SwiftCompile normal arm64 /Users/admin/builder/spi-builder-workspace/.dependencies/checkouts/node/Sources/Node/StructuredData/StructuredData.swift (in target 'Node' from project 'Node')
cd /Users/admin/builder/spi-builder-workspace/.swiftpm/xcode
builtin-SwiftPerFileCompile StructuredData.swift
SwiftDriverJobDiscovery normal arm64_32 Compiling StructuredDataWrapper+Cases.swift, StructuredDataWrapper+Convenience.swift, StructuredDataWrapper+Equatable.swift, StructuredDataWrapper+Literals.swift (in target 'Node' from project 'Node')
SwiftCompile normal arm64_32 Compiling\ Getters.swift,\ Setters.swift,\ Bool+Convertible.swift,\ Date+Convertible.swift /Users/admin/builder/spi-builder-workspace/.dependencies/checkouts/node/Sources/Node/Accessors/Getters.swift /Users/admin/builder/spi-builder-workspace/.dependencies/checkouts/node/Sources/Node/Accessors/Setters.swift /Users/admin/builder/spi-builder-workspace/.dependencies/checkouts/node/Sources/Node/Convertibles/Bool+Convertible.swift /Users/admin/builder/spi-builder-workspace/.dependencies/checkouts/node/Sources/Node/Convertibles/Date+Convertible.swift (in target 'Node' from project 'Node')
SwiftCompile normal arm64_32 /Users/admin/builder/spi-builder-workspace/.dependencies/checkouts/node/Sources/Node/Accessors/Getters.swift (in target 'Node' from project 'Node')
cd /Users/admin/builder/spi-builder-workspace/.swiftpm/xcode
builtin-SwiftPerFileCompile Getters.swift
SwiftCompile normal arm64_32 /Users/admin/builder/spi-builder-workspace/.dependencies/checkouts/node/Sources/Node/Accessors/Setters.swift (in target 'Node' from project 'Node')
cd /Users/admin/builder/spi-builder-workspace/.swiftpm/xcode
builtin-SwiftPerFileCompile Setters.swift
SwiftCompile normal arm64_32 /Users/admin/builder/spi-builder-workspace/.dependencies/checkouts/node/Sources/Node/Convertibles/Bool+Convertible.swift (in target 'Node' from project 'Node')
cd /Users/admin/builder/spi-builder-workspace/.swiftpm/xcode
builtin-SwiftPerFileCompile Bool+Convertible.swift
SwiftCompile normal arm64_32 /Users/admin/builder/spi-builder-workspace/.dependencies/checkouts/node/Sources/Node/Convertibles/Date+Convertible.swift (in target 'Node' from project 'Node')
cd /Users/admin/builder/spi-builder-workspace/.swiftpm/xcode
builtin-SwiftPerFileCompile Date+Convertible.swift
SwiftDriverJobDiscovery normal arm64 Compiling String+Convertible.swift, UUID+Convertible.swift, UnsignedInteger+Convertible.swift, Context.swift (in target 'Node' from project 'Node')
SwiftCompile normal arm64 Compiling\ Array+Convertible.swift,\ Dictionary+Convertible.swift,\ Fuzzy+Any.swift,\ FuzzyConverter.swift /Users/admin/builder/spi-builder-workspace/.dependencies/checkouts/node/Sources/Node/Fuzzy/Array+Convertible.swift /Users/admin/builder/spi-builder-workspace/.dependencies/checkouts/node/Sources/Node/Fuzzy/Dictionary+Convertible.swift /Users/admin/builder/spi-builder-workspace/.dependencies/checkouts/node/Sources/Node/Fuzzy/Fuzzy+Any.swift /Users/admin/builder/spi-builder-workspace/.dependencies/checkouts/node/Sources/Node/Fuzzy/FuzzyConverter.swift (in target 'Node' from project 'Node')
SwiftCompile normal arm64 /Users/admin/builder/spi-builder-workspace/.dependencies/checkouts/node/Sources/Node/Fuzzy/Array+Convertible.swift (in target 'Node' from project 'Node')
cd /Users/admin/builder/spi-builder-workspace/.swiftpm/xcode
builtin-SwiftPerFileCompile Array+Convertible.swift
SwiftCompile normal arm64 /Users/admin/builder/spi-builder-workspace/.dependencies/checkouts/node/Sources/Node/Fuzzy/Dictionary+Convertible.swift (in target 'Node' from project 'Node')
cd /Users/admin/builder/spi-builder-workspace/.swiftpm/xcode
builtin-SwiftPerFileCompile Dictionary+Convertible.swift
SwiftCompile normal arm64 /Users/admin/builder/spi-builder-workspace/.dependencies/checkouts/node/Sources/Node/Fuzzy/Fuzzy+Any.swift (in target 'Node' from project 'Node')
cd /Users/admin/builder/spi-builder-workspace/.swiftpm/xcode
builtin-SwiftPerFileCompile Fuzzy+Any.swift
SwiftCompile normal arm64 /Users/admin/builder/spi-builder-workspace/.dependencies/checkouts/node/Sources/Node/Fuzzy/FuzzyConverter.swift (in target 'Node' from project 'Node')
cd /Users/admin/builder/spi-builder-workspace/.swiftpm/xcode
builtin-SwiftPerFileCompile FuzzyConverter.swift
SwiftDriverJobDiscovery normal arm64_32 Compiling Optional+Convertible.swift, Set+Convertible.swift, Number.swift, StructuredData+Equatable.swift (in target 'Node' from project 'Node')
SwiftDriverJobDiscovery normal arm64 Compiling FloatingPoint+Convertible.swift, Integer+Convertible.swift, Schema+Convertible.swift, SchemaWrapper+Convertible.swift (in target 'Node' from project 'Node')
SwiftDriver\ Compilation Core normal arm64_32 com.apple.xcode.tools.swift.compiler (in target 'Core' from project 'Core')
cd /Users/admin/builder/spi-builder-workspace/.swiftpm/xcode
builtin-Swift-Compilation -- /Applications/Xcode-27.0.0-Release.Candidate.app/Contents/Developer/Toolchains/XcodeDefault.xctoolchain/usr/bin/swiftc -parse-as-library -module-name Core -Onone @/Users/admin/builder/spi-builder-workspace/.derivedData/Build/Intermediates.noindex/Core.build/Debug-watchos/Core-t.build/Objects-normal/arm64_32/Core.SwiftFileList -DSWIFT_PACKAGE -DDEBUG -DSWIFT_MODULE_RESOURCE_BUNDLE_UNAVAILABLE -DXcode -plugin-path /Applications/Xcode-27.0.0-Release.Candidate.app/Contents/Developer/Toolchains/XcodeDefault.xctoolchain/usr/lib/swift/host/plugins/testing -enable-experimental-feature DebugDescriptionMacro -sdk /Applications/Xcode-27.0.0-Release.Candidate.app/Contents/Developer/Platforms/WatchOS.platform/Developer/SDKs/WatchOS27.0.sdk -target arm64_32-apple-watchos9.0 -g -module-cache-path /Users/admin/builder/spi-builder-workspace/.derivedData/ModuleCache.noindex -Xfrontend -serialize-debugging-options -profile-coverage-mapping -profile-generate -enable-testing -suppress-warnings -index-store-path /Users/admin/builder/spi-builder-workspace/.derivedData/Index.noindex/DataStore -Xcc -D_LIBCPP_HARDENING_MODE\=_LIBCPP_HARDENING_MODE_DEBUG -swift-version 4 -I /Users/admin/builder/spi-builder-workspace/.derivedData/Build/Products/Debug-watchos -Isystem /Applications/Xcode-27.0.0-Release.Candidate.app/Contents/Developer/Platforms/WatchOS.platform/Developer/usr/lib -F /Users/admin/builder/spi-builder-workspace/.derivedData/Build/Products/Debug-watchos/PackageFrameworks -F /Users/admin/builder/spi-builder-workspace/.derivedData/Build/Products/Debug-watchos -F /Applications/Xcode-27.0.0-Release.Candidate.app/Contents/Developer/Platforms/WatchOS.platform/Developer/Library/Frameworks -F /Applications/Xcode-27.0.0-Release.Candidate.app/Contents/Developer/Platforms/WatchOS.platform/Developer/SDKs/WatchOS27.0.sdk/Developer/Library/Frameworks -c -j10 -enable-batch-mode -incremental -Xcc -ivfsstatcache -Xcc /Users/admin/builder/spi-builder-workspace/.derivedData/SDKStatCaches.noindex/watchos27.0-24R360-e829b21a6f8c9b70876ba0858053c04477534ef55a1706bf4c1112bbb242f0a2.sdkstatcache -output-file-map /Users/admin/builder/spi-builder-workspace/.derivedData/Build/Intermediates.noindex/Core.build/Debug-watchos/Core-t.build/Objects-normal/arm64_32/Core-OutputFileMap.json -save-temps -no-color-diagnostics -emit-dependencies -emit-module -emit-module-path /Users/admin/builder/spi-builder-workspace/.derivedData/Build/Intermediates.noindex/Core.build/Debug-watchos/Core-t.build/Objects-normal/arm64_32/Core.swiftmodule -serialize-diagnostics -validate-clang-modules-once -clang-build-session-file /Users/admin/builder/spi-builder-workspace/.derivedData/ModuleCache.noindex/Session.modulevalidation -Xcc -fmodules-prune-interval\=86400 -Xcc -fmodules-prune-after\=345600 -emit-const-values -const-gather-protocols-list /Users/admin/builder/spi-builder-workspace/.derivedData/Build/Intermediates.noindex/Core.build/Debug-watchos/Core-t.build/Objects-normal/arm64_32/Core_const_extract_protocols.json -Xcc -I/Users/admin/builder/spi-builder-workspace/.derivedData/Build/Products/Debug-watchos/include -Xcc -I/Users/admin/builder/spi-builder-workspace/.derivedData/Build/Intermediates.noindex/Core.build/Debug-watchos/Core-t.build/DerivedSources-normal/arm64_32 -Xcc -I/Users/admin/builder/spi-builder-workspace/.derivedData/Build/Intermediates.noindex/Core.build/Debug-watchos/Core-t.build/DerivedSources/arm64_32 -Xcc -I/Users/admin/builder/spi-builder-workspace/.derivedData/Build/Intermediates.noindex/Core.build/Debug-watchos/Core-t.build/DerivedSources -Xcc -DSWIFT_PACKAGE -Xcc -DDEBUG\=1 -emit-objc-header -emit-objc-header-path /Users/admin/builder/spi-builder-workspace/.derivedData/Build/Intermediates.noindex/Core.build/Debug-watchos/Core-t.build/Objects-normal/arm64_32/Core-Swift.h -working-directory /Users/admin/builder/spi-builder-workspace/.swiftpm/xcode -experimental-emit-module-separately -disable-cmo
SwiftDriver\ Compilation Core normal arm64 com.apple.xcode.tools.swift.compiler (in target 'Core' from project 'Core')
cd /Users/admin/builder/spi-builder-workspace/.swiftpm/xcode
builtin-Swift-Compilation -- /Applications/Xcode-27.0.0-Release.Candidate.app/Contents/Developer/Toolchains/XcodeDefault.xctoolchain/usr/bin/swiftc -parse-as-library -module-name Core -Onone @/Users/admin/builder/spi-builder-workspace/.derivedData/Build/Intermediates.noindex/Core.build/Debug-watchos/Core-t.build/Objects-normal/arm64/Core.SwiftFileList -DSWIFT_PACKAGE -DDEBUG -DSWIFT_MODULE_RESOURCE_BUNDLE_UNAVAILABLE -DXcode -plugin-path /Applications/Xcode-27.0.0-Release.Candidate.app/Contents/Developer/Toolchains/XcodeDefault.xctoolchain/usr/lib/swift/host/plugins/testing -enable-experimental-feature DebugDescriptionMacro -sdk /Applications/Xcode-27.0.0-Release.Candidate.app/Contents/Developer/Platforms/WatchOS.platform/Developer/SDKs/WatchOS27.0.sdk -target arm64-apple-watchos9.0 -g -module-cache-path /Users/admin/builder/spi-builder-workspace/.derivedData/ModuleCache.noindex -Xfrontend -serialize-debugging-options -profile-coverage-mapping -profile-generate -enable-testing -suppress-warnings -index-store-path /Users/admin/builder/spi-builder-workspace/.derivedData/Index.noindex/DataStore -Xcc -D_LIBCPP_HARDENING_MODE\=_LIBCPP_HARDENING_MODE_DEBUG -swift-version 4 -I /Users/admin/builder/spi-builder-workspace/.derivedData/Build/Products/Debug-watchos -Isystem /Applications/Xcode-27.0.0-Release.Candidate.app/Contents/Developer/Platforms/WatchOS.platform/Developer/usr/lib -F /Users/admin/builder/spi-builder-workspace/.derivedData/Build/Products/Debug-watchos/PackageFrameworks -F /Users/admin/builder/spi-builder-workspace/.derivedData/Build/Products/Debug-watchos -F /Applications/Xcode-27.0.0-Release.Candidate.app/Contents/Developer/Platforms/WatchOS.platform/Developer/Library/Frameworks -F /Applications/Xcode-27.0.0-Release.Candidate.app/Contents/Developer/Platforms/WatchOS.platform/Developer/SDKs/WatchOS27.0.sdk/Developer/Library/Frameworks -c -j10 -enable-batch-mode -incremental -Xcc -ivfsstatcache -Xcc /Users/admin/builder/spi-builder-workspace/.derivedData/SDKStatCaches.noindex/watchos27.0-24R360-e829b21a6f8c9b70876ba0858053c04477534ef55a1706bf4c1112bbb242f0a2.sdkstatcache -output-file-map /Users/admin/builder/spi-builder-workspace/.derivedData/Build/Intermediates.noindex/Core.build/Debug-watchos/Core-t.build/Objects-normal/arm64/Core-OutputFileMap.json -save-temps -no-color-diagnostics -emit-dependencies -emit-module -emit-module-path /Users/admin/builder/spi-builder-workspace/.derivedData/Build/Intermediates.noindex/Core.build/Debug-watchos/Core-t.build/Objects-normal/arm64/Core.swiftmodule -serialize-diagnostics -validate-clang-modules-once -clang-build-session-file /Users/admin/builder/spi-builder-workspace/.derivedData/ModuleCache.noindex/Session.modulevalidation -Xcc -fmodules-prune-interval\=86400 -Xcc -fmodules-prune-after\=345600 -emit-const-values -const-gather-protocols-list /Users/admin/builder/spi-builder-workspace/.derivedData/Build/Intermediates.noindex/Core.build/Debug-watchos/Core-t.build/Objects-normal/arm64/Core_const_extract_protocols.json -Xcc -I/Users/admin/builder/spi-builder-workspace/.derivedData/Build/Products/Debug-watchos/include -Xcc -I/Users/admin/builder/spi-builder-workspace/.derivedData/Build/Intermediates.noindex/Core.build/Debug-watchos/Core-t.build/DerivedSources-normal/arm64 -Xcc -I/Users/admin/builder/spi-builder-workspace/.derivedData/Build/Intermediates.noindex/Core.build/Debug-watchos/Core-t.build/DerivedSources/arm64 -Xcc -I/Users/admin/builder/spi-builder-workspace/.derivedData/Build/Intermediates.noindex/Core.build/Debug-watchos/Core-t.build/DerivedSources -Xcc -DSWIFT_PACKAGE -Xcc -DDEBUG\=1 -emit-objc-header -emit-objc-header-path /Users/admin/builder/spi-builder-workspace/.derivedData/Build/Intermediates.noindex/Core.build/Debug-watchos/Core-t.build/Objects-normal/arm64/Core-Swift.h -working-directory /Users/admin/builder/spi-builder-workspace/.swiftpm/xcode -experimental-emit-module-separately -disable-cmo
SwiftCompile normal arm64_32 Compiling\ ConsoleStyle.swift,\ FileHandle+Stream.swift,\ Pipe+Stream.swift /Users/admin/builder/spi-builder-workspace/.dependencies/checkouts/console/Sources/Console/Console/Style/ConsoleStyle.swift /Users/admin/builder/spi-builder-workspace/.dependencies/checkouts/console/Sources/Console/Stream/FileHandle+Stream.swift /Users/admin/builder/spi-builder-workspace/.dependencies/checkouts/console/Sources/Console/Stream/Pipe+Stream.swift (in target 'Console' from project 'Console')
SwiftCompile normal arm64_32 /Users/admin/builder/spi-builder-workspace/.dependencies/checkouts/console/Sources/Console/Console/Style/ConsoleStyle.swift (in target 'Console' from project 'Console')
cd /Users/admin/builder/spi-builder-workspace/.swiftpm/xcode
builtin-SwiftPerFileCompile ConsoleStyle.swift
SwiftCompile normal arm64_32 /Users/admin/builder/spi-builder-workspace/.dependencies/checkouts/console/Sources/Console/Stream/FileHandle+Stream.swift (in target 'Console' from project 'Console')
cd /Users/admin/builder/spi-builder-workspace/.swiftpm/xcode
builtin-SwiftPerFileCompile FileHandle+Stream.swift
SwiftCompile normal arm64_32 /Users/admin/builder/spi-builder-workspace/.dependencies/checkouts/console/Sources/Console/Stream/Pipe+Stream.swift (in target 'Console' from project 'Console')
cd /Users/admin/builder/spi-builder-workspace/.swiftpm/xcode
builtin-SwiftPerFileCompile Pipe+Stream.swift
SwiftCompile normal arm64_32 Compiling\ ConsoleStyle+Terminal.swift,\ String+ANSI.swift,\ Terminal+Command.swift /Users/admin/builder/spi-builder-workspace/.dependencies/checkouts/console/Sources/Console/Terminal/ConsoleStyle+Terminal.swift /Users/admin/builder/spi-builder-workspace/.dependencies/checkouts/console/Sources/Console/Terminal/String+ANSI.swift /Users/admin/builder/spi-builder-workspace/.dependencies/checkouts/console/Sources/Console/Terminal/Terminal+Command.swift (in target 'Console' from project 'Console')
SwiftCompile normal arm64_32 /Users/admin/builder/spi-builder-workspace/.dependencies/checkouts/console/Sources/Console/Terminal/ConsoleStyle+Terminal.swift (in target 'Console' from project 'Console')
cd /Users/admin/builder/spi-builder-workspace/.swiftpm/xcode
builtin-SwiftPerFileCompile ConsoleStyle+Terminal.swift
SwiftCompile normal arm64_32 /Users/admin/builder/spi-builder-workspace/.dependencies/checkouts/console/Sources/Console/Terminal/String+ANSI.swift (in target 'Console' from project 'Console')
cd /Users/admin/builder/spi-builder-workspace/.swiftpm/xcode
builtin-SwiftPerFileCompile String+ANSI.swift
SwiftCompile normal arm64_32 /Users/admin/builder/spi-builder-workspace/.dependencies/checkouts/console/Sources/Console/Terminal/Terminal+Command.swift (in target 'Console' from project 'Console')
cd /Users/admin/builder/spi-builder-workspace/.swiftpm/xcode
builtin-SwiftPerFileCompile Terminal+Command.swift
SwiftDriverJobDiscovery normal arm64 Compiling Node.swift, NodeConvertible.swift, NodeInitializable.swift, NodeRepresentable.swift (in target 'Node' from project 'Node')
SwiftCompile normal arm64 Compiling\ Console+Confirm.swift,\ Console+Ephemeral.swift,\ Console+Options.swift,\ Console+Print.swift /Users/admin/builder/spi-builder-workspace/.dependencies/checkouts/console/Sources/Console/Console/Console+Confirm.swift /Users/admin/builder/spi-builder-workspace/.dependencies/checkouts/console/Sources/Console/Console/Console+Ephemeral.swift /Users/admin/builder/spi-builder-workspace/.dependencies/checkouts/console/Sources/Console/Console/Console+Options.swift /Users/admin/builder/spi-builder-workspace/.dependencies/checkouts/console/Sources/Console/Console/Console+Print.swift (in target 'Console' from project 'Console')
SwiftCompile normal arm64 /Users/admin/builder/spi-builder-workspace/.dependencies/checkouts/console/Sources/Console/Console/Console+Confirm.swift (in target 'Console' from project 'Console')
cd /Users/admin/builder/spi-builder-workspace/.swiftpm/xcode
builtin-SwiftPerFileCompile Console+Confirm.swift
SwiftCompile normal arm64 /Users/admin/builder/spi-builder-workspace/.dependencies/checkouts/console/Sources/Console/Console/Console+Ephemeral.swift (in target 'Console' from project 'Console')
cd /Users/admin/builder/spi-builder-workspace/.swiftpm/xcode
builtin-SwiftPerFileCompile Console+Ephemeral.swift
SwiftCompile normal arm64 /Users/admin/builder/spi-builder-workspace/.dependencies/checkouts/console/Sources/Console/Console/Console+Options.swift (in target 'Console' from project 'Console')
cd /Users/admin/builder/spi-builder-workspace/.swiftpm/xcode
builtin-SwiftPerFileCompile Console+Options.swift
SwiftCompile normal arm64 /Users/admin/builder/spi-builder-workspace/.dependencies/checkouts/console/Sources/Console/Console/Console+Print.swift (in target 'Console' from project 'Console')
cd /Users/admin/builder/spi-builder-workspace/.swiftpm/xcode
builtin-SwiftPerFileCompile Console+Print.swift
SwiftDriverJobDiscovery normal arm64_32 Compiling Node.swift, NodeConvertible.swift, NodeInitializable.swift, NodeRepresentable.swift (in target 'Node' from project 'Node')
SwiftCompile normal arm64 Compiling\ ConsoleStyle.swift,\ FileHandle+Stream.swift,\ Pipe+Stream.swift /Users/admin/builder/spi-builder-workspace/.dependencies/checkouts/console/Sources/Console/Console/Style/ConsoleStyle.swift /Users/admin/builder/spi-builder-workspace/.dependencies/checkouts/console/Sources/Console/Stream/FileHandle+Stream.swift /Users/admin/builder/spi-builder-workspace/.dependencies/checkouts/console/Sources/Console/Stream/Pipe+Stream.swift (in target 'Console' from project 'Console')
SwiftCompile normal arm64 /Users/admin/builder/spi-builder-workspace/.dependencies/checkouts/console/Sources/Console/Console/Style/ConsoleStyle.swift (in target 'Console' from project 'Console')
cd /Users/admin/builder/spi-builder-workspace/.swiftpm/xcode
builtin-SwiftPerFileCompile ConsoleStyle.swift
SwiftCompile normal arm64 /Users/admin/builder/spi-builder-workspace/.dependencies/checkouts/console/Sources/Console/Stream/FileHandle+Stream.swift (in target 'Console' from project 'Console')
cd /Users/admin/builder/spi-builder-workspace/.swiftpm/xcode
builtin-SwiftPerFileCompile FileHandle+Stream.swift
SwiftCompile normal arm64 /Users/admin/builder/spi-builder-workspace/.dependencies/checkouts/console/Sources/Console/Stream/Pipe+Stream.swift (in target 'Console' from project 'Console')
cd /Users/admin/builder/spi-builder-workspace/.swiftpm/xcode
builtin-SwiftPerFileCompile Pipe+Stream.swift
SwiftDriverJobDiscovery normal arm64_32 Compiling FloatingPoint+Convertible.swift, Integer+Convertible.swift, Schema+Convertible.swift, SchemaWrapper+Convertible.swift (in target 'Node' from project 'Node')
SwiftCompile normal arm64 Compiling\ ConsoleStyle+Terminal.swift,\ String+ANSI.swift,\ Terminal+Command.swift /Users/admin/builder/spi-builder-workspace/.dependencies/checkouts/console/Sources/Console/Terminal/ConsoleStyle+Terminal.swift /Users/admin/builder/spi-builder-workspace/.dependencies/checkouts/console/Sources/Console/Terminal/String+ANSI.swift /Users/admin/builder/spi-builder-workspace/.dependencies/checkouts/console/Sources/Console/Terminal/Terminal+Command.swift (in target 'Console' from project 'Console')
SwiftCompile normal arm64 /Users/admin/builder/spi-builder-workspace/.dependencies/checkouts/console/Sources/Console/Terminal/ConsoleStyle+Terminal.swift (in target 'Console' from project 'Console')
cd /Users/admin/builder/spi-builder-workspace/.swiftpm/xcode
builtin-SwiftPerFileCompile ConsoleStyle+Terminal.swift
SwiftCompile normal arm64 /Users/admin/builder/spi-builder-workspace/.dependencies/checkouts/console/Sources/Console/Terminal/String+ANSI.swift (in target 'Console' from project 'Console')
cd /Users/admin/builder/spi-builder-workspace/.swiftpm/xcode
builtin-SwiftPerFileCompile String+ANSI.swift
SwiftCompile normal arm64 /Users/admin/builder/spi-builder-workspace/.dependencies/checkouts/console/Sources/Console/Terminal/Terminal+Command.swift (in target 'Console' from project 'Console')
cd /Users/admin/builder/spi-builder-workspace/.swiftpm/xcode
builtin-SwiftPerFileCompile Terminal+Command.swift
SwiftDriverJobDiscovery normal arm64_32 Compiling StructuredData+Init.swift, StructuredData+PathIndexable.swift, StructuredData+Polymorphic.swift, StructuredData.swift (in target 'Node' from project 'Node')
SwiftCompile normal arm64_32 Compiling\ Terminal.swift,\ Bool+Polymorphic.swift,\ String+Trim.swift /Users/admin/builder/spi-builder-workspace/.dependencies/checkouts/console/Sources/Console/Terminal/Terminal.swift /Users/admin/builder/spi-builder-workspace/.dependencies/checkouts/console/Sources/Console/Utilities/Bool+Polymorphic.swift /Users/admin/builder/spi-builder-workspace/.dependencies/checkouts/console/Sources/Console/Utilities/String+Trim.swift (in target 'Console' from project 'Console')
/Users/admin/builder/spi-builder-workspace/.dependencies/checkouts/console/Sources/Console/Terminal/Terminal.swift:126:58: error: missing argument for parameter #1 in call
124 | var fileActions: posix_spawn_file_actions_t? = nil
125 | #else
126 | var fileActions = posix_spawn_file_actions_t()
| `- error: missing argument for parameter #1 in call
127 | #endif
128 |
Swift.UnsafeMutableRawPointer.init:2:8: note: 'init(_:)' declared here
1 | struct UnsafeMutableRawPointer {
2 | public init(_ _rawValue: Builtin.RawPointer)}
| `- note: 'init(_:)' declared here
3 |
Failed frontend command:
/Applications/Xcode-27.0.0-Release.Candidate.app/Contents/Developer/Toolchains/XcodeDefault.xctoolchain/usr/bin/swift-frontend -frontend -c /Users/admin/builder/spi-builder-workspace/.dependencies/checkouts/console/Sources/Console/Bar/Bar.swift /Users/admin/builder/spi-builder-workspace/.dependencies/checkouts/console/Sources/Console/Bar/Loading/Console+LoadingBar.swift /Users/admin/builder/spi-builder-workspace/.dependencies/checkouts/console/Sources/Console/Bar/Loading/LoadingBar.swift /Users/admin/builder/spi-builder-workspace/.dependencies/checkouts/console/Sources/Console/Bar/Progress/Console+ProgressBar.swift /Users/admin/builder/spi-builder-workspace/.dependencies/checkouts/console/Sources/Console/Bar/Progress/ProgressBar.swift /Users/admin/builder/spi-builder-workspace/.dependencies/checkouts/console/Sources/Console/Command/Argument.swift /Users/admin/builder/spi-builder-workspace/.dependencies/checkouts/console/Sources/Console/Command/Command+Print.swift /Users/admin/builder/spi-builder-workspace/.dependencies/checkouts/console/Sources/Console/Command/Command.swift /Users/admin/builder/spi-builder-workspace/.dependencies/checkouts/console/Sources/Console/Command/Group.swift /Users/admin/builder/spi-builder-workspace/.dependencies/checkouts/console/Sources/Console/Command/Option.swift /Users/admin/builder/spi-builder-workspace/.dependencies/checkouts/console/Sources/Console/Command/Runnable.swift /Users/admin/builder/spi-builder-workspace/.dependencies/checkouts/console/Sources/Console/Command/Value.swift /Users/admin/builder/spi-builder-workspace/.dependencies/checkouts/console/Sources/Console/Console/Clear/ConsoleClear.swift /Users/admin/builder/spi-builder-workspace/.dependencies/checkouts/console/Sources/Console/Console/Color/ConsoleColor.swift /Users/admin/builder/spi-builder-workspace/.dependencies/checkouts/console/Sources/Console/Console/Console+Ask.swift /Users/admin/builder/spi-builder-workspace/.dependencies/checkouts/console/Sources/Console/Console/Console+Center.swift /Users/admin/builder/spi-builder-workspace/.dependencies/checkouts/console/Sources/Console/Console/Console+Confirm.swift /Users/admin/builder/spi-builder-workspace/.dependencies/checkouts/console/Sources/Console/Console/Console+Ephemeral.swift /Users/admin/builder/spi-builder-workspace/.dependencies/checkouts/console/Sources/Console/Console/Console+Options.swift /Users/admin/builder/spi-builder-workspace/.dependencies/checkouts/console/Sources/Console/Console/Console+Print.swift /Users/admin/builder/spi-builder-workspace/.dependencies/checkouts/console/Sources/Console/Console/Console+Run.swift /Users/admin/builder/spi-builder-workspace/.dependencies/checkouts/console/Sources/Console/Console/ConsoleError.swift /Users/admin/builder/spi-builder-workspace/.dependencies/checkouts/console/Sources/Console/Console/ConsoleProtocol.swift /Users/admin/builder/spi-builder-workspace/.dependencies/checkouts/console/Sources/Console/Console/Style/Console+ConsoleStyle.swift /Users/admin/builder/spi-builder-workspace/.dependencies/checkouts/console/Sources/Console/Console/Style/ConsoleStyle.swift /Users/admin/builder/spi-builder-workspace/.dependencies/checkouts/console/Sources/Console/Stream/FileHandle+Stream.swift /Users/admin/builder/spi-builder-workspace/.dependencies/checkouts/console/Sources/Console/Stream/Pipe+Stream.swift /Users/admin/builder/spi-builder-workspace/.dependencies/checkouts/console/Sources/Console/Stream/Stream.swift /Users/admin/builder/spi-builder-workspace/.dependencies/checkouts/console/Sources/Console/Swift3.swift /Users/admin/builder/spi-builder-workspace/.dependencies/checkouts/console/Sources/Console/Terminal/ConsoleColor+Terminal.swift /Users/admin/builder/spi-builder-workspace/.dependencies/checkouts/console/Sources/Console/Terminal/ConsoleStyle+Terminal.swift /Users/admin/builder/spi-builder-workspace/.dependencies/checkouts/console/Sources/Console/Terminal/String+ANSI.swift /Users/admin/builder/spi-builder-workspace/.dependencies/checkouts/console/Sources/Console/Terminal/Terminal+Command.swift -primary-file /Users/admin/builder/spi-builder-workspace/.dependencies/checkouts/console/Sources/Console/Terminal/Terminal.swift -primary-file /Users/admin/builder/spi-builder-workspace/.dependencies/checkouts/console/Sources/Console/Utilities/Bool+Polymorphic.swift -primary-file /Users/admin/builder/spi-builder-workspace/.dependencies/checkouts/console/Sources/Console/Utilities/String+Trim.swift -supplementary-output-file-map /Users/admin/builder/spi-builder-workspace/.derivedData/Build/Intermediates.noindex/Console.build/Debug-watchos/Console-t.build/Objects-normal/arm64_32/supplementaryOutputs-66 -target arm64_32-apple-watchos9.0 -enable-objc-interop -sdk /Applications/Xcode-27.0.0-Release.Candidate.app/Contents/Developer/Platforms/WatchOS.platform/Developer/SDKs/WatchOS27.0.sdk -I /Users/admin/builder/spi-builder-workspace/.derivedData/Build/Products/Debug-watchos -Isystem /Applications/Xcode-27.0.0-Release.Candidate.app/Contents/Developer/Platforms/WatchOS.platform/Developer/usr/lib -F /Users/admin/builder/spi-builder-workspace/.derivedData/Build/Products/Debug-watchos/PackageFrameworks -F /Users/admin/builder/spi-builder-workspace/.derivedData/Build/Products/Debug-watchos -F /Applications/Xcode-27.0.0-Release.Candidate.app/Contents/Developer/Platforms/WatchOS.platform/Developer/Library/Frameworks -F /Applications/Xcode-27.0.0-Release.Candidate.app/Contents/Developer/Platforms/WatchOS.platform/Developer/SDKs/WatchOS27.0.sdk/Developer/Library/Frameworks -module-cache-path /Users/admin/builder/spi-builder-workspace/.derivedData/ModuleCache.noindex -no-color-diagnostics -Xcc -fno-color-diagnostics -enable-testing -g -debug-info-format\=dwarf -dwarf-version\=4 -suppress-warnings -profile-generate -profile-coverage-mapping -swift-version 4 -Onone -D SWIFT_PACKAGE -D DEBUG -D SWIFT_MODULE_RESOURCE_BUNDLE_UNAVAILABLE -D Xcode -serialize-debugging-options -enable-experimental-feature DebugDescriptionMacro -empty-abi-descriptor -plugin-path /Applications/Xcode-27.0.0-Release.Candidate.app/Contents/Developer/Toolchains/XcodeDefault.xctoolchain/usr/lib/swift/host/plugins/testing -validate-clang-modules-once -clang-build-session-file /Users/admin/builder/spi-builder-workspace/.derivedData/ModuleCache.noindex/Session.modulevalidation -Xcc -working-directory -Xcc /Users/admin/builder/spi-builder-workspace/.swiftpm/xcode -enable-anonymous-context-mangled-names -file-compilation-dir /Users/admin/builder/spi-builder-workspace/.swiftpm/xcode -Xcc -D_LIBCPP_HARDENING_MODE\=_LIBCPP_HARDENING_MODE_DEBUG -Xcc -ivfsstatcache -Xcc /Users/admin/builder/spi-builder-workspace/.derivedData/SDKStatCaches.noindex/watchos27.0-24R360-e829b21a6f8c9b70876ba0858053c04477534ef55a1706bf4c1112bbb242f0a2.sdkstatcache -Xcc -fmodules-prune-interval\=86400 -Xcc -fmodules-prune-after\=345600 -Xcc -I/Users/admin/builder/spi-builder-workspace/.derivedData/Build/Products/Debug-watchos/include -Xcc -I/Users/admin/builder/spi-builder-workspace/.derivedData/Build/Intermediates.noindex/Console.build/Debug-watchos/Console-t.build/DerivedSources-normal/arm64_32 -Xcc -I/Users/admin/builder/spi-builder-workspace/.derivedData/Build/Intermediates.noindex/Console.build/Debug-watchos/Console-t.build/DerivedSources/arm64_32 -Xcc -I/Users/admin/builder/spi-builder-workspace/.derivedData/Build/Intermediates.noindex/Console.build/Debug-watchos/Console-t.build/DerivedSources -Xcc -DSWIFT_PACKAGE -Xcc -DDEBUG\=1 -no-auto-bridging-header-chaining -module-name Console -const-gather-protocols-file /Users/admin/builder/spi-builder-workspace/.derivedData/Build/Intermediates.noindex/Console.build/Debug-watchos/Console-t.build/Objects-normal/arm64_32/Console_const_extract_protocols.json -disable-clang-spi -target-sdk-version 27.0 -target-sdk-name watchos27.0 -external-plugin-path /Applications/Xcode-27.0.0-Release.Candidate.app/Contents/Developer/Platforms/WatchOS.platform/Developer/usr/lib/swift/host/plugins\#/Applications/Xcode-27.0.0-Release.Candidate.app/Contents/Developer/Platforms/WatchOS.platform/Developer/usr/bin/swift-plugin-server -external-plugin-path /Applications/Xcode-27.0.0-Release.Candidate.app/Contents/Developer/Platforms/WatchOS.platform/Developer/usr/local/lib/swift/host/plugins\#/Applications/Xcode-27.0.0-Release.Candidate.app/Contents/Developer/Platforms/WatchOS.platform/Developer/usr/bin/swift-plugin-server -in-process-plugin-server-path /Applications/Xcode-27.0.0-Release.Candidate.app/Contents/Developer/Toolchains/XcodeDefault.xctoolchain/usr/lib/swift/host/libSwiftInProcPluginServer.dylib -plugin-path /Applications/Xcode-27.0.0-Release.Candidate.app/Contents/Developer/Toolchains/XcodeDefault.xctoolchain/usr/lib/swift/host/plugins -plugin-path /Applications/Xcode-27.0.0-Release.Candidate.app/Contents/Developer/Toolchains/XcodeDefault.xctoolchain/usr/local/lib/swift/host/plugins -parse-as-library -o /Users/admin/builder/spi-builder-workspace/.derivedData/Build/Intermediates.noindex/Console.build/Debug-watchos/Console-t.build/Objects-normal/arm64_32/Terminal.o -o /Users/admin/builder/spi-builder-workspace/.derivedData/Build/Intermediates.noindex/Console.build/Debug-watchos/Console-t.build/Objects-normal/arm64_32/Bool+Polymorphic.o -o /Users/admin/builder/spi-builder-workspace/.derivedData/Build/Intermediates.noindex/Console.build/Debug-watchos/Console-t.build/Objects-normal/arm64_32/String+Trim.o -index-unit-output-path /Console.build/Debug-watchos/Console-t.build/Objects-normal/arm64_32/Terminal.o -index-unit-output-path /Console.build/Debug-watchos/Console-t.build/Objects-normal/arm64_32/Bool+Polymorphic.o -index-unit-output-path /Console.build/Debug-watchos/Console-t.build/Objects-normal/arm64_32/String+Trim.o -index-store-path /Users/admin/builder/spi-builder-workspace/.derivedData/Index.noindex/DataStore -index-system-modules
SwiftCompile normal arm64_32 /Users/admin/builder/spi-builder-workspace/.dependencies/checkouts/console/Sources/Console/Terminal/Terminal.swift (in target 'Console' from project 'Console')
cd /Users/admin/builder/spi-builder-workspace/.swiftpm/xcode
builtin-SwiftPerFileCompile Terminal.swift
SwiftCompile normal arm64_32 /Users/admin/builder/spi-builder-workspace/.dependencies/checkouts/console/Sources/Console/Utilities/Bool+Polymorphic.swift (in target 'Console' from project 'Console')
cd /Users/admin/builder/spi-builder-workspace/.swiftpm/xcode
builtin-SwiftPerFileCompile Bool+Polymorphic.swift
SwiftCompile normal arm64_32 /Users/admin/builder/spi-builder-workspace/.dependencies/checkouts/console/Sources/Console/Utilities/String+Trim.swift (in target 'Console' from project 'Console')
cd /Users/admin/builder/spi-builder-workspace/.swiftpm/xcode
builtin-SwiftPerFileCompile String+Trim.swift
SwiftDriverJobDiscovery normal arm64 Compiling Errors.swift, Exports.swift, Identifier.swift (in target 'Node' from project 'Node')
SwiftCompile normal arm64 Compiling\ Console+Run.swift,\ ConsoleError.swift,\ ConsoleProtocol.swift,\ Console+ConsoleStyle.swift /Users/admin/builder/spi-builder-workspace/.dependencies/checkouts/console/Sources/Console/Console/Console+Run.swift /Users/admin/builder/spi-builder-workspace/.dependencies/checkouts/console/Sources/Console/Console/ConsoleError.swift /Users/admin/builder/spi-builder-workspace/.dependencies/checkouts/console/Sources/Console/Console/ConsoleProtocol.swift /Users/admin/builder/spi-builder-workspace/.dependencies/checkouts/console/Sources/Console/Console/Style/Console+ConsoleStyle.swift (in target 'Console' from project 'Console')
SwiftCompile normal arm64 /Users/admin/builder/spi-builder-workspace/.dependencies/checkouts/console/Sources/Console/Console/Console+Run.swift (in target 'Console' from project 'Console')
cd /Users/admin/builder/spi-builder-workspace/.swiftpm/xcode
builtin-SwiftPerFileCompile Console+Run.swift
SwiftCompile normal arm64 /Users/admin/builder/spi-builder-workspace/.dependencies/checkouts/console/Sources/Console/Console/ConsoleError.swift (in target 'Console' from project 'Console')
cd /Users/admin/builder/spi-builder-workspace/.swiftpm/xcode
builtin-SwiftPerFileCompile ConsoleError.swift
SwiftCompile normal arm64 /Users/admin/builder/spi-builder-workspace/.dependencies/checkouts/console/Sources/Console/Console/ConsoleProtocol.swift (in target 'Console' from project 'Console')
cd /Users/admin/builder/spi-builder-workspace/.swiftpm/xcode
builtin-SwiftPerFileCompile ConsoleProtocol.swift
SwiftCompile normal arm64 /Users/admin/builder/spi-builder-workspace/.dependencies/checkouts/console/Sources/Console/Console/Style/Console+ConsoleStyle.swift (in target 'Console' from project 'Console')
cd /Users/admin/builder/spi-builder-workspace/.swiftpm/xcode
builtin-SwiftPerFileCompile Console+ConsoleStyle.swift
SwiftDriverJobDiscovery normal arm64_32 Compiling Getters.swift, Setters.swift, Bool+Convertible.swift, Date+Convertible.swift (in target 'Node' from project 'Node')
SwiftDriver\ Compilation Node normal arm64_32 com.apple.xcode.tools.swift.compiler (in target 'Node' from project 'Node')
cd /Users/admin/builder/spi-builder-workspace/.swiftpm/xcode
builtin-Swift-Compilation -- /Applications/Xcode-27.0.0-Release.Candidate.app/Contents/Developer/Toolchains/XcodeDefault.xctoolchain/usr/bin/swiftc -parse-as-library -module-name Node -Onone @/Users/admin/builder/spi-builder-workspace/.derivedData/Build/Intermediates.noindex/Node.build/Debug-watchos/Node-t.build/Objects-normal/arm64_32/Node.SwiftFileList -DSWIFT_PACKAGE -DDEBUG -DSWIFT_MODULE_RESOURCE_BUNDLE_UNAVAILABLE -DXcode -plugin-path /Applications/Xcode-27.0.0-Release.Candidate.app/Contents/Developer/Toolchains/XcodeDefault.xctoolchain/usr/lib/swift/host/plugins/testing -enable-experimental-feature DebugDescriptionMacro -sdk /Applications/Xcode-27.0.0-Release.Candidate.app/Contents/Developer/Platforms/WatchOS.platform/Developer/SDKs/WatchOS27.0.sdk -target arm64_32-apple-watchos9.0 -g -module-cache-path /Users/admin/builder/spi-builder-workspace/.derivedData/ModuleCache.noindex -Xfrontend -serialize-debugging-options -profile-coverage-mapping -profile-generate -enable-testing -suppress-warnings -index-store-path /Users/admin/builder/spi-builder-workspace/.derivedData/Index.noindex/DataStore -Xcc -D_LIBCPP_HARDENING_MODE\=_LIBCPP_HARDENING_MODE_DEBUG -swift-version 4 -I /Users/admin/builder/spi-builder-workspace/.derivedData/Build/Products/Debug-watchos -Isystem /Applications/Xcode-27.0.0-Release.Candidate.app/Contents/Developer/Platforms/WatchOS.platform/Developer/usr/lib -F /Users/admin/builder/spi-builder-workspace/.derivedData/Build/Products/Debug-watchos/PackageFrameworks -F /Users/admin/builder/spi-builder-workspace/.derivedData/Build/Products/Debug-watchos -F /Applications/Xcode-27.0.0-Release.Candidate.app/Contents/Developer/Platforms/WatchOS.platform/Developer/Library/Frameworks -F /Applications/Xcode-27.0.0-Release.Candidate.app/Contents/Developer/Platforms/WatchOS.platform/Developer/SDKs/WatchOS27.0.sdk/Developer/Library/Frameworks -c -j10 -enable-batch-mode -incremental -Xcc -ivfsstatcache -Xcc /Users/admin/builder/spi-builder-workspace/.derivedData/SDKStatCaches.noindex/watchos27.0-24R360-e829b21a6f8c9b70876ba0858053c04477534ef55a1706bf4c1112bbb242f0a2.sdkstatcache -output-file-map /Users/admin/builder/spi-builder-workspace/.derivedData/Build/Intermediates.noindex/Node.build/Debug-watchos/Node-t.build/Objects-normal/arm64_32/Node-OutputFileMap.json -save-temps -no-color-diagnostics -emit-dependencies -emit-module -emit-module-path /Users/admin/builder/spi-builder-workspace/.derivedData/Build/Intermediates.noindex/Node.build/Debug-watchos/Node-t.build/Objects-normal/arm64_32/Node.swiftmodule -serialize-diagnostics -validate-clang-modules-once -clang-build-session-file /Users/admin/builder/spi-builder-workspace/.derivedData/ModuleCache.noindex/Session.modulevalidation -Xcc -fmodules-prune-interval\=86400 -Xcc -fmodules-prune-after\=345600 -emit-const-values -const-gather-protocols-list /Users/admin/builder/spi-builder-workspace/.derivedData/Build/Intermediates.noindex/Node.build/Debug-watchos/Node-t.build/Objects-normal/arm64_32/Node_const_extract_protocols.json -Xcc -I/Users/admin/builder/spi-builder-workspace/.derivedData/Build/Products/Debug-watchos/include -Xcc -I/Users/admin/builder/spi-builder-workspace/.derivedData/Build/Intermediates.noindex/Node.build/Debug-watchos/Node-t.build/DerivedSources-normal/arm64_32 -Xcc -I/Users/admin/builder/spi-builder-workspace/.derivedData/Build/Intermediates.noindex/Node.build/Debug-watchos/Node-t.build/DerivedSources/arm64_32 -Xcc -I/Users/admin/builder/spi-builder-workspace/.derivedData/Build/Intermediates.noindex/Node.build/Debug-watchos/Node-t.build/DerivedSources -Xcc -DSWIFT_PACKAGE -Xcc -DDEBUG\=1 -emit-objc-header -emit-objc-header-path /Users/admin/builder/spi-builder-workspace/.derivedData/Build/Intermediates.noindex/Node.build/Debug-watchos/Node-t.build/Objects-normal/arm64_32/Node-Swift.h -working-directory /Users/admin/builder/spi-builder-workspace/.swiftpm/xcode -experimental-emit-module-separately -disable-cmo
SwiftDriverJobDiscovery normal arm64 Compiling StructuredData+Init.swift, StructuredData+PathIndexable.swift, StructuredData+Polymorphic.swift, StructuredData.swift (in target 'Node' from project 'Node')
SwiftCompile normal arm64_32 Compiling\ ProgressBar.swift,\ Argument.swift,\ Command+Print.swift,\ Command.swift /Users/admin/builder/spi-builder-workspace/.dependencies/checkouts/console/Sources/Console/Bar/Progress/ProgressBar.swift /Users/admin/builder/spi-builder-workspace/.dependencies/checkouts/console/Sources/Console/Command/Argument.swift /Users/admin/builder/spi-builder-workspace/.dependencies/checkouts/console/Sources/Console/Command/Command+Print.swift /Users/admin/builder/spi-builder-workspace/.dependencies/checkouts/console/Sources/Console/Command/Command.swift (in target 'Console' from project 'Console')
SwiftCompile normal arm64_32 /Users/admin/builder/spi-builder-workspace/.dependencies/checkouts/console/Sources/Console/Bar/Progress/ProgressBar.swift (in target 'Console' from project 'Console')
cd /Users/admin/builder/spi-builder-workspace/.swiftpm/xcode
builtin-SwiftPerFileCompile ProgressBar.swift
SwiftCompile normal arm64_32 /Users/admin/builder/spi-builder-workspace/.dependencies/checkouts/console/Sources/Console/Command/Argument.swift (in target 'Console' from project 'Console')
cd /Users/admin/builder/spi-builder-workspace/.swiftpm/xcode
builtin-SwiftPerFileCompile Argument.swift
SwiftCompile normal arm64_32 /Users/admin/builder/spi-builder-workspace/.dependencies/checkouts/console/Sources/Console/Command/Command+Print.swift (in target 'Console' from project 'Console')
cd /Users/admin/builder/spi-builder-workspace/.swiftpm/xcode
builtin-SwiftPerFileCompile Command+Print.swift
SwiftCompile normal arm64_32 /Users/admin/builder/spi-builder-workspace/.dependencies/checkouts/console/Sources/Console/Command/Command.swift (in target 'Console' from project 'Console')
cd /Users/admin/builder/spi-builder-workspace/.swiftpm/xcode
builtin-SwiftPerFileCompile Command.swift
SwiftCompile normal arm64_32 Compiling\ Console+Run.swift,\ ConsoleError.swift,\ ConsoleProtocol.swift,\ Console+ConsoleStyle.swift /Users/admin/builder/spi-builder-workspace/.dependencies/checkouts/console/Sources/Console/Console/Console+Run.swift /Users/admin/builder/spi-builder-workspace/.dependencies/checkouts/console/Sources/Console/Console/ConsoleError.swift /Users/admin/builder/spi-builder-workspace/.dependencies/checkouts/console/Sources/Console/Console/ConsoleProtocol.swift /Users/admin/builder/spi-builder-workspace/.dependencies/checkouts/console/Sources/Console/Console/Style/Console+ConsoleStyle.swift (in target 'Console' from project 'Console')
SwiftCompile normal arm64_32 /Users/admin/builder/spi-builder-workspace/.dependencies/checkouts/console/Sources/Console/Console/Console+Run.swift (in target 'Console' from project 'Console')
cd /Users/admin/builder/spi-builder-workspace/.swiftpm/xcode
builtin-SwiftPerFileCompile Console+Run.swift
SwiftCompile normal arm64_32 /Users/admin/builder/spi-builder-workspace/.dependencies/checkouts/console/Sources/Console/Console/ConsoleError.swift (in target 'Console' from project 'Console')
cd /Users/admin/builder/spi-builder-workspace/.swiftpm/xcode
builtin-SwiftPerFileCompile ConsoleError.swift
SwiftCompile normal arm64_32 /Users/admin/builder/spi-builder-workspace/.dependencies/checkouts/console/Sources/Console/Console/ConsoleProtocol.swift (in target 'Console' from project 'Console')
cd /Users/admin/builder/spi-builder-workspace/.swiftpm/xcode
builtin-SwiftPerFileCompile ConsoleProtocol.swift
SwiftCompile normal arm64_32 /Users/admin/builder/spi-builder-workspace/.dependencies/checkouts/console/Sources/Console/Console/Style/Console+ConsoleStyle.swift (in target 'Console' from project 'Console')
cd /Users/admin/builder/spi-builder-workspace/.swiftpm/xcode
builtin-SwiftPerFileCompile Console+ConsoleStyle.swift
SwiftDriverJobDiscovery normal arm64_32 Compiling ConsoleStyle+Terminal.swift, String+ANSI.swift, Terminal+Command.swift (in target 'Console' from project 'Console')
SwiftCompile normal arm64 Compiling\ ProgressBar.swift,\ Argument.swift,\ Command+Print.swift,\ Command.swift /Users/admin/builder/spi-builder-workspace/.dependencies/checkouts/console/Sources/Console/Bar/Progress/ProgressBar.swift /Users/admin/builder/spi-builder-workspace/.dependencies/checkouts/console/Sources/Console/Command/Argument.swift /Users/admin/builder/spi-builder-workspace/.dependencies/checkouts/console/Sources/Console/Command/Command+Print.swift /Users/admin/builder/spi-builder-workspace/.dependencies/checkouts/console/Sources/Console/Command/Command.swift (in target 'Console' from project 'Console')
SwiftCompile normal arm64 /Users/admin/builder/spi-builder-workspace/.dependencies/checkouts/console/Sources/Console/Bar/Progress/ProgressBar.swift (in target 'Console' from project 'Console')
cd /Users/admin/builder/spi-builder-workspace/.swiftpm/xcode
builtin-SwiftPerFileCompile ProgressBar.swift
SwiftCompile normal arm64 /Users/admin/builder/spi-builder-workspace/.dependencies/checkouts/console/Sources/Console/Command/Argument.swift (in target 'Console' from project 'Console')
cd /Users/admin/builder/spi-builder-workspace/.swiftpm/xcode
builtin-SwiftPerFileCompile Argument.swift
SwiftCompile normal arm64 /Users/admin/builder/spi-builder-workspace/.dependencies/checkouts/console/Sources/Console/Command/Command+Print.swift (in target 'Console' from project 'Console')
cd /Users/admin/builder/spi-builder-workspace/.swiftpm/xcode
builtin-SwiftPerFileCompile Command+Print.swift
SwiftCompile normal arm64 /Users/admin/builder/spi-builder-workspace/.dependencies/checkouts/console/Sources/Console/Command/Command.swift (in target 'Console' from project 'Console')
cd /Users/admin/builder/spi-builder-workspace/.swiftpm/xcode
builtin-SwiftPerFileCompile Command.swift
SwiftDriverJobDiscovery normal arm64_32 Compiling ConsoleStyle.swift, FileHandle+Stream.swift, Pipe+Stream.swift (in target 'Console' from project 'Console')
SwiftCompile normal arm64 Compiling\ Bar.swift,\ Console+LoadingBar.swift,\ LoadingBar.swift,\ Console+ProgressBar.swift /Users/admin/builder/spi-builder-workspace/.dependencies/checkouts/console/Sources/Console/Bar/Bar.swift /Users/admin/builder/spi-builder-workspace/.dependencies/checkouts/console/Sources/Console/Bar/Loading/Console+LoadingBar.swift /Users/admin/builder/spi-builder-workspace/.dependencies/checkouts/console/Sources/Console/Bar/Loading/LoadingBar.swift /Users/admin/builder/spi-builder-workspace/.dependencies/checkouts/console/Sources/Console/Bar/Progress/Console+ProgressBar.swift (in target 'Console' from project 'Console')
SwiftCompile normal arm64 /Users/admin/builder/spi-builder-workspace/.dependencies/checkouts/console/Sources/Console/Bar/Bar.swift (in target 'Console' from project 'Console')
cd /Users/admin/builder/spi-builder-workspace/.swiftpm/xcode
builtin-SwiftPerFileCompile Bar.swift
SwiftCompile normal arm64 /Users/admin/builder/spi-builder-workspace/.dependencies/checkouts/console/Sources/Console/Bar/Loading/Console+LoadingBar.swift (in target 'Console' from project 'Console')
cd /Users/admin/builder/spi-builder-workspace/.swiftpm/xcode
builtin-SwiftPerFileCompile Console+LoadingBar.swift
SwiftCompile normal arm64 /Users/admin/builder/spi-builder-workspace/.dependencies/checkouts/console/Sources/Console/Bar/Loading/LoadingBar.swift (in target 'Console' from project 'Console')
cd /Users/admin/builder/spi-builder-workspace/.swiftpm/xcode
builtin-SwiftPerFileCompile LoadingBar.swift
SwiftCompile normal arm64 /Users/admin/builder/spi-builder-workspace/.dependencies/checkouts/console/Sources/Console/Bar/Progress/Console+ProgressBar.swift (in target 'Console' from project 'Console')
cd /Users/admin/builder/spi-builder-workspace/.swiftpm/xcode
builtin-SwiftPerFileCompile Console+ProgressBar.swift
SwiftDriverJobDiscovery normal arm64 Compiling Optional+Convertible.swift, Set+Convertible.swift, Number.swift, StructuredData+Equatable.swift (in target 'Node' from project 'Node')
SwiftDriverJobDiscovery normal arm64 Compiling Array+Convertible.swift, Dictionary+Convertible.swift, Fuzzy+Any.swift, FuzzyConverter.swift (in target 'Node' from project 'Node')
SwiftCompile normal arm64_32 Compiling\ ConsoleClear.swift,\ ConsoleColor.swift,\ Console+Ask.swift,\ Console+Center.swift /Users/admin/builder/spi-builder-workspace/.dependencies/checkouts/console/Sources/Console/Console/Clear/ConsoleClear.swift /Users/admin/builder/spi-builder-workspace/.dependencies/checkouts/console/Sources/Console/Console/Color/ConsoleColor.swift /Users/admin/builder/spi-builder-workspace/.dependencies/checkouts/console/Sources/Console/Console/Console+Ask.swift /Users/admin/builder/spi-builder-workspace/.dependencies/checkouts/console/Sources/Console/Console/Console+Center.swift (in target 'Console' from project 'Console')
SwiftCompile normal arm64_32 /Users/admin/builder/spi-builder-workspace/.dependencies/checkouts/console/Sources/Console/Console/Clear/ConsoleClear.swift (in target 'Console' from project 'Console')
cd /Users/admin/builder/spi-builder-workspace/.swiftpm/xcode
builtin-SwiftPerFileCompile ConsoleClear.swift
SwiftCompile normal arm64_32 /Users/admin/builder/spi-builder-workspace/.dependencies/checkouts/console/Sources/Console/Console/Color/ConsoleColor.swift (in target 'Console' from project 'Console')
cd /Users/admin/builder/spi-builder-workspace/.swiftpm/xcode
builtin-SwiftPerFileCompile ConsoleColor.swift
SwiftCompile normal arm64_32 /Users/admin/builder/spi-builder-workspace/.dependencies/checkouts/console/Sources/Console/Console/Console+Ask.swift (in target 'Console' from project 'Console')
cd /Users/admin/builder/spi-builder-workspace/.swiftpm/xcode
builtin-SwiftPerFileCompile Console+Ask.swift
SwiftCompile normal arm64_32 /Users/admin/builder/spi-builder-workspace/.dependencies/checkouts/console/Sources/Console/Console/Console+Center.swift (in target 'Console' from project 'Console')
cd /Users/admin/builder/spi-builder-workspace/.swiftpm/xcode
builtin-SwiftPerFileCompile Console+Center.swift
SwiftDriver\ Compilation Node normal arm64 com.apple.xcode.tools.swift.compiler (in target 'Node' from project 'Node')
cd /Users/admin/builder/spi-builder-workspace/.swiftpm/xcode
builtin-Swift-Compilation -- /Applications/Xcode-27.0.0-Release.Candidate.app/Contents/Developer/Toolchains/XcodeDefault.xctoolchain/usr/bin/swiftc -parse-as-library -module-name Node -Onone @/Users/admin/builder/spi-builder-workspace/.derivedData/Build/Intermediates.noindex/Node.build/Debug-watchos/Node-t.build/Objects-normal/arm64/Node.SwiftFileList -DSWIFT_PACKAGE -DDEBUG -DSWIFT_MODULE_RESOURCE_BUNDLE_UNAVAILABLE -DXcode -plugin-path /Applications/Xcode-27.0.0-Release.Candidate.app/Contents/Developer/Toolchains/XcodeDefault.xctoolchain/usr/lib/swift/host/plugins/testing -enable-experimental-feature DebugDescriptionMacro -sdk /Applications/Xcode-27.0.0-Release.Candidate.app/Contents/Developer/Platforms/WatchOS.platform/Developer/SDKs/WatchOS27.0.sdk -target arm64-apple-watchos9.0 -g -module-cache-path /Users/admin/builder/spi-builder-workspace/.derivedData/ModuleCache.noindex -Xfrontend -serialize-debugging-options -profile-coverage-mapping -profile-generate -enable-testing -suppress-warnings -index-store-path /Users/admin/builder/spi-builder-workspace/.derivedData/Index.noindex/DataStore -Xcc -D_LIBCPP_HARDENING_MODE\=_LIBCPP_HARDENING_MODE_DEBUG -swift-version 4 -I /Users/admin/builder/spi-builder-workspace/.derivedData/Build/Products/Debug-watchos -Isystem /Applications/Xcode-27.0.0-Release.Candidate.app/Contents/Developer/Platforms/WatchOS.platform/Developer/usr/lib -F /Users/admin/builder/spi-builder-workspace/.derivedData/Build/Products/Debug-watchos/PackageFrameworks -F /Users/admin/builder/spi-builder-workspace/.derivedData/Build/Products/Debug-watchos -F /Applications/Xcode-27.0.0-Release.Candidate.app/Contents/Developer/Platforms/WatchOS.platform/Developer/Library/Frameworks -F /Applications/Xcode-27.0.0-Release.Candidate.app/Contents/Developer/Platforms/WatchOS.platform/Developer/SDKs/WatchOS27.0.sdk/Developer/Library/Frameworks -c -j10 -enable-batch-mode -incremental -Xcc -ivfsstatcache -Xcc /Users/admin/builder/spi-builder-workspace/.derivedData/SDKStatCaches.noindex/watchos27.0-24R360-e829b21a6f8c9b70876ba0858053c04477534ef55a1706bf4c1112bbb242f0a2.sdkstatcache -output-file-map /Users/admin/builder/spi-builder-workspace/.derivedData/Build/Intermediates.noindex/Node.build/Debug-watchos/Node-t.build/Objects-normal/arm64/Node-OutputFileMap.json -save-temps -no-color-diagnostics -emit-dependencies -emit-module -emit-module-path /Users/admin/builder/spi-builder-workspace/.derivedData/Build/Intermediates.noindex/Node.build/Debug-watchos/Node-t.build/Objects-normal/arm64/Node.swiftmodule -serialize-diagnostics -validate-clang-modules-once -clang-build-session-file /Users/admin/builder/spi-builder-workspace/.derivedData/ModuleCache.noindex/Session.modulevalidation -Xcc -fmodules-prune-interval\=86400 -Xcc -fmodules-prune-after\=345600 -emit-const-values -const-gather-protocols-list /Users/admin/builder/spi-builder-workspace/.derivedData/Build/Intermediates.noindex/Node.build/Debug-watchos/Node-t.build/Objects-normal/arm64/Node_const_extract_protocols.json -Xcc -I/Users/admin/builder/spi-builder-workspace/.derivedData/Build/Products/Debug-watchos/include -Xcc -I/Users/admin/builder/spi-builder-workspace/.derivedData/Build/Intermediates.noindex/Node.build/Debug-watchos/Node-t.build/DerivedSources-normal/arm64 -Xcc -I/Users/admin/builder/spi-builder-workspace/.derivedData/Build/Intermediates.noindex/Node.build/Debug-watchos/Node-t.build/DerivedSources/arm64 -Xcc -I/Users/admin/builder/spi-builder-workspace/.derivedData/Build/Intermediates.noindex/Node.build/Debug-watchos/Node-t.build/DerivedSources -Xcc -DSWIFT_PACKAGE -Xcc -DDEBUG\=1 -emit-objc-header -emit-objc-header-path /Users/admin/builder/spi-builder-workspace/.derivedData/Build/Intermediates.noindex/Node.build/Debug-watchos/Node-t.build/Objects-normal/arm64/Node-Swift.h -working-directory /Users/admin/builder/spi-builder-workspace/.swiftpm/xcode -experimental-emit-module-separately -disable-cmo
SwiftDriverJobDiscovery normal arm64 Compiling ConsoleStyle.swift, FileHandle+Stream.swift, Pipe+Stream.swift (in target 'Console' from project 'Console')
SwiftCompile normal arm64_32 Compiling\ Bar.swift,\ Console+LoadingBar.swift,\ LoadingBar.swift,\ Console+ProgressBar.swift /Users/admin/builder/spi-builder-workspace/.dependencies/checkouts/console/Sources/Console/Bar/Bar.swift /Users/admin/builder/spi-builder-workspace/.dependencies/checkouts/console/Sources/Console/Bar/Loading/Console+LoadingBar.swift /Users/admin/builder/spi-builder-workspace/.dependencies/checkouts/console/Sources/Console/Bar/Loading/LoadingBar.swift /Users/admin/builder/spi-builder-workspace/.dependencies/checkouts/console/Sources/Console/Bar/Progress/Console+ProgressBar.swift (in target 'Console' from project 'Console')
SwiftCompile normal arm64_32 /Users/admin/builder/spi-builder-workspace/.dependencies/checkouts/console/Sources/Console/Bar/Bar.swift (in target 'Console' from project 'Console')
cd /Users/admin/builder/spi-builder-workspace/.swiftpm/xcode
builtin-SwiftPerFileCompile Bar.swift
SwiftCompile normal arm64_32 /Users/admin/builder/spi-builder-workspace/.dependencies/checkouts/console/Sources/Console/Bar/Loading/Console+LoadingBar.swift (in target 'Console' from project 'Console')
cd /Users/admin/builder/spi-builder-workspace/.swiftpm/xcode
builtin-SwiftPerFileCompile Console+LoadingBar.swift
SwiftCompile normal arm64_32 /Users/admin/builder/spi-builder-workspace/.dependencies/checkouts/console/Sources/Console/Bar/Loading/LoadingBar.swift (in target 'Console' from project 'Console')
cd /Users/admin/builder/spi-builder-workspace/.swiftpm/xcode
builtin-SwiftPerFileCompile LoadingBar.swift
SwiftCompile normal arm64_32 /Users/admin/builder/spi-builder-workspace/.dependencies/checkouts/console/Sources/Console/Bar/Progress/Console+ProgressBar.swift (in target 'Console' from project 'Console')
cd /Users/admin/builder/spi-builder-workspace/.swiftpm/xcode
builtin-SwiftPerFileCompile Console+ProgressBar.swift
SwiftDriverJobDiscovery normal arm64 Compiling ConsoleStyle+Terminal.swift, String+ANSI.swift, Terminal+Command.swift (in target 'Console' from project 'Console')
SwiftCompile normal arm64 Compiling\ Terminal.swift,\ Bool+Polymorphic.swift,\ String+Trim.swift /Users/admin/builder/spi-builder-workspace/.dependencies/checkouts/console/Sources/Console/Terminal/Terminal.swift /Users/admin/builder/spi-builder-workspace/.dependencies/checkouts/console/Sources/Console/Utilities/Bool+Polymorphic.swift /Users/admin/builder/spi-builder-workspace/.dependencies/checkouts/console/Sources/Console/Utilities/String+Trim.swift (in target 'Console' from project 'Console')
SwiftCompile normal arm64 /Users/admin/builder/spi-builder-workspace/.dependencies/checkouts/console/Sources/Console/Terminal/Terminal.swift (in target 'Console' from project 'Console')
cd /Users/admin/builder/spi-builder-workspace/.swiftpm/xcode
builtin-SwiftPerFileCompile Terminal.swift
SwiftCompile normal arm64 /Users/admin/builder/spi-builder-workspace/.dependencies/checkouts/console/Sources/Console/Utilities/Bool+Polymorphic.swift (in target 'Console' from project 'Console')
cd /Users/admin/builder/spi-builder-workspace/.swiftpm/xcode
builtin-SwiftPerFileCompile Bool+Polymorphic.swift
SwiftCompile normal arm64 /Users/admin/builder/spi-builder-workspace/.dependencies/checkouts/console/Sources/Console/Utilities/String+Trim.swift (in target 'Console' from project 'Console')
cd /Users/admin/builder/spi-builder-workspace/.swiftpm/xcode
builtin-SwiftPerFileCompile String+Trim.swift
PruneExplicitPrecompiledModules /Users/admin/builder/spi-builder-workspace/.derivedData/Build/Intermediates.noindex/SwiftExplicitPrecompiledModules
PruneExplicitPrecompiledModules /Users/admin/builder/spi-builder-workspace/.derivedData/SDKExplicitPrecompiledModules
PruneExplicitPrecompiledModules /Users/admin/builder/spi-builder-workspace/.derivedData/Build/Intermediates.noindex/ExplicitPrecompiledModules
2026-09-16 05:43:48.570 xcodebuild[1310:6875] [MT] IDERunDestination: Supported platforms for the buildables in the current scheme is empty.
** BUILD FAILED **
The following build commands failed:
SwiftCompile normal arm64_32 Compiling\ Terminal.swift,\ Bool+Polymorphic.swift,\ String+Trim.swift /Users/admin/builder/spi-builder-workspace/.dependencies/checkouts/console/Sources/Console/Terminal/Terminal.swift /Users/admin/builder/spi-builder-workspace/.dependencies/checkouts/console/Sources/Console/Utilities/Bool+Polymorphic.swift /Users/admin/builder/spi-builder-workspace/.dependencies/checkouts/console/Sources/Console/Utilities/String+Trim.swift (in target 'Console' from project 'Console')
SwiftCompile normal arm64_32 /Users/admin/builder/spi-builder-workspace/.dependencies/checkouts/console/Sources/Console/Terminal/Terminal.swift (in target 'Console' from project 'Console')
Building workspace Chameleon with scheme Chameleon-Package
(3 failures)
Command line invocation:
/Applications/Xcode-27.0.0-Release.Candidate.app/Contents/Developer/usr/bin/xcodebuild -IDEClonedSourcePackagesDirPathOverride=/Users/admin/builder/spi-builder-workspace/.dependencies -resolvePackageDependencies
Resolve Package Graph
ignoring declared target(s) 'CTLS' in the system packageyou may be able to install ctls using your system-packager:
brew install openssl
Resolved source packages:
CTLS: https://github.com/vapor/ctls.git @ 1.1.3
Vapor: https://github.com/vapor/vapor.git @ 2.4.5
Engine: https://github.com/vapor/engine.git @ 2.2.5
BCrypt: https://github.com/vapor/bcrypt.git @ 1.1.1
Crypto: https://github.com/vapor/crypto.git @ 2.1.3
Routing: https://github.com/vapor/routing.git @ 2.2.1
Redis: https://github.com/vapor/redis.git @ 2.2.0
Multipart: https://github.com/vapor/multipart.git @ 2.2.1
Console: https://github.com/vapor/console.git @ 2.3.1
Chameleon: /Users/admin/builder/spi-builder-workspace
Random: https://github.com/vapor/random.git @ 1.2.0
Bits: https://github.com/vapor/bits.git @ 1.1.1
TLS: https://github.com/vapor/tls.git @ 2.1.3
Core: https://github.com/vapor/core.git @ 2.2.1
Debugging: https://github.com/vapor/debugging.git @ 1.1.1
Sockets: https://github.com/vapor/sockets.git @ 2.2.3
JSON: https://github.com/vapor/json.git @ 2.2.2
Node: https://github.com/vapor/node.git @ 2.1.5
resolved source packages: CTLS, Vapor, Engine, BCrypt, Crypto, Routing, Redis, Multipart, Console, Chameleon, Random, Bits, TLS, Core, Debugging, Sockets, JSON, Node
2026-09-16 05:44:00.126 xcodebuild[1705:8697] [MT] IDERunDestination: Supported platforms for the buildables in the current scheme is empty.
{
"dependencies" : [
{
"identity" : "vapor",
"requirement" : {
"range" : [
{
"lower_bound" : "2.4.4",
"upper_bound" : "3.0.0"
}
]
},
"type" : "sourceControl",
"url" : "https://github.com/vapor/vapor.git"
},
{
"identity" : "redis",
"requirement" : {
"range" : [
{
"lower_bound" : "2.0.0",
"upper_bound" : "3.0.0"
}
]
},
"type" : "sourceControl",
"url" : "https://github.com/vapor/redis.git"
}
],
"manifest_display_name" : "Chameleon",
"name" : "Chameleon",
"path" : "/Users/admin/builder/spi-builder-workspace",
"platforms" : [
],
"products" : [
{
"name" : "Chameleon",
"targets" : [
"Chameleon"
],
"type" : {
"library" : [
"automatic"
]
}
},
{
"name" : "Common",
"targets" : [
"Common"
],
"type" : {
"library" : [
"automatic"
]
}
},
{
"name" : "Models",
"targets" : [
"Models"
],
"type" : {
"library" : [
"automatic"
]
}
},
{
"name" : "RTMAPI",
"targets" : [
"RTMAPI"
],
"type" : {
"library" : [
"automatic"
]
}
},
{
"name" : "Services",
"targets" : [
"Services"
],
"type" : {
"library" : [
"automatic"
]
}
},
{
"name" : "WebAPI",
"targets" : [
"WebAPI"
],
"type" : {
"library" : [
"automatic"
]
}
}
],
"targets" : [
{
"c99name" : "WebAPI",
"module_type" : "SwiftTarget",
"name" : "WebAPI",
"path" : "Sources/WebAPI",
"product_memberships" : [
"Chameleon",
"WebAPI"
],
"sources" : [
"Exports.swift",
"Methods/BotsInfo.swift",
"Methods/ChannelsInfo.swift",
"Methods/ChatPermalink.swift",
"Methods/ChatPostMessage.swift",
"Methods/GroupsInfo.swift",
"Methods/IMList.swift",
"Methods/IMOpen.swift",
"Methods/RTMConnect.swift",
"Methods/ReactionsAdd.swift",
"Methods/UsersInfo.swift",
"Methods/UsersList.swift",
"Middleware/RetryMiddleware.swift",
"Middleware/WebAPIMiddleware.swift",
"WebAPI+Errors.swift",
"WebAPI+Scope.swift",
"WebAPI.swift",
"WebAPIAuthenticator.swift",
"WebAPIRequest.swift"
],
"target_dependencies" : [
"Common",
"Models",
"Services"
],
"type" : "library"
},
{
"c99name" : "Services",
"module_type" : "SwiftTarget",
"name" : "Services",
"path" : "Sources/Services",
"product_dependencies" : [
"Vapor",
"Redis"
],
"product_memberships" : [
"Chameleon",
"RTMAPI",
"Services",
"WebAPI"
],
"sources" : [
"Exports.swift",
"HTTPServer/HTTPServer.swift",
"HTTPServer/HTTPServerProvider.swift",
"HTTPServer/HTTPServerResponse.swift",
"KeyValueStore/KeyValueStore+Environment.swift",
"KeyValueStore/KeyValueStore+Memory.swift",
"KeyValueStore/KeyValueStore+Redis.swift",
"KeyValueStore/KeyValueStore.swift",
"Network/DataRepresentable.swift",
"Network/Middleware/HTTPStatusCodeMiddleware.swift",
"Network/Network.swift",
"Network/NetworkMiddleware.swift",
"Network/NetworkProvider.swift",
"Network/NetworkRequest.swift",
"Network/NetworkResponse.swift",
"Storage/Storage+Memory.swift",
"Storage/Storage+Plist.swift",
"Storage/Storage+Private.swift",
"Storage/Storage+Redis.swift",
"Storage/Storage.swift",
"WebSocket/WebSocket.swift",
"WebSocket/WebSocketProvider.swift"
],
"target_dependencies" : [
"Common"
],
"type" : "library"
},
{
"c99name" : "RTMAPI",
"module_type" : "SwiftTarget",
"name" : "RTMAPI",
"path" : "Sources/RTMAPI",
"product_memberships" : [
"Chameleon",
"RTMAPI"
],
"sources" : [
"Events/Hello.swift",
"Events/Message.swift",
"Events/Pong.swift",
"Exports.swift",
"RTMAPI+Errors.swift",
"RTMAPI+PingPong.swift",
"RTMAPI.swift",
"RTMAPIEvent.swift"
],
"target_dependencies" : [
"Common",
"Models",
"Services"
],
"type" : "library"
},
{
"c99name" : "Models",
"module_type" : "SwiftTarget",
"name" : "Models",
"path" : "Sources/Models",
"product_memberships" : [
"Chameleon",
"Models",
"RTMAPI",
"WebAPI"
],
"sources" : [
"BotUser.swift",
"Channel.swift",
"ChatMessage/Attachment.swift",
"ChatMessage/Author.swift",
"ChatMessage/ChatMessage.swift",
"ChatMessage/Field.swift",
"ChatMessage/Footer.swift",
"ChatMessage/Parse.swift",
"ChatMessage/Title.swift",
"Color.swift",
"Command.swift",
"CustomEmoji.swift",
"Decoder+ModelPointer.swift",
"Emoji.swift",
"Exports.swift",
"Group.swift",
"IM.swift",
"Message+Subtype.swift",
"Message.swift",
"MessageEdit.swift",
"ModelPointer.swift",
"Pong.swift",
"Protocols/EmojiRepresentable.swift",
"Protocols/IDRepresentable.swift",
"Protocols/Nameable.swift",
"Protocols/TargetRepresentable.swift",
"Protocols/TokenRepresentable.swift",
"Purpose.swift",
"SlashCommand.swift",
"Targets.swift",
"Team.swift",
"Thread.swift",
"Topic.swift",
"User.swift"
],
"target_dependencies" : [
"Common"
],
"type" : "library"
},
{
"c99name" : "CommonTests",
"module_type" : "SwiftTarget",
"name" : "CommonTests",
"path" : "Tests/CommonTests",
"sources" : [
"CollectionTests.swift",
"Common.swift",
"DictionaryTests.swift",
"KeyPathAccessibleTests.swift",
"NeighborSequenceTests.swift",
"ResultTests.swift",
"StringTests.swift",
"TimeIntervalTests.swift"
],
"target_dependencies" : [
"Common"
],
"type" : "test"
},
{
"c99name" : "Common",
"module_type" : "SwiftTarget",
"name" : "Common",
"path" : "Sources/Common",
"product_memberships" : [
"Chameleon",
"Common",
"Models",
"RTMAPI",
"Services",
"WebAPI"
],
"sources" : [
"Codable/Decodable.swift",
"Codable/Decoder+Decodable.swift",
"Codable/Decoder.swift",
"Codable/Encodable.swift",
"Collection+Extensions.swift",
"Dictionary+Extensions.swift",
"ErrorHandler.swift",
"KeyPathAccessible/KeyPathAccessible+Array.swift",
"KeyPathAccessible/KeyPathAccessible+Dictionary.swift",
"KeyPathAccessible/KeyPathAccessible.swift",
"KeyPathAccessible/KeyPathComponent.swift",
"NeighborSequence.swift",
"OptionalType.swift",
"Result.swift",
"String+Extensions.swift",
"String+HTML.swift",
"TimeInterval+Extensions.swift"
],
"type" : "library"
},
{
"c99name" : "Chameleon",
"module_type" : "SwiftTarget",
"name" : "Chameleon",
"path" : "Sources/Chameleon",
"product_memberships" : [
"Chameleon"
],
"sources" : [
"Bot/Authenticator/OAuthAuthenticator.swift",
"Bot/Authenticator/SlackAuthenticator.swift",
"Bot/Authenticator/TokenAuthenticator.swift",
"Bot/ModelVendor/BotFromUserRequest.swift",
"Bot/ModelVendor/IMFromListRequest.swift",
"Bot/ModelVendor/ModelPointer+Value.swift",
"Bot/ModelVendor/ModelVendor.swift",
"Bot/ModelVendor/ModelWebAPIRequest.swift",
"Bot/ModelVendor/ModelWebAPIRequestRepresentable.swift",
"Bot/ModelVendor/UserFromBotRequest.swift",
"Bot/ReconnectionStrategy.swift",
"Bot/SlackBot+Configuration.swift",
"Bot/SlackBot+Creation.swift",
"Bot/SlackBot+HTTPServer.swift",
"Bot/SlackBot+RTMAPIEvents.swift",
"Bot/SlackBot+SlashCommands.swift",
"Bot/SlackBot.swift",
"Bot/SlackBotService.swift",
"Bot/SlackBotSlashCommandService.swift",
"Chameleon.swift",
"Sugar/ChatMessageDecorator/ChatMessageDecorator+Attachments.swift",
"Sugar/ChatMessageDecorator/ChatMessageDecorator+Extensions.swift",
"Sugar/ChatMessageDecorator/ChatMessageDecorator+Style.swift",
"Sugar/ChatMessageDecorator/ChatMessageDecorator+Text.swift",
"Sugar/ChatMessageDecorator/ChatMessageDecorator.swift",
"Sugar/ChatMessageDecorator/ChatMessageSegmentRepresentable.swift",
"Sugar/Conversation/ActiveConversation.swift",
"Sugar/Conversation/Conversation+Event.swift",
"Sugar/Conversation/Conversation.swift",
"Sugar/Conversation/ConversationSegment.swift",
"Sugar/Conversation/ConversationService.swift",
"Sugar/MessageDecorator/MessageDecorator+Mentions.swift",
"Sugar/MessageDecorator/MessageDecorator+Simple.swift",
"Sugar/MessageDecorator/MessageDecorator+Source.swift",
"Sugar/MessageDecorator/MessageDecorator+Targets.swift",
"Sugar/MessageDecorator/MessageDecorator.swift",
"Sugar/ModelPointer+Matcher.swift",
"Sugar/Models+Matcher.swift",
"Sugar/PatternMatching/Match.swift",
"Sugar/PatternMatching/Matcher.swift",
"Sugar/PatternMatching/Matchers/DynamicMatcher.swift",
"Sugar/PatternMatching/Matchers/GreedyMatcher.swift",
"Sugar/PatternMatching/Matchers/InstanceMatcher.swift",
"Sugar/PatternMatching/Matchers/KeyedMatcher.swift",
"Sugar/PatternMatching/Matchers/OptionalMatcher.swift",
"Sugar/PatternMatching/Matchers/SequenceMatcher.swift",
"Sugar/PatternMatching/Matchers/TypeMatcher.swift",
"Sugar/PatternMatching/Matchers/ValueMatcher.swift",
"Sugar/PatternMatching/PatternCommon.swift",
"Sugar/PatternMatching/PatternMatch.swift",
"Sugar/PatternMatching/PatternRepresentable.swift",
"Sugar/PatternMatching/String+PatternMatch.swift",
"Sugar/SlackBot+Convenience.swift",
"Sugar/SlackBotServices/SlackBotConnectionService.swift",
"Sugar/SlackBotServices/SlackBotErrorService.swift",
"Sugar/SlackBotServices/SlackBotHelpService.swift",
"Sugar/SlackBotServices/SlackBotMessageService.swift",
"Sugar/SlackBotServices/SlackBotService+Errors.swift",
"Sugar/SlackBotServices/SlackBotTimedService.swift"
],
"target_dependencies" : [
"Common",
"Models",
"Services",
"RTMAPI",
"WebAPI"
],
"type" : "library"
}
],
"tools_version" : "4.0"
}
{
"workspace" : {
"name" : "Chameleon",
"schemes" : [
"Chameleon",
"Chameleon-Package",
"Common",
"Models",
"RTMAPI",
"Services",
"WebAPI"
]
}
}
2026-09-16 05:44:01.874 xcodebuild[1720:8779] [MT] IDERunDestination: Supported platforms for the buildables in the current scheme is empty.
Running build ...
env DEVELOPER_DIR=/Applications/Xcode-27.0.0-Release.Candidate.app xcrun xcodebuild -IDEClonedSourcePackagesDirPathOverride=$PWD/.dependencies -skipMacroValidation -skipPackagePluginValidation -derivedDataPath $PWD/.derivedData build -scheme Chameleon-Package -destination generic/platform=watchOS
Command line invocation:
/Applications/Xcode-27.0.0-Release.Candidate.app/Contents/Developer/usr/bin/xcodebuild -IDEClonedSourcePackagesDirPathOverride=/Users/admin/builder/spi-builder-workspace/.dependencies -skipMacroValidation -skipPackagePluginValidation -derivedDataPath /Users/admin/builder/spi-builder-workspace/.derivedData build -scheme Chameleon-Package -destination generic/platform=watchOS
Resolve Package Graph
ignoring declared target(s) 'CTLS' in the system packageyou may be able to install ctls using your system-packager:
brew install openssl
Resolved source packages:
Random: https://github.com/vapor/random.git @ 1.2.0
Redis: https://github.com/vapor/redis.git @ 2.2.0
Console: https://github.com/vapor/console.git @ 2.3.1
Chameleon: /Users/admin/builder/spi-builder-workspace
BCrypt: https://github.com/vapor/bcrypt.git @ 1.1.1
Crypto: https://github.com/vapor/crypto.git @ 2.1.3
Multipart: https://github.com/vapor/multipart.git @ 2.2.1
Vapor: https://github.com/vapor/vapor.git @ 2.4.5
Bits: https://github.com/vapor/bits.git @ 1.1.1
Sockets: https://github.com/vapor/sockets.git @ 2.2.3
TLS: https://github.com/vapor/tls.git @ 2.1.3
CTLS: https://github.com/vapor/ctls.git @ 1.1.3
Core: https://github.com/vapor/core.git @ 2.2.1
JSON: https://github.com/vapor/json.git @ 2.2.2
Debugging: https://github.com/vapor/debugging.git @ 1.1.1
Engine: https://github.com/vapor/engine.git @ 2.2.5
Node: https://github.com/vapor/node.git @ 2.1.5
Routing: https://github.com/vapor/routing.git @ 2.2.1
ComputePackagePrebuildTargetDependencyGraph
Prepare packages
CreateBuildRequest
SendProjectDescription
CreateBuildOperation
ComputeTargetDependencyGraph
note: Building targets in dependency order
note: Target dependency graph (64 targets)
Target 'WebAPI-product' in project 'Chameleon'
➜ Explicit dependency on target 'WebAPI' in project 'Chameleon'
➜ Explicit dependency on target 'Common' in project 'Chameleon'
➜ Explicit dependency on target 'Models' in project 'Chameleon'
➜ Explicit dependency on target 'Services' in project 'Chameleon'
➜ Explicit dependency on target 'Vapor-product' in project 'Vapor'
➜ Explicit dependency on target 'Redis-product' in project 'Redis'
Target 'Services-product' in project 'Chameleon'
➜ Explicit dependency on target 'Services' in project 'Chameleon'
➜ Explicit dependency on target 'Common' in project 'Chameleon'
➜ Explicit dependency on target 'Vapor-product' in project 'Vapor'
➜ Explicit dependency on target 'Redis-product' in project 'Redis'
Target 'RTMAPI-product' in project 'Chameleon'
➜ Explicit dependency on target 'RTMAPI' in project 'Chameleon'
➜ Explicit dependency on target 'Common' in project 'Chameleon'
➜ Explicit dependency on target 'Models' in project 'Chameleon'
➜ Explicit dependency on target 'Services' in project 'Chameleon'
➜ Explicit dependency on target 'Vapor-product' in project 'Vapor'
➜ Explicit dependency on target 'Redis-product' in project 'Redis'
Target 'Models-product' in project 'Chameleon'
➜ Explicit dependency on target 'Models' in project 'Chameleon'
➜ Explicit dependency on target 'Common' in project 'Chameleon'
Target 'Common-product' in project 'Chameleon'
➜ Explicit dependency on target 'Common' in project 'Chameleon'
Target 'Chameleon-product' in project 'Chameleon'
➜ Explicit dependency on target 'Chameleon' in project 'Chameleon'
➜ Explicit dependency on target 'Common' in project 'Chameleon'
➜ Explicit dependency on target 'Models' in project 'Chameleon'
➜ Explicit dependency on target 'Services' in project 'Chameleon'
➜ Explicit dependency on target 'RTMAPI' in project 'Chameleon'
➜ Explicit dependency on target 'WebAPI' in project 'Chameleon'
➜ Explicit dependency on target 'Vapor-product' in project 'Vapor'
➜ Explicit dependency on target 'Redis-product' in project 'Redis'
Target 'Chameleon' in project 'Chameleon'
➜ Explicit dependency on target 'Common' in project 'Chameleon'
➜ Explicit dependency on target 'Models' in project 'Chameleon'
➜ Explicit dependency on target 'Services' in project 'Chameleon'
➜ Explicit dependency on target 'RTMAPI' in project 'Chameleon'
➜ Explicit dependency on target 'WebAPI' in project 'Chameleon'
➜ Explicit dependency on target 'Vapor-product' in project 'Vapor'
➜ Explicit dependency on target 'Redis-product' in project 'Redis'
Target 'WebAPI' in project 'Chameleon'
➜ Explicit dependency on target 'Common' in project 'Chameleon'
➜ Explicit dependency on target 'Models' in project 'Chameleon'
➜ Explicit dependency on target 'Services' in project 'Chameleon'
➜ Explicit dependency on target 'Vapor-product' in project 'Vapor'
➜ Explicit dependency on target 'Redis-product' in project 'Redis'
Target 'RTMAPI' in project 'Chameleon'
➜ Explicit dependency on target 'Common' in project 'Chameleon'
➜ Explicit dependency on target 'Models' in project 'Chameleon'
➜ Explicit dependency on target 'Services' in project 'Chameleon'
➜ Explicit dependency on target 'Vapor-product' in project 'Vapor'
➜ Explicit dependency on target 'Redis-product' in project 'Redis'
Target 'Services' in project 'Chameleon'
➜ Explicit dependency on target 'Common' in project 'Chameleon'
➜ Explicit dependency on target 'Vapor-product' in project 'Vapor'
➜ Explicit dependency on target 'Redis-product' in project 'Redis'
Target 'Redis-product' in project 'Redis'
➜ Explicit dependency on target 'Redis' in project 'Redis'
➜ Explicit dependency on target 'Core-product' in project 'Core'
➜ Explicit dependency on target 'Node-product' in project 'Node'
➜ Explicit dependency on target 'Sockets-product' in project 'Sockets'
➜ Explicit dependency on target 'Random-product' in project 'Random'
➜ Explicit dependency on target 'TLS-product' in project 'TLS'
Target 'Redis' in project 'Redis'
➜ Explicit dependency on target 'Core-product' in project 'Core'
➜ Explicit dependency on target 'Node-product' in project 'Node'
➜ Explicit dependency on target 'Sockets-product' in project 'Sockets'
➜ Explicit dependency on target 'Random-product' in project 'Random'
➜ Explicit dependency on target 'TLS-product' in project 'TLS'
Target 'Vapor-product' in project 'Vapor'
➜ Explicit dependency on target 'Vapor' in project 'Vapor'
➜ Explicit dependency on target 'Cache' in project 'Vapor'
➜ Explicit dependency on target 'Configs' in project 'Vapor'
➜ Explicit dependency on target 'Sessions' in project 'Vapor'
➜ Explicit dependency on target 'Node-product' in project 'Node'
➜ Explicit dependency on target 'Core-product' in project 'Core'
➜ Explicit dependency on target 'JSON-product' in project 'JSON'
➜ Explicit dependency on target 'Cookies-product' in project 'Engine'
➜ Explicit dependency on target 'Crypto-product' in project 'Crypto'
➜ Explicit dependency on target 'HTTP-product' in project 'Engine'
➜ Explicit dependency on target 'BCrypt-product' in project 'BCrypt'
➜ Explicit dependency on target 'Console-product' in project 'Console'
➜ Explicit dependency on target 'FormData-product' in project 'Multipart'
➜ Explicit dependency on target 'Multipart-product' in project 'Multipart'
➜ Explicit dependency on target 'Routing-product' in project 'Routing'
➜ Explicit dependency on target 'SMTP-product' in project 'Engine'
➜ Explicit dependency on target 'WebSockets-product' in project 'Engine'
Target 'Vapor' in project 'Vapor'
➜ Explicit dependency on target 'Cache' in project 'Vapor'
➜ Explicit dependency on target 'Configs' in project 'Vapor'
➜ Explicit dependency on target 'Sessions' in project 'Vapor'
➜ Explicit dependency on target 'Node-product' in project 'Node'
➜ Explicit dependency on target 'Core-product' in project 'Core'
➜ Explicit dependency on target 'JSON-product' in project 'JSON'
➜ Explicit dependency on target 'Cookies-product' in project 'Engine'
➜ Explicit dependency on target 'Crypto-product' in project 'Crypto'
➜ Explicit dependency on target 'HTTP-product' in project 'Engine'
➜ Explicit dependency on target 'BCrypt-product' in project 'BCrypt'
➜ Explicit dependency on target 'Console-product' in project 'Console'
➜ Explicit dependency on target 'FormData-product' in project 'Multipart'
➜ Explicit dependency on target 'Multipart-product' in project 'Multipart'
➜ Explicit dependency on target 'Routing-product' in project 'Routing'
➜ Explicit dependency on target 'SMTP-product' in project 'Engine'
➜ Explicit dependency on target 'WebSockets-product' in project 'Engine'
Target 'SMTP-product' in project 'Engine'
➜ Explicit dependency on target 'SMTP' in project 'Engine'
➜ Explicit dependency on target 'Sockets-product' in project 'Sockets'
➜ Explicit dependency on target 'Transport-product' in project 'Sockets'
Target 'SMTP' in project 'Engine'
➜ Explicit dependency on target 'Sockets-product' in project 'Sockets'
➜ Explicit dependency on target 'Transport-product' in project 'Sockets'
Target 'Routing-product' in project 'Routing'
➜ Explicit dependency on target 'Routing' in project 'Routing'
➜ Explicit dependency on target 'Branches' in project 'Routing'
➜ Explicit dependency on target 'Core-product' in project 'Core'
➜ Explicit dependency on target 'Node-product' in project 'Node'
➜ Explicit dependency on target 'HTTP-product' in project 'Engine'
➜ Explicit dependency on target 'WebSockets-product' in project 'Engine'
Target 'Routing' in project 'Routing'
➜ Explicit dependency on target 'Branches' in project 'Routing'
➜ Explicit dependency on target 'Core-product' in project 'Core'
➜ Explicit dependency on target 'Node-product' in project 'Node'
➜ Explicit dependency on target 'HTTP-product' in project 'Engine'
➜ Explicit dependency on target 'WebSockets-product' in project 'Engine'
Target 'WebSockets-product' in project 'Engine'
➜ Explicit dependency on target 'WebSockets' in project 'Engine'
➜ Explicit dependency on target 'CHTTP' in project 'Engine'
➜ Explicit dependency on target 'URI' in project 'Engine'
➜ Explicit dependency on target 'HTTP' in project 'Engine'
➜ Explicit dependency on target 'Core-product' in project 'Core'
➜ Explicit dependency on target 'Transport-product' in project 'Sockets'
➜ Explicit dependency on target 'Sockets-product' in project 'Sockets'
➜ Explicit dependency on target 'TLS-product' in project 'TLS'
➜ Explicit dependency on target 'Random-product' in project 'Random'
➜ Explicit dependency on target 'Crypto-product' in project 'Crypto'
Target 'WebSockets' in project 'Engine'
➜ Explicit dependency on target 'CHTTP' in project 'Engine'
➜ Explicit dependency on target 'URI' in project 'Engine'
➜ Explicit dependency on target 'HTTP' in project 'Engine'
➜ Explicit dependency on target 'Core-product' in project 'Core'
➜ Explicit dependency on target 'Transport-product' in project 'Sockets'
➜ Explicit dependency on target 'Sockets-product' in project 'Sockets'
➜ Explicit dependency on target 'TLS-product' in project 'TLS'
➜ Explicit dependency on target 'Random-product' in project 'Random'
➜ Explicit dependency on target 'Crypto-product' in project 'Crypto'
Target 'Branches' in project 'Routing'
➜ Explicit dependency on target 'Core-product' in project 'Core'
➜ Explicit dependency on target 'Node-product' in project 'Node'
Target 'Multipart-product' in project 'Multipart'
➜ Explicit dependency on target 'Multipart' in project 'Multipart'
➜ Explicit dependency on target 'Core-product' in project 'Core'
➜ Explicit dependency on target 'HTTP-product' in project 'Engine'
Target 'FormData-product' in project 'Multipart'
➜ Explicit dependency on target 'FormData' in project 'Multipart'
➜ Explicit dependency on target 'Multipart' in project 'Multipart'
➜ Explicit dependency on target 'Core-product' in project 'Core'
➜ Explicit dependency on target 'HTTP-product' in project 'Engine'
Target 'FormData' in project 'Multipart'
➜ Explicit dependency on target 'Multipart' in project 'Multipart'
➜ Explicit dependency on target 'Core-product' in project 'Core'
➜ Explicit dependency on target 'HTTP-product' in project 'Engine'
Target 'Multipart' in project 'Multipart'
➜ Explicit dependency on target 'Core-product' in project 'Core'
➜ Explicit dependency on target 'HTTP-product' in project 'Engine'
Target 'Console-product' in project 'Console'
➜ Explicit dependency on target 'Console' in project 'Console'
➜ Explicit dependency on target 'Core-product' in project 'Core'
Target 'Console' in project 'Console'
➜ Explicit dependency on target 'Core-product' in project 'Core'
Target 'BCrypt-product' in project 'BCrypt'
➜ Explicit dependency on target 'BCrypt' in project 'BCrypt'
➜ Explicit dependency on target 'Random-product' in project 'Random'
Target 'BCrypt' in project 'BCrypt'
➜ Explicit dependency on target 'Random-product' in project 'Random'
Target 'Sessions' in project 'Vapor'
➜ Explicit dependency on target 'Cache' in project 'Vapor'
➜ Explicit dependency on target 'Node-product' in project 'Node'
➜ Explicit dependency on target 'Cookies-product' in project 'Engine'
➜ Explicit dependency on target 'Crypto-product' in project 'Crypto'
➜ Explicit dependency on target 'HTTP-product' in project 'Engine'
Target 'HTTP-product' in project 'Engine'
➜ Explicit dependency on target 'HTTP' in project 'Engine'
➜ Explicit dependency on target 'CHTTP' in project 'Engine'
➜ Explicit dependency on target 'URI' in project 'Engine'
➜ Explicit dependency on target 'Core-product' in project 'Core'
➜ Explicit dependency on target 'Transport-product' in project 'Sockets'
➜ Explicit dependency on target 'Sockets-product' in project 'Sockets'
➜ Explicit dependency on target 'TLS-product' in project 'TLS'
➜ Explicit dependency on target 'Random-product' in project 'Random'
Target 'Crypto-product' in project 'Crypto'
➜ Explicit dependency on target 'Crypto' in project 'Crypto'
➜ Explicit dependency on target 'CTLS-product' in project 'CTLS'
➜ Explicit dependency on target 'Random-product' in project 'Random'
Target 'Crypto' in project 'Crypto'
➜ Explicit dependency on target 'CTLS' in project 'CTLS'
➜ Explicit dependency on target 'CTLS-product' in project 'CTLS'
➜ Explicit dependency on target 'Random-product' in project 'Random'
Target 'Cookies-product' in project 'Engine'
➜ Explicit dependency on target 'Cookies' in project 'Engine'
➜ Explicit dependency on target 'CHTTP' in project 'Engine'
➜ Explicit dependency on target 'URI' in project 'Engine'
➜ Explicit dependency on target 'HTTP' in project 'Engine'
➜ Explicit dependency on target 'Core-product' in project 'Core'
➜ Explicit dependency on target 'Transport-product' in project 'Sockets'
➜ Explicit dependency on target 'Sockets-product' in project 'Sockets'
➜ Explicit dependency on target 'TLS-product' in project 'TLS'
➜ Explicit dependency on target 'Random-product' in project 'Random'
Target 'Cookies' in project 'Engine'
➜ Explicit dependency on target 'CHTTP' in project 'Engine'
➜ Explicit dependency on target 'URI' in project 'Engine'
➜ Explicit dependency on target 'HTTP' in project 'Engine'
➜ Explicit dependency on target 'Core-product' in project 'Core'
➜ Explicit dependency on target 'Transport-product' in project 'Sockets'
➜ Explicit dependency on target 'Sockets-product' in project 'Sockets'
➜ Explicit dependency on target 'TLS-product' in project 'TLS'
➜ Explicit dependency on target 'Random-product' in project 'Random'
Target 'HTTP' in project 'Engine'
➜ Explicit dependency on target 'CHTTP' in project 'Engine'
➜ Explicit dependency on target 'URI' in project 'Engine'
➜ Explicit dependency on target 'Core-product' in project 'Core'
➜ Explicit dependency on target 'Transport-product' in project 'Sockets'
➜ Explicit dependency on target 'Sockets-product' in project 'Sockets'
➜ Explicit dependency on target 'TLS-product' in project 'TLS'
➜ Explicit dependency on target 'Random-product' in project 'Random'
Target 'Random-product' in project 'Random'
➜ Explicit dependency on target 'Random' in project 'Random'
➜ Explicit dependency on target 'Core-product' in project 'Core'
Target 'Random' in project 'Random'
➜ Explicit dependency on target 'Core-product' in project 'Core'
Target 'TLS-product' in project 'TLS'
➜ Explicit dependency on target 'TLS' in project 'TLS'
➜ Explicit dependency on target 'Core-product' in project 'Core'
➜ Explicit dependency on target 'CTLS-product' in project 'CTLS'
➜ Explicit dependency on target 'Sockets-product' in project 'Sockets'
Target 'TLS' in project 'TLS'
➜ Explicit dependency on target 'CTLS' in project 'CTLS'
➜ Explicit dependency on target 'Core-product' in project 'Core'
➜ Explicit dependency on target 'CTLS-product' in project 'CTLS'
➜ Explicit dependency on target 'Sockets-product' in project 'Sockets'
Target 'CTLS-product' in project 'CTLS'
➜ Explicit dependency on target 'CTLS' in project 'CTLS'
Target 'CTLS' in project 'CTLS' (no dependencies)
Target 'Sockets-product' in project 'Sockets'
➜ Explicit dependency on target 'Sockets' in project 'Sockets'
➜ Explicit dependency on target 'Transport' in project 'Sockets'
➜ Explicit dependency on target 'Core-product' in project 'Core'
Target 'Sockets' in project 'Sockets'
➜ Explicit dependency on target 'Transport' in project 'Sockets'
➜ Explicit dependency on target 'Core-product' in project 'Core'
Target 'URI' in project 'Engine'
➜ Explicit dependency on target 'CHTTP' in project 'Engine'
➜ Explicit dependency on target 'Core-product' in project 'Core'
➜ Explicit dependency on target 'Transport-product' in project 'Sockets'
Target 'Transport-product' in project 'Sockets'
➜ Explicit dependency on target 'Transport' in project 'Sockets'
➜ Explicit dependency on target 'Core-product' in project 'Core'
Target 'Transport' in project 'Sockets'
➜ Explicit dependency on target 'Core-product' in project 'Core'
Target 'CHTTP' in project 'Engine' (no dependencies)
Target 'Configs' in project 'Vapor'
➜ Explicit dependency on target 'Core-product' in project 'Core'
➜ Explicit dependency on target 'JSON-product' in project 'JSON'
Target 'JSON-product' in project 'JSON'
➜ Explicit dependency on target 'JSON' in project 'JSON'
➜ Explicit dependency on target 'Core-product' in project 'Core'
➜ Explicit dependency on target 'Node-product' in project 'Node'
Target 'JSON' in project 'JSON'
➜ Explicit dependency on target 'Core-product' in project 'Core'
➜ Explicit dependency on target 'Node-product' in project 'Node'
Target 'Cache' in project 'Vapor'
➜ Explicit dependency on target 'Node-product' in project 'Node'
Target 'Node-product' in project 'Node'
➜ Explicit dependency on target 'Node' in project 'Node'
➜ Explicit dependency on target 'PathIndexable' in project 'Node'
➜ Explicit dependency on target 'Bits-product' in project 'Bits'
➜ Explicit dependency on target 'Core-product' in project 'Core'
Target 'Node' in project 'Node'
➜ Explicit dependency on target 'PathIndexable' in project 'Node'
➜ Explicit dependency on target 'Bits-product' in project 'Bits'
➜ Explicit dependency on target 'Core-product' in project 'Core'
Target 'Core-product' in project 'Core'
➜ Explicit dependency on target 'Core' in project 'Core'
➜ Explicit dependency on target 'libc' in project 'Core'
➜ Explicit dependency on target 'Bits-product' in project 'Bits'
➜ Explicit dependency on target 'Debugging-product' in project 'Debugging'
Target 'Core' in project 'Core'
➜ Explicit dependency on target 'libc' in project 'Core'
➜ Explicit dependency on target 'Bits-product' in project 'Bits'
➜ Explicit dependency on target 'Debugging-product' in project 'Debugging'
Target 'Debugging-product' in project 'Debugging'
➜ Explicit dependency on target 'Debugging' in project 'Debugging'
Target 'Debugging' in project 'Debugging' (no dependencies)
Target 'libc' in project 'Core' (no dependencies)
Target 'Bits-product' in project 'Bits'
➜ Explicit dependency on target 'Bits' in project 'Bits'
Target 'Bits' in project 'Bits' (no dependencies)
Target 'PathIndexable' in project 'Node' (no dependencies)
Target 'Models' in project 'Chameleon'
➜ Explicit dependency on target 'Common' in project 'Chameleon'
Target 'Common' in project 'Chameleon' (no dependencies)
GatherProvisioningInputs
CreateBuildDescription
ClangStatCache /Applications/Xcode-27.0.0-Release.Candidate.app/Contents/Developer/Toolchains/XcodeDefault.xctoolchain/usr/bin/clang-stat-cache /Applications/Xcode-27.0.0-Release.Candidate.app/Contents/Developer/Platforms/WatchOS.platform/Developer/SDKs/WatchOS27.0.sdk /Users/admin/builder/spi-builder-workspace/.derivedData/SDKStatCaches.noindex/watchos27.0-24R360-e829b21a6f8c9b70876ba0858053c04477534ef55a1706bf4c1112bbb242f0a2.sdkstatcache
cd /Users/admin/builder/spi-builder-workspace/.swiftpm/xcode
/Applications/Xcode-27.0.0-Release.Candidate.app/Contents/Developer/Toolchains/XcodeDefault.xctoolchain/usr/bin/clang-stat-cache /Applications/Xcode-27.0.0-Release.Candidate.app/Contents/Developer/Platforms/WatchOS.platform/Developer/SDKs/WatchOS27.0.sdk -o /Users/admin/builder/spi-builder-workspace/.derivedData/SDKStatCaches.noindex/watchos27.0-24R360-e829b21a6f8c9b70876ba0858053c04477534ef55a1706bf4c1112bbb242f0a2.sdkstatcache
SwiftDriver Console normal arm64_32 com.apple.xcode.tools.swift.compiler (in target 'Console' from project 'Console')
cd /Users/admin/builder/spi-builder-workspace/.swiftpm/xcode
builtin-SwiftDriver -- /Applications/Xcode-27.0.0-Release.Candidate.app/Contents/Developer/Toolchains/XcodeDefault.xctoolchain/usr/bin/swiftc -parse-as-library -module-name Console -Onone @/Users/admin/builder/spi-builder-workspace/.derivedData/Build/Intermediates.noindex/Console.build/Debug-watchos/Console-t.build/Objects-normal/arm64_32/Console.SwiftFileList -DSWIFT_PACKAGE -DDEBUG -DSWIFT_MODULE_RESOURCE_BUNDLE_UNAVAILABLE -DXcode -plugin-path /Applications/Xcode-27.0.0-Release.Candidate.app/Contents/Developer/Toolchains/XcodeDefault.xctoolchain/usr/lib/swift/host/plugins/testing -enable-experimental-feature DebugDescriptionMacro -sdk /Applications/Xcode-27.0.0-Release.Candidate.app/Contents/Developer/Platforms/WatchOS.platform/Developer/SDKs/WatchOS27.0.sdk -target arm64_32-apple-watchos9.0 -g -module-cache-path /Users/admin/builder/spi-builder-workspace/.derivedData/ModuleCache.noindex -Xfrontend -serialize-debugging-options -profile-coverage-mapping -profile-generate -enable-testing -suppress-warnings -index-store-path /Users/admin/builder/spi-builder-workspace/.derivedData/Index.noindex/DataStore -Xcc -D_LIBCPP_HARDENING_MODE\=_LIBCPP_HARDENING_MODE_DEBUG -swift-version 4 -I /Users/admin/builder/spi-builder-workspace/.derivedData/Build/Products/Debug-watchos -Isystem /Applications/Xcode-27.0.0-Release.Candidate.app/Contents/Developer/Platforms/WatchOS.platform/Developer/usr/lib -F /Users/admin/builder/spi-builder-workspace/.derivedData/Build/Products/Debug-watchos/PackageFrameworks -F /Users/admin/builder/spi-builder-workspace/.derivedData/Build/Products/Debug-watchos -F /Applications/Xcode-27.0.0-Release.Candidate.app/Contents/Developer/Platforms/WatchOS.platform/Developer/Library/Frameworks -F /Applications/Xcode-27.0.0-Release.Candidate.app/Contents/Developer/Platforms/WatchOS.platform/Developer/SDKs/WatchOS27.0.sdk/Developer/Library/Frameworks -c -j10 -enable-batch-mode -incremental -Xcc -ivfsstatcache -Xcc /Users/admin/builder/spi-builder-workspace/.derivedData/SDKStatCaches.noindex/watchos27.0-24R360-e829b21a6f8c9b70876ba0858053c04477534ef55a1706bf4c1112bbb242f0a2.sdkstatcache -output-file-map /Users/admin/builder/spi-builder-workspace/.derivedData/Build/Intermediates.noindex/Console.build/Debug-watchos/Console-t.build/Objects-normal/arm64_32/Console-OutputFileMap.json -save-temps -no-color-diagnostics -emit-dependencies -emit-module -emit-module-path /Users/admin/builder/spi-builder-workspace/.derivedData/Build/Intermediates.noindex/Console.build/Debug-watchos/Console-t.build/Objects-normal/arm64_32/Console.swiftmodule -serialize-diagnostics -validate-clang-modules-once -clang-build-session-file /Users/admin/builder/spi-builder-workspace/.derivedData/ModuleCache.noindex/Session.modulevalidation -Xcc -fmodules-prune-interval\=86400 -Xcc -fmodules-prune-after\=345600 -emit-const-values -const-gather-protocols-list /Users/admin/builder/spi-builder-workspace/.derivedData/Build/Intermediates.noindex/Console.build/Debug-watchos/Console-t.build/Objects-normal/arm64_32/Console_const_extract_protocols.json -Xcc -I/Users/admin/builder/spi-builder-workspace/.derivedData/Build/Products/Debug-watchos/include -Xcc -I/Users/admin/builder/spi-builder-workspace/.derivedData/Build/Intermediates.noindex/Console.build/Debug-watchos/Console-t.build/DerivedSources-normal/arm64_32 -Xcc -I/Users/admin/builder/spi-builder-workspace/.derivedData/Build/Intermediates.noindex/Console.build/Debug-watchos/Console-t.build/DerivedSources/arm64_32 -Xcc -I/Users/admin/builder/spi-builder-workspace/.derivedData/Build/Intermediates.noindex/Console.build/Debug-watchos/Console-t.build/DerivedSources -Xcc -DSWIFT_PACKAGE -Xcc -DDEBUG\=1 -emit-objc-header -emit-objc-header-path /Users/admin/builder/spi-builder-workspace/.derivedData/Build/Intermediates.noindex/Console.build/Debug-watchos/Console-t.build/Objects-normal/arm64_32/Console-Swift.h -working-directory /Users/admin/builder/spi-builder-workspace/.swiftpm/xcode -experimental-emit-module-separately -disable-cmo
SwiftDriver Console normal arm64 com.apple.xcode.tools.swift.compiler (in target 'Console' from project 'Console')
cd /Users/admin/builder/spi-builder-workspace/.swiftpm/xcode
builtin-SwiftDriver -- /Applications/Xcode-27.0.0-Release.Candidate.app/Contents/Developer/Toolchains/XcodeDefault.xctoolchain/usr/bin/swiftc -parse-as-library -module-name Console -Onone @/Users/admin/builder/spi-builder-workspace/.derivedData/Build/Intermediates.noindex/Console.build/Debug-watchos/Console-t.build/Objects-normal/arm64/Console.SwiftFileList -DSWIFT_PACKAGE -DDEBUG -DSWIFT_MODULE_RESOURCE_BUNDLE_UNAVAILABLE -DXcode -plugin-path /Applications/Xcode-27.0.0-Release.Candidate.app/Contents/Developer/Toolchains/XcodeDefault.xctoolchain/usr/lib/swift/host/plugins/testing -enable-experimental-feature DebugDescriptionMacro -sdk /Applications/Xcode-27.0.0-Release.Candidate.app/Contents/Developer/Platforms/WatchOS.platform/Developer/SDKs/WatchOS27.0.sdk -target arm64-apple-watchos9.0 -g -module-cache-path /Users/admin/builder/spi-builder-workspace/.derivedData/ModuleCache.noindex -Xfrontend -serialize-debugging-options -profile-coverage-mapping -profile-generate -enable-testing -suppress-warnings -index-store-path /Users/admin/builder/spi-builder-workspace/.derivedData/Index.noindex/DataStore -Xcc -D_LIBCPP_HARDENING_MODE\=_LIBCPP_HARDENING_MODE_DEBUG -swift-version 4 -I /Users/admin/builder/spi-builder-workspace/.derivedData/Build/Products/Debug-watchos -Isystem /Applications/Xcode-27.0.0-Release.Candidate.app/Contents/Developer/Platforms/WatchOS.platform/Developer/usr/lib -F /Users/admin/builder/spi-builder-workspace/.derivedData/Build/Products/Debug-watchos/PackageFrameworks -F /Users/admin/builder/spi-builder-workspace/.derivedData/Build/Products/Debug-watchos -F /Applications/Xcode-27.0.0-Release.Candidate.app/Contents/Developer/Platforms/WatchOS.platform/Developer/Library/Frameworks -F /Applications/Xcode-27.0.0-Release.Candidate.app/Contents/Developer/Platforms/WatchOS.platform/Developer/SDKs/WatchOS27.0.sdk/Developer/Library/Frameworks -c -j10 -enable-batch-mode -incremental -Xcc -ivfsstatcache -Xcc /Users/admin/builder/spi-builder-workspace/.derivedData/SDKStatCaches.noindex/watchos27.0-24R360-e829b21a6f8c9b70876ba0858053c04477534ef55a1706bf4c1112bbb242f0a2.sdkstatcache -output-file-map /Users/admin/builder/spi-builder-workspace/.derivedData/Build/Intermediates.noindex/Console.build/Debug-watchos/Console-t.build/Objects-normal/arm64/Console-OutputFileMap.json -save-temps -no-color-diagnostics -emit-dependencies -emit-module -emit-module-path /Users/admin/builder/spi-builder-workspace/.derivedData/Build/Intermediates.noindex/Console.build/Debug-watchos/Console-t.build/Objects-normal/arm64/Console.swiftmodule -serialize-diagnostics -validate-clang-modules-once -clang-build-session-file /Users/admin/builder/spi-builder-workspace/.derivedData/ModuleCache.noindex/Session.modulevalidation -Xcc -fmodules-prune-interval\=86400 -Xcc -fmodules-prune-after\=345600 -emit-const-values -const-gather-protocols-list /Users/admin/builder/spi-builder-workspace/.derivedData/Build/Intermediates.noindex/Console.build/Debug-watchos/Console-t.build/Objects-normal/arm64/Console_const_extract_protocols.json -Xcc -I/Users/admin/builder/spi-builder-workspace/.derivedData/Build/Products/Debug-watchos/include -Xcc -I/Users/admin/builder/spi-builder-workspace/.derivedData/Build/Intermediates.noindex/Console.build/Debug-watchos/Console-t.build/DerivedSources-normal/arm64 -Xcc -I/Users/admin/builder/spi-builder-workspace/.derivedData/Build/Intermediates.noindex/Console.build/Debug-watchos/Console-t.build/DerivedSources/arm64 -Xcc -I/Users/admin/builder/spi-builder-workspace/.derivedData/Build/Intermediates.noindex/Console.build/Debug-watchos/Console-t.build/DerivedSources -Xcc -DSWIFT_PACKAGE -Xcc -DDEBUG\=1 -emit-objc-header -emit-objc-header-path /Users/admin/builder/spi-builder-workspace/.derivedData/Build/Intermediates.noindex/Console.build/Debug-watchos/Console-t.build/Objects-normal/arm64/Console-Swift.h -working-directory /Users/admin/builder/spi-builder-workspace/.swiftpm/xcode -experimental-emit-module-separately -disable-cmo
SwiftDriver URI normal arm64_32 com.apple.xcode.tools.swift.compiler (in target 'URI' from project 'Engine')
cd /Users/admin/builder/spi-builder-workspace/.swiftpm/xcode
builtin-SwiftDriver -- /Applications/Xcode-27.0.0-Release.Candidate.app/Contents/Developer/Toolchains/XcodeDefault.xctoolchain/usr/bin/swiftc -parse-as-library -module-name URI -Onone @/Users/admin/builder/spi-builder-workspace/.derivedData/Build/Intermediates.noindex/Engine.build/Debug-watchos/URI-t.build/Objects-normal/arm64_32/URI.SwiftFileList -DSWIFT_PACKAGE -DDEBUG -DSWIFT_MODULE_RESOURCE_BUNDLE_UNAVAILABLE -Xcc -fmodule-map-file\=/Users/admin/builder/spi-builder-workspace/.derivedData/Build/Intermediates.noindex/GeneratedModuleMaps-watchos/CHTTP.modulemap -DXcode -plugin-path /Applications/Xcode-27.0.0-Release.Candidate.app/Contents/Developer/Toolchains/XcodeDefault.xctoolchain/usr/lib/swift/host/plugins/testing -enable-experimental-feature DebugDescriptionMacro -sdk /Applications/Xcode-27.0.0-Release.Candidate.app/Contents/Developer/Platforms/WatchOS.platform/Developer/SDKs/WatchOS27.0.sdk -target arm64_32-apple-watchos9.0 -g -module-cache-path /Users/admin/builder/spi-builder-workspace/.derivedData/ModuleCache.noindex -Xfrontend -serialize-debugging-options -profile-coverage-mapping -profile-generate -enable-testing -suppress-warnings -index-store-path /Users/admin/builder/spi-builder-workspace/.derivedData/Index.noindex/DataStore -Xcc -D_LIBCPP_HARDENING_MODE\=_LIBCPP_HARDENING_MODE_DEBUG -swift-version 4 -I /Users/admin/builder/spi-builder-workspace/.derivedData/Build/Products/Debug-watchos -Isystem /Applications/Xcode-27.0.0-Release.Candidate.app/Contents/Developer/Platforms/WatchOS.platform/Developer/usr/lib -F /Users/admin/builder/spi-builder-workspace/.derivedData/Build/Products/Debug-watchos/PackageFrameworks -F /Users/admin/builder/spi-builder-workspace/.derivedData/Build/Products/Debug-watchos -F /Applications/Xcode-27.0.0-Release.Candidate.app/Contents/Developer/Platforms/WatchOS.platform/Developer/Library/Frameworks -F /Applications/Xcode-27.0.0-Release.Candidate.app/Contents/Developer/Platforms/WatchOS.platform/Developer/SDKs/WatchOS27.0.sdk/Developer/Library/Frameworks -c -j10 -enable-batch-mode -incremental -Xcc -ivfsstatcache -Xcc /Users/admin/builder/spi-builder-workspace/.derivedData/SDKStatCaches.noindex/watchos27.0-24R360-e829b21a6f8c9b70876ba0858053c04477534ef55a1706bf4c1112bbb242f0a2.sdkstatcache -output-file-map /Users/admin/builder/spi-builder-workspace/.derivedData/Build/Intermediates.noindex/Engine.build/Debug-watchos/URI-t.build/Objects-normal/arm64_32/URI-OutputFileMap.json -save-temps -no-color-diagnostics -emit-dependencies -emit-module -emit-module-path /Users/admin/builder/spi-builder-workspace/.derivedData/Build/Intermediates.noindex/Engine.build/Debug-watchos/URI-t.build/Objects-normal/arm64_32/URI.swiftmodule -serialize-diagnostics -validate-clang-modules-once -clang-build-session-file /Users/admin/builder/spi-builder-workspace/.derivedData/ModuleCache.noindex/Session.modulevalidation -Xcc -fmodules-prune-interval\=86400 -Xcc -fmodules-prune-after\=345600 -emit-const-values -const-gather-protocols-list /Users/admin/builder/spi-builder-workspace/.derivedData/Build/Intermediates.noindex/Engine.build/Debug-watchos/URI-t.build/Objects-normal/arm64_32/URI_const_extract_protocols.json -Xcc -I/Users/admin/builder/spi-builder-workspace/.dependencies/checkouts/engine/Sources/CHTTP/include -Xcc -I/Users/admin/builder/spi-builder-workspace/.derivedData/Build/Products/Debug-watchos/include -Xcc -I/Users/admin/builder/spi-builder-workspace/.derivedData/Build/Intermediates.noindex/Engine.build/Debug-watchos/URI-t.build/DerivedSources-normal/arm64_32 -Xcc -I/Users/admin/builder/spi-builder-workspace/.derivedData/Build/Intermediates.noindex/Engine.build/Debug-watchos/URI-t.build/DerivedSources/arm64_32 -Xcc -I/Users/admin/builder/spi-builder-workspace/.derivedData/Build/Intermediates.noindex/Engine.build/Debug-watchos/URI-t.build/DerivedSources -Xcc -DSWIFT_PACKAGE -Xcc -DDEBUG\=1 -emit-objc-header -emit-objc-header-path /Users/admin/builder/spi-builder-workspace/.derivedData/Build/Intermediates.noindex/Engine.build/Debug-watchos/URI-t.build/Objects-normal/arm64_32/URI-Swift.h -working-directory /Users/admin/builder/spi-builder-workspace/.swiftpm/xcode -experimental-emit-module-separately -disable-cmo
SwiftDriver URI normal arm64 com.apple.xcode.tools.swift.compiler (in target 'URI' from project 'Engine')
cd /Users/admin/builder/spi-builder-workspace/.swiftpm/xcode
builtin-SwiftDriver -- /Applications/Xcode-27.0.0-Release.Candidate.app/Contents/Developer/Toolchains/XcodeDefault.xctoolchain/usr/bin/swiftc -parse-as-library -module-name URI -Onone @/Users/admin/builder/spi-builder-workspace/.derivedData/Build/Intermediates.noindex/Engine.build/Debug-watchos/URI-t.build/Objects-normal/arm64/URI.SwiftFileList -DSWIFT_PACKAGE -DDEBUG -DSWIFT_MODULE_RESOURCE_BUNDLE_UNAVAILABLE -Xcc -fmodule-map-file\=/Users/admin/builder/spi-builder-workspace/.derivedData/Build/Intermediates.noindex/GeneratedModuleMaps-watchos/CHTTP.modulemap -DXcode -plugin-path /Applications/Xcode-27.0.0-Release.Candidate.app/Contents/Developer/Toolchains/XcodeDefault.xctoolchain/usr/lib/swift/host/plugins/testing -enable-experimental-feature DebugDescriptionMacro -sdk /Applications/Xcode-27.0.0-Release.Candidate.app/Contents/Developer/Platforms/WatchOS.platform/Developer/SDKs/WatchOS27.0.sdk -target arm64-apple-watchos9.0 -g -module-cache-path /Users/admin/builder/spi-builder-workspace/.derivedData/ModuleCache.noindex -Xfrontend -serialize-debugging-options -profile-coverage-mapping -profile-generate -enable-testing -suppress-warnings -index-store-path /Users/admin/builder/spi-builder-workspace/.derivedData/Index.noindex/DataStore -Xcc -D_LIBCPP_HARDENING_MODE\=_LIBCPP_HARDENING_MODE_DEBUG -swift-version 4 -I /Users/admin/builder/spi-builder-workspace/.derivedData/Build/Products/Debug-watchos -Isystem /Applications/Xcode-27.0.0-Release.Candidate.app/Contents/Developer/Platforms/WatchOS.platform/Developer/usr/lib -F /Users/admin/builder/spi-builder-workspace/.derivedData/Build/Products/Debug-watchos/PackageFrameworks -F /Users/admin/builder/spi-builder-workspace/.derivedData/Build/Products/Debug-watchos -F /Applications/Xcode-27.0.0-Release.Candidate.app/Contents/Developer/Platforms/WatchOS.platform/Developer/Library/Frameworks -F /Applications/Xcode-27.0.0-Release.Candidate.app/Contents/Developer/Platforms/WatchOS.platform/Developer/SDKs/WatchOS27.0.sdk/Developer/Library/Frameworks -c -j10 -enable-batch-mode -incremental -Xcc -ivfsstatcache -Xcc /Users/admin/builder/spi-builder-workspace/.derivedData/SDKStatCaches.noindex/watchos27.0-24R360-e829b21a6f8c9b70876ba0858053c04477534ef55a1706bf4c1112bbb242f0a2.sdkstatcache -output-file-map /Users/admin/builder/spi-builder-workspace/.derivedData/Build/Intermediates.noindex/Engine.build/Debug-watchos/URI-t.build/Objects-normal/arm64/URI-OutputFileMap.json -save-temps -no-color-diagnostics -emit-dependencies -emit-module -emit-module-path /Users/admin/builder/spi-builder-workspace/.derivedData/Build/Intermediates.noindex/Engine.build/Debug-watchos/URI-t.build/Objects-normal/arm64/URI.swiftmodule -serialize-diagnostics -validate-clang-modules-once -clang-build-session-file /Users/admin/builder/spi-builder-workspace/.derivedData/ModuleCache.noindex/Session.modulevalidation -Xcc -fmodules-prune-interval\=86400 -Xcc -fmodules-prune-after\=345600 -emit-const-values -const-gather-protocols-list /Users/admin/builder/spi-builder-workspace/.derivedData/Build/Intermediates.noindex/Engine.build/Debug-watchos/URI-t.build/Objects-normal/arm64/URI_const_extract_protocols.json -Xcc -I/Users/admin/builder/spi-builder-workspace/.dependencies/checkouts/engine/Sources/CHTTP/include -Xcc -I/Users/admin/builder/spi-builder-workspace/.derivedData/Build/Products/Debug-watchos/include -Xcc -I/Users/admin/builder/spi-builder-workspace/.derivedData/Build/Intermediates.noindex/Engine.build/Debug-watchos/URI-t.build/DerivedSources-normal/arm64 -Xcc -I/Users/admin/builder/spi-builder-workspace/.derivedData/Build/Intermediates.noindex/Engine.build/Debug-watchos/URI-t.build/DerivedSources/arm64 -Xcc -I/Users/admin/builder/spi-builder-workspace/.derivedData/Build/Intermediates.noindex/Engine.build/Debug-watchos/URI-t.build/DerivedSources -Xcc -DSWIFT_PACKAGE -Xcc -DDEBUG\=1 -emit-objc-header -emit-objc-header-path /Users/admin/builder/spi-builder-workspace/.derivedData/Build/Intermediates.noindex/Engine.build/Debug-watchos/URI-t.build/Objects-normal/arm64/URI-Swift.h -working-directory /Users/admin/builder/spi-builder-workspace/.swiftpm/xcode -experimental-emit-module-separately -disable-cmo
SwiftDriver Sockets normal arm64_32 com.apple.xcode.tools.swift.compiler (in target 'Sockets' from project 'Sockets')
cd /Users/admin/builder/spi-builder-workspace/.swiftpm/xcode
builtin-SwiftDriver -- /Applications/Xcode-27.0.0-Release.Candidate.app/Contents/Developer/Toolchains/XcodeDefault.xctoolchain/usr/bin/swiftc -parse-as-library -module-name Sockets -Onone @/Users/admin/builder/spi-builder-workspace/.derivedData/Build/Intermediates.noindex/Sockets.build/Debug-watchos/Sockets-t.build/Objects-normal/arm64_32/Sockets.SwiftFileList -DSWIFT_PACKAGE -DDEBUG -DSWIFT_MODULE_RESOURCE_BUNDLE_UNAVAILABLE -DXcode -plugin-path /Applications/Xcode-27.0.0-Release.Candidate.app/Contents/Developer/Toolchains/XcodeDefault.xctoolchain/usr/lib/swift/host/plugins/testing -enable-experimental-feature DebugDescriptionMacro -sdk /Applications/Xcode-27.0.0-Release.Candidate.app/Contents/Developer/Platforms/WatchOS.platform/Developer/SDKs/WatchOS27.0.sdk -target arm64_32-apple-watchos9.0 -g -module-cache-path /Users/admin/builder/spi-builder-workspace/.derivedData/ModuleCache.noindex -Xfrontend -serialize-debugging-options -profile-coverage-mapping -profile-generate -enable-testing -suppress-warnings -index-store-path /Users/admin/builder/spi-builder-workspace/.derivedData/Index.noindex/DataStore -Xcc -D_LIBCPP_HARDENING_MODE\=_LIBCPP_HARDENING_MODE_DEBUG -swift-version 4 -I /Users/admin/builder/spi-builder-workspace/.derivedData/Build/Products/Debug-watchos -Isystem /Applications/Xcode-27.0.0-Release.Candidate.app/Contents/Developer/Platforms/WatchOS.platform/Developer/usr/lib -F /Users/admin/builder/spi-builder-workspace/.derivedData/Build/Products/Debug-watchos/PackageFrameworks -F /Users/admin/builder/spi-builder-workspace/.derivedData/Build/Products/Debug-watchos -F /Applications/Xcode-27.0.0-Release.Candidate.app/Contents/Developer/Platforms/WatchOS.platform/Developer/Library/Frameworks -F /Applications/Xcode-27.0.0-Release.Candidate.app/Contents/Developer/Platforms/WatchOS.platform/Developer/SDKs/WatchOS27.0.sdk/Developer/Library/Frameworks -c -j10 -enable-batch-mode -incremental -Xcc -ivfsstatcache -Xcc /Users/admin/builder/spi-builder-workspace/.derivedData/SDKStatCaches.noindex/watchos27.0-24R360-e829b21a6f8c9b70876ba0858053c04477534ef55a1706bf4c1112bbb242f0a2.sdkstatcache -output-file-map /Users/admin/builder/spi-builder-workspace/.derivedData/Build/Intermediates.noindex/Sockets.build/Debug-watchos/Sockets-t.build/Objects-normal/arm64_32/Sockets-OutputFileMap.json -save-temps -no-color-diagnostics -emit-dependencies -emit-module -emit-module-path /Users/admin/builder/spi-builder-workspace/.derivedData/Build/Intermediates.noindex/Sockets.build/Debug-watchos/Sockets-t.build/Objects-normal/arm64_32/Sockets.swiftmodule -serialize-diagnostics -validate-clang-modules-once -clang-build-session-file /Users/admin/builder/spi-builder-workspace/.derivedData/ModuleCache.noindex/Session.modulevalidation -Xcc -fmodules-prune-interval\=86400 -Xcc -fmodules-prune-after\=345600 -emit-const-values -const-gather-protocols-list /Users/admin/builder/spi-builder-workspace/.derivedData/Build/Intermediates.noindex/Sockets.build/Debug-watchos/Sockets-t.build/Objects-normal/arm64_32/Sockets_const_extract_protocols.json -Xcc -I/Users/admin/builder/spi-builder-workspace/.derivedData/Build/Products/Debug-watchos/include -Xcc -I/Users/admin/builder/spi-builder-workspace/.derivedData/Build/Intermediates.noindex/Sockets.build/Debug-watchos/Sockets-t.build/DerivedSources-normal/arm64_32 -Xcc -I/Users/admin/builder/spi-builder-workspace/.derivedData/Build/Intermediates.noindex/Sockets.build/Debug-watchos/Sockets-t.build/DerivedSources/arm64_32 -Xcc -I/Users/admin/builder/spi-builder-workspace/.derivedData/Build/Intermediates.noindex/Sockets.build/Debug-watchos/Sockets-t.build/DerivedSources -Xcc -DSWIFT_PACKAGE -Xcc -DDEBUG\=1 -emit-objc-header -emit-objc-header-path /Users/admin/builder/spi-builder-workspace/.derivedData/Build/Intermediates.noindex/Sockets.build/Debug-watchos/Sockets-t.build/Objects-normal/arm64_32/Sockets-Swift.h -working-directory /Users/admin/builder/spi-builder-workspace/.swiftpm/xcode -experimental-emit-module-separately -disable-cmo
SwiftDriver Sockets normal arm64 com.apple.xcode.tools.swift.compiler (in target 'Sockets' from project 'Sockets')
cd /Users/admin/builder/spi-builder-workspace/.swiftpm/xcode
builtin-SwiftDriver -- /Applications/Xcode-27.0.0-Release.Candidate.app/Contents/Developer/Toolchains/XcodeDefault.xctoolchain/usr/bin/swiftc -parse-as-library -module-name Sockets -Onone @/Users/admin/builder/spi-builder-workspace/.derivedData/Build/Intermediates.noindex/Sockets.build/Debug-watchos/Sockets-t.build/Objects-normal/arm64/Sockets.SwiftFileList -DSWIFT_PACKAGE -DDEBUG -DSWIFT_MODULE_RESOURCE_BUNDLE_UNAVAILABLE -DXcode -plugin-path /Applications/Xcode-27.0.0-Release.Candidate.app/Contents/Developer/Toolchains/XcodeDefault.xctoolchain/usr/lib/swift/host/plugins/testing -enable-experimental-feature DebugDescriptionMacro -sdk /Applications/Xcode-27.0.0-Release.Candidate.app/Contents/Developer/Platforms/WatchOS.platform/Developer/SDKs/WatchOS27.0.sdk -target arm64-apple-watchos9.0 -g -module-cache-path /Users/admin/builder/spi-builder-workspace/.derivedData/ModuleCache.noindex -Xfrontend -serialize-debugging-options -profile-coverage-mapping -profile-generate -enable-testing -suppress-warnings -index-store-path /Users/admin/builder/spi-builder-workspace/.derivedData/Index.noindex/DataStore -Xcc -D_LIBCPP_HARDENING_MODE\=_LIBCPP_HARDENING_MODE_DEBUG -swift-version 4 -I /Users/admin/builder/spi-builder-workspace/.derivedData/Build/Products/Debug-watchos -Isystem /Applications/Xcode-27.0.0-Release.Candidate.app/Contents/Developer/Platforms/WatchOS.platform/Developer/usr/lib -F /Users/admin/builder/spi-builder-workspace/.derivedData/Build/Products/Debug-watchos/PackageFrameworks -F /Users/admin/builder/spi-builder-workspace/.derivedData/Build/Products/Debug-watchos -F /Applications/Xcode-27.0.0-Release.Candidate.app/Contents/Developer/Platforms/WatchOS.platform/Developer/Library/Frameworks -F /Applications/Xcode-27.0.0-Release.Candidate.app/Contents/Developer/Platforms/WatchOS.platform/Developer/SDKs/WatchOS27.0.sdk/Developer/Library/Frameworks -c -j10 -enable-batch-mode -incremental -Xcc -ivfsstatcache -Xcc /Users/admin/builder/spi-builder-workspace/.derivedData/SDKStatCaches.noindex/watchos27.0-24R360-e829b21a6f8c9b70876ba0858053c04477534ef55a1706bf4c1112bbb242f0a2.sdkstatcache -output-file-map /Users/admin/builder/spi-builder-workspace/.derivedData/Build/Intermediates.noindex/Sockets.build/Debug-watchos/Sockets-t.build/Objects-normal/arm64/Sockets-OutputFileMap.json -save-temps -no-color-diagnostics -emit-dependencies -emit-module -emit-module-path /Users/admin/builder/spi-builder-workspace/.derivedData/Build/Intermediates.noindex/Sockets.build/Debug-watchos/Sockets-t.build/Objects-normal/arm64/Sockets.swiftmodule -serialize-diagnostics -validate-clang-modules-once -clang-build-session-file /Users/admin/builder/spi-builder-workspace/.derivedData/ModuleCache.noindex/Session.modulevalidation -Xcc -fmodules-prune-interval\=86400 -Xcc -fmodules-prune-after\=345600 -emit-const-values -const-gather-protocols-list /Users/admin/builder/spi-builder-workspace/.derivedData/Build/Intermediates.noindex/Sockets.build/Debug-watchos/Sockets-t.build/Objects-normal/arm64/Sockets_const_extract_protocols.json -Xcc -I/Users/admin/builder/spi-builder-workspace/.derivedData/Build/Products/Debug-watchos/include -Xcc -I/Users/admin/builder/spi-builder-workspace/.derivedData/Build/Intermediates.noindex/Sockets.build/Debug-watchos/Sockets-t.build/DerivedSources-normal/arm64 -Xcc -I/Users/admin/builder/spi-builder-workspace/.derivedData/Build/Intermediates.noindex/Sockets.build/Debug-watchos/Sockets-t.build/DerivedSources/arm64 -Xcc -I/Users/admin/builder/spi-builder-workspace/.derivedData/Build/Intermediates.noindex/Sockets.build/Debug-watchos/Sockets-t.build/DerivedSources -Xcc -DSWIFT_PACKAGE -Xcc -DDEBUG\=1 -emit-objc-header -emit-objc-header-path /Users/admin/builder/spi-builder-workspace/.derivedData/Build/Intermediates.noindex/Sockets.build/Debug-watchos/Sockets-t.build/Objects-normal/arm64/Sockets-Swift.h -working-directory /Users/admin/builder/spi-builder-workspace/.swiftpm/xcode -experimental-emit-module-separately -disable-cmo
SwiftDriver JSON normal arm64 com.apple.xcode.tools.swift.compiler (in target 'JSON' from project 'JSON')
cd /Users/admin/builder/spi-builder-workspace/.swiftpm/xcode
builtin-SwiftDriver -- /Applications/Xcode-27.0.0-Release.Candidate.app/Contents/Developer/Toolchains/XcodeDefault.xctoolchain/usr/bin/swiftc -parse-as-library -module-name JSON -Onone @/Users/admin/builder/spi-builder-workspace/.derivedData/Build/Intermediates.noindex/JSON.build/Debug-watchos/JSON-t.build/Objects-normal/arm64/JSON.SwiftFileList -DSWIFT_PACKAGE -DDEBUG -DSWIFT_MODULE_RESOURCE_BUNDLE_UNAVAILABLE -DXcode -plugin-path /Applications/Xcode-27.0.0-Release.Candidate.app/Contents/Developer/Toolchains/XcodeDefault.xctoolchain/usr/lib/swift/host/plugins/testing -enable-experimental-feature DebugDescriptionMacro -sdk /Applications/Xcode-27.0.0-Release.Candidate.app/Contents/Developer/Platforms/WatchOS.platform/Developer/SDKs/WatchOS27.0.sdk -target arm64-apple-watchos9.0 -g -module-cache-path /Users/admin/builder/spi-builder-workspace/.derivedData/ModuleCache.noindex -Xfrontend -serialize-debugging-options -profile-coverage-mapping -profile-generate -enable-testing -suppress-warnings -index-store-path /Users/admin/builder/spi-builder-workspace/.derivedData/Index.noindex/DataStore -Xcc -D_LIBCPP_HARDENING_MODE\=_LIBCPP_HARDENING_MODE_DEBUG -swift-version 4 -I /Users/admin/builder/spi-builder-workspace/.derivedData/Build/Products/Debug-watchos -Isystem /Applications/Xcode-27.0.0-Release.Candidate.app/Contents/Developer/Platforms/WatchOS.platform/Developer/usr/lib -F /Users/admin/builder/spi-builder-workspace/.derivedData/Build/Products/Debug-watchos/PackageFrameworks -F /Users/admin/builder/spi-builder-workspace/.derivedData/Build/Products/Debug-watchos -F /Applications/Xcode-27.0.0-Release.Candidate.app/Contents/Developer/Platforms/WatchOS.platform/Developer/Library/Frameworks -F /Applications/Xcode-27.0.0-Release.Candidate.app/Contents/Developer/Platforms/WatchOS.platform/Developer/SDKs/WatchOS27.0.sdk/Developer/Library/Frameworks -c -j10 -enable-batch-mode -incremental -Xcc -ivfsstatcache -Xcc /Users/admin/builder/spi-builder-workspace/.derivedData/SDKStatCaches.noindex/watchos27.0-24R360-e829b21a6f8c9b70876ba0858053c04477534ef55a1706bf4c1112bbb242f0a2.sdkstatcache -output-file-map /Users/admin/builder/spi-builder-workspace/.derivedData/Build/Intermediates.noindex/JSON.build/Debug-watchos/JSON-t.build/Objects-normal/arm64/JSON-OutputFileMap.json -save-temps -no-color-diagnostics -emit-dependencies -emit-module -emit-module-path /Users/admin/builder/spi-builder-workspace/.derivedData/Build/Intermediates.noindex/JSON.build/Debug-watchos/JSON-t.build/Objects-normal/arm64/JSON.swiftmodule -serialize-diagnostics -validate-clang-modules-once -clang-build-session-file /Users/admin/builder/spi-builder-workspace/.derivedData/ModuleCache.noindex/Session.modulevalidation -Xcc -fmodules-prune-interval\=86400 -Xcc -fmodules-prune-after\=345600 -emit-const-values -const-gather-protocols-list /Users/admin/builder/spi-builder-workspace/.derivedData/Build/Intermediates.noindex/JSON.build/Debug-watchos/JSON-t.build/Objects-normal/arm64/JSON_const_extract_protocols.json -Xcc -I/Users/admin/builder/spi-builder-workspace/.derivedData/Build/Products/Debug-watchos/include -Xcc -I/Users/admin/builder/spi-builder-workspace/.derivedData/Build/Intermediates.noindex/JSON.build/Debug-watchos/JSON-t.build/DerivedSources-normal/arm64 -Xcc -I/Users/admin/builder/spi-builder-workspace/.derivedData/Build/Intermediates.noindex/JSON.build/Debug-watchos/JSON-t.build/DerivedSources/arm64 -Xcc -I/Users/admin/builder/spi-builder-workspace/.derivedData/Build/Intermediates.noindex/JSON.build/Debug-watchos/JSON-t.build/DerivedSources -Xcc -DSWIFT_PACKAGE -Xcc -DDEBUG\=1 -emit-objc-header -emit-objc-header-path /Users/admin/builder/spi-builder-workspace/.derivedData/Build/Intermediates.noindex/JSON.build/Debug-watchos/JSON-t.build/Objects-normal/arm64/JSON-Swift.h -working-directory /Users/admin/builder/spi-builder-workspace/.swiftpm/xcode -experimental-emit-module-separately -disable-cmo
SwiftDriver JSON normal arm64_32 com.apple.xcode.tools.swift.compiler (in target 'JSON' from project 'JSON')
cd /Users/admin/builder/spi-builder-workspace/.swiftpm/xcode
builtin-SwiftDriver -- /Applications/Xcode-27.0.0-Release.Candidate.app/Contents/Developer/Toolchains/XcodeDefault.xctoolchain/usr/bin/swiftc -parse-as-library -module-name JSON -Onone @/Users/admin/builder/spi-builder-workspace/.derivedData/Build/Intermediates.noindex/JSON.build/Debug-watchos/JSON-t.build/Objects-normal/arm64_32/JSON.SwiftFileList -DSWIFT_PACKAGE -DDEBUG -DSWIFT_MODULE_RESOURCE_BUNDLE_UNAVAILABLE -DXcode -plugin-path /Applications/Xcode-27.0.0-Release.Candidate.app/Contents/Developer/Toolchains/XcodeDefault.xctoolchain/usr/lib/swift/host/plugins/testing -enable-experimental-feature DebugDescriptionMacro -sdk /Applications/Xcode-27.0.0-Release.Candidate.app/Contents/Developer/Platforms/WatchOS.platform/Developer/SDKs/WatchOS27.0.sdk -target arm64_32-apple-watchos9.0 -g -module-cache-path /Users/admin/builder/spi-builder-workspace/.derivedData/ModuleCache.noindex -Xfrontend -serialize-debugging-options -profile-coverage-mapping -profile-generate -enable-testing -suppress-warnings -index-store-path /Users/admin/builder/spi-builder-workspace/.derivedData/Index.noindex/DataStore -Xcc -D_LIBCPP_HARDENING_MODE\=_LIBCPP_HARDENING_MODE_DEBUG -swift-version 4 -I /Users/admin/builder/spi-builder-workspace/.derivedData/Build/Products/Debug-watchos -Isystem /Applications/Xcode-27.0.0-Release.Candidate.app/Contents/Developer/Platforms/WatchOS.platform/Developer/usr/lib -F /Users/admin/builder/spi-builder-workspace/.derivedData/Build/Products/Debug-watchos/PackageFrameworks -F /Users/admin/builder/spi-builder-workspace/.derivedData/Build/Products/Debug-watchos -F /Applications/Xcode-27.0.0-Release.Candidate.app/Contents/Developer/Platforms/WatchOS.platform/Developer/Library/Frameworks -F /Applications/Xcode-27.0.0-Release.Candidate.app/Contents/Developer/Platforms/WatchOS.platform/Developer/SDKs/WatchOS27.0.sdk/Developer/Library/Frameworks -c -j10 -enable-batch-mode -incremental -Xcc -ivfsstatcache -Xcc /Users/admin/builder/spi-builder-workspace/.derivedData/SDKStatCaches.noindex/watchos27.0-24R360-e829b21a6f8c9b70876ba0858053c04477534ef55a1706bf4c1112bbb242f0a2.sdkstatcache -output-file-map /Users/admin/builder/spi-builder-workspace/.derivedData/Build/Intermediates.noindex/JSON.build/Debug-watchos/JSON-t.build/Objects-normal/arm64_32/JSON-OutputFileMap.json -save-temps -no-color-diagnostics -emit-dependencies -emit-module -emit-module-path /Users/admin/builder/spi-builder-workspace/.derivedData/Build/Intermediates.noindex/JSON.build/Debug-watchos/JSON-t.build/Objects-normal/arm64_32/JSON.swiftmodule -serialize-diagnostics -validate-clang-modules-once -clang-build-session-file /Users/admin/builder/spi-builder-workspace/.derivedData/ModuleCache.noindex/Session.modulevalidation -Xcc -fmodules-prune-interval\=86400 -Xcc -fmodules-prune-after\=345600 -emit-const-values -const-gather-protocols-list /Users/admin/builder/spi-builder-workspace/.derivedData/Build/Intermediates.noindex/JSON.build/Debug-watchos/JSON-t.build/Objects-normal/arm64_32/JSON_const_extract_protocols.json -Xcc -I/Users/admin/builder/spi-builder-workspace/.derivedData/Build/Products/Debug-watchos/include -Xcc -I/Users/admin/builder/spi-builder-workspace/.derivedData/Build/Intermediates.noindex/JSON.build/Debug-watchos/JSON-t.build/DerivedSources-normal/arm64_32 -Xcc -I/Users/admin/builder/spi-builder-workspace/.derivedData/Build/Intermediates.noindex/JSON.build/Debug-watchos/JSON-t.build/DerivedSources/arm64_32 -Xcc -I/Users/admin/builder/spi-builder-workspace/.derivedData/Build/Intermediates.noindex/JSON.build/Debug-watchos/JSON-t.build/DerivedSources -Xcc -DSWIFT_PACKAGE -Xcc -DDEBUG\=1 -emit-objc-header -emit-objc-header-path /Users/admin/builder/spi-builder-workspace/.derivedData/Build/Intermediates.noindex/JSON.build/Debug-watchos/JSON-t.build/Objects-normal/arm64_32/JSON-Swift.h -working-directory /Users/admin/builder/spi-builder-workspace/.swiftpm/xcode -experimental-emit-module-separately -disable-cmo
SwiftDriver Crypto normal arm64_32 com.apple.xcode.tools.swift.compiler (in target 'Crypto' from project 'Crypto')
cd /Users/admin/builder/spi-builder-workspace/.swiftpm/xcode
builtin-SwiftDriver -- /Applications/Xcode-27.0.0-Release.Candidate.app/Contents/Developer/Toolchains/XcodeDefault.xctoolchain/usr/bin/swiftc -parse-as-library -module-name Crypto -Onone @/Users/admin/builder/spi-builder-workspace/.derivedData/Build/Intermediates.noindex/Crypto.build/Debug-watchos/Crypto-t.build/Objects-normal/arm64_32/Crypto.SwiftFileList -DSWIFT_PACKAGE -DDEBUG -DSWIFT_MODULE_RESOURCE_BUNDLE_UNAVAILABLE -Xcc -fmodule-map-file\=/Users/admin/builder/spi-builder-workspace/.dependencies/checkouts/ctls/module.modulemap -DXcode -plugin-path /Applications/Xcode-27.0.0-Release.Candidate.app/Contents/Developer/Toolchains/XcodeDefault.xctoolchain/usr/lib/swift/host/plugins/testing -enable-experimental-feature DebugDescriptionMacro -sdk /Applications/Xcode-27.0.0-Release.Candidate.app/Contents/Developer/Platforms/WatchOS.platform/Developer/SDKs/WatchOS27.0.sdk -target arm64_32-apple-watchos9.0 -g -module-cache-path /Users/admin/builder/spi-builder-workspace/.derivedData/ModuleCache.noindex -Xfrontend -serialize-debugging-options -profile-coverage-mapping -profile-generate -enable-testing -suppress-warnings -index-store-path /Users/admin/builder/spi-builder-workspace/.derivedData/Index.noindex/DataStore -Xcc -D_LIBCPP_HARDENING_MODE\=_LIBCPP_HARDENING_MODE_DEBUG -swift-version 4 -I /Users/admin/builder/spi-builder-workspace/.derivedData/Build/Products/Debug-watchos -Isystem /Applications/Xcode-27.0.0-Release.Candidate.app/Contents/Developer/Platforms/WatchOS.platform/Developer/usr/lib -F /Users/admin/builder/spi-builder-workspace/.derivedData/Build/Products/Debug-watchos/PackageFrameworks -F /Users/admin/builder/spi-builder-workspace/.derivedData/Build/Products/Debug-watchos -F /Applications/Xcode-27.0.0-Release.Candidate.app/Contents/Developer/Platforms/WatchOS.platform/Developer/Library/Frameworks -F /Applications/Xcode-27.0.0-Release.Candidate.app/Contents/Developer/Platforms/WatchOS.platform/Developer/SDKs/WatchOS27.0.sdk/Developer/Library/Frameworks -c -j10 -enable-batch-mode -incremental -Xcc -ivfsstatcache -Xcc /Users/admin/builder/spi-builder-workspace/.derivedData/SDKStatCaches.noindex/watchos27.0-24R360-e829b21a6f8c9b70876ba0858053c04477534ef55a1706bf4c1112bbb242f0a2.sdkstatcache -output-file-map /Users/admin/builder/spi-builder-workspace/.derivedData/Build/Intermediates.noindex/Crypto.build/Debug-watchos/Crypto-t.build/Objects-normal/arm64_32/Crypto-OutputFileMap.json -save-temps -no-color-diagnostics -emit-dependencies -emit-module -emit-module-path /Users/admin/builder/spi-builder-workspace/.derivedData/Build/Intermediates.noindex/Crypto.build/Debug-watchos/Crypto-t.build/Objects-normal/arm64_32/Crypto.swiftmodule -serialize-diagnostics -validate-clang-modules-once -clang-build-session-file /Users/admin/builder/spi-builder-workspace/.derivedData/ModuleCache.noindex/Session.modulevalidation -Xcc -fmodules-prune-interval\=86400 -Xcc -fmodules-prune-after\=345600 -emit-const-values -const-gather-protocols-list /Users/admin/builder/spi-builder-workspace/.derivedData/Build/Intermediates.noindex/Crypto.build/Debug-watchos/Crypto-t.build/Objects-normal/arm64_32/Crypto_const_extract_protocols.json -Xcc -I/Users/admin/builder/spi-builder-workspace/.derivedData/Build/Products/Debug-watchos/include -Xcc -I/Users/admin/builder/spi-builder-workspace/.derivedData/Build/Intermediates.noindex/Crypto.build/Debug-watchos/Crypto-t.build/DerivedSources-normal/arm64_32 -Xcc -I/Users/admin/builder/spi-builder-workspace/.derivedData/Build/Intermediates.noindex/Crypto.build/Debug-watchos/Crypto-t.build/DerivedSources/arm64_32 -Xcc -I/Users/admin/builder/spi-builder-workspace/.derivedData/Build/Intermediates.noindex/Crypto.build/Debug-watchos/Crypto-t.build/DerivedSources -Xcc -DSWIFT_PACKAGE -Xcc -DDEBUG\=1 -emit-objc-header -emit-objc-header-path /Users/admin/builder/spi-builder-workspace/.derivedData/Build/Intermediates.noindex/Crypto.build/Debug-watchos/Crypto-t.build/Objects-normal/arm64_32/Crypto-Swift.h -working-directory /Users/admin/builder/spi-builder-workspace/.swiftpm/xcode -experimental-emit-module-separately -disable-cmo
SwiftDriver Crypto normal arm64 com.apple.xcode.tools.swift.compiler (in target 'Crypto' from project 'Crypto')
cd /Users/admin/builder/spi-builder-workspace/.swiftpm/xcode
builtin-SwiftDriver -- /Applications/Xcode-27.0.0-Release.Candidate.app/Contents/Developer/Toolchains/XcodeDefault.xctoolchain/usr/bin/swiftc -parse-as-library -module-name Crypto -Onone @/Users/admin/builder/spi-builder-workspace/.derivedData/Build/Intermediates.noindex/Crypto.build/Debug-watchos/Crypto-t.build/Objects-normal/arm64/Crypto.SwiftFileList -DSWIFT_PACKAGE -DDEBUG -DSWIFT_MODULE_RESOURCE_BUNDLE_UNAVAILABLE -Xcc -fmodule-map-file\=/Users/admin/builder/spi-builder-workspace/.dependencies/checkouts/ctls/module.modulemap -DXcode -plugin-path /Applications/Xcode-27.0.0-Release.Candidate.app/Contents/Developer/Toolchains/XcodeDefault.xctoolchain/usr/lib/swift/host/plugins/testing -enable-experimental-feature DebugDescriptionMacro -sdk /Applications/Xcode-27.0.0-Release.Candidate.app/Contents/Developer/Platforms/WatchOS.platform/Developer/SDKs/WatchOS27.0.sdk -target arm64-apple-watchos9.0 -g -module-cache-path /Users/admin/builder/spi-builder-workspace/.derivedData/ModuleCache.noindex -Xfrontend -serialize-debugging-options -profile-coverage-mapping -profile-generate -enable-testing -suppress-warnings -index-store-path /Users/admin/builder/spi-builder-workspace/.derivedData/Index.noindex/DataStore -Xcc -D_LIBCPP_HARDENING_MODE\=_LIBCPP_HARDENING_MODE_DEBUG -swift-version 4 -I /Users/admin/builder/spi-builder-workspace/.derivedData/Build/Products/Debug-watchos -Isystem /Applications/Xcode-27.0.0-Release.Candidate.app/Contents/Developer/Platforms/WatchOS.platform/Developer/usr/lib -F /Users/admin/builder/spi-builder-workspace/.derivedData/Build/Products/Debug-watchos/PackageFrameworks -F /Users/admin/builder/spi-builder-workspace/.derivedData/Build/Products/Debug-watchos -F /Applications/Xcode-27.0.0-Release.Candidate.app/Contents/Developer/Platforms/WatchOS.platform/Developer/Library/Frameworks -F /Applications/Xcode-27.0.0-Release.Candidate.app/Contents/Developer/Platforms/WatchOS.platform/Developer/SDKs/WatchOS27.0.sdk/Developer/Library/Frameworks -c -j10 -enable-batch-mode -incremental -Xcc -ivfsstatcache -Xcc /Users/admin/builder/spi-builder-workspace/.derivedData/SDKStatCaches.noindex/watchos27.0-24R360-e829b21a6f8c9b70876ba0858053c04477534ef55a1706bf4c1112bbb242f0a2.sdkstatcache -output-file-map /Users/admin/builder/spi-builder-workspace/.derivedData/Build/Intermediates.noindex/Crypto.build/Debug-watchos/Crypto-t.build/Objects-normal/arm64/Crypto-OutputFileMap.json -save-temps -no-color-diagnostics -emit-dependencies -emit-module -emit-module-path /Users/admin/builder/spi-builder-workspace/.derivedData/Build/Intermediates.noindex/Crypto.build/Debug-watchos/Crypto-t.build/Objects-normal/arm64/Crypto.swiftmodule -serialize-diagnostics -validate-clang-modules-once -clang-build-session-file /Users/admin/builder/spi-builder-workspace/.derivedData/ModuleCache.noindex/Session.modulevalidation -Xcc -fmodules-prune-interval\=86400 -Xcc -fmodules-prune-after\=345600 -emit-const-values -const-gather-protocols-list /Users/admin/builder/spi-builder-workspace/.derivedData/Build/Intermediates.noindex/Crypto.build/Debug-watchos/Crypto-t.build/Objects-normal/arm64/Crypto_const_extract_protocols.json -Xcc -I/Users/admin/builder/spi-builder-workspace/.derivedData/Build/Products/Debug-watchos/include -Xcc -I/Users/admin/builder/spi-builder-workspace/.derivedData/Build/Intermediates.noindex/Crypto.build/Debug-watchos/Crypto-t.build/DerivedSources-normal/arm64 -Xcc -I/Users/admin/builder/spi-builder-workspace/.derivedData/Build/Intermediates.noindex/Crypto.build/Debug-watchos/Crypto-t.build/DerivedSources/arm64 -Xcc -I/Users/admin/builder/spi-builder-workspace/.derivedData/Build/Intermediates.noindex/Crypto.build/Debug-watchos/Crypto-t.build/DerivedSources -Xcc -DSWIFT_PACKAGE -Xcc -DDEBUG\=1 -emit-objc-header -emit-objc-header-path /Users/admin/builder/spi-builder-workspace/.derivedData/Build/Intermediates.noindex/Crypto.build/Debug-watchos/Crypto-t.build/Objects-normal/arm64/Crypto-Swift.h -working-directory /Users/admin/builder/spi-builder-workspace/.swiftpm/xcode -experimental-emit-module-separately -disable-cmo
SwiftCompile normal arm64 Compiling\ URI+Modification.swift /Users/admin/builder/spi-builder-workspace/.dependencies/checkouts/engine/Sources/URI/Model/URI+Modification.swift (in target 'URI' from project 'Engine')
SwiftCompile normal arm64 /Users/admin/builder/spi-builder-workspace/.dependencies/checkouts/engine/Sources/URI/Model/URI+Modification.swift (in target 'URI' from project 'Engine')
cd /Users/admin/builder/spi-builder-workspace/.swiftpm/xcode
builtin-SwiftPerFileCompile URI+Modification.swift
SwiftEmitModule normal arm64 Emitting\ module\ for\ URI (in target 'URI' from project 'Engine')
SwiftCompile normal arm64 (in target 'URI' from project 'Engine')
cd /Users/admin/builder/spi-builder-workspace/.swiftpm/xcode
SwiftEmitModule normal arm64_32 Emitting\ module\ for\ URI (in target 'URI' from project 'Engine')
SwiftCompile normal arm64_32 (in target 'URI' from project 'Engine')
cd /Users/admin/builder/spi-builder-workspace/.swiftpm/xcode
SwiftCompile normal arm64_32 Compiling\ URI+String.swift /Users/admin/builder/spi-builder-workspace/.dependencies/checkouts/engine/Sources/URI/Model/URI+String.swift (in target 'URI' from project 'Engine')
SwiftCompile normal arm64_32 /Users/admin/builder/spi-builder-workspace/.dependencies/checkouts/engine/Sources/URI/Model/URI+String.swift (in target 'URI' from project 'Engine')
cd /Users/admin/builder/spi-builder-workspace/.swiftpm/xcode
builtin-SwiftPerFileCompile URI+String.swift
SwiftEmitModule normal arm64_32 Emitting\ module\ for\ JSON (in target 'JSON' from project 'JSON')
SwiftCompile normal arm64_32 (in target 'JSON' from project 'JSON')
cd /Users/admin/builder/spi-builder-workspace/.swiftpm/xcode
SwiftEmitModule normal arm64 Emitting\ module\ for\ JSON (in target 'JSON' from project 'JSON')
SwiftCompile normal arm64 (in target 'JSON' from project 'JSON')
cd /Users/admin/builder/spi-builder-workspace/.swiftpm/xcode
SwiftEmitModule normal arm64 Emitting\ module\ for\ Crypto (in target 'Crypto' from project 'Crypto')
SwiftCompile normal arm64 (in target 'Crypto' from project 'Crypto')
cd /Users/admin/builder/spi-builder-workspace/.swiftpm/xcode
<module-includes>:1:9: note: in file included from <module-includes>:1:
1 | #import "shim.h"
| `- note: in file included from <module-includes>:1:
2 |
/Users/admin/builder/spi-builder-workspace/.dependencies/checkouts/ctls/shim.h:4:10: error: 'openssl/conf.h' file not found
2 | #define __COPENSSL_SHIM_H__
3 |
4 | #include <openssl/conf.h>
| `- error: 'openssl/conf.h' file not found
5 | #include <openssl/evp.h>
6 | #include <openssl/err.h>
/Users/admin/builder/spi-builder-workspace/.dependencies/checkouts/crypto/Sources/Crypto/Cipher/Cipher+Method.swift:1:8: error: could not build Objective-C module 'CTLS'
1 | import CTLS
| `- error: could not build Objective-C module 'CTLS'
2 |
3 | extension Cipher {
Failed frontend command:
/Applications/Xcode-27.0.0-Release.Candidate.app/Contents/Developer/Toolchains/XcodeDefault.xctoolchain/usr/bin/swift-frontend -frontend -emit-module -experimental-skip-non-inlinable-function-bodies-without-types /Users/admin/builder/spi-builder-workspace/.dependencies/checkouts/crypto/Sources/Crypto/Cipher/Cipher+Method.swift /Users/admin/builder/spi-builder-workspace/.dependencies/checkouts/crypto/Sources/Crypto/Cipher/Cipher.swift /Users/admin/builder/spi-builder-workspace/.dependencies/checkouts/crypto/Sources/Crypto/Essentials/ByteStream.swift /Users/admin/builder/spi-builder-workspace/.dependencies/checkouts/crypto/Sources/Crypto/Essentials/Exports.swift /Users/admin/builder/spi-builder-workspace/.dependencies/checkouts/crypto/Sources/Crypto/Essentials/Helpers.swift /Users/admin/builder/spi-builder-workspace/.dependencies/checkouts/crypto/Sources/Crypto/HMAC/HMAC+Method.swift /Users/admin/builder/spi-builder-workspace/.dependencies/checkouts/crypto/Sources/Crypto/HMAC/HMAC.swift /Users/admin/builder/spi-builder-workspace/.dependencies/checkouts/crypto/Sources/Crypto/Hash/Hash+Method.swift /Users/admin/builder/spi-builder-workspace/.dependencies/checkouts/crypto/Sources/Crypto/Hash/Hash.swift /Users/admin/builder/spi-builder-workspace/.dependencies/checkouts/crypto/Sources/Crypto/Random/Hash+Random.swift /Users/admin/builder/spi-builder-workspace/.dependencies/checkouts/crypto/Sources/Crypto/Random/LibreSSLError.swift /Users/admin/builder/spi-builder-workspace/.dependencies/checkouts/crypto/Sources/Crypto/Random/PseudoRandom.swift /Users/admin/builder/spi-builder-workspace/.dependencies/checkouts/crypto/Sources/Crypto/Random/Random.swift -target arm64-apple-watchos9.0 -Xllvm -aarch64-use-tbi -enable-objc-interop -stack-check -sdk /Applications/Xcode-27.0.0-Release.Candidate.app/Contents/Developer/Platforms/WatchOS.platform/Developer/SDKs/WatchOS27.0.sdk -I /Users/admin/builder/spi-builder-workspace/.derivedData/Build/Products/Debug-watchos -Isystem /Applications/Xcode-27.0.0-Release.Candidate.app/Contents/Developer/Platforms/WatchOS.platform/Developer/usr/lib -F /Users/admin/builder/spi-builder-workspace/.derivedData/Build/Products/Debug-watchos/PackageFrameworks -F /Users/admin/builder/spi-builder-workspace/.derivedData/Build/Products/Debug-watchos -F /Applications/Xcode-27.0.0-Release.Candidate.app/Contents/Developer/Platforms/WatchOS.platform/Developer/Library/Frameworks -F /Applications/Xcode-27.0.0-Release.Candidate.app/Contents/Developer/Platforms/WatchOS.platform/Developer/SDKs/WatchOS27.0.sdk/Developer/Library/Frameworks -module-cache-path /Users/admin/builder/spi-builder-workspace/.derivedData/ModuleCache.noindex -no-color-diagnostics -Xcc -fno-color-diagnostics -enable-testing -g -debug-info-format\=dwarf -dwarf-version\=4 -suppress-warnings -profile-generate -profile-coverage-mapping -swift-version 4 -Onone -D SWIFT_PACKAGE -D DEBUG -D SWIFT_MODULE_RESOURCE_BUNDLE_UNAVAILABLE -D Xcode -serialize-debugging-options -enable-experimental-feature DebugDescriptionMacro -empty-abi-descriptor -plugin-path /Applications/Xcode-27.0.0-Release.Candidate.app/Contents/Developer/Toolchains/XcodeDefault.xctoolchain/usr/lib/swift/host/plugins/testing -validate-clang-modules-once -clang-build-session-file /Users/admin/builder/spi-builder-workspace/.derivedData/ModuleCache.noindex/Session.modulevalidation -Xcc -working-directory -Xcc /Users/admin/builder/spi-builder-workspace/.swiftpm/xcode -enable-anonymous-context-mangled-names -file-compilation-dir /Users/admin/builder/spi-builder-workspace/.swiftpm/xcode -Xcc -fmodule-map-file\=/Users/admin/builder/spi-builder-workspace/.dependencies/checkouts/ctls/module.modulemap -Xcc -D_LIBCPP_HARDENING_MODE\=_LIBCPP_HARDENING_MODE_DEBUG -Xcc -ivfsstatcache -Xcc /Users/admin/builder/spi-builder-workspace/.derivedData/SDKStatCaches.noindex/watchos27.0-24R360-e829b21a6f8c9b70876ba0858053c04477534ef55a1706bf4c1112bbb242f0a2.sdkstatcache -Xcc -fmodules-prune-interval\=86400 -Xcc -fmodules-prune-after\=345600 -Xcc -I/Users/admin/builder/spi-builder-workspace/.derivedData/Build/Products/Debug-watchos/include -Xcc -I/Users/admin/builder/spi-builder-workspace/.derivedData/Build/Intermediates.noindex/Crypto.build/Debug-watchos/Crypto-t.build/DerivedSources-normal/arm64 -Xcc -I/Users/admin/builder/spi-builder-workspace/.derivedData/Build/Intermediates.noindex/Crypto.build/Debug-watchos/Crypto-t.build/DerivedSources/arm64 -Xcc -I/Users/admin/builder/spi-builder-workspace/.derivedData/Build/Intermediates.noindex/Crypto.build/Debug-watchos/Crypto-t.build/DerivedSources -Xcc -DSWIFT_PACKAGE -Xcc -DDEBUG\=1 -no-auto-bridging-header-chaining -module-name Crypto -const-gather-protocols-file /Users/admin/builder/spi-builder-workspace/.derivedData/Build/Intermediates.noindex/Crypto.build/Debug-watchos/Crypto-t.build/Objects-normal/arm64/Crypto_const_extract_protocols.json -disable-clang-spi -target-sdk-version 27.0 -target-sdk-name watchos27.0 -external-plugin-path /Applications/Xcode-27.0.0-Release.Candidate.app/Contents/Developer/Platforms/WatchOS.platform/Developer/usr/lib/swift/host/plugins\#/Applications/Xcode-27.0.0-Release.Candidate.app/Contents/Developer/Platforms/WatchOS.platform/Developer/usr/bin/swift-plugin-server -external-plugin-path /Applications/Xcode-27.0.0-Release.Candidate.app/Contents/Developer/Platforms/WatchOS.platform/Developer/usr/local/lib/swift/host/plugins\#/Applications/Xcode-27.0.0-Release.Candidate.app/Contents/Developer/Platforms/WatchOS.platform/Developer/usr/bin/swift-plugin-server -in-process-plugin-server-path /Applications/Xcode-27.0.0-Release.Candidate.app/Contents/Developer/Toolchains/XcodeDefault.xctoolchain/usr/lib/swift/host/libSwiftInProcPluginServer.dylib -plugin-path /Applications/Xcode-27.0.0-Release.Candidate.app/Contents/Developer/Toolchains/XcodeDefault.xctoolchain/usr/lib/swift/host/plugins -plugin-path /Applications/Xcode-27.0.0-Release.Candidate.app/Contents/Developer/Toolchains/XcodeDefault.xctoolchain/usr/local/lib/swift/host/plugins -emit-module-doc-path /Users/admin/builder/spi-builder-workspace/.derivedData/Build/Intermediates.noindex/Crypto.build/Debug-watchos/Crypto-t.build/Objects-normal/arm64/Crypto.swiftdoc -emit-module-source-info-path /Users/admin/builder/spi-builder-workspace/.derivedData/Build/Intermediates.noindex/Crypto.build/Debug-watchos/Crypto-t.build/Objects-normal/arm64/Crypto.swiftsourceinfo -emit-objc-header-path /Users/admin/builder/spi-builder-workspace/.derivedData/Build/Intermediates.noindex/Crypto.build/Debug-watchos/Crypto-t.build/Objects-normal/arm64/Crypto-Swift.h -serialize-diagnostics-path /Users/admin/builder/spi-builder-workspace/.derivedData/Build/Intermediates.noindex/Crypto.build/Debug-watchos/Crypto-t.build/Objects-normal/arm64/Crypto-primary-emit-module.dia -emit-dependencies-path /Users/admin/builder/spi-builder-workspace/.derivedData/Build/Intermediates.noindex/Crypto.build/Debug-watchos/Crypto-t.build/Objects-normal/arm64/Crypto-primary-emit-module.d -parse-as-library -o /Users/admin/builder/spi-builder-workspace/.derivedData/Build/Intermediates.noindex/Crypto.build/Debug-watchos/Crypto-t.build/Objects-normal/arm64/Crypto.swiftmodule -emit-abi-descriptor-path /Users/admin/builder/spi-builder-workspace/.derivedData/Build/Intermediates.noindex/Crypto.build/Debug-watchos/Crypto-t.build/Objects-normal/arm64/Crypto.abi.json
SwiftEmitModule normal arm64_32 Emitting\ module\ for\ Crypto (in target 'Crypto' from project 'Crypto')
<module-includes>:1:9: note: in file included from <module-includes>:1:
1 | #import "shim.h"
| `- note: in file included from <module-includes>:1:
2 |
/Users/admin/builder/spi-builder-workspace/.dependencies/checkouts/ctls/shim.h:4:10: error: 'openssl/conf.h' file not found
2 | #define __COPENSSL_SHIM_H__
3 |
4 | #include <openssl/conf.h>
| `- error: 'openssl/conf.h' file not found
5 | #include <openssl/evp.h>
6 | #include <openssl/err.h>
/Users/admin/builder/spi-builder-workspace/.dependencies/checkouts/crypto/Sources/Crypto/Cipher/Cipher+Method.swift:1:8: error: could not build Objective-C module 'CTLS'
1 | import CTLS
| `- error: could not build Objective-C module 'CTLS'
2 |
3 | extension Cipher {
Failed frontend command:
/Applications/Xcode-27.0.0-Release.Candidate.app/Contents/Developer/Toolchains/XcodeDefault.xctoolchain/usr/bin/swift-frontend -frontend -emit-module -experimental-skip-non-inlinable-function-bodies-without-types /Users/admin/builder/spi-builder-workspace/.dependencies/checkouts/crypto/Sources/Crypto/Cipher/Cipher+Method.swift /Users/admin/builder/spi-builder-workspace/.dependencies/checkouts/crypto/Sources/Crypto/Cipher/Cipher.swift /Users/admin/builder/spi-builder-workspace/.dependencies/checkouts/crypto/Sources/Crypto/Essentials/ByteStream.swift /Users/admin/builder/spi-builder-workspace/.dependencies/checkouts/crypto/Sources/Crypto/Essentials/Exports.swift /Users/admin/builder/spi-builder-workspace/.dependencies/checkouts/crypto/Sources/Crypto/Essentials/Helpers.swift /Users/admin/builder/spi-builder-workspace/.dependencies/checkouts/crypto/Sources/Crypto/HMAC/HMAC+Method.swift /Users/admin/builder/spi-builder-workspace/.dependencies/checkouts/crypto/Sources/Crypto/HMAC/HMAC.swift /Users/admin/builder/spi-builder-workspace/.dependencies/checkouts/crypto/Sources/Crypto/Hash/Hash+Method.swift /Users/admin/builder/spi-builder-workspace/.dependencies/checkouts/crypto/Sources/Crypto/Hash/Hash.swift /Users/admin/builder/spi-builder-workspace/.dependencies/checkouts/crypto/Sources/Crypto/Random/Hash+Random.swift /Users/admin/builder/spi-builder-workspace/.dependencies/checkouts/crypto/Sources/Crypto/Random/LibreSSLError.swift /Users/admin/builder/spi-builder-workspace/.dependencies/checkouts/crypto/Sources/Crypto/Random/PseudoRandom.swift /Users/admin/builder/spi-builder-workspace/.dependencies/checkouts/crypto/Sources/Crypto/Random/Random.swift -target arm64_32-apple-watchos9.0 -enable-objc-interop -sdk /Applications/Xcode-27.0.0-Release.Candidate.app/Contents/Developer/Platforms/WatchOS.platform/Developer/SDKs/WatchOS27.0.sdk -I /Users/admin/builder/spi-builder-workspace/.derivedData/Build/Products/Debug-watchos -Isystem /Applications/Xcode-27.0.0-Release.Candidate.app/Contents/Developer/Platforms/WatchOS.platform/Developer/usr/lib -F /Users/admin/builder/spi-builder-workspace/.derivedData/Build/Products/Debug-watchos/PackageFrameworks -F /Users/admin/builder/spi-builder-workspace/.derivedData/Build/Products/Debug-watchos -F /Applications/Xcode-27.0.0-Release.Candidate.app/Contents/Developer/Platforms/WatchOS.platform/Developer/Library/Frameworks -F /Applications/Xcode-27.0.0-Release.Candidate.app/Contents/Developer/Platforms/WatchOS.platform/Developer/SDKs/WatchOS27.0.sdk/Developer/Library/Frameworks -module-cache-path /Users/admin/builder/spi-builder-workspace/.derivedData/ModuleCache.noindex -no-color-diagnostics -Xcc -fno-color-diagnostics -enable-testing -g -debug-info-format\=dwarf -dwarf-version\=4 -suppress-warnings -profile-generate -profile-coverage-mapping -swift-version 4 -Onone -D SWIFT_PACKAGE -D DEBUG -D SWIFT_MODULE_RESOURCE_BUNDLE_UNAVAILABLE -D Xcode -serialize-debugging-options -enable-experimental-feature DebugDescriptionMacro -empty-abi-descriptor -plugin-path /Applications/Xcode-27.0.0-Release.Candidate.app/Contents/Developer/Toolchains/XcodeDefault.xctoolchain/usr/lib/swift/host/plugins/testing -validate-clang-modules-once -clang-build-session-file /Users/admin/builder/spi-builder-workspace/.derivedData/ModuleCache.noindex/Session.modulevalidation -Xcc -working-directory -Xcc /Users/admin/builder/spi-builder-workspace/.swiftpm/xcode -enable-anonymous-context-mangled-names -file-compilation-dir /Users/admin/builder/spi-builder-workspace/.swiftpm/xcode -Xcc -fmodule-map-file\=/Users/admin/builder/spi-builder-workspace/.dependencies/checkouts/ctls/module.modulemap -Xcc -D_LIBCPP_HARDENING_MODE\=_LIBCPP_HARDENING_MODE_DEBUG -Xcc -ivfsstatcache -Xcc /Users/admin/builder/spi-builder-workspace/.derivedData/SDKStatCaches.noindex/watchos27.0-24R360-e829b21a6f8c9b70876ba0858053c04477534ef55a1706bf4c1112bbb242f0a2.sdkstatcache -Xcc -fmodules-prune-interval\=86400 -Xcc -fmodules-prune-after\=345600 -Xcc -I/Users/admin/builder/spi-builder-workspace/.derivedData/Build/Products/Debug-watchos/include -Xcc -I/Users/admin/builder/spi-builder-workspace/.derivedData/Build/Intermediates.noindex/Crypto.build/Debug-watchos/Crypto-t.build/DerivedSources-normal/arm64_32 -Xcc -I/Users/admin/builder/spi-builder-workspace/.derivedData/Build/Intermediates.noindex/Crypto.build/Debug-watchos/Crypto-t.build/DerivedSources/arm64_32 -Xcc -I/Users/admin/builder/spi-builder-workspace/.derivedData/Build/Intermediates.noindex/Crypto.build/Debug-watchos/Crypto-t.build/DerivedSources -Xcc -DSWIFT_PACKAGE -Xcc -DDEBUG\=1 -no-auto-bridging-header-chaining -module-name Crypto -const-gather-protocols-file /Users/admin/builder/spi-builder-workspace/.derivedData/Build/Intermediates.noindex/Crypto.build/Debug-watchos/Crypto-t.build/Objects-normal/arm64_32/Crypto_const_extract_protocols.json -disable-clang-spi -target-sdk-version 27.0 -target-sdk-name watchos27.0 -external-plugin-path /Applications/Xcode-27.0.0-Release.Candidate.app/Contents/Developer/Platforms/WatchOS.platform/Developer/usr/lib/swift/host/plugins\#/Applications/Xcode-27.0.0-Release.Candidate.app/Contents/Developer/Platforms/WatchOS.platform/Developer/usr/bin/swift-plugin-server -external-plugin-path /Applications/Xcode-27.0.0-Release.Candidate.app/Contents/Developer/Platforms/WatchOS.platform/Developer/usr/local/lib/swift/host/plugins\#/Applications/Xcode-27.0.0-Release.Candidate.app/Contents/Developer/Platforms/WatchOS.platform/Developer/usr/bin/swift-plugin-server -in-process-plugin-server-path /Applications/Xcode-27.0.0-Release.Candidate.app/Contents/Developer/Toolchains/XcodeDefault.xctoolchain/usr/lib/swift/host/libSwiftInProcPluginServer.dylib -plugin-path /Applications/Xcode-27.0.0-Release.Candidate.app/Contents/Developer/Toolchains/XcodeDefault.xctoolchain/usr/lib/swift/host/plugins -plugin-path /Applications/Xcode-27.0.0-Release.Candidate.app/Contents/Developer/Toolchains/XcodeDefault.xctoolchain/usr/local/lib/swift/host/plugins -emit-module-doc-path /Users/admin/builder/spi-builder-workspace/.derivedData/Build/Intermediates.noindex/Crypto.build/Debug-watchos/Crypto-t.build/Objects-normal/arm64_32/Crypto.swiftdoc -emit-module-source-info-path /Users/admin/builder/spi-builder-workspace/.derivedData/Build/Intermediates.noindex/Crypto.build/Debug-watchos/Crypto-t.build/Objects-normal/arm64_32/Crypto.swiftsourceinfo -emit-objc-header-path /Users/admin/builder/spi-builder-workspace/.derivedData/Build/Intermediates.noindex/Crypto.build/Debug-watchos/Crypto-t.build/Objects-normal/arm64_32/Crypto-Swift.h -serialize-diagnostics-path /Users/admin/builder/spi-builder-workspace/.derivedData/Build/Intermediates.noindex/Crypto.build/Debug-watchos/Crypto-t.build/Objects-normal/arm64_32/Crypto-primary-emit-module.dia -emit-dependencies-path /Users/admin/builder/spi-builder-workspace/.derivedData/Build/Intermediates.noindex/Crypto.build/Debug-watchos/Crypto-t.build/Objects-normal/arm64_32/Crypto-primary-emit-module.d -parse-as-library -o /Users/admin/builder/spi-builder-workspace/.derivedData/Build/Intermediates.noindex/Crypto.build/Debug-watchos/Crypto-t.build/Objects-normal/arm64_32/Crypto.swiftmodule -emit-abi-descriptor-path /Users/admin/builder/spi-builder-workspace/.derivedData/Build/Intermediates.noindex/Crypto.build/Debug-watchos/Crypto-t.build/Objects-normal/arm64_32/Crypto.abi.json
SwiftCompile normal arm64_32 (in target 'Crypto' from project 'Crypto')
cd /Users/admin/builder/spi-builder-workspace/.swiftpm/xcode
SwiftEmitModule normal arm64 Emitting\ module\ for\ Sockets (in target 'Sockets' from project 'Sockets')
SwiftCompile normal arm64 (in target 'Sockets' from project 'Sockets')
cd /Users/admin/builder/spi-builder-workspace/.swiftpm/xcode
SwiftEmitModule normal arm64_32 Emitting\ module\ for\ Sockets (in target 'Sockets' from project 'Sockets')
SwiftCompile normal arm64_32 (in target 'Sockets' from project 'Sockets')
cd /Users/admin/builder/spi-builder-workspace/.swiftpm/xcode
SwiftEmitModule normal arm64_32 Emitting\ module\ for\ Console (in target 'Console' from project 'Console')
SwiftCompile normal arm64_32 (in target 'Console' from project 'Console')
cd /Users/admin/builder/spi-builder-workspace/.swiftpm/xcode
SwiftDriverJobDiscovery normal arm64 Emitting module for URI (in target 'URI' from project 'Engine')
SwiftDriver\ Compilation\ Requirements URI normal arm64 com.apple.xcode.tools.swift.compiler (in target 'URI' from project 'Engine')
cd /Users/admin/builder/spi-builder-workspace/.swiftpm/xcode
builtin-Swift-Compilation-Requirements -- /Applications/Xcode-27.0.0-Release.Candidate.app/Contents/Developer/Toolchains/XcodeDefault.xctoolchain/usr/bin/swiftc -parse-as-library -module-name URI -Onone @/Users/admin/builder/spi-builder-workspace/.derivedData/Build/Intermediates.noindex/Engine.build/Debug-watchos/URI-t.build/Objects-normal/arm64/URI.SwiftFileList -DSWIFT_PACKAGE -DDEBUG -DSWIFT_MODULE_RESOURCE_BUNDLE_UNAVAILABLE -Xcc -fmodule-map-file\=/Users/admin/builder/spi-builder-workspace/.derivedData/Build/Intermediates.noindex/GeneratedModuleMaps-watchos/CHTTP.modulemap -DXcode -plugin-path /Applications/Xcode-27.0.0-Release.Candidate.app/Contents/Developer/Toolchains/XcodeDefault.xctoolchain/usr/lib/swift/host/plugins/testing -enable-experimental-feature DebugDescriptionMacro -sdk /Applications/Xcode-27.0.0-Release.Candidate.app/Contents/Developer/Platforms/WatchOS.platform/Developer/SDKs/WatchOS27.0.sdk -target arm64-apple-watchos9.0 -g -module-cache-path /Users/admin/builder/spi-builder-workspace/.derivedData/ModuleCache.noindex -Xfrontend -serialize-debugging-options -profile-coverage-mapping -profile-generate -enable-testing -suppress-warnings -index-store-path /Users/admin/builder/spi-builder-workspace/.derivedData/Index.noindex/DataStore -Xcc -D_LIBCPP_HARDENING_MODE\=_LIBCPP_HARDENING_MODE_DEBUG -swift-version 4 -I /Users/admin/builder/spi-builder-workspace/.derivedData/Build/Products/Debug-watchos -Isystem /Applications/Xcode-27.0.0-Release.Candidate.app/Contents/Developer/Platforms/WatchOS.platform/Developer/usr/lib -F /Users/admin/builder/spi-builder-workspace/.derivedData/Build/Products/Debug-watchos/PackageFrameworks -F /Users/admin/builder/spi-builder-workspace/.derivedData/Build/Products/Debug-watchos -F /Applications/Xcode-27.0.0-Release.Candidate.app/Contents/Developer/Platforms/WatchOS.platform/Developer/Library/Frameworks -F /Applications/Xcode-27.0.0-Release.Candidate.app/Contents/Developer/Platforms/WatchOS.platform/Developer/SDKs/WatchOS27.0.sdk/Developer/Library/Frameworks -c -j10 -enable-batch-mode -incremental -Xcc -ivfsstatcache -Xcc /Users/admin/builder/spi-builder-workspace/.derivedData/SDKStatCaches.noindex/watchos27.0-24R360-e829b21a6f8c9b70876ba0858053c04477534ef55a1706bf4c1112bbb242f0a2.sdkstatcache -output-file-map /Users/admin/builder/spi-builder-workspace/.derivedData/Build/Intermediates.noindex/Engine.build/Debug-watchos/URI-t.build/Objects-normal/arm64/URI-OutputFileMap.json -save-temps -no-color-diagnostics -emit-dependencies -emit-module -emit-module-path /Users/admin/builder/spi-builder-workspace/.derivedData/Build/Intermediates.noindex/Engine.build/Debug-watchos/URI-t.build/Objects-normal/arm64/URI.swiftmodule -serialize-diagnostics -validate-clang-modules-once -clang-build-session-file /Users/admin/builder/spi-builder-workspace/.derivedData/ModuleCache.noindex/Session.modulevalidation -Xcc -fmodules-prune-interval\=86400 -Xcc -fmodules-prune-after\=345600 -emit-const-values -const-gather-protocols-list /Users/admin/builder/spi-builder-workspace/.derivedData/Build/Intermediates.noindex/Engine.build/Debug-watchos/URI-t.build/Objects-normal/arm64/URI_const_extract_protocols.json -Xcc -I/Users/admin/builder/spi-builder-workspace/.dependencies/checkouts/engine/Sources/CHTTP/include -Xcc -I/Users/admin/builder/spi-builder-workspace/.derivedData/Build/Products/Debug-watchos/include -Xcc -I/Users/admin/builder/spi-builder-workspace/.derivedData/Build/Intermediates.noindex/Engine.build/Debug-watchos/URI-t.build/DerivedSources-normal/arm64 -Xcc -I/Users/admin/builder/spi-builder-workspace/.derivedData/Build/Intermediates.noindex/Engine.build/Debug-watchos/URI-t.build/DerivedSources/arm64 -Xcc -I/Users/admin/builder/spi-builder-workspace/.derivedData/Build/Intermediates.noindex/Engine.build/Debug-watchos/URI-t.build/DerivedSources -Xcc -DSWIFT_PACKAGE -Xcc -DDEBUG\=1 -emit-objc-header -emit-objc-header-path /Users/admin/builder/spi-builder-workspace/.derivedData/Build/Intermediates.noindex/Engine.build/Debug-watchos/URI-t.build/Objects-normal/arm64/URI-Swift.h -working-directory /Users/admin/builder/spi-builder-workspace/.swiftpm/xcode -experimental-emit-module-separately -disable-cmo
SwiftDriverJobDiscovery normal arm64_32 Emitting module for URI (in target 'URI' from project 'Engine')
SwiftDriver\ Compilation\ Requirements URI normal arm64_32 com.apple.xcode.tools.swift.compiler (in target 'URI' from project 'Engine')
cd /Users/admin/builder/spi-builder-workspace/.swiftpm/xcode
builtin-Swift-Compilation-Requirements -- /Applications/Xcode-27.0.0-Release.Candidate.app/Contents/Developer/Toolchains/XcodeDefault.xctoolchain/usr/bin/swiftc -parse-as-library -module-name URI -Onone @/Users/admin/builder/spi-builder-workspace/.derivedData/Build/Intermediates.noindex/Engine.build/Debug-watchos/URI-t.build/Objects-normal/arm64_32/URI.SwiftFileList -DSWIFT_PACKAGE -DDEBUG -DSWIFT_MODULE_RESOURCE_BUNDLE_UNAVAILABLE -Xcc -fmodule-map-file\=/Users/admin/builder/spi-builder-workspace/.derivedData/Build/Intermediates.noindex/GeneratedModuleMaps-watchos/CHTTP.modulemap -DXcode -plugin-path /Applications/Xcode-27.0.0-Release.Candidate.app/Contents/Developer/Toolchains/XcodeDefault.xctoolchain/usr/lib/swift/host/plugins/testing -enable-experimental-feature DebugDescriptionMacro -sdk /Applications/Xcode-27.0.0-Release.Candidate.app/Contents/Developer/Platforms/WatchOS.platform/Developer/SDKs/WatchOS27.0.sdk -target arm64_32-apple-watchos9.0 -g -module-cache-path /Users/admin/builder/spi-builder-workspace/.derivedData/ModuleCache.noindex -Xfrontend -serialize-debugging-options -profile-coverage-mapping -profile-generate -enable-testing -suppress-warnings -index-store-path /Users/admin/builder/spi-builder-workspace/.derivedData/Index.noindex/DataStore -Xcc -D_LIBCPP_HARDENING_MODE\=_LIBCPP_HARDENING_MODE_DEBUG -swift-version 4 -I /Users/admin/builder/spi-builder-workspace/.derivedData/Build/Products/Debug-watchos -Isystem /Applications/Xcode-27.0.0-Release.Candidate.app/Contents/Developer/Platforms/WatchOS.platform/Developer/usr/lib -F /Users/admin/builder/spi-builder-workspace/.derivedData/Build/Products/Debug-watchos/PackageFrameworks -F /Users/admin/builder/spi-builder-workspace/.derivedData/Build/Products/Debug-watchos -F /Applications/Xcode-27.0.0-Release.Candidate.app/Contents/Developer/Platforms/WatchOS.platform/Developer/Library/Frameworks -F /Applications/Xcode-27.0.0-Release.Candidate.app/Contents/Developer/Platforms/WatchOS.platform/Developer/SDKs/WatchOS27.0.sdk/Developer/Library/Frameworks -c -j10 -enable-batch-mode -incremental -Xcc -ivfsstatcache -Xcc /Users/admin/builder/spi-builder-workspace/.derivedData/SDKStatCaches.noindex/watchos27.0-24R360-e829b21a6f8c9b70876ba0858053c04477534ef55a1706bf4c1112bbb242f0a2.sdkstatcache -output-file-map /Users/admin/builder/spi-builder-workspace/.derivedData/Build/Intermediates.noindex/Engine.build/Debug-watchos/URI-t.build/Objects-normal/arm64_32/URI-OutputFileMap.json -save-temps -no-color-diagnostics -emit-dependencies -emit-module -emit-module-path /Users/admin/builder/spi-builder-workspace/.derivedData/Build/Intermediates.noindex/Engine.build/Debug-watchos/URI-t.build/Objects-normal/arm64_32/URI.swiftmodule -serialize-diagnostics -validate-clang-modules-once -clang-build-session-file /Users/admin/builder/spi-builder-workspace/.derivedData/ModuleCache.noindex/Session.modulevalidation -Xcc -fmodules-prune-interval\=86400 -Xcc -fmodules-prune-after\=345600 -emit-const-values -const-gather-protocols-list /Users/admin/builder/spi-builder-workspace/.derivedData/Build/Intermediates.noindex/Engine.build/Debug-watchos/URI-t.build/Objects-normal/arm64_32/URI_const_extract_protocols.json -Xcc -I/Users/admin/builder/spi-builder-workspace/.dependencies/checkouts/engine/Sources/CHTTP/include -Xcc -I/Users/admin/builder/spi-builder-workspace/.derivedData/Build/Products/Debug-watchos/include -Xcc -I/Users/admin/builder/spi-builder-workspace/.derivedData/Build/Intermediates.noindex/Engine.build/Debug-watchos/URI-t.build/DerivedSources-normal/arm64_32 -Xcc -I/Users/admin/builder/spi-builder-workspace/.derivedData/Build/Intermediates.noindex/Engine.build/Debug-watchos/URI-t.build/DerivedSources/arm64_32 -Xcc -I/Users/admin/builder/spi-builder-workspace/.derivedData/Build/Intermediates.noindex/Engine.build/Debug-watchos/URI-t.build/DerivedSources -Xcc -DSWIFT_PACKAGE -Xcc -DDEBUG\=1 -emit-objc-header -emit-objc-header-path /Users/admin/builder/spi-builder-workspace/.derivedData/Build/Intermediates.noindex/Engine.build/Debug-watchos/URI-t.build/Objects-normal/arm64_32/URI-Swift.h -working-directory /Users/admin/builder/spi-builder-workspace/.swiftpm/xcode -experimental-emit-module-separately -disable-cmo
Copy /Users/admin/builder/spi-builder-workspace/.derivedData/Build/Products/Debug-watchos/URI.swiftmodule/arm64-apple-watchos.swiftmodule /Users/admin/builder/spi-builder-workspace/.derivedData/Build/Intermediates.noindex/Engine.build/Debug-watchos/URI-t.build/Objects-normal/arm64/URI.swiftmodule (in target 'URI' from project 'Engine')
cd /Users/admin/builder/spi-builder-workspace/.dependencies/checkouts/engine
builtin-copy -exclude .DS_Store -exclude CVS -exclude .svn -exclude .git -exclude .hg -resolve-src-symlinks -rename /Users/admin/builder/spi-builder-workspace/.derivedData/Build/Intermediates.noindex/Engine.build/Debug-watchos/URI-t.build/Objects-normal/arm64/URI.swiftmodule /Users/admin/builder/spi-builder-workspace/.derivedData/Build/Products/Debug-watchos/URI.swiftmodule/arm64-apple-watchos.swiftmodule
SwiftMergeGeneratedHeaders /Users/admin/builder/spi-builder-workspace/.derivedData/Build/Intermediates.noindex/GeneratedModuleMaps-watchos/URI-Swift.h /Users/admin/builder/spi-builder-workspace/.derivedData/Build/Intermediates.noindex/Engine.build/Debug-watchos/URI-t.build/Objects-normal/arm64/URI-Swift.h /Users/admin/builder/spi-builder-workspace/.derivedData/Build/Intermediates.noindex/Engine.build/Debug-watchos/URI-t.build/Objects-normal/arm64_32/URI-Swift.h (in target 'URI' from project 'Engine')
cd /Users/admin/builder/spi-builder-workspace/.dependencies/checkouts/engine
builtin-swiftHeaderTool -arch arm64 /Users/admin/builder/spi-builder-workspace/.derivedData/Build/Intermediates.noindex/Engine.build/Debug-watchos/URI-t.build/Objects-normal/arm64/URI-Swift.h -arch arm64_32 /Users/admin/builder/spi-builder-workspace/.derivedData/Build/Intermediates.noindex/Engine.build/Debug-watchos/URI-t.build/Objects-normal/arm64_32/URI-Swift.h -o /Users/admin/builder/spi-builder-workspace/.derivedData/Build/Intermediates.noindex/GeneratedModuleMaps-watchos/URI-Swift.h
Copy /Users/admin/builder/spi-builder-workspace/.derivedData/Build/Products/Debug-watchos/URI.swiftmodule/arm64_32-apple-watchos.swiftmodule /Users/admin/builder/spi-builder-workspace/.derivedData/Build/Intermediates.noindex/Engine.build/Debug-watchos/URI-t.build/Objects-normal/arm64_32/URI.swiftmodule (in target 'URI' from project 'Engine')
cd /Users/admin/builder/spi-builder-workspace/.dependencies/checkouts/engine
builtin-copy -exclude .DS_Store -exclude CVS -exclude .svn -exclude .git -exclude .hg -resolve-src-symlinks -rename /Users/admin/builder/spi-builder-workspace/.derivedData/Build/Intermediates.noindex/Engine.build/Debug-watchos/URI-t.build/Objects-normal/arm64_32/URI.swiftmodule /Users/admin/builder/spi-builder-workspace/.derivedData/Build/Products/Debug-watchos/URI.swiftmodule/arm64_32-apple-watchos.swiftmodule
Copy /Users/admin/builder/spi-builder-workspace/.derivedData/Build/Products/Debug-watchos/URI.swiftmodule/arm64_32-apple-watchos.swiftdoc /Users/admin/builder/spi-builder-workspace/.derivedData/Build/Intermediates.noindex/Engine.build/Debug-watchos/URI-t.build/Objects-normal/arm64_32/URI.swiftdoc (in target 'URI' from project 'Engine')
cd /Users/admin/builder/spi-builder-workspace/.dependencies/checkouts/engine
builtin-copy -exclude .DS_Store -exclude CVS -exclude .svn -exclude .git -exclude .hg -resolve-src-symlinks -rename /Users/admin/builder/spi-builder-workspace/.derivedData/Build/Intermediates.noindex/Engine.build/Debug-watchos/URI-t.build/Objects-normal/arm64_32/URI.swiftdoc /Users/admin/builder/spi-builder-workspace/.derivedData/Build/Products/Debug-watchos/URI.swiftmodule/arm64_32-apple-watchos.swiftdoc
Copy /Users/admin/builder/spi-builder-workspace/.derivedData/Build/Products/Debug-watchos/URI.swiftmodule/arm64_32-apple-watchos.abi.json /Users/admin/builder/spi-builder-workspace/.derivedData/Build/Intermediates.noindex/Engine.build/Debug-watchos/URI-t.build/Objects-normal/arm64_32/URI.abi.json (in target 'URI' from project 'Engine')
cd /Users/admin/builder/spi-builder-workspace/.dependencies/checkouts/engine
builtin-copy -exclude .DS_Store -exclude CVS -exclude .svn -exclude .git -exclude .hg -resolve-src-symlinks -rename /Users/admin/builder/spi-builder-workspace/.derivedData/Build/Intermediates.noindex/Engine.build/Debug-watchos/URI-t.build/Objects-normal/arm64_32/URI.abi.json /Users/admin/builder/spi-builder-workspace/.derivedData/Build/Products/Debug-watchos/URI.swiftmodule/arm64_32-apple-watchos.abi.json
Copy /Users/admin/builder/spi-builder-workspace/.derivedData/Build/Products/Debug-watchos/URI.swiftmodule/arm64-apple-watchos.swiftdoc /Users/admin/builder/spi-builder-workspace/.derivedData/Build/Intermediates.noindex/Engine.build/Debug-watchos/URI-t.build/Objects-normal/arm64/URI.swiftdoc (in target 'URI' from project 'Engine')
cd /Users/admin/builder/spi-builder-workspace/.dependencies/checkouts/engine
builtin-copy -exclude .DS_Store -exclude CVS -exclude .svn -exclude .git -exclude .hg -resolve-src-symlinks -rename /Users/admin/builder/spi-builder-workspace/.derivedData/Build/Intermediates.noindex/Engine.build/Debug-watchos/URI-t.build/Objects-normal/arm64/URI.swiftdoc /Users/admin/builder/spi-builder-workspace/.derivedData/Build/Products/Debug-watchos/URI.swiftmodule/arm64-apple-watchos.swiftdoc
SwiftDriverJobDiscovery normal arm64 Compiling URI+Modification.swift (in target 'URI' from project 'Engine')
Copy /Users/admin/builder/spi-builder-workspace/.derivedData/Build/Products/Debug-watchos/URI.swiftmodule/arm64-apple-watchos.abi.json /Users/admin/builder/spi-builder-workspace/.derivedData/Build/Intermediates.noindex/Engine.build/Debug-watchos/URI-t.build/Objects-normal/arm64/URI.abi.json (in target 'URI' from project 'Engine')
cd /Users/admin/builder/spi-builder-workspace/.dependencies/checkouts/engine
builtin-copy -exclude .DS_Store -exclude CVS -exclude .svn -exclude .git -exclude .hg -resolve-src-symlinks -rename /Users/admin/builder/spi-builder-workspace/.derivedData/Build/Intermediates.noindex/Engine.build/Debug-watchos/URI-t.build/Objects-normal/arm64/URI.abi.json /Users/admin/builder/spi-builder-workspace/.derivedData/Build/Products/Debug-watchos/URI.swiftmodule/arm64-apple-watchos.abi.json
Copy /Users/admin/builder/spi-builder-workspace/.derivedData/Build/Products/Debug-watchos/URI.swiftmodule/Project/arm64_32-apple-watchos.swiftsourceinfo /Users/admin/builder/spi-builder-workspace/.derivedData/Build/Intermediates.noindex/Engine.build/Debug-watchos/URI-t.build/Objects-normal/arm64_32/URI.swiftsourceinfo (in target 'URI' from project 'Engine')
cd /Users/admin/builder/spi-builder-workspace/.dependencies/checkouts/engine
builtin-copy -exclude .DS_Store -exclude CVS -exclude .svn -exclude .git -exclude .hg -resolve-src-symlinks -rename /Users/admin/builder/spi-builder-workspace/.derivedData/Build/Intermediates.noindex/Engine.build/Debug-watchos/URI-t.build/Objects-normal/arm64_32/URI.swiftsourceinfo /Users/admin/builder/spi-builder-workspace/.derivedData/Build/Products/Debug-watchos/URI.swiftmodule/Project/arm64_32-apple-watchos.swiftsourceinfo
Copy /Users/admin/builder/spi-builder-workspace/.derivedData/Build/Products/Debug-watchos/URI.swiftmodule/Project/arm64-apple-watchos.swiftsourceinfo /Users/admin/builder/spi-builder-workspace/.derivedData/Build/Intermediates.noindex/Engine.build/Debug-watchos/URI-t.build/Objects-normal/arm64/URI.swiftsourceinfo (in target 'URI' from project 'Engine')
cd /Users/admin/builder/spi-builder-workspace/.dependencies/checkouts/engine
builtin-copy -exclude .DS_Store -exclude CVS -exclude .svn -exclude .git -exclude .hg -resolve-src-symlinks -rename /Users/admin/builder/spi-builder-workspace/.derivedData/Build/Intermediates.noindex/Engine.build/Debug-watchos/URI-t.build/Objects-normal/arm64/URI.swiftsourceinfo /Users/admin/builder/spi-builder-workspace/.derivedData/Build/Products/Debug-watchos/URI.swiftmodule/Project/arm64-apple-watchos.swiftsourceinfo
SwiftEmitModule normal arm64 Emitting\ module\ for\ Console (in target 'Console' from project 'Console')
SwiftCompile normal arm64 (in target 'Console' from project 'Console')
cd /Users/admin/builder/spi-builder-workspace/.swiftpm/xcode
SwiftCompile normal arm64 Compiling\ URI.swift /Users/admin/builder/spi-builder-workspace/.dependencies/checkouts/engine/Sources/URI/Model/URI.swift (in target 'URI' from project 'Engine')
SwiftCompile normal arm64 /Users/admin/builder/spi-builder-workspace/.dependencies/checkouts/engine/Sources/URI/Model/URI.swift (in target 'URI' from project 'Engine')
cd /Users/admin/builder/spi-builder-workspace/.swiftpm/xcode
builtin-SwiftPerFileCompile URI.swift
SwiftCompile normal arm64 Compiling\ URI+Byte.swift /Users/admin/builder/spi-builder-workspace/.dependencies/checkouts/engine/Sources/URI/Model/URI+Byte.swift (in target 'URI' from project 'Engine')
SwiftCompile normal arm64 /Users/admin/builder/spi-builder-workspace/.dependencies/checkouts/engine/Sources/URI/Model/URI+Byte.swift (in target 'URI' from project 'Engine')
cd /Users/admin/builder/spi-builder-workspace/.swiftpm/xcode
builtin-SwiftPerFileCompile URI+Byte.swift
SwiftDriverJobDiscovery normal arm64_32 Emitting module for JSON (in target 'JSON' from project 'JSON')
SwiftDriver\ Compilation\ Requirements JSON normal arm64_32 com.apple.xcode.tools.swift.compiler (in target 'JSON' from project 'JSON')
cd /Users/admin/builder/spi-builder-workspace/.swiftpm/xcode
builtin-Swift-Compilation-Requirements -- /Applications/Xcode-27.0.0-Release.Candidate.app/Contents/Developer/Toolchains/XcodeDefault.xctoolchain/usr/bin/swiftc -parse-as-library -module-name JSON -Onone @/Users/admin/builder/spi-builder-workspace/.derivedData/Build/Intermediates.noindex/JSON.build/Debug-watchos/JSON-t.build/Objects-normal/arm64_32/JSON.SwiftFileList -DSWIFT_PACKAGE -DDEBUG -DSWIFT_MODULE_RESOURCE_BUNDLE_UNAVAILABLE -DXcode -plugin-path /Applications/Xcode-27.0.0-Release.Candidate.app/Contents/Developer/Toolchains/XcodeDefault.xctoolchain/usr/lib/swift/host/plugins/testing -enable-experimental-feature DebugDescriptionMacro -sdk /Applications/Xcode-27.0.0-Release.Candidate.app/Contents/Developer/Platforms/WatchOS.platform/Developer/SDKs/WatchOS27.0.sdk -target arm64_32-apple-watchos9.0 -g -module-cache-path /Users/admin/builder/spi-builder-workspace/.derivedData/ModuleCache.noindex -Xfrontend -serialize-debugging-options -profile-coverage-mapping -profile-generate -enable-testing -suppress-warnings -index-store-path /Users/admin/builder/spi-builder-workspace/.derivedData/Index.noindex/DataStore -Xcc -D_LIBCPP_HARDENING_MODE\=_LIBCPP_HARDENING_MODE_DEBUG -swift-version 4 -I /Users/admin/builder/spi-builder-workspace/.derivedData/Build/Products/Debug-watchos -Isystem /Applications/Xcode-27.0.0-Release.Candidate.app/Contents/Developer/Platforms/WatchOS.platform/Developer/usr/lib -F /Users/admin/builder/spi-builder-workspace/.derivedData/Build/Products/Debug-watchos/PackageFrameworks -F /Users/admin/builder/spi-builder-workspace/.derivedData/Build/Products/Debug-watchos -F /Applications/Xcode-27.0.0-Release.Candidate.app/Contents/Developer/Platforms/WatchOS.platform/Developer/Library/Frameworks -F /Applications/Xcode-27.0.0-Release.Candidate.app/Contents/Developer/Platforms/WatchOS.platform/Developer/SDKs/WatchOS27.0.sdk/Developer/Library/Frameworks -c -j10 -enable-batch-mode -incremental -Xcc -ivfsstatcache -Xcc /Users/admin/builder/spi-builder-workspace/.derivedData/SDKStatCaches.noindex/watchos27.0-24R360-e829b21a6f8c9b70876ba0858053c04477534ef55a1706bf4c1112bbb242f0a2.sdkstatcache -output-file-map /Users/admin/builder/spi-builder-workspace/.derivedData/Build/Intermediates.noindex/JSON.build/Debug-watchos/JSON-t.build/Objects-normal/arm64_32/JSON-OutputFileMap.json -save-temps -no-color-diagnostics -emit-dependencies -emit-module -emit-module-path /Users/admin/builder/spi-builder-workspace/.derivedData/Build/Intermediates.noindex/JSON.build/Debug-watchos/JSON-t.build/Objects-normal/arm64_32/JSON.swiftmodule -serialize-diagnostics -validate-clang-modules-once -clang-build-session-file /Users/admin/builder/spi-builder-workspace/.derivedData/ModuleCache.noindex/Session.modulevalidation -Xcc -fmodules-prune-interval\=86400 -Xcc -fmodules-prune-after\=345600 -emit-const-values -const-gather-protocols-list /Users/admin/builder/spi-builder-workspace/.derivedData/Build/Intermediates.noindex/JSON.build/Debug-watchos/JSON-t.build/Objects-normal/arm64_32/JSON_const_extract_protocols.json -Xcc -I/Users/admin/builder/spi-builder-workspace/.derivedData/Build/Products/Debug-watchos/include -Xcc -I/Users/admin/builder/spi-builder-workspace/.derivedData/Build/Intermediates.noindex/JSON.build/Debug-watchos/JSON-t.build/DerivedSources-normal/arm64_32 -Xcc -I/Users/admin/builder/spi-builder-workspace/.derivedData/Build/Intermediates.noindex/JSON.build/Debug-watchos/JSON-t.build/DerivedSources/arm64_32 -Xcc -I/Users/admin/builder/spi-builder-workspace/.derivedData/Build/Intermediates.noindex/JSON.build/Debug-watchos/JSON-t.build/DerivedSources -Xcc -DSWIFT_PACKAGE -Xcc -DDEBUG\=1 -emit-objc-header -emit-objc-header-path /Users/admin/builder/spi-builder-workspace/.derivedData/Build/Intermediates.noindex/JSON.build/Debug-watchos/JSON-t.build/Objects-normal/arm64_32/JSON-Swift.h -working-directory /Users/admin/builder/spi-builder-workspace/.swiftpm/xcode -experimental-emit-module-separately -disable-cmo
SwiftDriverJobDiscovery normal arm64 Emitting module for JSON (in target 'JSON' from project 'JSON')
SwiftDriver\ Compilation\ Requirements JSON normal arm64 com.apple.xcode.tools.swift.compiler (in target 'JSON' from project 'JSON')
cd /Users/admin/builder/spi-builder-workspace/.swiftpm/xcode
builtin-Swift-Compilation-Requirements -- /Applications/Xcode-27.0.0-Release.Candidate.app/Contents/Developer/Toolchains/XcodeDefault.xctoolchain/usr/bin/swiftc -parse-as-library -module-name JSON -Onone @/Users/admin/builder/spi-builder-workspace/.derivedData/Build/Intermediates.noindex/JSON.build/Debug-watchos/JSON-t.build/Objects-normal/arm64/JSON.SwiftFileList -DSWIFT_PACKAGE -DDEBUG -DSWIFT_MODULE_RESOURCE_BUNDLE_UNAVAILABLE -DXcode -plugin-path /Applications/Xcode-27.0.0-Release.Candidate.app/Contents/Developer/Toolchains/XcodeDefault.xctoolchain/usr/lib/swift/host/plugins/testing -enable-experimental-feature DebugDescriptionMacro -sdk /Applications/Xcode-27.0.0-Release.Candidate.app/Contents/Developer/Platforms/WatchOS.platform/Developer/SDKs/WatchOS27.0.sdk -target arm64-apple-watchos9.0 -g -module-cache-path /Users/admin/builder/spi-builder-workspace/.derivedData/ModuleCache.noindex -Xfrontend -serialize-debugging-options -profile-coverage-mapping -profile-generate -enable-testing -suppress-warnings -index-store-path /Users/admin/builder/spi-builder-workspace/.derivedData/Index.noindex/DataStore -Xcc -D_LIBCPP_HARDENING_MODE\=_LIBCPP_HARDENING_MODE_DEBUG -swift-version 4 -I /Users/admin/builder/spi-builder-workspace/.derivedData/Build/Products/Debug-watchos -Isystem /Applications/Xcode-27.0.0-Release.Candidate.app/Contents/Developer/Platforms/WatchOS.platform/Developer/usr/lib -F /Users/admin/builder/spi-builder-workspace/.derivedData/Build/Products/Debug-watchos/PackageFrameworks -F /Users/admin/builder/spi-builder-workspace/.derivedData/Build/Products/Debug-watchos -F /Applications/Xcode-27.0.0-Release.Candidate.app/Contents/Developer/Platforms/WatchOS.platform/Developer/Library/Frameworks -F /Applications/Xcode-27.0.0-Release.Candidate.app/Contents/Developer/Platforms/WatchOS.platform/Developer/SDKs/WatchOS27.0.sdk/Developer/Library/Frameworks -c -j10 -enable-batch-mode -incremental -Xcc -ivfsstatcache -Xcc /Users/admin/builder/spi-builder-workspace/.derivedData/SDKStatCaches.noindex/watchos27.0-24R360-e829b21a6f8c9b70876ba0858053c04477534ef55a1706bf4c1112bbb242f0a2.sdkstatcache -output-file-map /Users/admin/builder/spi-builder-workspace/.derivedData/Build/Intermediates.noindex/JSON.build/Debug-watchos/JSON-t.build/Objects-normal/arm64/JSON-OutputFileMap.json -save-temps -no-color-diagnostics -emit-dependencies -emit-module -emit-module-path /Users/admin/builder/spi-builder-workspace/.derivedData/Build/Intermediates.noindex/JSON.build/Debug-watchos/JSON-t.build/Objects-normal/arm64/JSON.swiftmodule -serialize-diagnostics -validate-clang-modules-once -clang-build-session-file /Users/admin/builder/spi-builder-workspace/.derivedData/ModuleCache.noindex/Session.modulevalidation -Xcc -fmodules-prune-interval\=86400 -Xcc -fmodules-prune-after\=345600 -emit-const-values -const-gather-protocols-list /Users/admin/builder/spi-builder-workspace/.derivedData/Build/Intermediates.noindex/JSON.build/Debug-watchos/JSON-t.build/Objects-normal/arm64/JSON_const_extract_protocols.json -Xcc -I/Users/admin/builder/spi-builder-workspace/.derivedData/Build/Products/Debug-watchos/include -Xcc -I/Users/admin/builder/spi-builder-workspace/.derivedData/Build/Intermediates.noindex/JSON.build/Debug-watchos/JSON-t.build/DerivedSources-normal/arm64 -Xcc -I/Users/admin/builder/spi-builder-workspace/.derivedData/Build/Intermediates.noindex/JSON.build/Debug-watchos/JSON-t.build/DerivedSources/arm64 -Xcc -I/Users/admin/builder/spi-builder-workspace/.derivedData/Build/Intermediates.noindex/JSON.build/Debug-watchos/JSON-t.build/DerivedSources -Xcc -DSWIFT_PACKAGE -Xcc -DDEBUG\=1 -emit-objc-header -emit-objc-header-path /Users/admin/builder/spi-builder-workspace/.derivedData/Build/Intermediates.noindex/JSON.build/Debug-watchos/JSON-t.build/Objects-normal/arm64/JSON-Swift.h -working-directory /Users/admin/builder/spi-builder-workspace/.swiftpm/xcode -experimental-emit-module-separately -disable-cmo
Copy /Users/admin/builder/spi-builder-workspace/.derivedData/Build/Products/Debug-watchos/JSON.swiftmodule/arm64_32-apple-watchos.swiftmodule /Users/admin/builder/spi-builder-workspace/.derivedData/Build/Intermediates.noindex/JSON.build/Debug-watchos/JSON-t.build/Objects-normal/arm64_32/JSON.swiftmodule (in target 'JSON' from project 'JSON')
cd /Users/admin/builder/spi-builder-workspace/.dependencies/checkouts/json
builtin-copy -exclude .DS_Store -exclude CVS -exclude .svn -exclude .git -exclude .hg -resolve-src-symlinks -rename /Users/admin/builder/spi-builder-workspace/.derivedData/Build/Intermediates.noindex/JSON.build/Debug-watchos/JSON-t.build/Objects-normal/arm64_32/JSON.swiftmodule /Users/admin/builder/spi-builder-workspace/.derivedData/Build/Products/Debug-watchos/JSON.swiftmodule/arm64_32-apple-watchos.swiftmodule
SwiftDriverJobDiscovery normal arm64_32 Compiling URI+String.swift (in target 'URI' from project 'Engine')
Copy /Users/admin/builder/spi-builder-workspace/.derivedData/Build/Products/Debug-watchos/JSON.swiftmodule/arm64_32-apple-watchos.swiftdoc /Users/admin/builder/spi-builder-workspace/.derivedData/Build/Intermediates.noindex/JSON.build/Debug-watchos/JSON-t.build/Objects-normal/arm64_32/JSON.swiftdoc (in target 'JSON' from project 'JSON')
cd /Users/admin/builder/spi-builder-workspace/.dependencies/checkouts/json
builtin-copy -exclude .DS_Store -exclude CVS -exclude .svn -exclude .git -exclude .hg -resolve-src-symlinks -rename /Users/admin/builder/spi-builder-workspace/.derivedData/Build/Intermediates.noindex/JSON.build/Debug-watchos/JSON-t.build/Objects-normal/arm64_32/JSON.swiftdoc /Users/admin/builder/spi-builder-workspace/.derivedData/Build/Products/Debug-watchos/JSON.swiftmodule/arm64_32-apple-watchos.swiftdoc
Copy /Users/admin/builder/spi-builder-workspace/.derivedData/Build/Products/Debug-watchos/JSON.swiftmodule/arm64_32-apple-watchos.abi.json /Users/admin/builder/spi-builder-workspace/.derivedData/Build/Intermediates.noindex/JSON.build/Debug-watchos/JSON-t.build/Objects-normal/arm64_32/JSON.abi.json (in target 'JSON' from project 'JSON')
cd /Users/admin/builder/spi-builder-workspace/.dependencies/checkouts/json
builtin-copy -exclude .DS_Store -exclude CVS -exclude .svn -exclude .git -exclude .hg -resolve-src-symlinks -rename /Users/admin/builder/spi-builder-workspace/.derivedData/Build/Intermediates.noindex/JSON.build/Debug-watchos/JSON-t.build/Objects-normal/arm64_32/JSON.abi.json /Users/admin/builder/spi-builder-workspace/.derivedData/Build/Products/Debug-watchos/JSON.swiftmodule/arm64_32-apple-watchos.abi.json
Copy /Users/admin/builder/spi-builder-workspace/.derivedData/Build/Products/Debug-watchos/JSON.swiftmodule/Project/arm64_32-apple-watchos.swiftsourceinfo /Users/admin/builder/spi-builder-workspace/.derivedData/Build/Intermediates.noindex/JSON.build/Debug-watchos/JSON-t.build/Objects-normal/arm64_32/JSON.swiftsourceinfo (in target 'JSON' from project 'JSON')
cd /Users/admin/builder/spi-builder-workspace/.dependencies/checkouts/json
builtin-copy -exclude .DS_Store -exclude CVS -exclude .svn -exclude .git -exclude .hg -resolve-src-symlinks -rename /Users/admin/builder/spi-builder-workspace/.derivedData/Build/Intermediates.noindex/JSON.build/Debug-watchos/JSON-t.build/Objects-normal/arm64_32/JSON.swiftsourceinfo /Users/admin/builder/spi-builder-workspace/.derivedData/Build/Products/Debug-watchos/JSON.swiftmodule/Project/arm64_32-apple-watchos.swiftsourceinfo
SwiftCompile normal arm64_32 Compiling\ URI.swift /Users/admin/builder/spi-builder-workspace/.dependencies/checkouts/engine/Sources/URI/Model/URI.swift (in target 'URI' from project 'Engine')
SwiftCompile normal arm64_32 /Users/admin/builder/spi-builder-workspace/.dependencies/checkouts/engine/Sources/URI/Model/URI.swift (in target 'URI' from project 'Engine')
cd /Users/admin/builder/spi-builder-workspace/.swiftpm/xcode
builtin-SwiftPerFileCompile URI.swift
SwiftMergeGeneratedHeaders /Users/admin/builder/spi-builder-workspace/.derivedData/Build/Intermediates.noindex/GeneratedModuleMaps-watchos/JSON-Swift.h /Users/admin/builder/spi-builder-workspace/.derivedData/Build/Intermediates.noindex/JSON.build/Debug-watchos/JSON-t.build/Objects-normal/arm64/JSON-Swift.h /Users/admin/builder/spi-builder-workspace/.derivedData/Build/Intermediates.noindex/JSON.build/Debug-watchos/JSON-t.build/Objects-normal/arm64_32/JSON-Swift.h (in target 'JSON' from project 'JSON')
cd /Users/admin/builder/spi-builder-workspace/.dependencies/checkouts/json
builtin-swiftHeaderTool -arch arm64 /Users/admin/builder/spi-builder-workspace/.derivedData/Build/Intermediates.noindex/JSON.build/Debug-watchos/JSON-t.build/Objects-normal/arm64/JSON-Swift.h -arch arm64_32 /Users/admin/builder/spi-builder-workspace/.derivedData/Build/Intermediates.noindex/JSON.build/Debug-watchos/JSON-t.build/Objects-normal/arm64_32/JSON-Swift.h -o /Users/admin/builder/spi-builder-workspace/.derivedData/Build/Intermediates.noindex/GeneratedModuleMaps-watchos/JSON-Swift.h
Copy /Users/admin/builder/spi-builder-workspace/.derivedData/Build/Products/Debug-watchos/JSON.swiftmodule/arm64-apple-watchos.swiftmodule /Users/admin/builder/spi-builder-workspace/.derivedData/Build/Intermediates.noindex/JSON.build/Debug-watchos/JSON-t.build/Objects-normal/arm64/JSON.swiftmodule (in target 'JSON' from project 'JSON')
cd /Users/admin/builder/spi-builder-workspace/.dependencies/checkouts/json
builtin-copy -exclude .DS_Store -exclude CVS -exclude .svn -exclude .git -exclude .hg -resolve-src-symlinks -rename /Users/admin/builder/spi-builder-workspace/.derivedData/Build/Intermediates.noindex/JSON.build/Debug-watchos/JSON-t.build/Objects-normal/arm64/JSON.swiftmodule /Users/admin/builder/spi-builder-workspace/.derivedData/Build/Products/Debug-watchos/JSON.swiftmodule/arm64-apple-watchos.swiftmodule
Copy /Users/admin/builder/spi-builder-workspace/.derivedData/Build/Products/Debug-watchos/JSON.swiftmodule/arm64-apple-watchos.swiftdoc /Users/admin/builder/spi-builder-workspace/.derivedData/Build/Intermediates.noindex/JSON.build/Debug-watchos/JSON-t.build/Objects-normal/arm64/JSON.swiftdoc (in target 'JSON' from project 'JSON')
cd /Users/admin/builder/spi-builder-workspace/.dependencies/checkouts/json
builtin-copy -exclude .DS_Store -exclude CVS -exclude .svn -exclude .git -exclude .hg -resolve-src-symlinks -rename /Users/admin/builder/spi-builder-workspace/.derivedData/Build/Intermediates.noindex/JSON.build/Debug-watchos/JSON-t.build/Objects-normal/arm64/JSON.swiftdoc /Users/admin/builder/spi-builder-workspace/.derivedData/Build/Products/Debug-watchos/JSON.swiftmodule/arm64-apple-watchos.swiftdoc
Copy /Users/admin/builder/spi-builder-workspace/.derivedData/Build/Products/Debug-watchos/JSON.swiftmodule/arm64-apple-watchos.abi.json /Users/admin/builder/spi-builder-workspace/.derivedData/Build/Intermediates.noindex/JSON.build/Debug-watchos/JSON-t.build/Objects-normal/arm64/JSON.abi.json (in target 'JSON' from project 'JSON')
cd /Users/admin/builder/spi-builder-workspace/.dependencies/checkouts/json
builtin-copy -exclude .DS_Store -exclude CVS -exclude .svn -exclude .git -exclude .hg -resolve-src-symlinks -rename /Users/admin/builder/spi-builder-workspace/.derivedData/Build/Intermediates.noindex/JSON.build/Debug-watchos/JSON-t.build/Objects-normal/arm64/JSON.abi.json /Users/admin/builder/spi-builder-workspace/.derivedData/Build/Products/Debug-watchos/JSON.swiftmodule/arm64-apple-watchos.abi.json
Copy /Users/admin/builder/spi-builder-workspace/.derivedData/Build/Products/Debug-watchos/JSON.swiftmodule/Project/arm64-apple-watchos.swiftsourceinfo /Users/admin/builder/spi-builder-workspace/.derivedData/Build/Intermediates.noindex/JSON.build/Debug-watchos/JSON-t.build/Objects-normal/arm64/JSON.swiftsourceinfo (in target 'JSON' from project 'JSON')
cd /Users/admin/builder/spi-builder-workspace/.dependencies/checkouts/json
builtin-copy -exclude .DS_Store -exclude CVS -exclude .svn -exclude .git -exclude .hg -resolve-src-symlinks -rename /Users/admin/builder/spi-builder-workspace/.derivedData/Build/Intermediates.noindex/JSON.build/Debug-watchos/JSON-t.build/Objects-normal/arm64/JSON.swiftsourceinfo /Users/admin/builder/spi-builder-workspace/.derivedData/Build/Products/Debug-watchos/JSON.swiftmodule/Project/arm64-apple-watchos.swiftsourceinfo
SwiftCompile normal arm64 Compiling\ URI+Ports.swift /Users/admin/builder/spi-builder-workspace/.dependencies/checkouts/engine/Sources/URI/Model/URI+Ports.swift (in target 'URI' from project 'Engine')
SwiftCompile normal arm64 /Users/admin/builder/spi-builder-workspace/.dependencies/checkouts/engine/Sources/URI/Model/URI+Ports.swift (in target 'URI' from project 'Engine')
cd /Users/admin/builder/spi-builder-workspace/.swiftpm/xcode
builtin-SwiftPerFileCompile URI+Ports.swift
SwiftCompile normal arm64_32 Compiling\ URI+Modification.swift /Users/admin/builder/spi-builder-workspace/.dependencies/checkouts/engine/Sources/URI/Model/URI+Modification.swift (in target 'URI' from project 'Engine')
SwiftCompile normal arm64_32 /Users/admin/builder/spi-builder-workspace/.dependencies/checkouts/engine/Sources/URI/Model/URI+Modification.swift (in target 'URI' from project 'Engine')
cd /Users/admin/builder/spi-builder-workspace/.swiftpm/xcode
builtin-SwiftPerFileCompile URI+Modification.swift
PruneExplicitPrecompiledModules /Users/admin/builder/spi-builder-workspace/.derivedData/SDKExplicitPrecompiledModules
PruneExplicitPrecompiledModules /Users/admin/builder/spi-builder-workspace/.derivedData/Build/Intermediates.noindex/ExplicitPrecompiledModules
PruneExplicitPrecompiledModules /Users/admin/builder/spi-builder-workspace/.derivedData/Build/Intermediates.noindex/SwiftExplicitPrecompiledModules
2026-09-16 05:44:03.247 xcodebuild[1728:8818] [MT] IDERunDestination: Supported platforms for the buildables in the current scheme is empty.
** BUILD FAILED **
The following build commands failed:
SwiftCompile normal arm64 (in target 'Crypto' from project 'Crypto')
SwiftEmitModule normal arm64 Emitting\ module\ for\ Crypto (in target 'Crypto' from project 'Crypto')
SwiftEmitModule normal arm64_32 Emitting\ module\ for\ Crypto (in target 'Crypto' from project 'Crypto')
SwiftCompile normal arm64_32 (in target 'Crypto' from project 'Crypto')
Building workspace Chameleon with scheme Chameleon-Package
(5 failures)
BUILD FAILURE 6.4 watchOS