Build Information
Failed to build OpenDOORSDK, reference main (9b2210), with Swift 6.2 for watchOS using Xcode 26.3 on 9 Oct 2026 01:46:43 UTC.
Build Command
env DEVELOPER_DIR=/Applications/Xcode-26.3.0.app xcrun xcodebuild -IDEClonedSourcePackagesDirPathOverride=$PWD/.dependencies -skipMacroValidation -skipPackagePluginValidation -derivedDataPath $PWD/.derivedData build -scheme OpenDOORSDK -destination generic/platform=watchOSBuild Log
========================================
RunAll
========================================
Builder version: 5.1.1
Interrupt handler set up.
========================================
Checkout
========================================
Clone URL: https://github.com/Latch/opendoor-sdk-spm.git
Reference: main
Initialized empty Git repository in /Users/admin/builder/spi-builder-workspace/.git/
From https://github.com/Latch/opendoor-sdk-spm
* branch main -> FETCH_HEAD
* [new branch] main -> origin/main
HEAD is now at 9b2210b Release 2.3.0 of SDK (#9)
Cloned https://github.com/Latch/opendoor-sdk-spm.git
Revision (git rev-parse @):
9b2210b90558faf68ac358f63dc095a9807e41e7
SUCCESS checkout https://github.com/Latch/opendoor-sdk-spm.git at main
========================================
Build
========================================
Selected platform: watchOS
Swift version: 6.2
Building package at path: $PWD
https://github.com/Latch/opendoor-sdk-spm.git
Command line invocation:
/Applications/Xcode-26.3.0.app/Contents/Developer/usr/bin/xcodebuild -IDEClonedSourcePackagesDirPathOverride=/Users/admin/builder/spi-builder-workspace/.dependencies -resolvePackageDependencies
Resolve Package Graph
Resolve Package Graph
Resolve Package Graph
Resolved source packages:
OpenDOORSDK: /Users/admin/builder/spi-builder-workspace
resolved source packages: OpenDOORSDK
2026-10-08 21:46:19.965 xcodebuild[538:3096] [MT] IDERunDestination: Supported platforms for the buildables in the current scheme is empty.
{
"dependencies" : [
],
"manifest_display_name" : "OpenDOORSDK",
"name" : "OpenDOORSDK",
"path" : "/Users/admin/builder/spi-builder-workspace",
"platforms" : [
{
"name" : "ios",
"version" : "13.0"
}
],
"products" : [
{
"name" : "OpenDOORCore",
"targets" : [
"OpenDOORCore"
],
"type" : {
"library" : [
"automatic"
]
}
}
],
"targets" : [
{
"c99name" : "OpenDOORCore",
"module_type" : "BinaryTarget",
"name" : "OpenDOORCore",
"path" : "OpenDOORCore.xcframework",
"product_memberships" : [
"OpenDOORCore"
],
"sources" : [
],
"type" : "binary"
}
],
"tools_version" : "5.9"
}
{
"workspace" : {
"name" : "spi-builder-workspace",
"schemes" : [
"OpenDOORSDK"
]
}
}
2026-10-08 21:46:38.096 xcodebuild[684:4257] [MT] IDERunDestination: Supported platforms for the buildables in the current scheme is empty.
Running build ...
env DEVELOPER_DIR=/Applications/Xcode-26.3.0.app xcrun xcodebuild -IDEClonedSourcePackagesDirPathOverride=$PWD/.dependencies -skipMacroValidation -skipPackagePluginValidation -derivedDataPath $PWD/.derivedData build -scheme OpenDOORSDK -destination generic/platform=watchOS
Command line invocation:
/Applications/Xcode-26.3.0.app/Contents/Developer/usr/bin/xcodebuild -IDEClonedSourcePackagesDirPathOverride=/Users/admin/builder/spi-builder-workspace/.dependencies -skipMacroValidation -skipPackagePluginValidation -derivedDataPath /Users/admin/builder/spi-builder-workspace/.derivedData build -scheme OpenDOORSDK -destination generic/platform=watchOS
Resolve Package Graph
Resolved source packages:
OpenDOORSDK: /Users/admin/builder/spi-builder-workspace
ComputePackagePrebuildTargetDependencyGraph
Prepare packages
CreateBuildRequest
SendProjectDescription
CreateBuildOperation
ComputeTargetDependencyGraph
note: Building targets in dependency order
note: Target dependency graph (1 target)
Target 'OpenDOORCore' in project 'OpenDOORSDK' (no dependencies)
GatherProvisioningInputs
CreateBuildDescription
ExecuteExternalTool /Applications/Xcode-26.3.0.app/Contents/Developer/Toolchains/XcodeDefault.xctoolchain/usr/bin/clang -v -E -dM -isysroot /Applications/Xcode-26.3.0.app/Contents/Developer/Platforms/WatchOS.platform/Developer/SDKs/WatchOS26.2.sdk -x c -c /dev/null
Build description signature: 03eaaacd312e7da2db891a9422d25c68
Build description path: /Users/admin/builder/spi-builder-workspace/.derivedData/Build/Intermediates.noindex/XCBuildData/03eaaacd312e7da2db891a9422d25c68.xcbuilddata
/Users/admin/builder/spi-builder-workspace/OpenDOORCore.xcframework:1:1: error: While building for watchOS, no library for this platform was found in '/Users/admin/builder/spi-builder-workspace/OpenDOORCore.xcframework'. (in target 'OpenDOORCore' from project 'OpenDOORSDK')
2026-10-08 21:46:39.501 xcodebuild[686:4298] [MT] IDERunDestination: Supported platforms for the buildables in the current scheme is empty.
** BUILD FAILED **
The following build commands failed:
Building workspace spi-builder-workspace with scheme OpenDOORSDK
(1 failure)
Command line invocation:
/Applications/Xcode-26.3.0.app/Contents/Developer/usr/bin/xcodebuild -IDEClonedSourcePackagesDirPathOverride=/Users/admin/builder/spi-builder-workspace/.dependencies -resolvePackageDependencies
Resolve Package Graph
Resolved source packages:
OpenDOORSDK: /Users/admin/builder/spi-builder-workspace
resolved source packages: OpenDOORSDK
2026-10-08 21:46:41.673 xcodebuild[699:4397] [MT] IDERunDestination: Supported platforms for the buildables in the current scheme is empty.
{
"dependencies" : [
],
"manifest_display_name" : "OpenDOORSDK",
"name" : "OpenDOORSDK",
"path" : "/Users/admin/builder/spi-builder-workspace",
"platforms" : [
{
"name" : "ios",
"version" : "13.0"
}
],
"products" : [
{
"name" : "OpenDOORCore",
"targets" : [
"OpenDOORCore"
],
"type" : {
"library" : [
"automatic"
]
}
}
],
"targets" : [
{
"c99name" : "OpenDOORCore",
"module_type" : "BinaryTarget",
"name" : "OpenDOORCore",
"path" : "OpenDOORCore.xcframework",
"product_memberships" : [
"OpenDOORCore"
],
"sources" : [
],
"type" : "binary"
}
],
"tools_version" : "5.9"
}
{
"workspace" : {
"name" : "spi-builder-workspace",
"schemes" : [
"OpenDOORSDK"
]
}
}
2026-10-08 21:46:42.724 xcodebuild[707:4459] [MT] IDERunDestination: Supported platforms for the buildables in the current scheme is empty.
Running build ...
env DEVELOPER_DIR=/Applications/Xcode-26.3.0.app xcrun xcodebuild -IDEClonedSourcePackagesDirPathOverride=$PWD/.dependencies -skipMacroValidation -skipPackagePluginValidation -derivedDataPath $PWD/.derivedData build -scheme OpenDOORSDK -destination generic/platform=watchOS
Command line invocation:
/Applications/Xcode-26.3.0.app/Contents/Developer/usr/bin/xcodebuild -IDEClonedSourcePackagesDirPathOverride=/Users/admin/builder/spi-builder-workspace/.dependencies -skipMacroValidation -skipPackagePluginValidation -derivedDataPath /Users/admin/builder/spi-builder-workspace/.derivedData build -scheme OpenDOORSDK -destination generic/platform=watchOS
Resolve Package Graph
Resolved source packages:
OpenDOORSDK: /Users/admin/builder/spi-builder-workspace
ComputePackagePrebuildTargetDependencyGraph
Prepare packages
CreateBuildRequest
SendProjectDescription
CreateBuildOperation
ComputeTargetDependencyGraph
note: Building targets in dependency order
note: Target dependency graph (1 target)
Target 'OpenDOORCore' in project 'OpenDOORSDK' (no dependencies)
GatherProvisioningInputs
CreateBuildDescription
ExecuteExternalTool /Applications/Xcode-26.3.0.app/Contents/Developer/Toolchains/XcodeDefault.xctoolchain/usr/bin/clang -v -E -dM -isysroot /Applications/Xcode-26.3.0.app/Contents/Developer/Platforms/WatchOS.platform/Developer/SDKs/WatchOS26.2.sdk -x c -c /dev/null
Build description signature: 03eaaacd312e7da2db891a9422d25c68
Build description path: /Users/admin/builder/spi-builder-workspace/.derivedData/Build/Intermediates.noindex/XCBuildData/03eaaacd312e7da2db891a9422d25c68.xcbuilddata
/Users/admin/builder/spi-builder-workspace/OpenDOORCore.xcframework:1:1: error: While building for watchOS, no library for this platform was found in '/Users/admin/builder/spi-builder-workspace/OpenDOORCore.xcframework'. (in target 'OpenDOORCore' from project 'OpenDOORSDK')
2026-10-08 21:46:43.547 xcodebuild[709:4489] [MT] IDERunDestination: Supported platforms for the buildables in the current scheme is empty.
** BUILD FAILED **
The following build commands failed:
Building workspace spi-builder-workspace with scheme OpenDOORSDK
(1 failure)
BUILD FAILURE 6.2 watchOS