Build Information
Failed to build PinGuard, reference 1.0.3 (c05104), with Swift 6.3 for Wasm on 12 Oct 2026 15:37:15 UTC.
Build Command
bash -c docker run --pull=always --rm -v "checkouts-54344849-0":/host -w "$PWD" -e JAVA_HOME="/root/.sdkman/candidates/java/current" -e SPI_BUILD="1" -e SPI_PROCESSING="1" registry.gitlab.com/saguaro1/spi-images:wasm-6.3-latest swift build --swift-sdk swift-6.3.2-RELEASE_wasm 2>&1Build Log
========================================
RunAll
========================================
Builder version: 5.1.1
Interrupt handler set up.
========================================
Checkout
========================================
Clone URL: https://github.com/pinguard/pinguard-ios.git
Reference: 1.0.3
Initialized empty Git repository in /host/spi-builder-workspace/.git/
hint: Using 'master' as the name for the initial branch. This default branch name
hint: is subject to change. To configure the initial branch name to use in all
hint: of your new repositories, which will suppress this warning, call:
hint:
hint: git config --global init.defaultBranch <name>
hint:
hint: Names commonly chosen instead of 'master' are 'main', 'trunk' and
hint: 'development'. The just-created branch can be renamed via this command:
hint:
hint: git branch -m <name>
From https://github.com/pinguard/pinguard-ios
* tag 1.0.3 -> FETCH_HEAD
HEAD is now at c051047 Merge pull request #16 from pinguard/docC/CreateDocCDokumentation
Cloned https://github.com/pinguard/pinguard-ios.git
Revision (git rev-parse @):
c051047646f7cd0725b6a4763e8b156546a1cdb0
SPI manifest file found: $PWD/.spi.yml
SUCCESS checkout https://github.com/pinguard/pinguard-ios.git at 1.0.3
========================================
Build
========================================
Selected platform: wasm
Swift version: 6.3
Building package at path: $PWD
https://github.com/pinguard/pinguard-ios.git
Running build ...
bash -c docker run --pull=always --rm -v "checkouts-54344849-0":/host -w "$PWD" -e JAVA_HOME="/root/.sdkman/candidates/java/current" -e SPI_BUILD="1" -e SPI_PROCESSING="1" registry.gitlab.com/saguaro1/spi-images:wasm-6.3-latest swift build --swift-sdk swift-6.3.2-RELEASE_wasm 2>&1
wasm-6.3-latest: Pulling from saguaro1/spi-images
Digest: sha256:df2e9038ff906af397ec7b7e13902ccb183f8867606bc33419e44453a9abdb4b
Status: Image is up to date for registry.gitlab.com/saguaro1/spi-images:wasm-6.3-latest
Building for debugging...
[0/2] Write sources
[1/2] Write swift-version-24593BA9C3E375BF.txt
error: emit-module command failed with exit code 1 (use -v to see invocation)
[3/51] Emitting module PinGuard
/host/spi-builder-workspace/Sources/PinGuard/Certificate/CertificateCandidate.swift:8:8: error: no such module 'Security'
6 | //
7 |
8 | import Security
| `- error: no such module 'Security'
9 |
10 | struct CertificateCandidate {
[4/57] Compiling PinGuard SystemTrustEvaluating.swift
/host/spi-builder-workspace/Sources/PinGuard/Certificate/CertificateCandidate.swift:8:8: error: no such module 'Security'
6 | //
7 |
8 | import Security
| `- error: no such module 'Security'
9 |
10 | struct CertificateCandidate {
[5/57] Compiling PinGuard SystemTrustResult.swift
/host/spi-builder-workspace/Sources/PinGuard/Certificate/CertificateCandidate.swift:8:8: error: no such module 'Security'
6 | //
7 |
8 | import Security
| `- error: no such module 'Security'
9 |
10 | struct CertificateCandidate {
[6/57] Compiling PinGuard TrustDecision.swift
/host/spi-builder-workspace/Sources/PinGuard/Certificate/CertificateCandidate.swift:8:8: error: no such module 'Security'
6 | //
7 |
8 | import Security
| `- error: no such module 'Security'
9 |
10 | struct CertificateCandidate {
[7/57] Compiling PinGuard TrustDecisionReason.swift
/host/spi-builder-workspace/Sources/PinGuard/Certificate/CertificateCandidate.swift:8:8: error: no such module 'Security'
6 | //
7 |
8 | import Security
| `- error: no such module 'Security'
9 |
10 | struct CertificateCandidate {
[8/57] Compiling PinGuard TrustEvaluator.swift
/host/spi-builder-workspace/Sources/PinGuard/Certificate/CertificateCandidate.swift:8:8: error: no such module 'Security'
6 | //
7 |
8 | import Security
| `- error: no such module 'Security'
9 |
10 | struct CertificateCandidate {
[9/57] Compiling PinGuard ClosureEventSink.swift
/host/spi-builder-workspace/Sources/PinGuard/Certificate/CertificateCandidate.swift:8:8: error: no such module 'Security'
6 | //
7 |
8 | import Security
| `- error: no such module 'Security'
9 |
10 | struct CertificateCandidate {
[10/57] Compiling PinGuard EventDispatcher.swift
/host/spi-builder-workspace/Sources/PinGuard/Certificate/CertificateCandidate.swift:8:8: error: no such module 'Security'
6 | //
7 |
8 | import Security
| `- error: no such module 'Security'
9 |
10 | struct CertificateCandidate {
[11/57] Compiling PinGuard RemoteConfigBlob.swift
/host/spi-builder-workspace/Sources/PinGuard/Certificate/CertificateCandidate.swift:8:8: error: no such module 'Security'
6 | //
7 |
8 | import Security
| `- error: no such module 'Security'
9 |
10 | struct CertificateCandidate {
[12/57] Compiling PinGuard RemoteConfigDecoder.swift
/host/spi-builder-workspace/Sources/PinGuard/Certificate/CertificateCandidate.swift:8:8: error: no such module 'Security'
6 | //
7 |
8 | import Security
| `- error: no such module 'Security'
9 |
10 | struct CertificateCandidate {
[13/57] Compiling PinGuard RemoteConfigPayload.swift
/host/spi-builder-workspace/Sources/PinGuard/Certificate/CertificateCandidate.swift:8:8: error: no such module 'Security'
6 | //
7 |
8 | import Security
| `- error: no such module 'Security'
9 |
10 | struct CertificateCandidate {
[14/57] Compiling PinGuard RemoteConfigSignature.swift
/host/spi-builder-workspace/Sources/PinGuard/Certificate/CertificateCandidate.swift:8:8: error: no such module 'Security'
6 | //
7 |
8 | import Security
| `- error: no such module 'Security'
9 |
10 | struct CertificateCandidate {
[15/57] Compiling PinGuard RemoteConfigThreatModel.swift
/host/spi-builder-workspace/Sources/PinGuard/Certificate/CertificateCandidate.swift:8:8: error: no such module 'Security'
6 | //
7 |
8 | import Security
| `- error: no such module 'Security'
9 |
10 | struct CertificateCandidate {
[16/57] Compiling PinGuard RemoteConfigVerifier.swift
/host/spi-builder-workspace/Sources/PinGuard/Certificate/CertificateCandidate.swift:8:8: error: no such module 'Security'
6 | //
7 |
8 | import Security
| `- error: no such module 'Security'
9 |
10 | struct CertificateCandidate {
[17/57] Compiling PinGuard FailStrategy.swift
/host/spi-builder-workspace/Sources/PinGuard/Certificate/CertificateCandidate.swift:8:8: error: no such module 'Security'
6 | //
7 |
8 | import Security
| `- error: no such module 'Security'
9 |
10 | struct CertificateCandidate {
[18/57] Compiling PinGuard HostMatcher.swift
/host/spi-builder-workspace/Sources/PinGuard/Certificate/CertificateCandidate.swift:8:8: error: no such module 'Security'
6 | //
7 |
8 | import Security
| `- error: no such module 'Security'
9 |
10 | struct CertificateCandidate {
[19/57] Compiling PinGuard HostPattern.swift
/host/spi-builder-workspace/Sources/PinGuard/Certificate/CertificateCandidate.swift:8:8: error: no such module 'Security'
6 | //
7 |
8 | import Security
| `- error: no such module 'Security'
9 |
10 | struct CertificateCandidate {
[20/57] Compiling PinGuard HostPolicy.swift
/host/spi-builder-workspace/Sources/PinGuard/Certificate/CertificateCandidate.swift:8:8: error: no such module 'Security'
6 | //
7 |
8 | import Security
| `- error: no such module 'Security'
9 |
10 | struct CertificateCandidate {
[21/57] Compiling PinGuard Pin.swift
/host/spi-builder-workspace/Sources/PinGuard/Certificate/CertificateCandidate.swift:8:8: error: no such module 'Security'
6 | //
7 |
8 | import Security
| `- error: no such module 'Security'
9 |
10 | struct CertificateCandidate {
[22/57] Compiling PinGuard PinRole.swift
/host/spi-builder-workspace/Sources/PinGuard/Certificate/CertificateCandidate.swift:8:8: error: no such module 'Security'
6 | //
7 |
8 | import Security
| `- error: no such module 'Security'
9 |
10 | struct CertificateCandidate {
[23/57] Compiling PinGuard PinScope.swift
/host/spi-builder-workspace/Sources/PinGuard/Certificate/CertificateCandidate.swift:8:8: error: no such module 'Security'
6 | //
7 |
8 | import Security
| `- error: no such module 'Security'
9 |
10 | struct CertificateCandidate {
[24/57] Compiling PinGuard CertificateCandidate.swift
/host/spi-builder-workspace/Sources/PinGuard/Certificate/CertificateCandidate.swift:8:8: error: no such module 'Security'
6 | //
7 |
8 | import Security
| `- error: no such module 'Security'
9 |
10 | struct CertificateCandidate {
[25/57] Compiling PinGuard CertificateChain.swift
/host/spi-builder-workspace/Sources/PinGuard/Certificate/CertificateCandidate.swift:8:8: error: no such module 'Security'
6 | //
7 |
8 | import Security
| `- error: no such module 'Security'
9 |
10 | struct CertificateCandidate {
[26/57] Compiling PinGuard CertificateScope.swift
/host/spi-builder-workspace/Sources/PinGuard/Certificate/CertificateCandidate.swift:8:8: error: no such module 'Security'
6 | //
7 |
8 | import Security
| `- error: no such module 'Security'
9 |
10 | struct CertificateCandidate {
[27/57] Compiling PinGuard CertificateSummaryReader.swift
/host/spi-builder-workspace/Sources/PinGuard/Certificate/CertificateCandidate.swift:8:8: error: no such module 'Security'
6 | //
7 |
8 | import Security
| `- error: no such module 'Security'
9 |
10 | struct CertificateCandidate {
[28/57] Compiling PinGuard ChainSummary.swift
/host/spi-builder-workspace/Sources/PinGuard/Certificate/CertificateCandidate.swift:8:8: error: no such module 'Security'
6 | //
7 |
8 | import Security
| `- error: no such module 'Security'
9 |
10 | struct CertificateCandidate {
[29/57] Compiling PinGuard SubjectAlternativeNameCounter.swift
/host/spi-builder-workspace/Sources/PinGuard/Certificate/CertificateCandidate.swift:8:8: error: no such module 'Security'
6 | //
7 |
8 | import Security
| `- error: no such module 'Security'
9 |
10 | struct CertificateCandidate {
[30/57] Compiling PinGuard PinGuard.swift
/host/spi-builder-workspace/Sources/PinGuard/Certificate/CertificateCandidate.swift:8:8: error: no such module 'Security'
6 | //
7 |
8 | import Security
| `- error: no such module 'Security'
9 |
10 | struct CertificateCandidate {
[31/57] Compiling PinGuard PinGuardEvent.swift
/host/spi-builder-workspace/Sources/PinGuard/Certificate/CertificateCandidate.swift:8:8: error: no such module 'Security'
6 | //
7 |
8 | import Security
| `- error: no such module 'Security'
9 |
10 | struct CertificateCandidate {
[32/57] Compiling PinGuard PinGuardEventSink.swift
/host/spi-builder-workspace/Sources/PinGuard/Certificate/CertificateCandidate.swift:8:8: error: no such module 'Security'
6 | //
7 |
8 | import Security
| `- error: no such module 'Security'
9 |
10 | struct CertificateCandidate {
[33/57] Compiling PinGuard ASN1Encoder.swift
/host/spi-builder-workspace/Sources/PinGuard/Certificate/CertificateCandidate.swift:8:8: error: no such module 'Security'
6 | //
7 |
8 | import Security
| `- error: no such module 'Security'
9 |
10 | struct CertificateCandidate {
[34/57] Compiling PinGuard PinHasher.swift
/host/spi-builder-workspace/Sources/PinGuard/Certificate/CertificateCandidate.swift:8:8: error: no such module 'Security'
6 | //
7 |
8 | import Security
| `- error: no such module 'Security'
9 |
10 | struct CertificateCandidate {
[35/57] Compiling PinGuard SubjectPublicKeyInfoBuilder.swift
/host/spi-builder-workspace/Sources/PinGuard/Certificate/CertificateCandidate.swift:8:8: error: no such module 'Security'
6 | //
7 |
8 | import Security
| `- error: no such module 'Security'
9 |
10 | struct CertificateCandidate {
[36/57] Compiling PinGuard OSLogEventSink.swift
/host/spi-builder-workspace/Sources/PinGuard/Certificate/CertificateCandidate.swift:8:8: error: no such module 'Security'
6 | //
7 |
8 | import Security
| `- error: no such module 'Security'
9 |
10 | struct CertificateCandidate {
[37/57] Compiling PinGuard ClientCertificateLoader.swift
/host/spi-builder-workspace/Sources/PinGuard/Certificate/CertificateCandidate.swift:8:8: error: no such module 'Security'
6 | //
7 |
8 | import Security
| `- error: no such module 'Security'
9 |
10 | struct CertificateCandidate {
[38/57] Compiling PinGuard PinGuardBuilder.swift
/host/spi-builder-workspace/Sources/PinGuard/Certificate/CertificateCandidate.swift:8:8: error: no such module 'Security'
6 | //
7 |
8 | import Security
| `- error: no such module 'Security'
9 |
10 | struct CertificateCandidate {
[39/57] Compiling PinGuard PinGuardConfiguration.swift
/host/spi-builder-workspace/Sources/PinGuard/Certificate/CertificateCandidate.swift:8:8: error: no such module 'Security'
6 | //
7 |
8 | import Security
| `- error: no such module 'Security'
9 |
10 | struct CertificateCandidate {
[40/57] Compiling PinGuard PinGuardEnvironment.swift
/host/spi-builder-workspace/Sources/PinGuard/Certificate/CertificateCandidate.swift:8:8: error: no such module 'Security'
6 | //
7 |
8 | import Security
| `- error: no such module 'Security'
9 |
10 | struct CertificateCandidate {
[41/57] Compiling PinGuard PinGuardEnvironmentConfiguration.swift
/host/spi-builder-workspace/Sources/PinGuard/Certificate/CertificateCandidate.swift:8:8: error: no such module 'Security'
6 | //
7 |
8 | import Security
| `- error: no such module 'Security'
9 |
10 | struct CertificateCandidate {
[42/57] Compiling PinGuard PinGuardError.swift
/host/spi-builder-workspace/Sources/PinGuard/Certificate/CertificateCandidate.swift:8:8: error: no such module 'Security'
6 | //
7 |
8 | import Security
| `- error: no such module 'Security'
9 |
10 | struct CertificateCandidate {
[43/57] Compiling PinGuard PinMatcher.swift
/host/spi-builder-workspace/Sources/PinGuard/Certificate/CertificateCandidate.swift:8:8: error: no such module 'Security'
6 | //
7 |
8 | import Security
| `- error: no such module 'Security'
9 |
10 | struct CertificateCandidate {
[44/57] Compiling PinGuard SecTrustSystemEvaluator.swift
/host/spi-builder-workspace/Sources/PinGuard/Certificate/CertificateCandidate.swift:8:8: error: no such module 'Security'
6 | //
7 |
8 | import Security
| `- error: no such module 'Security'
9 |
10 | struct CertificateCandidate {
[45/57] Compiling PinGuard PinType.swift
/host/spi-builder-workspace/Sources/PinGuard/Certificate/CertificateCandidate.swift:8:8: error: no such module 'Security'
6 | //
7 |
8 | import Security
| `- error: no such module 'Security'
9 |
10 | struct CertificateCandidate {
[46/57] Compiling PinGuard PinningPolicy.swift
/host/spi-builder-workspace/Sources/PinGuard/Certificate/CertificateCandidate.swift:8:8: error: no such module 'Security'
6 | //
7 |
8 | import Security
| `- error: no such module 'Security'
9 |
10 | struct CertificateCandidate {
[47/57] Compiling PinGuard PolicyResolver.swift
/host/spi-builder-workspace/Sources/PinGuard/Certificate/CertificateCandidate.swift:8:8: error: no such module 'Security'
6 | //
7 |
8 | import Security
| `- error: no such module 'Security'
9 |
10 | struct CertificateCandidate {
[48/57] Compiling PinGuard PolicySet.swift
/host/spi-builder-workspace/Sources/PinGuard/Certificate/CertificateCandidate.swift:8:8: error: no such module 'Security'
6 | //
7 |
8 | import Security
| `- error: no such module 'Security'
9 |
10 | struct CertificateCandidate {
[49/57] Compiling PinGuard HMACRemoteConfigVerifier.swift
/host/spi-builder-workspace/Sources/PinGuard/Certificate/CertificateCandidate.swift:8:8: error: no such module 'Security'
6 | //
7 |
8 | import Security
| `- error: no such module 'Security'
9 |
10 | struct CertificateCandidate {
[50/57] Compiling PinGuard PublicKeyRemoteConfigVerifier.swift
/host/spi-builder-workspace/Sources/PinGuard/Certificate/CertificateCandidate.swift:8:8: error: no such module 'Security'
6 | //
7 |
8 | import Security
| `- error: no such module 'Security'
9 |
10 | struct CertificateCandidate {
[51/57] Compiling PinGuard ClientCertificateProvider.swift
/host/spi-builder-workspace/Sources/PinGuard/Certificate/CertificateCandidate.swift:8:8: error: no such module 'Security'
6 | //
7 |
8 | import Security
| `- error: no such module 'Security'
9 |
10 | struct CertificateCandidate {
[52/57] Compiling PinGuard ClientCertificateSource.swift
/host/spi-builder-workspace/Sources/PinGuard/Certificate/CertificateCandidate.swift:8:8: error: no such module 'Security'
6 | //
7 |
8 | import Security
| `- error: no such module 'Security'
9 |
10 | struct CertificateCandidate {
[53/57] Compiling PinGuard ClientIdentityResult.swift
/host/spi-builder-workspace/Sources/PinGuard/Certificate/CertificateCandidate.swift:8:8: error: no such module 'Security'
6 | //
7 |
8 | import Security
| `- error: no such module 'Security'
9 |
10 | struct CertificateCandidate {
[54/57] Compiling PinGuard MTLSConfiguration.swift
/host/spi-builder-workspace/Sources/PinGuard/Certificate/CertificateCandidate.swift:8:8: error: no such module 'Security'
6 | //
7 |
8 | import Security
| `- error: no such module 'Security'
9 |
10 | struct CertificateCandidate {
[55/57] Compiling PinGuard StaticClientCertificateProvider.swift
/host/spi-builder-workspace/Sources/PinGuard/Certificate/CertificateCandidate.swift:8:8: error: no such module 'Security'
6 | //
7 |
8 | import Security
| `- error: no such module 'Security'
9 |
10 | struct CertificateCandidate {
[56/57] Compiling PinGuard PinGuardSession.swift
/host/spi-builder-workspace/Sources/PinGuard/Certificate/CertificateCandidate.swift:8:8: error: no such module 'Security'
6 | //
7 |
8 | import Security
| `- error: no such module 'Security'
9 |
10 | struct CertificateCandidate {
[57/57] Compiling PinGuard PinGuardURLSessionDelegate.swift
/host/spi-builder-workspace/Sources/PinGuard/Certificate/CertificateCandidate.swift:8:8: error: no such module 'Security'
6 | //
7 |
8 | import Security
| `- error: no such module 'Security'
9 |
10 | struct CertificateCandidate {
BUILD FAILURE 6.3 wasm