The Swift Package Index logo.Swift Package Index

Build Information

Failed to build A11yUITests, reference 1.1.0 (4d553c), with Swift 6.4 for watchOS using Xcode 27.0 on 19 Sep 2026 00:47:21 UTC.

Build Command

env DEVELOPER_DIR=/Applications/Xcode-27.0.0-Release.Candidate.app xcrun xcodebuild -IDEClonedSourcePackagesDirPathOverride=$PWD/.dependencies -skipMacroValidation -skipPackagePluginValidation -derivedDataPath $PWD/.derivedData build -scheme A11yUITests -destination generic/platform=watchOS

Build Log

========================================
RunAll
========================================
Builder version: 5.1.0
Interrupt handler set up.
========================================
Checkout
========================================
Clone URL: https://github.com/rwapp/A11yUITests.git
Reference: 1.1.0
Initialized empty Git repository in /Users/admin/builder/spi-builder-workspace/.git/
From https://github.com/rwapp/A11yUITests
 * tag               1.1.0      -> FETCH_HEAD
HEAD is now at 4d553c0 emphasis
Cloned https://github.com/rwapp/A11yUITests.git
Revision (git rev-parse @):
4d553c0120ea2810b90dd08f251019ef7408030d
SUCCESS checkout https://github.com/rwapp/A11yUITests.git at 1.1.0
========================================
Build
========================================
Selected platform:         watchOS
Swift version:             6.4
Building package at path:  $PWD
https://github.com/rwapp/A11yUITests.git
Command line invocation:
    /Applications/Xcode-27.0.0-Release.Candidate.app/Contents/Developer/usr/bin/xcodebuild -IDEClonedSourcePackagesDirPathOverride=/Users/admin/builder/spi-builder-workspace/.dependencies -resolvePackageDependencies
resolved source packages:
{
  "dependencies" : [
  ],
  "manifest_display_name" : "A11yUITests",
  "name" : "A11yUITests",
  "path" : "/Users/admin/builder/spi-builder-workspace",
  "platforms" : [
    {
      "name" : "ios",
      "version" : "11.0"
    }
  ],
  "products" : [
    {
      "name" : "A11yUITests",
      "targets" : [
        "A11yUITests"
      ],
      "type" : {
        "library" : [
          "automatic"
        ]
      }
    }
  ],
  "swift_languages_versions" : [
    "5"
  ],
  "targets" : [
    {
      "c99name" : "A11yUITests",
      "module_type" : "SwiftTarget",
      "name" : "A11yUITests",
      "path" : "Sources/A11yUITests",
      "product_memberships" : [
        "A11yUITests"
      ],
      "sources" : [
        "Elements/A11yElement.swift",
        "Elements/XCUIElement.ElementType+Name.swift",
        "Extensions/CGFloat+Extensions.swift",
        "Extensions/NSObject+Extensions.swift",
        "Extensions/String+Extensions.swift",
        "Extensions/UIAccessibilityTraits+Extensions.swift",
        "Extensions/XCTest+extensions.swift",
        "Extensions/XCUIElementSnapshot+Extensions.swift",
        "Helpers/Failure.swift",
        "Tests/A11yAssertions.swift",
        "Tests/A11ySnapshot.swift",
        "Tests/A11yTests.swift",
        "Tests/TestRunner.swift",
        "Tests/Values.swift",
        "Tests/XCTestCase+A11y.swift"
      ],
      "type" : "library"
    }
  ],
  "tools_version" : "5.3"
}
{
  "project" : {
    "configurations" : [
      "Debug",
      "Release"
    ],
    "name" : "Pods",
    "schemes" : [
      "A11yUITests",
      "Pods-A11yUITests_Example",
      "Pods-A11yUITests_ExampleUITests"
    ],
    "targets" : [
      "A11yUITests",
      "Pods-A11yUITests_Example",
      "Pods-A11yUITests_ExampleUITests"
    ]
  }
}
{
  "workspace" : {
    "name" : "A11yUITests",
    "schemes" : [
      "A11yUITests"
    ]
  }
}
2026-09-18 20:47:07.411 xcodebuild[616:3863] [MT] IDERunDestination: Supported platforms for the buildables in the current scheme is empty.
Running build ...
env DEVELOPER_DIR=/Applications/Xcode-27.0.0-Release.Candidate.app xcrun xcodebuild -IDEClonedSourcePackagesDirPathOverride=$PWD/.dependencies -skipMacroValidation -skipPackagePluginValidation -derivedDataPath $PWD/.derivedData build -scheme A11yUITests -destination generic/platform=watchOS
Command line invocation:
    /Applications/Xcode-27.0.0-Release.Candidate.app/Contents/Developer/usr/bin/xcodebuild -IDEClonedSourcePackagesDirPathOverride=/Users/admin/builder/spi-builder-workspace/.dependencies -skipMacroValidation -skipPackagePluginValidation -derivedDataPath /Users/admin/builder/spi-builder-workspace/.derivedData build -scheme A11yUITests -destination generic/platform=watchOS
Resolve Package Graph
Resolved source packages:
  A11yUITests: /Users/admin/builder/spi-builder-workspace
ComputePackagePrebuildTargetDependencyGraph
Prepare packages
CreateBuildRequest
SendProjectDescription
CreateBuildOperation
ComputeTargetDependencyGraph
note: Building targets in dependency order
note: Target dependency graph (2 targets)
    Target 'A11yUITests-product' in project 'A11yUITests'
        ➜ Explicit dependency on target 'A11yUITests' in project 'A11yUITests'
    Target 'A11yUITests' in project 'A11yUITests' (no dependencies)
GatherProvisioningInputs
CreateBuildDescription
ExecuteExternalTool /Applications/Xcode-27.0.0-Release.Candidate.app/Contents/Developer/Toolchains/XcodeDefault.xctoolchain/usr/bin/clang -v -E -dM -isysroot /Applications/Xcode-27.0.0-Release.Candidate.app/Contents/Developer/Platforms/WatchOS.platform/Developer/SDKs/WatchOS27.0.sdk -x c -c /dev/null
ExecuteExternalTool /Applications/Xcode-27.0.0-Release.Candidate.app/Contents/Developer/Toolchains/XcodeDefault.xctoolchain/usr/bin/swiftc --version
ExecuteExternalTool /Applications/Xcode-27.0.0-Release.Candidate.app/Contents/Developer/Toolchains/XcodeDefault.xctoolchain/usr/bin/ld -version_details
Build description signature: 148a7f68b1c3b99c83bdeaef73ba1971
Build description path: /Users/admin/builder/spi-builder-workspace/.derivedData/Build/Intermediates.noindex/XCBuildData/148a7f68b1c3b99c83bdeaef73ba1971.xcbuilddata
CreateBuildDirectory /Users/admin/builder/spi-builder-workspace/.derivedData/SDKExplicitPrecompiledModules
    cd /Users/admin/builder/spi-builder-workspace/.swiftpm/xcode
    builtin-create-build-directory /Users/admin/builder/spi-builder-workspace/.derivedData/SDKExplicitPrecompiledModules
CreateBuildDirectory /Users/admin/builder/spi-builder-workspace/.derivedData/ModuleCache.noindex
    cd /Users/admin/builder/spi-builder-workspace/.swiftpm/xcode
    builtin-create-build-directory /Users/admin/builder/spi-builder-workspace/.derivedData/ModuleCache.noindex
CreateBuildDirectory /Users/admin/builder/spi-builder-workspace/.derivedData/CompilationCache.noindex
    cd /Users/admin/builder/spi-builder-workspace/.swiftpm/xcode
    builtin-create-build-directory /Users/admin/builder/spi-builder-workspace/.derivedData/CompilationCache.noindex
CreateBuildDirectory /Users/admin/builder/spi-builder-workspace/.derivedData/Build/Products
    cd /Users/admin/builder/spi-builder-workspace/.swiftpm/xcode
    builtin-create-build-directory /Users/admin/builder/spi-builder-workspace/.derivedData/Build/Products
CreateBuildDirectory /Users/admin/builder/spi-builder-workspace/.derivedData/Build/Intermediates.noindex
    cd /Users/admin/builder/spi-builder-workspace/.swiftpm/xcode
    builtin-create-build-directory /Users/admin/builder/spi-builder-workspace/.derivedData/Build/Intermediates.noindex
ClangStatCache /Applications/Xcode-27.0.0-Release.Candidate.app/Contents/Developer/Toolchains/XcodeDefault.xctoolchain/usr/bin/clang-stat-cache /Applications/Xcode-27.0.0-Release.Candidate.app/Contents/Developer/Platforms/WatchOS.platform/Developer/SDKs/WatchOS27.0.sdk /Users/admin/builder/spi-builder-workspace/.derivedData/SDKStatCaches.noindex/watchos27.0-24R360-e829b21a6f8c9b70876ba0858053c04477534ef55a1706bf4c1112bbb242f0a2.sdkstatcache
    cd /Users/admin/builder/spi-builder-workspace/.swiftpm/xcode
    /Applications/Xcode-27.0.0-Release.Candidate.app/Contents/Developer/Toolchains/XcodeDefault.xctoolchain/usr/bin/clang-stat-cache /Applications/Xcode-27.0.0-Release.Candidate.app/Contents/Developer/Platforms/WatchOS.platform/Developer/SDKs/WatchOS27.0.sdk -o /Users/admin/builder/spi-builder-workspace/.derivedData/SDKStatCaches.noindex/watchos27.0-24R360-e829b21a6f8c9b70876ba0858053c04477534ef55a1706bf4c1112bbb242f0a2.sdkstatcache
CreateBuildDirectory /Users/admin/builder/spi-builder-workspace/.derivedData/Build/Products/Debug-watchos
    cd /Users/admin/builder/spi-builder-workspace/.swiftpm/xcode
    builtin-create-build-directory /Users/admin/builder/spi-builder-workspace/.derivedData/Build/Products/Debug-watchos
CreateBuildDirectory /Users/admin/builder/spi-builder-workspace/.derivedData/Build/Intermediates.noindex/SwiftExplicitPrecompiledModules
    cd /Users/admin/builder/spi-builder-workspace/.swiftpm/xcode
    builtin-create-build-directory /Users/admin/builder/spi-builder-workspace/.derivedData/Build/Intermediates.noindex/SwiftExplicitPrecompiledModules
CreateBuildDirectory /Users/admin/builder/spi-builder-workspace/.derivedData/Build/Intermediates.noindex/PrecompiledHeaders
    cd /Users/admin/builder/spi-builder-workspace/.swiftpm/xcode
    builtin-create-build-directory /Users/admin/builder/spi-builder-workspace/.derivedData/Build/Intermediates.noindex/PrecompiledHeaders
CreateBuildDirectory /Users/admin/builder/spi-builder-workspace/.derivedData/Build/Intermediates.noindex/ExplicitPrecompiledModules
    cd /Users/admin/builder/spi-builder-workspace/.swiftpm/xcode
    builtin-create-build-directory /Users/admin/builder/spi-builder-workspace/.derivedData/Build/Intermediates.noindex/ExplicitPrecompiledModules
CreateBuildDirectory /Users/admin/builder/spi-builder-workspace/.derivedData/Build/Intermediates.noindex/EagerLinkingTBDs/Debug-watchos
    cd /Users/admin/builder/spi-builder-workspace/.swiftpm/xcode
    builtin-create-build-directory /Users/admin/builder/spi-builder-workspace/.derivedData/Build/Intermediates.noindex/EagerLinkingTBDs/Debug-watchos
CreateBuildDirectory /Users/admin/builder/spi-builder-workspace/.derivedData/Build/Products/Debug-watchos/PackageFrameworks
    cd /Users/admin/builder/spi-builder-workspace/.swiftpm/xcode
    builtin-create-build-directory /Users/admin/builder/spi-builder-workspace/.derivedData/Build/Products/Debug-watchos/PackageFrameworks
WriteAuxiliaryFile /Users/admin/builder/spi-builder-workspace/.derivedData/Build/Intermediates.noindex/A11yUITests.build/Debug-watchos/A11yUITests-t.build/Objects-normal/arm64_32/A11yUITests.SwiftFileList (in target 'A11yUITests' from project 'A11yUITests')
    cd /Users/admin/builder/spi-builder-workspace
    write-file /Users/admin/builder/spi-builder-workspace/.derivedData/Build/Intermediates.noindex/A11yUITests.build/Debug-watchos/A11yUITests-t.build/Objects-normal/arm64_32/A11yUITests.SwiftFileList
WriteAuxiliaryFile /Users/admin/builder/spi-builder-workspace/.derivedData/Build/Intermediates.noindex/A11yUITests.build/Debug-watchos/A11yUITests-t.build/Objects-normal/arm64/A11yUITests.SwiftFileList (in target 'A11yUITests' from project 'A11yUITests')
    cd /Users/admin/builder/spi-builder-workspace
    write-file /Users/admin/builder/spi-builder-workspace/.derivedData/Build/Intermediates.noindex/A11yUITests.build/Debug-watchos/A11yUITests-t.build/Objects-normal/arm64/A11yUITests.SwiftFileList
WriteAuxiliaryFile /Users/admin/builder/spi-builder-workspace/.derivedData/Build/Intermediates.noindex/A11yUITests.build/Debug-watchos/A11yUITests-t.build/Objects-normal/arm64/A11yUITests.SwiftConstValuesFileList (in target 'A11yUITests' from project 'A11yUITests')
    cd /Users/admin/builder/spi-builder-workspace
    write-file /Users/admin/builder/spi-builder-workspace/.derivedData/Build/Intermediates.noindex/A11yUITests.build/Debug-watchos/A11yUITests-t.build/Objects-normal/arm64/A11yUITests.SwiftConstValuesFileList
WriteAuxiliaryFile /Users/admin/builder/spi-builder-workspace/.derivedData/Build/Intermediates.noindex/A11yUITests.build/Debug-watchos/A11yUITests-t.build/Objects-normal/arm64/A11yUITests_const_extract_protocols.json (in target 'A11yUITests' from project 'A11yUITests')
    cd /Users/admin/builder/spi-builder-workspace
    write-file /Users/admin/builder/spi-builder-workspace/.derivedData/Build/Intermediates.noindex/A11yUITests.build/Debug-watchos/A11yUITests-t.build/Objects-normal/arm64/A11yUITests_const_extract_protocols.json
WriteAuxiliaryFile /Users/admin/builder/spi-builder-workspace/.derivedData/Build/Intermediates.noindex/A11yUITests.build/Debug-watchos/A11yUITests-t.build/Objects-normal/arm64_32/A11yUITests-OutputFileMap.json (in target 'A11yUITests' from project 'A11yUITests')
    cd /Users/admin/builder/spi-builder-workspace
    write-file /Users/admin/builder/spi-builder-workspace/.derivedData/Build/Intermediates.noindex/A11yUITests.build/Debug-watchos/A11yUITests-t.build/Objects-normal/arm64_32/A11yUITests-OutputFileMap.json
WriteAuxiliaryFile /Users/admin/builder/spi-builder-workspace/.derivedData/Build/Intermediates.noindex/A11yUITests.build/Debug-watchos/A11yUITests-t.build/Objects-normal/arm64/A11yUITests.LinkFileList (in target 'A11yUITests' from project 'A11yUITests')
    cd /Users/admin/builder/spi-builder-workspace
    write-file /Users/admin/builder/spi-builder-workspace/.derivedData/Build/Intermediates.noindex/A11yUITests.build/Debug-watchos/A11yUITests-t.build/Objects-normal/arm64/A11yUITests.LinkFileList
WriteAuxiliaryFile /Users/admin/builder/spi-builder-workspace/.derivedData/Build/Intermediates.noindex/A11yUITests.build/Debug-watchos/A11yUITests-t.build/Objects-normal/arm64_32/A11yUITests.SwiftConstValuesFileList (in target 'A11yUITests' from project 'A11yUITests')
    cd /Users/admin/builder/spi-builder-workspace
    write-file /Users/admin/builder/spi-builder-workspace/.derivedData/Build/Intermediates.noindex/A11yUITests.build/Debug-watchos/A11yUITests-t.build/Objects-normal/arm64_32/A11yUITests.SwiftConstValuesFileList
WriteAuxiliaryFile /Users/admin/builder/spi-builder-workspace/.derivedData/Build/Intermediates.noindex/A11yUITests.build/Debug-watchos/A11yUITests-t.build/Objects-normal/arm64_32/A11yUITests.LinkFileList (in target 'A11yUITests' from project 'A11yUITests')
    cd /Users/admin/builder/spi-builder-workspace
    write-file /Users/admin/builder/spi-builder-workspace/.derivedData/Build/Intermediates.noindex/A11yUITests.build/Debug-watchos/A11yUITests-t.build/Objects-normal/arm64_32/A11yUITests.LinkFileList
WriteAuxiliaryFile /Users/admin/builder/spi-builder-workspace/.derivedData/Build/Intermediates.noindex/A11yUITests.build/Debug-watchos/A11yUITests-t.build/Objects-normal/arm64_32/A11yUITests_const_extract_protocols.json (in target 'A11yUITests' from project 'A11yUITests')
    cd /Users/admin/builder/spi-builder-workspace
    write-file /Users/admin/builder/spi-builder-workspace/.derivedData/Build/Intermediates.noindex/A11yUITests.build/Debug-watchos/A11yUITests-t.build/Objects-normal/arm64_32/A11yUITests_const_extract_protocols.json
WriteAuxiliaryFile /Users/admin/builder/spi-builder-workspace/.derivedData/Build/Intermediates.noindex/A11yUITests.build/Debug-watchos/A11yUITests-t.build/A11yUITests.modulemap (in target 'A11yUITests' from project 'A11yUITests')
    cd /Users/admin/builder/spi-builder-workspace
    write-file /Users/admin/builder/spi-builder-workspace/.derivedData/Build/Intermediates.noindex/A11yUITests.build/Debug-watchos/A11yUITests-t.build/A11yUITests.modulemap
WriteAuxiliaryFile /Users/admin/builder/spi-builder-workspace/.derivedData/Build/Intermediates.noindex/A11yUITests.build/Debug-watchos/A11yUITests-t.build/Objects-normal/arm64/A11yUITests-OutputFileMap.json (in target 'A11yUITests' from project 'A11yUITests')
    cd /Users/admin/builder/spi-builder-workspace
    write-file /Users/admin/builder/spi-builder-workspace/.derivedData/Build/Intermediates.noindex/A11yUITests.build/Debug-watchos/A11yUITests-t.build/Objects-normal/arm64/A11yUITests-OutputFileMap.json
WriteAuxiliaryFile /Users/admin/builder/spi-builder-workspace/.derivedData/Build/Intermediates.noindex/A11yUITests.build/Debug-watchos/A11yUITests-t.build/A11yUITests.DependencyStaticMetadataFileList (in target 'A11yUITests' from project 'A11yUITests')
    cd /Users/admin/builder/spi-builder-workspace
    write-file /Users/admin/builder/spi-builder-workspace/.derivedData/Build/Intermediates.noindex/A11yUITests.build/Debug-watchos/A11yUITests-t.build/A11yUITests.DependencyStaticMetadataFileList
WriteAuxiliaryFile /Users/admin/builder/spi-builder-workspace/.derivedData/Build/Intermediates.noindex/A11yUITests.build/Debug-watchos/A11yUITests-t.build/A11yUITests.DependencyMetadataFileList (in target 'A11yUITests' from project 'A11yUITests')
    cd /Users/admin/builder/spi-builder-workspace
    write-file /Users/admin/builder/spi-builder-workspace/.derivedData/Build/Intermediates.noindex/A11yUITests.build/Debug-watchos/A11yUITests-t.build/A11yUITests.DependencyMetadataFileList
Copy /Users/admin/builder/spi-builder-workspace/.derivedData/Build/Intermediates.noindex/GeneratedModuleMaps-watchos/A11yUITests.modulemap /Users/admin/builder/spi-builder-workspace/.derivedData/Build/Intermediates.noindex/A11yUITests.build/Debug-watchos/A11yUITests-t.build/A11yUITests.modulemap (in target 'A11yUITests' from project 'A11yUITests')
    cd /Users/admin/builder/spi-builder-workspace
    builtin-copy -exclude .DS_Store -exclude CVS -exclude .svn -exclude .git -exclude .hg -resolve-src-symlinks /Users/admin/builder/spi-builder-workspace/.derivedData/Build/Intermediates.noindex/A11yUITests.build/Debug-watchos/A11yUITests-t.build/A11yUITests.modulemap /Users/admin/builder/spi-builder-workspace/.derivedData/Build/Intermediates.noindex/GeneratedModuleMaps-watchos
SwiftDriver A11yUITests normal arm64_32 com.apple.xcode.tools.swift.compiler (in target 'A11yUITests' from project 'A11yUITests')
    cd /Users/admin/builder/spi-builder-workspace/.swiftpm/xcode
    builtin-SwiftDriver -- /Applications/Xcode-27.0.0-Release.Candidate.app/Contents/Developer/Toolchains/XcodeDefault.xctoolchain/usr/bin/swiftc -parse-as-library -module-name A11yUITests -Onone @/Users/admin/builder/spi-builder-workspace/.derivedData/Build/Intermediates.noindex/A11yUITests.build/Debug-watchos/A11yUITests-t.build/Objects-normal/arm64_32/A11yUITests.SwiftFileList -DSWIFT_PACKAGE -DDEBUG -DSWIFT_MODULE_RESOURCE_BUNDLE_UNAVAILABLE -DXcode -plugin-path /Applications/Xcode-27.0.0-Release.Candidate.app/Contents/Developer/Toolchains/XcodeDefault.xctoolchain/usr/lib/swift/host/plugins/testing -enable-experimental-feature DebugDescriptionMacro -sdk /Applications/Xcode-27.0.0-Release.Candidate.app/Contents/Developer/Platforms/WatchOS.platform/Developer/SDKs/WatchOS27.0.sdk -target arm64_32-apple-watchos9.0 -g -module-cache-path /Users/admin/builder/spi-builder-workspace/.derivedData/ModuleCache.noindex -Xfrontend -serialize-debugging-options -enable-testing -index-store-path /Users/admin/builder/spi-builder-workspace/.derivedData/Index.noindex/DataStore -Xcc -D_LIBCPP_HARDENING_MODE\=_LIBCPP_HARDENING_MODE_DEBUG -swift-version 5 -I /Users/admin/builder/spi-builder-workspace/.derivedData/Build/Products/Debug-watchos -Isystem /Applications/Xcode-27.0.0-Release.Candidate.app/Contents/Developer/Platforms/WatchOS.platform/Developer/usr/lib -F /Users/admin/builder/spi-builder-workspace/.derivedData/Build/Products/Debug-watchos -F /Applications/Xcode-27.0.0-Release.Candidate.app/Contents/Developer/Platforms/WatchOS.platform/Developer/Library/Frameworks -F /Applications/Xcode-27.0.0-Release.Candidate.app/Contents/Developer/Platforms/WatchOS.platform/Developer/SDKs/WatchOS27.0.sdk/Developer/Library/Frameworks -c -j10 -enable-batch-mode -incremental -Xcc -ivfsstatcache -Xcc /Users/admin/builder/spi-builder-workspace/.derivedData/SDKStatCaches.noindex/watchos27.0-24R360-e829b21a6f8c9b70876ba0858053c04477534ef55a1706bf4c1112bbb242f0a2.sdkstatcache -output-file-map /Users/admin/builder/spi-builder-workspace/.derivedData/Build/Intermediates.noindex/A11yUITests.build/Debug-watchos/A11yUITests-t.build/Objects-normal/arm64_32/A11yUITests-OutputFileMap.json -save-temps -no-color-diagnostics -explicit-module-build -module-cache-path /Users/admin/builder/spi-builder-workspace/.derivedData/Build/Intermediates.noindex/SwiftExplicitPrecompiledModules -clang-scanner-module-cache-path /Users/admin/builder/spi-builder-workspace/.derivedData/ModuleCache.noindex -sdk-module-cache-path /Users/admin/builder/spi-builder-workspace/.derivedData/SDKExplicitPrecompiledModules -emit-dependencies -emit-module -emit-module-path /Users/admin/builder/spi-builder-workspace/.derivedData/Build/Intermediates.noindex/A11yUITests.build/Debug-watchos/A11yUITests-t.build/Objects-normal/arm64_32/A11yUITests.swiftmodule -serialize-diagnostics -dependency-scan-serialize-diagnostics-path /Users/admin/builder/spi-builder-workspace/.derivedData/Build/Intermediates.noindex/A11yUITests.build/Debug-watchos/A11yUITests-t.build/Objects-normal/arm64_32/A11yUITests-dependency-scan.dia -validate-clang-modules-once -clang-build-session-file /Users/admin/builder/spi-builder-workspace/.derivedData/ModuleCache.noindex/Session.modulevalidation -Xcc -fmodules-prune-interval\=86400 -Xcc -fmodules-prune-after\=345600 -emit-const-values -const-gather-protocols-list /Users/admin/builder/spi-builder-workspace/.derivedData/Build/Intermediates.noindex/A11yUITests.build/Debug-watchos/A11yUITests-t.build/Objects-normal/arm64_32/A11yUITests_const_extract_protocols.json -Xcc -I/Users/admin/builder/spi-builder-workspace/.derivedData/Build/Products/Debug-watchos/include -Xcc -I/Users/admin/builder/spi-builder-workspace/.derivedData/Build/Intermediates.noindex/A11yUITests.build/Debug-watchos/A11yUITests-t.build/DerivedSources-normal/arm64_32 -Xcc -I/Users/admin/builder/spi-builder-workspace/.derivedData/Build/Intermediates.noindex/A11yUITests.build/Debug-watchos/A11yUITests-t.build/DerivedSources/arm64_32 -Xcc -I/Users/admin/builder/spi-builder-workspace/.derivedData/Build/Intermediates.noindex/A11yUITests.build/Debug-watchos/A11yUITests-t.build/DerivedSources -Xcc -DSWIFT_PACKAGE -Xcc -DDEBUG\=1 -emit-objc-header -emit-objc-header-path /Users/admin/builder/spi-builder-workspace/.derivedData/Build/Intermediates.noindex/A11yUITests.build/Debug-watchos/A11yUITests-t.build/Objects-normal/arm64_32/A11yUITests-Swift.h -working-directory /Users/admin/builder/spi-builder-workspace/.swiftpm/xcode -experimental-emit-module-separately -disable-cmo
SwiftDriver A11yUITests normal arm64 com.apple.xcode.tools.swift.compiler (in target 'A11yUITests' from project 'A11yUITests')
    cd /Users/admin/builder/spi-builder-workspace/.swiftpm/xcode
    builtin-SwiftDriver -- /Applications/Xcode-27.0.0-Release.Candidate.app/Contents/Developer/Toolchains/XcodeDefault.xctoolchain/usr/bin/swiftc -parse-as-library -module-name A11yUITests -Onone @/Users/admin/builder/spi-builder-workspace/.derivedData/Build/Intermediates.noindex/A11yUITests.build/Debug-watchos/A11yUITests-t.build/Objects-normal/arm64/A11yUITests.SwiftFileList -DSWIFT_PACKAGE -DDEBUG -DSWIFT_MODULE_RESOURCE_BUNDLE_UNAVAILABLE -DXcode -plugin-path /Applications/Xcode-27.0.0-Release.Candidate.app/Contents/Developer/Toolchains/XcodeDefault.xctoolchain/usr/lib/swift/host/plugins/testing -enable-experimental-feature DebugDescriptionMacro -sdk /Applications/Xcode-27.0.0-Release.Candidate.app/Contents/Developer/Platforms/WatchOS.platform/Developer/SDKs/WatchOS27.0.sdk -target arm64-apple-watchos9.0 -g -module-cache-path /Users/admin/builder/spi-builder-workspace/.derivedData/ModuleCache.noindex -Xfrontend -serialize-debugging-options -enable-testing -index-store-path /Users/admin/builder/spi-builder-workspace/.derivedData/Index.noindex/DataStore -Xcc -D_LIBCPP_HARDENING_MODE\=_LIBCPP_HARDENING_MODE_DEBUG -swift-version 5 -I /Users/admin/builder/spi-builder-workspace/.derivedData/Build/Products/Debug-watchos -Isystem /Applications/Xcode-27.0.0-Release.Candidate.app/Contents/Developer/Platforms/WatchOS.platform/Developer/usr/lib -F /Users/admin/builder/spi-builder-workspace/.derivedData/Build/Products/Debug-watchos -F /Applications/Xcode-27.0.0-Release.Candidate.app/Contents/Developer/Platforms/WatchOS.platform/Developer/Library/Frameworks -F /Applications/Xcode-27.0.0-Release.Candidate.app/Contents/Developer/Platforms/WatchOS.platform/Developer/SDKs/WatchOS27.0.sdk/Developer/Library/Frameworks -c -j10 -enable-batch-mode -incremental -Xcc -ivfsstatcache -Xcc /Users/admin/builder/spi-builder-workspace/.derivedData/SDKStatCaches.noindex/watchos27.0-24R360-e829b21a6f8c9b70876ba0858053c04477534ef55a1706bf4c1112bbb242f0a2.sdkstatcache -output-file-map /Users/admin/builder/spi-builder-workspace/.derivedData/Build/Intermediates.noindex/A11yUITests.build/Debug-watchos/A11yUITests-t.build/Objects-normal/arm64/A11yUITests-OutputFileMap.json -save-temps -no-color-diagnostics -explicit-module-build -module-cache-path /Users/admin/builder/spi-builder-workspace/.derivedData/Build/Intermediates.noindex/SwiftExplicitPrecompiledModules -clang-scanner-module-cache-path /Users/admin/builder/spi-builder-workspace/.derivedData/ModuleCache.noindex -sdk-module-cache-path /Users/admin/builder/spi-builder-workspace/.derivedData/SDKExplicitPrecompiledModules -emit-dependencies -emit-module -emit-module-path /Users/admin/builder/spi-builder-workspace/.derivedData/Build/Intermediates.noindex/A11yUITests.build/Debug-watchos/A11yUITests-t.build/Objects-normal/arm64/A11yUITests.swiftmodule -serialize-diagnostics -dependency-scan-serialize-diagnostics-path /Users/admin/builder/spi-builder-workspace/.derivedData/Build/Intermediates.noindex/A11yUITests.build/Debug-watchos/A11yUITests-t.build/Objects-normal/arm64/A11yUITests-dependency-scan.dia -validate-clang-modules-once -clang-build-session-file /Users/admin/builder/spi-builder-workspace/.derivedData/ModuleCache.noindex/Session.modulevalidation -Xcc -fmodules-prune-interval\=86400 -Xcc -fmodules-prune-after\=345600 -emit-const-values -const-gather-protocols-list /Users/admin/builder/spi-builder-workspace/.derivedData/Build/Intermediates.noindex/A11yUITests.build/Debug-watchos/A11yUITests-t.build/Objects-normal/arm64/A11yUITests_const_extract_protocols.json -Xcc -I/Users/admin/builder/spi-builder-workspace/.derivedData/Build/Products/Debug-watchos/include -Xcc -I/Users/admin/builder/spi-builder-workspace/.derivedData/Build/Intermediates.noindex/A11yUITests.build/Debug-watchos/A11yUITests-t.build/DerivedSources-normal/arm64 -Xcc -I/Users/admin/builder/spi-builder-workspace/.derivedData/Build/Intermediates.noindex/A11yUITests.build/Debug-watchos/A11yUITests-t.build/DerivedSources/arm64 -Xcc -I/Users/admin/builder/spi-builder-workspace/.derivedData/Build/Intermediates.noindex/A11yUITests.build/Debug-watchos/A11yUITests-t.build/DerivedSources -Xcc -DSWIFT_PACKAGE -Xcc -DDEBUG\=1 -emit-objc-header -emit-objc-header-path /Users/admin/builder/spi-builder-workspace/.derivedData/Build/Intermediates.noindex/A11yUITests.build/Debug-watchos/A11yUITests-t.build/Objects-normal/arm64/A11yUITests-Swift.h -working-directory /Users/admin/builder/spi-builder-workspace/.swiftpm/xcode -experimental-emit-module-separately -disable-cmo
SwiftExplicitDependencyGeneratePcm arm64_32 /Users/admin/builder/spi-builder-workspace/.derivedData/SDKExplicitPrecompiledModules/_Builtin_stdarg-D305JG44A2WPI6CJY37X3QJE8.pcm
SwiftExplicitDependencyGeneratePcm arm64_32 /Users/admin/builder/spi-builder-workspace/.derivedData/SDKExplicitPrecompiledModules/DeveloperToolsSupport-DZU5G1OCMNWU0AQRULIFHUJ1Z.pcm
SwiftExplicitDependencyGeneratePcm arm64_32 /Users/admin/builder/spi-builder-workspace/.derivedData/SDKExplicitPrecompiledModules/_Builtin_stdbool-A967K8W8YUYEC9SN52KJ7OO88.pcm
SwiftExplicitDependencyGeneratePcm arm64_32 /Users/admin/builder/spi-builder-workspace/.derivedData/SDKExplicitPrecompiledModules/_SwiftConcurrencyShims-6RTBPQ03V7BM9SPRK8SUE055H.pcm
SwiftExplicitDependencyGeneratePcm arm64 /Users/admin/builder/spi-builder-workspace/.derivedData/SDKExplicitPrecompiledModules/_Builtin_stdarg-A7UU8LE6MP85SM26YO7PBZNUQ.pcm
SwiftExplicitDependencyGeneratePcm arm64_32 /Users/admin/builder/spi-builder-workspace/.derivedData/SDKExplicitPrecompiledModules/ptrcheck-7ELIH9BTIGVKX3UBITM9N72WD.pcm
SwiftExplicitDependencyGeneratePcm arm64_32 /Users/admin/builder/spi-builder-workspace/.derivedData/SDKExplicitPrecompiledModules/_Builtin_stddef-H44EFHQX6XSS5MZ7QP6YJZ76.pcm
SwiftExplicitDependencyGeneratePcm arm64 /Users/admin/builder/spi-builder-workspace/.derivedData/SDKExplicitPrecompiledModules/_Builtin_float-C0CW5Q4HGBQYKE77TC42IAFB5.pcm
SwiftExplicitDependencyGeneratePcm arm64_32 /Users/admin/builder/spi-builder-workspace/.derivedData/SDKExplicitPrecompiledModules/_AvailabilityInternal-244WAN3Z1QBT7PIA64EZEFY1R.pcm
SwiftExplicitDependencyGeneratePcm arm64 /Users/admin/builder/spi-builder-workspace/.derivedData/SDKExplicitPrecompiledModules/_SwiftConcurrencyShims-659N52XSKR5F0QSB880BH2FJR.pcm
SwiftExplicitDependencyGeneratePcm arm64_32 /Users/admin/builder/spi-builder-workspace/.derivedData/SDKExplicitPrecompiledModules/_Builtin_float-6KO8O3PEWRCA4WC6PPLOYO6WJ.pcm
SwiftExplicitDependencyGeneratePcm arm64 /Users/admin/builder/spi-builder-workspace/.derivedData/SDKExplicitPrecompiledModules/ptrauth-3TZ9WJCGLYD25HQPWH4968ONX.pcm
SwiftExplicitDependencyGeneratePcm arm64 /Users/admin/builder/spi-builder-workspace/.derivedData/SDKExplicitPrecompiledModules/_Builtin_stdbool-83J96QSOFE9VX04AAS6310UAE.pcm
SwiftExplicitDependencyGeneratePcm arm64 /Users/admin/builder/spi-builder-workspace/.derivedData/SDKExplicitPrecompiledModules/_AvailabilityInternal-BUNV3UXM65NT37THI4W1AM0SF.pcm
SwiftExplicitDependencyGeneratePcm arm64 /Users/admin/builder/spi-builder-workspace/.derivedData/SDKExplicitPrecompiledModules/_Builtin_stddef-1FU30Y8SWFB7OUUHMJQH5J6FM.pcm
SwiftExplicitDependencyGeneratePcm arm64 /Users/admin/builder/spi-builder-workspace/.derivedData/SDKExplicitPrecompiledModules/SwiftShims-4MXFZPV6FEB0XBYXCGPWAMQGL.pcm
SwiftExplicitDependencyGeneratePcm arm64 /Users/admin/builder/spi-builder-workspace/.derivedData/SDKExplicitPrecompiledModules/ptrcheck-AIF0NDOYZ8ORBNHQAQR5NNB8M.pcm
SwiftExplicitDependencyGeneratePcm arm64_32 /Users/admin/builder/spi-builder-workspace/.derivedData/SDKExplicitPrecompiledModules/ptrauth-BFXF358ME5AK535N5A9Z766WU.pcm
SwiftExplicitDependencyGeneratePcm arm64 /Users/admin/builder/spi-builder-workspace/.derivedData/SDKExplicitPrecompiledModules/DeveloperToolsSupport-E7CNISCB36UE8XQ9IOHK9XDX1.pcm
SwiftExplicitDependencyGeneratePcm arm64_32 /Users/admin/builder/spi-builder-workspace/.derivedData/SDKExplicitPrecompiledModules/SwiftShims-9CQQGWTSNTN9EB5NSHDWUJICH.pcm
SwiftExplicitDependencyGeneratePcm arm64_32 /Users/admin/builder/spi-builder-workspace/.derivedData/SDKExplicitPrecompiledModules/_DarwinFoundation1-2GWF9RFMPLQW4PDHS3NARVI3G.pcm
SwiftExplicitDependencyGeneratePcm arm64 /Users/admin/builder/spi-builder-workspace/.derivedData/SDKExplicitPrecompiledModules/_DarwinFoundation1-7SPX3MD0HMP55E4OLNCPNDQ53.pcm
SwiftExplicitDependencyGeneratePcm arm64_32 /Users/admin/builder/spi-builder-workspace/.derivedData/SDKExplicitPrecompiledModules/_Builtin_limits-3VKBU2AFTD65PAJZ5CJ3LHFM2.pcm
SwiftExplicitDependencyGeneratePcm arm64_32 /Users/admin/builder/spi-builder-workspace/.derivedData/SDKExplicitPrecompiledModules/_DarwinFoundation2-9MY8GOSYRO0M9MKNXF6D3MBNK.pcm
SwiftExplicitDependencyGeneratePcm arm64 /Users/admin/builder/spi-builder-workspace/.derivedData/SDKExplicitPrecompiledModules/_DarwinFoundation2-D0XAPJU49S5E9XMKYOFGSTB1Q.pcm
SwiftExplicitDependencyGeneratePcm arm64 /Users/admin/builder/spi-builder-workspace/.derivedData/SDKExplicitPrecompiledModules/_Builtin_limits-9GWPA2B0H20DYUNYHYCWKABJG.pcm
SwiftExplicitDependencyGeneratePcm arm64_32 /Users/admin/builder/spi-builder-workspace/.derivedData/SDKExplicitPrecompiledModules/string_h-BFVLUQUSBZWYMLCU9QI7VZALW.pcm
SwiftExplicitDependencyGeneratePcm arm64_32 /Users/admin/builder/spi-builder-workspace/.derivedData/SDKExplicitPrecompiledModules/_Builtin_tgmath-23PGCKURCQILXMK0MYZRYDCOU.pcm
SwiftExplicitDependencyGeneratePcm arm64_32 /Users/admin/builder/spi-builder-workspace/.derivedData/SDKExplicitPrecompiledModules/_Builtin_stdint-1HMXWI3V0V4TXHRWZOMZGZ80Y.pcm
SwiftExplicitDependencyGeneratePcm arm64_32 /Users/admin/builder/spi-builder-workspace/.derivedData/SDKExplicitPrecompiledModules/sys_types-8TLLMW08ZJWDGIIPKOYFGHHZW.pcm
SwiftExplicitDependencyGeneratePcm arm64 /Users/admin/builder/spi-builder-workspace/.derivedData/SDKExplicitPrecompiledModules/_Builtin_tgmath-8NQ96OZ0YHXEC24JI95P01UF8.pcm
SwiftExplicitDependencyGeneratePcm arm64 /Users/admin/builder/spi-builder-workspace/.derivedData/SDKExplicitPrecompiledModules/sys_types-2KXQLI78OUCDP779AE68GZJ2.pcm
SwiftExplicitDependencyGeneratePcm arm64 /Users/admin/builder/spi-builder-workspace/.derivedData/SDKExplicitPrecompiledModules/_Builtin_stdint-8XMILLJZEGRN2XG7XZUXZ5RLX.pcm
SwiftExplicitDependencyGeneratePcm arm64 /Users/admin/builder/spi-builder-workspace/.derivedData/SDKExplicitPrecompiledModules/string_h-E6PRXK75PHIPCZFWOFCQ3QBMK.pcm
SwiftExplicitDependencyGeneratePcm arm64_32 /Users/admin/builder/spi-builder-workspace/.derivedData/SDKExplicitPrecompiledModules/_Builtin_stdatomic-1TY035TURL76BF2U98PZPPZRX.pcm
SwiftExplicitDependencyGeneratePcm arm64_32 /Users/admin/builder/spi-builder-workspace/.derivedData/SDKExplicitPrecompiledModules/_Builtin_intrinsics-196IIAKDQVU42DLOZP9OQCV76.pcm
SwiftExplicitDependencyGeneratePcm arm64_32 /Users/admin/builder/spi-builder-workspace/.derivedData/SDKExplicitPrecompiledModules/_DarwinFoundation3-3DUTYQDQSD9HUAAVY947NMWOI.pcm
SwiftExplicitDependencyGeneratePcm arm64 /Users/admin/builder/spi-builder-workspace/.derivedData/SDKExplicitPrecompiledModules/_Builtin_intrinsics-75960HIPCIYA06IUW8FIIPQT.pcm
SwiftExplicitDependencyGeneratePcm arm64 /Users/admin/builder/spi-builder-workspace/.derivedData/SDKExplicitPrecompiledModules/_Builtin_stdatomic-7JEFA3KBJJJN6TKJWY3OG1VG5.pcm
SwiftExplicitDependencyGeneratePcm arm64 /Users/admin/builder/spi-builder-workspace/.derivedData/SDKExplicitPrecompiledModules/_DarwinFoundation3-B97LRG0E9GON2NUE65TVG81HU.pcm
SwiftExplicitDependencyGeneratePcm arm64_32 /Users/admin/builder/spi-builder-workspace/.derivedData/SDKExplicitPrecompiledModules/_Builtin_inttypes-D2KPCR4PEX9AQA33NGLUT5SBR.pcm
SwiftExplicitDependencyGeneratePcm arm64 /Users/admin/builder/spi-builder-workspace/.derivedData/SDKExplicitPrecompiledModules/_Builtin_inttypes-3UQSCM7WNM9EK4HZML8TY5J3D.pcm
SwiftExplicitDependencyGeneratePcm arm64_32 /Users/admin/builder/spi-builder-workspace/.derivedData/SDKExplicitPrecompiledModules/Darwin-3FVT1SKLN2ZQ5RVOABMTQBB34.pcm
SwiftExplicitDependencyGeneratePcm arm64 /Users/admin/builder/spi-builder-workspace/.derivedData/SDKExplicitPrecompiledModules/Darwin-3984OXKFNSPE77NT743WK8SEX.pcm
SwiftExplicitDependencyGeneratePcm arm64_32 /Users/admin/builder/spi-builder-workspace/.derivedData/SDKExplicitPrecompiledModules/simd-21UNWYOBUZI1LVSQ99S1XBLMO.pcm
SwiftExplicitDependencyGeneratePcm arm64 /Users/admin/builder/spi-builder-workspace/.derivedData/SDKExplicitPrecompiledModules/simd-EH08NODU6574T74ZKU61VP9BW.pcm
SwiftExplicitDependencyGeneratePcm arm64_32 /Users/admin/builder/spi-builder-workspace/.derivedData/SDKExplicitPrecompiledModules/ObjectiveC-6IJNELR2E80E7LUKESVCP2KET.pcm
SwiftExplicitDependencyGeneratePcm arm64_32 /Users/admin/builder/spi-builder-workspace/.derivedData/SDKExplicitPrecompiledModules/MachO-56838ZJ0NC1EBAJ0O6O8QMPDX.pcm
SwiftExplicitDependencyGeneratePcm arm64 /Users/admin/builder/spi-builder-workspace/.derivedData/SDKExplicitPrecompiledModules/ObjectiveC-72IVD3VS2RS8Q28D9PIMY0KQP.pcm
SwiftExplicitDependencyGeneratePcm arm64 /Users/admin/builder/spi-builder-workspace/.derivedData/SDKExplicitPrecompiledModules/MachO-2U90NNSAQILBNBPS1SA4F8TYP.pcm
SwiftExplicitDependencyGeneratePcm arm64_32 /Users/admin/builder/spi-builder-workspace/.derivedData/SDKExplicitPrecompiledModules/os_object-5YWTC6L4756IWSTPGXS5NM0D0.pcm
SwiftExplicitDependencyGeneratePcm arm64 /Users/admin/builder/spi-builder-workspace/.derivedData/SDKExplicitPrecompiledModules/os_object-3SDKD7F87FTZ26OON37DRYT6O.pcm
SwiftExplicitDependencyGeneratePcm arm64_32 /Users/admin/builder/spi-builder-workspace/.derivedData/SDKExplicitPrecompiledModules/os_workgroup-5JHTPDMNBUNHLJI8LPHKQK1JK.pcm
SwiftExplicitDependencyGeneratePcm arm64 /Users/admin/builder/spi-builder-workspace/.derivedData/SDKExplicitPrecompiledModules/os_workgroup-89GG5G7YC2D0ZTK6AZXXQ20DH.pcm
SwiftExplicitDependencyGeneratePcm arm64_32 /Users/admin/builder/spi-builder-workspace/.derivedData/SDKExplicitPrecompiledModules/Spatial-CWVWNML3T0NXVHZDKVLD3X1YZ.pcm
SwiftExplicitDependencyGeneratePcm arm64_32 /Users/admin/builder/spi-builder-workspace/.derivedData/SDKExplicitPrecompiledModules/Dispatch-2P62F1T4XV63S4P99TUDTOK2Q.pcm
SwiftExplicitDependencyGeneratePcm arm64 /Users/admin/builder/spi-builder-workspace/.derivedData/SDKExplicitPrecompiledModules/Spatial-44FJGYXFAT2AQAW9Z6T7YS02U.pcm
SwiftExplicitDependencyGeneratePcm arm64 /Users/admin/builder/spi-builder-workspace/.derivedData/SDKExplicitPrecompiledModules/Dispatch-1NLJOVAK60XP0DUB05XA59EIM.pcm
SwiftExplicitDependencyGeneratePcm arm64_32 /Users/admin/builder/spi-builder-workspace/.derivedData/SDKExplicitPrecompiledModules/XPC-81Y45QFY96XYYFCW2GT6FY8S4.pcm
SwiftExplicitDependencyGeneratePcm arm64_32 /Users/admin/builder/spi-builder-workspace/.derivedData/SDKExplicitPrecompiledModules/CoreFoundation-8E6Y4BA3EXYKUGJ24GT9LGV3N.pcm
SwiftExplicitDependencyGeneratePcm arm64 /Users/admin/builder/spi-builder-workspace/.derivedData/SDKExplicitPrecompiledModules/XPC-40DR0X1DHKGCV4J1IOLFS8MOU.pcm
SwiftExplicitDependencyGeneratePcm arm64 /Users/admin/builder/spi-builder-workspace/.derivedData/SDKExplicitPrecompiledModules/CoreFoundation-8T2L24YC5NU7WO6WQJWRY7W08.pcm
SwiftExplicitDependencyGeneratePcm arm64_32 /Users/admin/builder/spi-builder-workspace/.derivedData/SDKExplicitPrecompiledModules/os-E5IGB442IA6SBB25TTCOLK2OC.pcm
SwiftExplicitDependencyGeneratePcm arm64 /Users/admin/builder/spi-builder-workspace/.derivedData/SDKExplicitPrecompiledModules/os-5DIL6Z9LFIGLMZAHM7X2T5435.pcm
SwiftExplicitDependencyGeneratePcm arm64_32 /Users/admin/builder/spi-builder-workspace/.derivedData/SDKExplicitPrecompiledModules/CoreGraphics-9FDXYX6BKBUT6TJ2VF819E7T5.pcm
SwiftExplicitDependencyGeneratePcm arm64_32 /Users/admin/builder/spi-builder-workspace/.derivedData/SDKExplicitPrecompiledModules/Security-D7TOWF88VWF67TB9HAFP5UWB1.pcm
SwiftExplicitDependencyGeneratePcm arm64 /Users/admin/builder/spi-builder-workspace/.derivedData/SDKExplicitPrecompiledModules/CoreGraphics-DWNZ73GEH98SBJXZ7DEXB420K.pcm
SwiftExplicitDependencyGeneratePcm arm64 /Users/admin/builder/spi-builder-workspace/.derivedData/SDKExplicitPrecompiledModules/Security-6RZ6YBRU8WCUHRFFRVUK5WKMM.pcm
SwiftExplicitDependencyGeneratePcm arm64_32 /Users/admin/builder/spi-builder-workspace/.derivedData/SDKExplicitPrecompiledModules/Foundation-BJ2VQGI3OGR34500MEQ1VKHPH.pcm
SwiftExplicitDependencyGeneratePcm arm64 /Users/admin/builder/spi-builder-workspace/.derivedData/SDKExplicitPrecompiledModules/Foundation-DLBKUSGXN8QHAT8W0OARR9S8A.pcm
SwiftExplicitDependencyGeneratePcm arm64_32 /Users/admin/builder/spi-builder-workspace/.derivedData/SDKExplicitPrecompiledModules/CoreText-C9X2REPZN2V5BSU4G80FCETDR.pcm
SwiftExplicitDependencyGeneratePcm arm64_32 /Users/admin/builder/spi-builder-workspace/.derivedData/SDKExplicitPrecompiledModules/CoreVideo-2P8HI0403J99LBDPKNFJ5D4DL.pcm
SwiftExplicitDependencyGeneratePcm arm64 /Users/admin/builder/spi-builder-workspace/.derivedData/SDKExplicitPrecompiledModules/CoreText-970YJN6NIYGK1316L35Z0O8QT.pcm
SwiftExplicitDependencyGeneratePcm arm64 /Users/admin/builder/spi-builder-workspace/.derivedData/SDKExplicitPrecompiledModules/CoreVideo-8MRR5MNWUOAW2DBPGUQ8FKK4.pcm
SwiftExplicitDependencyGeneratePcm arm64_32 /Users/admin/builder/spi-builder-workspace/.derivedData/SDKExplicitPrecompiledModules/UniformTypeIdentifiers-CJZ3NTHPSBH4XWX5EVOG56UZS.pcm
SwiftExplicitDependencyGeneratePcm arm64_32 /Users/admin/builder/spi-builder-workspace/.derivedData/SDKExplicitPrecompiledModules/CoreTransferable-5D4IR6X37682FPHJ5CBPTKQV6.pcm
SwiftExplicitDependencyGeneratePcm arm64_32 /Users/admin/builder/spi-builder-workspace/.derivedData/SDKExplicitPrecompiledModules/QuartzCore-6375NPYACK5NYVHPMC1QQ8MC2.pcm
SwiftExplicitDependencyGeneratePcm arm64_32 /Users/admin/builder/spi-builder-workspace/.derivedData/SDKExplicitPrecompiledModules/OSLog-D9AVFY0KWO7RVBIQ73CBIJVCN.pcm
SwiftExplicitDependencyGeneratePcm arm64_32 /Users/admin/builder/spi-builder-workspace/.derivedData/SDKExplicitPrecompiledModules/DataDetection-U9BF7WHFVA6BZGFXXXP272PS.pcm
SwiftExplicitDependencyGeneratePcm arm64_32 /Users/admin/builder/spi-builder-workspace/.derivedData/SDKExplicitPrecompiledModules/_LocationEssentials-AQ1OL9QKC3LQLY5CNSRM1HB53.pcm
SwiftExplicitDependencyGeneratePcm arm64_32 /Users/admin/builder/spi-builder-workspace/.derivedData/SDKExplicitPrecompiledModules/Symbols-1H97WMG76HU94F5VGJR19PXFY.pcm
SwiftExplicitDependencyGeneratePcm arm64_32 /Users/admin/builder/spi-builder-workspace/.derivedData/SDKExplicitPrecompiledModules/UserNotifications-6TBN8TEAKO014N1T2QD926XED.pcm
SwiftExplicitDependencyGeneratePcm arm64_32 /Users/admin/builder/spi-builder-workspace/.derivedData/SDKExplicitPrecompiledModules/UIUtilities-9YFVNIMRC5HRVOIARNWHP1E3H.pcm
SwiftExplicitDependencyGeneratePcm arm64_32 /Users/admin/builder/spi-builder-workspace/.derivedData/SDKExplicitPrecompiledModules/Accessibility-F385OMZ5GYBUY5O4QAJB4NRII.pcm
SwiftExplicitDependencyGeneratePcm arm64 /Users/admin/builder/spi-builder-workspace/.derivedData/SDKExplicitPrecompiledModules/UserNotifications-ARAH8MEQ0C2L0FBO39HITJMAO.pcm
SwiftExplicitDependencyGeneratePcm arm64 /Users/admin/builder/spi-builder-workspace/.derivedData/SDKExplicitPrecompiledModules/QuartzCore-94KFMWNOU7ZLUZNB4T5DLZC9D.pcm
SwiftExplicitDependencyGeneratePcm arm64 /Users/admin/builder/spi-builder-workspace/.derivedData/SDKExplicitPrecompiledModules/Accessibility-27QMG6ZQ1NKYTNBYFPM1XKNFC.pcm
SwiftExplicitDependencyGeneratePcm arm64 /Users/admin/builder/spi-builder-workspace/.derivedData/SDKExplicitPrecompiledModules/DataDetection-7BNVI1SZW5ISQL5SX4WL2X7I5.pcm
SwiftExplicitDependencyGeneratePcm arm64 /Users/admin/builder/spi-builder-workspace/.derivedData/SDKExplicitPrecompiledModules/CoreTransferable-9PPG3SLJ55T4LITIFYX2M0NOZ.pcm
SwiftExplicitDependencyGeneratePcm arm64 /Users/admin/builder/spi-builder-workspace/.derivedData/SDKExplicitPrecompiledModules/UniformTypeIdentifiers-8L08Q8DQJV8C4AW84YVGFGTRN.pcm
SwiftExplicitDependencyGeneratePcm arm64_32 /Users/admin/builder/spi-builder-workspace/.derivedData/SDKExplicitPrecompiledModules/CoreLocation-8XU5YMYM4P11RQMYCQAG65ITK.pcm
SwiftExplicitDependencyGeneratePcm arm64 /Users/admin/builder/spi-builder-workspace/.derivedData/SDKExplicitPrecompiledModules/_LocationEssentials-5ZZDGDXB6HLQUC72SJW7YJ7MK.pcm
SwiftExplicitDependencyGeneratePcm arm64 /Users/admin/builder/spi-builder-workspace/.derivedData/SDKExplicitPrecompiledModules/OSLog-B7VGO357Y3GJG35TST7DKDSI3.pcm
SwiftExplicitDependencyGeneratePcm arm64 /Users/admin/builder/spi-builder-workspace/.derivedData/SDKExplicitPrecompiledModules/Symbols-3EFABTJ9L5PQDJ7RQCYQWEJMM.pcm
SwiftExplicitDependencyGeneratePcm arm64_32 /Users/admin/builder/spi-builder-workspace/.derivedData/SDKExplicitPrecompiledModules/SwiftUICore-3Q7WLRD8MR9R3NGIPUBQCP6F6.pcm
SwiftExplicitDependencyGeneratePcm arm64 /Users/admin/builder/spi-builder-workspace/.derivedData/SDKExplicitPrecompiledModules/UIUtilities-IR7RNW23VAUKYI9MLCS9NL9A.pcm
SwiftExplicitDependencyGeneratePcm arm64 /Users/admin/builder/spi-builder-workspace/.derivedData/SDKExplicitPrecompiledModules/CoreLocation-ACKJ9K7ABI14F97Y46Y6SRR17.pcm
SwiftExplicitDependencyGeneratePcm arm64_32 /Users/admin/builder/spi-builder-workspace/.derivedData/SDKExplicitPrecompiledModules/CoreMotion-1XGTVTE5PP32UHME8AC63TL6.pcm
SwiftExplicitDependencyGeneratePcm arm64 /Users/admin/builder/spi-builder-workspace/.derivedData/SDKExplicitPrecompiledModules/SwiftUICore-C1DST1IX2Z0PTH5SJJZ1IULRB.pcm
SwiftExplicitDependencyGeneratePcm arm64 /Users/admin/builder/spi-builder-workspace/.derivedData/SDKExplicitPrecompiledModules/CoreMotion-6RD5K48QT1F4L9CATNFD2O7YB.pcm
SwiftExplicitDependencyGeneratePcm arm64_32 /Users/admin/builder/spi-builder-workspace/.derivedData/SDKExplicitPrecompiledModules/UIKit-6PPV7YPZ89CZPHYAP072QH8B6.pcm
SwiftExplicitDependencyGeneratePcm arm64 /Users/admin/builder/spi-builder-workspace/.derivedData/SDKExplicitPrecompiledModules/UIKit-27R3P1YMV4C6JLDT661G3MRIA.pcm
SwiftExplicitDependencyGeneratePcm arm64_32 /Users/admin/builder/spi-builder-workspace/.derivedData/Build/Intermediates.noindex/SwiftExplicitPrecompiledModules/XCUIAutomation-ERPZF489YJ15F4EKGJCX4WDM7.pcm
SwiftExplicitDependencyGeneratePcm arm64 /Users/admin/builder/spi-builder-workspace/.derivedData/Build/Intermediates.noindex/SwiftExplicitPrecompiledModules/XCUIAutomation-65SKIQZZ6OXJZ058GTE7TZUKY.pcm
SwiftExplicitDependencyGeneratePcm arm64_32 /Users/admin/builder/spi-builder-workspace/.derivedData/Build/Intermediates.noindex/SwiftExplicitPrecompiledModules/XCTest-9YC7ZIH3UMB42XTXWLC83PNWV.pcm
SwiftExplicitDependencyCompileModuleFromInterface arm64_32 /Users/admin/builder/spi-builder-workspace/.derivedData/Build/Intermediates.noindex/SwiftExplicitPrecompiledModules/XCUIAutomation-1Z222UB6YQLTV.swiftmodule
SwiftExplicitDependencyCompileModuleFromInterface arm64 /Users/admin/builder/spi-builder-workspace/.derivedData/Build/Intermediates.noindex/SwiftExplicitPrecompiledModules/XCUIAutomation-3PQB341DBMV4O.swiftmodule
SwiftExplicitDependencyGeneratePcm arm64 /Users/admin/builder/spi-builder-workspace/.derivedData/Build/Intermediates.noindex/SwiftExplicitPrecompiledModules/XCTest-4Q8FQHAHRUNG512Q4TRQNJS8O.pcm
SwiftExplicitDependencyCompileModuleFromInterface arm64_32 /Users/admin/builder/spi-builder-workspace/.derivedData/Build/Intermediates.noindex/SwiftExplicitPrecompiledModules/XCTest-1SNBWFEGNAYYD.swiftmodule
SwiftExplicitDependencyCompileModuleFromInterface arm64 /Users/admin/builder/spi-builder-workspace/.derivedData/Build/Intermediates.noindex/SwiftExplicitPrecompiledModules/XCTest-MUHEOAP4Y0HH.swiftmodule
SwiftCompile normal arm64_32 Compiling\ Values.swift /Users/admin/builder/spi-builder-workspace/Sources/A11yUITests/Tests/Values.swift (in target 'A11yUITests' from project 'A11yUITests')
SwiftCompile normal arm64_32 /Users/admin/builder/spi-builder-workspace/Sources/A11yUITests/Tests/Values.swift (in target 'A11yUITests' from project 'A11yUITests')
    cd /Users/admin/builder/spi-builder-workspace/.swiftpm/xcode
    builtin-SwiftPerFileCompile Values.swift
SwiftCompile normal arm64_32 Compiling\ TestRunner.swift /Users/admin/builder/spi-builder-workspace/Sources/A11yUITests/Tests/TestRunner.swift (in target 'A11yUITests' from project 'A11yUITests')
SwiftCompile normal arm64_32 /Users/admin/builder/spi-builder-workspace/Sources/A11yUITests/Tests/TestRunner.swift (in target 'A11yUITests' from project 'A11yUITests')
    cd /Users/admin/builder/spi-builder-workspace/.swiftpm/xcode
    builtin-SwiftPerFileCompile TestRunner.swift
SwiftCompile normal arm64_32 Compiling\ A11yTests.swift /Users/admin/builder/spi-builder-workspace/Sources/A11yUITests/Tests/A11yTests.swift (in target 'A11yUITests' from project 'A11yUITests')
SwiftCompile normal arm64_32 /Users/admin/builder/spi-builder-workspace/Sources/A11yUITests/Tests/A11yTests.swift (in target 'A11yUITests' from project 'A11yUITests')
    cd /Users/admin/builder/spi-builder-workspace/.swiftpm/xcode
    builtin-SwiftPerFileCompile A11yTests.swift
SwiftEmitModule normal arm64_32 Emitting\ module\ for\ A11yUITests (in target 'A11yUITests' from project 'A11yUITests')
SwiftCompile normal arm64_32 (in target 'A11yUITests' from project 'A11yUITests')
    cd /Users/admin/builder/spi-builder-workspace/.swiftpm/xcode

SwiftCompile normal arm64_32 Compiling\ Failure.swift,\ A11yAssertions.swift /Users/admin/builder/spi-builder-workspace/Sources/A11yUITests/Helpers/Failure.swift /Users/admin/builder/spi-builder-workspace/Sources/A11yUITests/Tests/A11yAssertions.swift (in target 'A11yUITests' from project 'A11yUITests')
SwiftCompile normal arm64_32 /Users/admin/builder/spi-builder-workspace/Sources/A11yUITests/Helpers/Failure.swift (in target 'A11yUITests' from project 'A11yUITests')
    cd /Users/admin/builder/spi-builder-workspace/.swiftpm/xcode
    builtin-SwiftPerFileCompile Failure.swift
SwiftCompile normal arm64_32 /Users/admin/builder/spi-builder-workspace/Sources/A11yUITests/Tests/A11yAssertions.swift (in target 'A11yUITests' from project 'A11yUITests')
    cd /Users/admin/builder/spi-builder-workspace/.swiftpm/xcode
    builtin-SwiftPerFileCompile A11yAssertions.swift
/Users/admin/builder/spi-builder-workspace/Sources/A11yUITests/Tests/A11yAssertions.swift:371:23: error: 'UIDevice' is unavailable in watchOS
369 |         }
370 |
371 |         let padding = UIDevice.current.userInterfaceIdiom == .pad ? 12 : A11yTestValues.iPhonePadding
    |                       `- error: 'UIDevice' is unavailable in watchOS
372 |
373 |         let expandedFrame1 = CGRect(x: element1.frame.origin.x - CGFloat(padding), y: element1.frame.origin.y - CGFloat(padding), width: element1.frame.size.width + CGFloat(padding * 2), height: element1.frame.size.height + CGFloat(padding * 2))
/Applications/Xcode-27.0.0-Release.Candidate.app/Contents/Developer/Platforms/WatchOS.platform/Developer/SDKs/WatchOS27.0.sdk/System/Library/Frameworks/UIKit.framework/Headers/UIDevice.h:35:12: note: 'UIDevice' has been explicitly marked unavailable here
33 |
34 | UIKIT_EXTERN API_AVAILABLE(ios(2.0)) API_UNAVAILABLE(watchos) NS_SWIFT_UI_ACTOR
35 | @interface UIDevice : NSObject
   |            `- note: 'UIDevice' has been explicitly marked unavailable here
36 |
37 | @property(class, nonatomic, readonly) UIDevice *currentDevice;
Failed frontend command:
/Applications/Xcode-27.0.0-Release.Candidate.app/Contents/Developer/Toolchains/XcodeDefault.xctoolchain/usr/bin/swift-frontend -frontend -c /Users/admin/builder/spi-builder-workspace/Sources/A11yUITests/Elements/A11yElement.swift /Users/admin/builder/spi-builder-workspace/Sources/A11yUITests/Elements/XCUIElement.ElementType+Name.swift /Users/admin/builder/spi-builder-workspace/Sources/A11yUITests/Extensions/CGFloat+Extensions.swift /Users/admin/builder/spi-builder-workspace/Sources/A11yUITests/Extensions/NSObject+Extensions.swift /Users/admin/builder/spi-builder-workspace/Sources/A11yUITests/Extensions/String+Extensions.swift /Users/admin/builder/spi-builder-workspace/Sources/A11yUITests/Extensions/UIAccessibilityTraits+Extensions.swift /Users/admin/builder/spi-builder-workspace/Sources/A11yUITests/Extensions/XCTest+extensions.swift /Users/admin/builder/spi-builder-workspace/Sources/A11yUITests/Extensions/XCUIElementSnapshot+Extensions.swift -primary-file /Users/admin/builder/spi-builder-workspace/Sources/A11yUITests/Helpers/Failure.swift -primary-file /Users/admin/builder/spi-builder-workspace/Sources/A11yUITests/Tests/A11yAssertions.swift /Users/admin/builder/spi-builder-workspace/Sources/A11yUITests/Tests/A11ySnapshot.swift /Users/admin/builder/spi-builder-workspace/Sources/A11yUITests/Tests/A11yTests.swift /Users/admin/builder/spi-builder-workspace/Sources/A11yUITests/Tests/TestRunner.swift /Users/admin/builder/spi-builder-workspace/Sources/A11yUITests/Tests/Values.swift /Users/admin/builder/spi-builder-workspace/Sources/A11yUITests/Tests/XCTestCase+A11y.swift -emit-dependencies-path /Users/admin/builder/spi-builder-workspace/.derivedData/Build/Intermediates.noindex/A11yUITests.build/Debug-watchos/A11yUITests-t.build/Objects-normal/arm64_32/Failure.d -emit-const-values-path /Users/admin/builder/spi-builder-workspace/.derivedData/Build/Intermediates.noindex/A11yUITests.build/Debug-watchos/A11yUITests-t.build/Objects-normal/arm64_32/Failure.swiftconstvalues -emit-reference-dependencies-path /Users/admin/builder/spi-builder-workspace/.derivedData/Build/Intermediates.noindex/A11yUITests.build/Debug-watchos/A11yUITests-t.build/Objects-normal/arm64_32/Failure.swiftdeps -serialize-diagnostics-path /Users/admin/builder/spi-builder-workspace/.derivedData/Build/Intermediates.noindex/A11yUITests.build/Debug-watchos/A11yUITests-t.build/Objects-normal/arm64_32/Failure.dia -emit-dependencies-path /Users/admin/builder/spi-builder-workspace/.derivedData/Build/Intermediates.noindex/A11yUITests.build/Debug-watchos/A11yUITests-t.build/Objects-normal/arm64_32/A11yAssertions.d -emit-const-values-path /Users/admin/builder/spi-builder-workspace/.derivedData/Build/Intermediates.noindex/A11yUITests.build/Debug-watchos/A11yUITests-t.build/Objects-normal/arm64_32/A11yAssertions.swiftconstvalues -emit-reference-dependencies-path /Users/admin/builder/spi-builder-workspace/.derivedData/Build/Intermediates.noindex/A11yUITests.build/Debug-watchos/A11yUITests-t.build/Objects-normal/arm64_32/A11yAssertions.swiftdeps -serialize-diagnostics-path /Users/admin/builder/spi-builder-workspace/.derivedData/Build/Intermediates.noindex/A11yUITests.build/Debug-watchos/A11yUITests-t.build/Objects-normal/arm64_32/A11yAssertions.dia -target arm64_32-apple-watchos9.0 -disable-cross-import-overlay-search -load-resolved-plugin /Applications/Xcode-27.0.0-Release.Candidate.app/Contents/Developer/Platforms/WatchOS.platform/Developer/usr/lib/swift/host/plugins/libFoundationMacros.dylib\#/Applications/Xcode-27.0.0-Release.Candidate.app/Contents/Developer/Platforms/WatchOS.platform/Developer/usr/bin/swift-plugin-server\#FoundationMacros -load-resolved-plugin /Applications/Xcode-27.0.0-Release.Candidate.app/Contents/Developer/Platforms/WatchOS.platform/Developer/usr/lib/swift/host/plugins/libObservationMacros.dylib\#/Applications/Xcode-27.0.0-Release.Candidate.app/Contents/Developer/Platforms/WatchOS.platform/Developer/usr/bin/swift-plugin-server\#ObservationMacros -load-resolved-plugin /Applications/Xcode-27.0.0-Release.Candidate.app/Contents/Developer/Platforms/WatchOS.platform/Developer/usr/lib/swift/host/plugins/libSwiftMacros.dylib\#/Applications/Xcode-27.0.0-Release.Candidate.app/Contents/Developer/Platforms/WatchOS.platform/Developer/usr/bin/swift-plugin-server\#SwiftMacros -load-resolved-plugin /Applications/Xcode-27.0.0-Release.Candidate.app/Contents/Developer/Platforms/WatchOS.platform/Developer/usr/lib/swift/host/plugins/libSwiftUIMacros.dylib\#/Applications/Xcode-27.0.0-Release.Candidate.app/Contents/Developer/Platforms/WatchOS.platform/Developer/usr/bin/swift-plugin-server\#SwiftUIMacros -disable-implicit-swift-modules -Xcc -fno-implicit-modules -Xcc -fno-implicit-module-maps -explicit-swift-module-map-file /Users/admin/builder/spi-builder-workspace/.derivedData/Build/Intermediates.noindex/A11yUITests.build/Debug-watchos/A11yUITests-t.build/Objects-normal/arm64_32/A11yUITests-dependencies-1.json -enable-objc-interop -sdk /Applications/Xcode-27.0.0-Release.Candidate.app/Contents/Developer/Platforms/WatchOS.platform/Developer/SDKs/WatchOS27.0.sdk -I /Users/admin/builder/spi-builder-workspace/.derivedData/Build/Products/Debug-watchos -Isystem /Applications/Xcode-27.0.0-Release.Candidate.app/Contents/Developer/Platforms/WatchOS.platform/Developer/usr/lib -F /Users/admin/builder/spi-builder-workspace/.derivedData/Build/Products/Debug-watchos -F /Applications/Xcode-27.0.0-Release.Candidate.app/Contents/Developer/Platforms/WatchOS.platform/Developer/Library/Frameworks -F /Applications/Xcode-27.0.0-Release.Candidate.app/Contents/Developer/Platforms/WatchOS.platform/Developer/SDKs/WatchOS27.0.sdk/Developer/Library/Frameworks -module-cache-path /Users/admin/builder/spi-builder-workspace/.derivedData/Build/Intermediates.noindex/SwiftExplicitPrecompiledModules -no-color-diagnostics -Xcc -fno-color-diagnostics -enable-testing -g -debug-info-format\=dwarf -dwarf-version\=4 -swift-version 5 -Onone -D SWIFT_PACKAGE -D DEBUG -D SWIFT_MODULE_RESOURCE_BUNDLE_UNAVAILABLE -D Xcode -serialize-debugging-options -enable-experimental-feature DebugDescriptionMacro -empty-abi-descriptor -validate-clang-modules-once -clang-build-session-file /Users/admin/builder/spi-builder-workspace/.derivedData/ModuleCache.noindex/Session.modulevalidation -Xcc -working-directory -Xcc /Users/admin/builder/spi-builder-workspace/.swiftpm/xcode -enable-anonymous-context-mangled-names -file-compilation-dir /Users/admin/builder/spi-builder-workspace/.swiftpm/xcode -Xcc -D_LIBCPP_HARDENING_MODE\=_LIBCPP_HARDENING_MODE_DEBUG -Xcc -ivfsstatcache -Xcc /Users/admin/builder/spi-builder-workspace/.derivedData/SDKStatCaches.noindex/watchos27.0-24R360-e829b21a6f8c9b70876ba0858053c04477534ef55a1706bf4c1112bbb242f0a2.sdkstatcache -Xcc -fmodules-prune-interval\=86400 -Xcc -fmodules-prune-after\=345600 -Xcc -I/Users/admin/builder/spi-builder-workspace/.derivedData/Build/Products/Debug-watchos/include -Xcc -I/Users/admin/builder/spi-builder-workspace/.derivedData/Build/Intermediates.noindex/A11yUITests.build/Debug-watchos/A11yUITests-t.build/DerivedSources-normal/arm64_32 -Xcc -I/Users/admin/builder/spi-builder-workspace/.derivedData/Build/Intermediates.noindex/A11yUITests.build/Debug-watchos/A11yUITests-t.build/DerivedSources/arm64_32 -Xcc -I/Users/admin/builder/spi-builder-workspace/.derivedData/Build/Intermediates.noindex/A11yUITests.build/Debug-watchos/A11yUITests-t.build/DerivedSources -Xcc -DSWIFT_PACKAGE -Xcc -DDEBUG\=1 -no-auto-bridging-header-chaining -module-name A11yUITests -const-gather-protocols-file /Users/admin/builder/spi-builder-workspace/.derivedData/Build/Intermediates.noindex/A11yUITests.build/Debug-watchos/A11yUITests-t.build/Objects-normal/arm64_32/A11yUITests_const_extract_protocols.json -disable-clang-spi -clang-target arm64_32-apple-watchos27.0 -target-sdk-version 27.0 -target-sdk-name watchos27.0 -in-process-plugin-server-path /Applications/Xcode-27.0.0-Release.Candidate.app/Contents/Developer/Toolchains/XcodeDefault.xctoolchain/usr/lib/swift/host/libSwiftInProcPluginServer.dylib -parse-as-library -o /Users/admin/builder/spi-builder-workspace/.derivedData/Build/Intermediates.noindex/A11yUITests.build/Debug-watchos/A11yUITests-t.build/Objects-normal/arm64_32/Failure.o -o /Users/admin/builder/spi-builder-workspace/.derivedData/Build/Intermediates.noindex/A11yUITests.build/Debug-watchos/A11yUITests-t.build/Objects-normal/arm64_32/A11yAssertions.o -debug-module-path /Users/admin/builder/spi-builder-workspace/.derivedData/Build/Intermediates.noindex/A11yUITests.build/Debug-watchos/A11yUITests-t.build/Objects-normal/arm64_32/A11yUITests.swiftmodule -index-unit-output-path /A11yUITests.build/Debug-watchos/A11yUITests-t.build/Objects-normal/arm64_32/Failure.o -index-unit-output-path /A11yUITests.build/Debug-watchos/A11yUITests-t.build/Objects-normal/arm64_32/A11yAssertions.o -index-store-path /Users/admin/builder/spi-builder-workspace/.derivedData/Index.noindex/DataStore -index-system-modules
SwiftCompile normal arm64_32 Compiling\ String+Extensions.swift,\ UIAccessibilityTraits+Extensions.swift /Users/admin/builder/spi-builder-workspace/Sources/A11yUITests/Extensions/String+Extensions.swift /Users/admin/builder/spi-builder-workspace/Sources/A11yUITests/Extensions/UIAccessibilityTraits+Extensions.swift (in target 'A11yUITests' from project 'A11yUITests')
SwiftCompile normal arm64_32 /Users/admin/builder/spi-builder-workspace/Sources/A11yUITests/Extensions/String+Extensions.swift (in target 'A11yUITests' from project 'A11yUITests')
    cd /Users/admin/builder/spi-builder-workspace/.swiftpm/xcode
    builtin-SwiftPerFileCompile String+Extensions.swift
SwiftCompile normal arm64_32 /Users/admin/builder/spi-builder-workspace/Sources/A11yUITests/Extensions/UIAccessibilityTraits+Extensions.swift (in target 'A11yUITests' from project 'A11yUITests')
    cd /Users/admin/builder/spi-builder-workspace/.swiftpm/xcode
    builtin-SwiftPerFileCompile UIAccessibilityTraits+Extensions.swift
SwiftCompile normal arm64_32 Compiling\ XCTest+extensions.swift,\ XCUIElementSnapshot+Extensions.swift /Users/admin/builder/spi-builder-workspace/Sources/A11yUITests/Extensions/XCTest+extensions.swift /Users/admin/builder/spi-builder-workspace/Sources/A11yUITests/Extensions/XCUIElementSnapshot+Extensions.swift (in target 'A11yUITests' from project 'A11yUITests')
SwiftCompile normal arm64_32 /Users/admin/builder/spi-builder-workspace/Sources/A11yUITests/Extensions/XCTest+extensions.swift (in target 'A11yUITests' from project 'A11yUITests')
    cd /Users/admin/builder/spi-builder-workspace/.swiftpm/xcode
    builtin-SwiftPerFileCompile XCTest+extensions.swift
SwiftCompile normal arm64_32 /Users/admin/builder/spi-builder-workspace/Sources/A11yUITests/Extensions/XCUIElementSnapshot+Extensions.swift (in target 'A11yUITests' from project 'A11yUITests')
    cd /Users/admin/builder/spi-builder-workspace/.swiftpm/xcode
    builtin-SwiftPerFileCompile XCUIElementSnapshot+Extensions.swift
SwiftCompile normal arm64_32 Compiling\ CGFloat+Extensions.swift,\ NSObject+Extensions.swift /Users/admin/builder/spi-builder-workspace/Sources/A11yUITests/Extensions/CGFloat+Extensions.swift /Users/admin/builder/spi-builder-workspace/Sources/A11yUITests/Extensions/NSObject+Extensions.swift (in target 'A11yUITests' from project 'A11yUITests')
SwiftCompile normal arm64_32 /Users/admin/builder/spi-builder-workspace/Sources/A11yUITests/Extensions/CGFloat+Extensions.swift (in target 'A11yUITests' from project 'A11yUITests')
    cd /Users/admin/builder/spi-builder-workspace/.swiftpm/xcode
    builtin-SwiftPerFileCompile CGFloat+Extensions.swift
SwiftCompile normal arm64_32 /Users/admin/builder/spi-builder-workspace/Sources/A11yUITests/Extensions/NSObject+Extensions.swift (in target 'A11yUITests' from project 'A11yUITests')
    cd /Users/admin/builder/spi-builder-workspace/.swiftpm/xcode
    builtin-SwiftPerFileCompile NSObject+Extensions.swift
SwiftCompile normal arm64_32 Compiling\ XCTestCase+A11y.swift /Users/admin/builder/spi-builder-workspace/Sources/A11yUITests/Tests/XCTestCase+A11y.swift (in target 'A11yUITests' from project 'A11yUITests')
SwiftCompile normal arm64_32 /Users/admin/builder/spi-builder-workspace/Sources/A11yUITests/Tests/XCTestCase+A11y.swift (in target 'A11yUITests' from project 'A11yUITests')
    cd /Users/admin/builder/spi-builder-workspace/.swiftpm/xcode
    builtin-SwiftPerFileCompile XCTestCase+A11y.swift
SwiftCompile normal arm64_32 Compiling\ A11yElement.swift,\ XCUIElement.ElementType+Name.swift /Users/admin/builder/spi-builder-workspace/Sources/A11yUITests/Elements/A11yElement.swift /Users/admin/builder/spi-builder-workspace/Sources/A11yUITests/Elements/XCUIElement.ElementType+Name.swift (in target 'A11yUITests' from project 'A11yUITests')
SwiftCompile normal arm64_32 /Users/admin/builder/spi-builder-workspace/Sources/A11yUITests/Elements/A11yElement.swift (in target 'A11yUITests' from project 'A11yUITests')
    cd /Users/admin/builder/spi-builder-workspace/.swiftpm/xcode
    builtin-SwiftPerFileCompile A11yElement.swift
SwiftCompile normal arm64_32 /Users/admin/builder/spi-builder-workspace/Sources/A11yUITests/Elements/XCUIElement.ElementType+Name.swift (in target 'A11yUITests' from project 'A11yUITests')
    cd /Users/admin/builder/spi-builder-workspace/.swiftpm/xcode
    builtin-SwiftPerFileCompile XCUIElement.ElementType+Name.swift
SwiftEmitModule normal arm64 Emitting\ module\ for\ A11yUITests (in target 'A11yUITests' from project 'A11yUITests')
SwiftCompile normal arm64 (in target 'A11yUITests' from project 'A11yUITests')
    cd /Users/admin/builder/spi-builder-workspace/.swiftpm/xcode

SwiftDriverJobDiscovery normal arm64_32 Emitting module for A11yUITests (in target 'A11yUITests' from project 'A11yUITests')
SwiftDriver\ Compilation\ Requirements A11yUITests normal arm64_32 com.apple.xcode.tools.swift.compiler (in target 'A11yUITests' from project 'A11yUITests')
    cd /Users/admin/builder/spi-builder-workspace/.swiftpm/xcode
    builtin-Swift-Compilation-Requirements -- /Applications/Xcode-27.0.0-Release.Candidate.app/Contents/Developer/Toolchains/XcodeDefault.xctoolchain/usr/bin/swiftc -parse-as-library -module-name A11yUITests -Onone @/Users/admin/builder/spi-builder-workspace/.derivedData/Build/Intermediates.noindex/A11yUITests.build/Debug-watchos/A11yUITests-t.build/Objects-normal/arm64_32/A11yUITests.SwiftFileList -DSWIFT_PACKAGE -DDEBUG -DSWIFT_MODULE_RESOURCE_BUNDLE_UNAVAILABLE -DXcode -plugin-path /Applications/Xcode-27.0.0-Release.Candidate.app/Contents/Developer/Toolchains/XcodeDefault.xctoolchain/usr/lib/swift/host/plugins/testing -enable-experimental-feature DebugDescriptionMacro -sdk /Applications/Xcode-27.0.0-Release.Candidate.app/Contents/Developer/Platforms/WatchOS.platform/Developer/SDKs/WatchOS27.0.sdk -target arm64_32-apple-watchos9.0 -g -module-cache-path /Users/admin/builder/spi-builder-workspace/.derivedData/ModuleCache.noindex -Xfrontend -serialize-debugging-options -enable-testing -index-store-path /Users/admin/builder/spi-builder-workspace/.derivedData/Index.noindex/DataStore -Xcc -D_LIBCPP_HARDENING_MODE\=_LIBCPP_HARDENING_MODE_DEBUG -swift-version 5 -I /Users/admin/builder/spi-builder-workspace/.derivedData/Build/Products/Debug-watchos -Isystem /Applications/Xcode-27.0.0-Release.Candidate.app/Contents/Developer/Platforms/WatchOS.platform/Developer/usr/lib -F /Users/admin/builder/spi-builder-workspace/.derivedData/Build/Products/Debug-watchos -F /Applications/Xcode-27.0.0-Release.Candidate.app/Contents/Developer/Platforms/WatchOS.platform/Developer/Library/Frameworks -F /Applications/Xcode-27.0.0-Release.Candidate.app/Contents/Developer/Platforms/WatchOS.platform/Developer/SDKs/WatchOS27.0.sdk/Developer/Library/Frameworks -c -j10 -enable-batch-mode -incremental -Xcc -ivfsstatcache -Xcc /Users/admin/builder/spi-builder-workspace/.derivedData/SDKStatCaches.noindex/watchos27.0-24R360-e829b21a6f8c9b70876ba0858053c04477534ef55a1706bf4c1112bbb242f0a2.sdkstatcache -output-file-map /Users/admin/builder/spi-builder-workspace/.derivedData/Build/Intermediates.noindex/A11yUITests.build/Debug-watchos/A11yUITests-t.build/Objects-normal/arm64_32/A11yUITests-OutputFileMap.json -save-temps -no-color-diagnostics -explicit-module-build -module-cache-path /Users/admin/builder/spi-builder-workspace/.derivedData/Build/Intermediates.noindex/SwiftExplicitPrecompiledModules -clang-scanner-module-cache-path /Users/admin/builder/spi-builder-workspace/.derivedData/ModuleCache.noindex -sdk-module-cache-path /Users/admin/builder/spi-builder-workspace/.derivedData/SDKExplicitPrecompiledModules -emit-dependencies -emit-module -emit-module-path /Users/admin/builder/spi-builder-workspace/.derivedData/Build/Intermediates.noindex/A11yUITests.build/Debug-watchos/A11yUITests-t.build/Objects-normal/arm64_32/A11yUITests.swiftmodule -serialize-diagnostics -dependency-scan-serialize-diagnostics-path /Users/admin/builder/spi-builder-workspace/.derivedData/Build/Intermediates.noindex/A11yUITests.build/Debug-watchos/A11yUITests-t.build/Objects-normal/arm64_32/A11yUITests-dependency-scan.dia -validate-clang-modules-once -clang-build-session-file /Users/admin/builder/spi-builder-workspace/.derivedData/ModuleCache.noindex/Session.modulevalidation -Xcc -fmodules-prune-interval\=86400 -Xcc -fmodules-prune-after\=345600 -emit-const-values -const-gather-protocols-list /Users/admin/builder/spi-builder-workspace/.derivedData/Build/Intermediates.noindex/A11yUITests.build/Debug-watchos/A11yUITests-t.build/Objects-normal/arm64_32/A11yUITests_const_extract_protocols.json -Xcc -I/Users/admin/builder/spi-builder-workspace/.derivedData/Build/Products/Debug-watchos/include -Xcc -I/Users/admin/builder/spi-builder-workspace/.derivedData/Build/Intermediates.noindex/A11yUITests.build/Debug-watchos/A11yUITests-t.build/DerivedSources-normal/arm64_32 -Xcc -I/Users/admin/builder/spi-builder-workspace/.derivedData/Build/Intermediates.noindex/A11yUITests.build/Debug-watchos/A11yUITests-t.build/DerivedSources/arm64_32 -Xcc -I/Users/admin/builder/spi-builder-workspace/.derivedData/Build/Intermediates.noindex/A11yUITests.build/Debug-watchos/A11yUITests-t.build/DerivedSources -Xcc -DSWIFT_PACKAGE -Xcc -DDEBUG\=1 -emit-objc-header -emit-objc-header-path /Users/admin/builder/spi-builder-workspace/.derivedData/Build/Intermediates.noindex/A11yUITests.build/Debug-watchos/A11yUITests-t.build/Objects-normal/arm64_32/A11yUITests-Swift.h -working-directory /Users/admin/builder/spi-builder-workspace/.swiftpm/xcode -experimental-emit-module-separately -disable-cmo
SwiftDriverJobDiscovery normal arm64 Emitting module for A11yUITests (in target 'A11yUITests' from project 'A11yUITests')
SwiftDriver\ Compilation\ Requirements A11yUITests normal arm64 com.apple.xcode.tools.swift.compiler (in target 'A11yUITests' from project 'A11yUITests')
    cd /Users/admin/builder/spi-builder-workspace/.swiftpm/xcode
    builtin-Swift-Compilation-Requirements -- /Applications/Xcode-27.0.0-Release.Candidate.app/Contents/Developer/Toolchains/XcodeDefault.xctoolchain/usr/bin/swiftc -parse-as-library -module-name A11yUITests -Onone @/Users/admin/builder/spi-builder-workspace/.derivedData/Build/Intermediates.noindex/A11yUITests.build/Debug-watchos/A11yUITests-t.build/Objects-normal/arm64/A11yUITests.SwiftFileList -DSWIFT_PACKAGE -DDEBUG -DSWIFT_MODULE_RESOURCE_BUNDLE_UNAVAILABLE -DXcode -plugin-path /Applications/Xcode-27.0.0-Release.Candidate.app/Contents/Developer/Toolchains/XcodeDefault.xctoolchain/usr/lib/swift/host/plugins/testing -enable-experimental-feature DebugDescriptionMacro -sdk /Applications/Xcode-27.0.0-Release.Candidate.app/Contents/Developer/Platforms/WatchOS.platform/Developer/SDKs/WatchOS27.0.sdk -target arm64-apple-watchos9.0 -g -module-cache-path /Users/admin/builder/spi-builder-workspace/.derivedData/ModuleCache.noindex -Xfrontend -serialize-debugging-options -enable-testing -index-store-path /Users/admin/builder/spi-builder-workspace/.derivedData/Index.noindex/DataStore -Xcc -D_LIBCPP_HARDENING_MODE\=_LIBCPP_HARDENING_MODE_DEBUG -swift-version 5 -I /Users/admin/builder/spi-builder-workspace/.derivedData/Build/Products/Debug-watchos -Isystem /Applications/Xcode-27.0.0-Release.Candidate.app/Contents/Developer/Platforms/WatchOS.platform/Developer/usr/lib -F /Users/admin/builder/spi-builder-workspace/.derivedData/Build/Products/Debug-watchos -F /Applications/Xcode-27.0.0-Release.Candidate.app/Contents/Developer/Platforms/WatchOS.platform/Developer/Library/Frameworks -F /Applications/Xcode-27.0.0-Release.Candidate.app/Contents/Developer/Platforms/WatchOS.platform/Developer/SDKs/WatchOS27.0.sdk/Developer/Library/Frameworks -c -j10 -enable-batch-mode -incremental -Xcc -ivfsstatcache -Xcc /Users/admin/builder/spi-builder-workspace/.derivedData/SDKStatCaches.noindex/watchos27.0-24R360-e829b21a6f8c9b70876ba0858053c04477534ef55a1706bf4c1112bbb242f0a2.sdkstatcache -output-file-map /Users/admin/builder/spi-builder-workspace/.derivedData/Build/Intermediates.noindex/A11yUITests.build/Debug-watchos/A11yUITests-t.build/Objects-normal/arm64/A11yUITests-OutputFileMap.json -save-temps -no-color-diagnostics -explicit-module-build -module-cache-path /Users/admin/builder/spi-builder-workspace/.derivedData/Build/Intermediates.noindex/SwiftExplicitPrecompiledModules -clang-scanner-module-cache-path /Users/admin/builder/spi-builder-workspace/.derivedData/ModuleCache.noindex -sdk-module-cache-path /Users/admin/builder/spi-builder-workspace/.derivedData/SDKExplicitPrecompiledModules -emit-dependencies -emit-module -emit-module-path /Users/admin/builder/spi-builder-workspace/.derivedData/Build/Intermediates.noindex/A11yUITests.build/Debug-watchos/A11yUITests-t.build/Objects-normal/arm64/A11yUITests.swiftmodule -serialize-diagnostics -dependency-scan-serialize-diagnostics-path /Users/admin/builder/spi-builder-workspace/.derivedData/Build/Intermediates.noindex/A11yUITests.build/Debug-watchos/A11yUITests-t.build/Objects-normal/arm64/A11yUITests-dependency-scan.dia -validate-clang-modules-once -clang-build-session-file /Users/admin/builder/spi-builder-workspace/.derivedData/ModuleCache.noindex/Session.modulevalidation -Xcc -fmodules-prune-interval\=86400 -Xcc -fmodules-prune-after\=345600 -emit-const-values -const-gather-protocols-list /Users/admin/builder/spi-builder-workspace/.derivedData/Build/Intermediates.noindex/A11yUITests.build/Debug-watchos/A11yUITests-t.build/Objects-normal/arm64/A11yUITests_const_extract_protocols.json -Xcc -I/Users/admin/builder/spi-builder-workspace/.derivedData/Build/Products/Debug-watchos/include -Xcc -I/Users/admin/builder/spi-builder-workspace/.derivedData/Build/Intermediates.noindex/A11yUITests.build/Debug-watchos/A11yUITests-t.build/DerivedSources-normal/arm64 -Xcc -I/Users/admin/builder/spi-builder-workspace/.derivedData/Build/Intermediates.noindex/A11yUITests.build/Debug-watchos/A11yUITests-t.build/DerivedSources/arm64 -Xcc -I/Users/admin/builder/spi-builder-workspace/.derivedData/Build/Intermediates.noindex/A11yUITests.build/Debug-watchos/A11yUITests-t.build/DerivedSources -Xcc -DSWIFT_PACKAGE -Xcc -DDEBUG\=1 -emit-objc-header -emit-objc-header-path /Users/admin/builder/spi-builder-workspace/.derivedData/Build/Intermediates.noindex/A11yUITests.build/Debug-watchos/A11yUITests-t.build/Objects-normal/arm64/A11yUITests-Swift.h -working-directory /Users/admin/builder/spi-builder-workspace/.swiftpm/xcode -experimental-emit-module-separately -disable-cmo
SwiftCompile normal arm64 Compiling\ Failure.swift,\ A11yAssertions.swift /Users/admin/builder/spi-builder-workspace/Sources/A11yUITests/Helpers/Failure.swift /Users/admin/builder/spi-builder-workspace/Sources/A11yUITests/Tests/A11yAssertions.swift (in target 'A11yUITests' from project 'A11yUITests')
SwiftCompile normal arm64 /Users/admin/builder/spi-builder-workspace/Sources/A11yUITests/Helpers/Failure.swift (in target 'A11yUITests' from project 'A11yUITests')
    cd /Users/admin/builder/spi-builder-workspace/.swiftpm/xcode
    builtin-SwiftPerFileCompile Failure.swift
SwiftCompile normal arm64 /Users/admin/builder/spi-builder-workspace/Sources/A11yUITests/Tests/A11yAssertions.swift (in target 'A11yUITests' from project 'A11yUITests')
    cd /Users/admin/builder/spi-builder-workspace/.swiftpm/xcode
    builtin-SwiftPerFileCompile A11yAssertions.swift
SwiftMergeGeneratedHeaders /Users/admin/builder/spi-builder-workspace/.derivedData/Build/Intermediates.noindex/GeneratedModuleMaps-watchos/A11yUITests-Swift.h /Users/admin/builder/spi-builder-workspace/.derivedData/Build/Intermediates.noindex/A11yUITests.build/Debug-watchos/A11yUITests-t.build/Objects-normal/arm64/A11yUITests-Swift.h /Users/admin/builder/spi-builder-workspace/.derivedData/Build/Intermediates.noindex/A11yUITests.build/Debug-watchos/A11yUITests-t.build/Objects-normal/arm64_32/A11yUITests-Swift.h (in target 'A11yUITests' from project 'A11yUITests')
    cd /Users/admin/builder/spi-builder-workspace
    builtin-swiftHeaderTool -arch arm64 /Users/admin/builder/spi-builder-workspace/.derivedData/Build/Intermediates.noindex/A11yUITests.build/Debug-watchos/A11yUITests-t.build/Objects-normal/arm64/A11yUITests-Swift.h -arch arm64_32 /Users/admin/builder/spi-builder-workspace/.derivedData/Build/Intermediates.noindex/A11yUITests.build/Debug-watchos/A11yUITests-t.build/Objects-normal/arm64_32/A11yUITests-Swift.h -o /Users/admin/builder/spi-builder-workspace/.derivedData/Build/Intermediates.noindex/GeneratedModuleMaps-watchos/A11yUITests-Swift.h
SwiftDriverJobDiscovery normal arm64_32 Compiling A11yTests.swift (in target 'A11yUITests' from project 'A11yUITests')
Copy /Users/admin/builder/spi-builder-workspace/.derivedData/Build/Products/Debug-watchos/A11yUITests.swiftmodule/arm64_32-apple-watchos.swiftmodule /Users/admin/builder/spi-builder-workspace/.derivedData/Build/Intermediates.noindex/A11yUITests.build/Debug-watchos/A11yUITests-t.build/Objects-normal/arm64_32/A11yUITests.swiftmodule (in target 'A11yUITests' from project 'A11yUITests')
    cd /Users/admin/builder/spi-builder-workspace
    builtin-copy -exclude .DS_Store -exclude CVS -exclude .svn -exclude .git -exclude .hg -resolve-src-symlinks -rename /Users/admin/builder/spi-builder-workspace/.derivedData/Build/Intermediates.noindex/A11yUITests.build/Debug-watchos/A11yUITests-t.build/Objects-normal/arm64_32/A11yUITests.swiftmodule /Users/admin/builder/spi-builder-workspace/.derivedData/Build/Products/Debug-watchos/A11yUITests.swiftmodule/arm64_32-apple-watchos.swiftmodule
Copy /Users/admin/builder/spi-builder-workspace/.derivedData/Build/Products/Debug-watchos/A11yUITests.swiftmodule/arm64_32-apple-watchos.swiftdoc /Users/admin/builder/spi-builder-workspace/.derivedData/Build/Intermediates.noindex/A11yUITests.build/Debug-watchos/A11yUITests-t.build/Objects-normal/arm64_32/A11yUITests.swiftdoc (in target 'A11yUITests' from project 'A11yUITests')
    cd /Users/admin/builder/spi-builder-workspace
    builtin-copy -exclude .DS_Store -exclude CVS -exclude .svn -exclude .git -exclude .hg -resolve-src-symlinks -rename /Users/admin/builder/spi-builder-workspace/.derivedData/Build/Intermediates.noindex/A11yUITests.build/Debug-watchos/A11yUITests-t.build/Objects-normal/arm64_32/A11yUITests.swiftdoc /Users/admin/builder/spi-builder-workspace/.derivedData/Build/Products/Debug-watchos/A11yUITests.swiftmodule/arm64_32-apple-watchos.swiftdoc
Copy /Users/admin/builder/spi-builder-workspace/.derivedData/Build/Products/Debug-watchos/A11yUITests.swiftmodule/arm64_32-apple-watchos.abi.json /Users/admin/builder/spi-builder-workspace/.derivedData/Build/Intermediates.noindex/A11yUITests.build/Debug-watchos/A11yUITests-t.build/Objects-normal/arm64_32/A11yUITests.abi.json (in target 'A11yUITests' from project 'A11yUITests')
    cd /Users/admin/builder/spi-builder-workspace
    builtin-copy -exclude .DS_Store -exclude CVS -exclude .svn -exclude .git -exclude .hg -resolve-src-symlinks -rename /Users/admin/builder/spi-builder-workspace/.derivedData/Build/Intermediates.noindex/A11yUITests.build/Debug-watchos/A11yUITests-t.build/Objects-normal/arm64_32/A11yUITests.abi.json /Users/admin/builder/spi-builder-workspace/.derivedData/Build/Products/Debug-watchos/A11yUITests.swiftmodule/arm64_32-apple-watchos.abi.json
Copy /Users/admin/builder/spi-builder-workspace/.derivedData/Build/Products/Debug-watchos/A11yUITests.swiftmodule/arm64-apple-watchos.swiftmodule /Users/admin/builder/spi-builder-workspace/.derivedData/Build/Intermediates.noindex/A11yUITests.build/Debug-watchos/A11yUITests-t.build/Objects-normal/arm64/A11yUITests.swiftmodule (in target 'A11yUITests' from project 'A11yUITests')
    cd /Users/admin/builder/spi-builder-workspace
    builtin-copy -exclude .DS_Store -exclude CVS -exclude .svn -exclude .git -exclude .hg -resolve-src-symlinks -rename /Users/admin/builder/spi-builder-workspace/.derivedData/Build/Intermediates.noindex/A11yUITests.build/Debug-watchos/A11yUITests-t.build/Objects-normal/arm64/A11yUITests.swiftmodule /Users/admin/builder/spi-builder-workspace/.derivedData/Build/Products/Debug-watchos/A11yUITests.swiftmodule/arm64-apple-watchos.swiftmodule
Copy /Users/admin/builder/spi-builder-workspace/.derivedData/Build/Products/Debug-watchos/A11yUITests.swiftmodule/arm64-apple-watchos.swiftdoc /Users/admin/builder/spi-builder-workspace/.derivedData/Build/Intermediates.noindex/A11yUITests.build/Debug-watchos/A11yUITests-t.build/Objects-normal/arm64/A11yUITests.swiftdoc (in target 'A11yUITests' from project 'A11yUITests')
    cd /Users/admin/builder/spi-builder-workspace
    builtin-copy -exclude .DS_Store -exclude CVS -exclude .svn -exclude .git -exclude .hg -resolve-src-symlinks -rename /Users/admin/builder/spi-builder-workspace/.derivedData/Build/Intermediates.noindex/A11yUITests.build/Debug-watchos/A11yUITests-t.build/Objects-normal/arm64/A11yUITests.swiftdoc /Users/admin/builder/spi-builder-workspace/.derivedData/Build/Products/Debug-watchos/A11yUITests.swiftmodule/arm64-apple-watchos.swiftdoc
Copy /Users/admin/builder/spi-builder-workspace/.derivedData/Build/Products/Debug-watchos/A11yUITests.swiftmodule/arm64-apple-watchos.abi.json /Users/admin/builder/spi-builder-workspace/.derivedData/Build/Intermediates.noindex/A11yUITests.build/Debug-watchos/A11yUITests-t.build/Objects-normal/arm64/A11yUITests.abi.json (in target 'A11yUITests' from project 'A11yUITests')
    cd /Users/admin/builder/spi-builder-workspace
    builtin-copy -exclude .DS_Store -exclude CVS -exclude .svn -exclude .git -exclude .hg -resolve-src-symlinks -rename /Users/admin/builder/spi-builder-workspace/.derivedData/Build/Intermediates.noindex/A11yUITests.build/Debug-watchos/A11yUITests-t.build/Objects-normal/arm64/A11yUITests.abi.json /Users/admin/builder/spi-builder-workspace/.derivedData/Build/Products/Debug-watchos/A11yUITests.swiftmodule/arm64-apple-watchos.abi.json
Copy /Users/admin/builder/spi-builder-workspace/.derivedData/Build/Products/Debug-watchos/A11yUITests.swiftmodule/Project/arm64_32-apple-watchos.swiftsourceinfo /Users/admin/builder/spi-builder-workspace/.derivedData/Build/Intermediates.noindex/A11yUITests.build/Debug-watchos/A11yUITests-t.build/Objects-normal/arm64_32/A11yUITests.swiftsourceinfo (in target 'A11yUITests' from project 'A11yUITests')
    cd /Users/admin/builder/spi-builder-workspace
    builtin-copy -exclude .DS_Store -exclude CVS -exclude .svn -exclude .git -exclude .hg -resolve-src-symlinks -rename /Users/admin/builder/spi-builder-workspace/.derivedData/Build/Intermediates.noindex/A11yUITests.build/Debug-watchos/A11yUITests-t.build/Objects-normal/arm64_32/A11yUITests.swiftsourceinfo /Users/admin/builder/spi-builder-workspace/.derivedData/Build/Products/Debug-watchos/A11yUITests.swiftmodule/Project/arm64_32-apple-watchos.swiftsourceinfo
Copy /Users/admin/builder/spi-builder-workspace/.derivedData/Build/Products/Debug-watchos/A11yUITests.swiftmodule/Project/arm64-apple-watchos.swiftsourceinfo /Users/admin/builder/spi-builder-workspace/.derivedData/Build/Intermediates.noindex/A11yUITests.build/Debug-watchos/A11yUITests-t.build/Objects-normal/arm64/A11yUITests.swiftsourceinfo (in target 'A11yUITests' from project 'A11yUITests')
    cd /Users/admin/builder/spi-builder-workspace
    builtin-copy -exclude .DS_Store -exclude CVS -exclude .svn -exclude .git -exclude .hg -resolve-src-symlinks -rename /Users/admin/builder/spi-builder-workspace/.derivedData/Build/Intermediates.noindex/A11yUITests.build/Debug-watchos/A11yUITests-t.build/Objects-normal/arm64/A11yUITests.swiftsourceinfo /Users/admin/builder/spi-builder-workspace/.derivedData/Build/Products/Debug-watchos/A11yUITests.swiftmodule/Project/arm64-apple-watchos.swiftsourceinfo
SwiftCompile normal arm64 Compiling\ String+Extensions.swift,\ UIAccessibilityTraits+Extensions.swift /Users/admin/builder/spi-builder-workspace/Sources/A11yUITests/Extensions/String+Extensions.swift /Users/admin/builder/spi-builder-workspace/Sources/A11yUITests/Extensions/UIAccessibilityTraits+Extensions.swift (in target 'A11yUITests' from project 'A11yUITests')
SwiftCompile normal arm64 /Users/admin/builder/spi-builder-workspace/Sources/A11yUITests/Extensions/String+Extensions.swift (in target 'A11yUITests' from project 'A11yUITests')
    cd /Users/admin/builder/spi-builder-workspace/.swiftpm/xcode
    builtin-SwiftPerFileCompile String+Extensions.swift
SwiftCompile normal arm64 /Users/admin/builder/spi-builder-workspace/Sources/A11yUITests/Extensions/UIAccessibilityTraits+Extensions.swift (in target 'A11yUITests' from project 'A11yUITests')
    cd /Users/admin/builder/spi-builder-workspace/.swiftpm/xcode
    builtin-SwiftPerFileCompile UIAccessibilityTraits+Extensions.swift
SwiftDriverJobDiscovery normal arm64_32 Compiling CGFloat+Extensions.swift, NSObject+Extensions.swift (in target 'A11yUITests' from project 'A11yUITests')
SwiftCompile normal arm64 Compiling\ A11yElement.swift,\ XCUIElement.ElementType+Name.swift /Users/admin/builder/spi-builder-workspace/Sources/A11yUITests/Elements/A11yElement.swift /Users/admin/builder/spi-builder-workspace/Sources/A11yUITests/Elements/XCUIElement.ElementType+Name.swift (in target 'A11yUITests' from project 'A11yUITests')
SwiftCompile normal arm64 /Users/admin/builder/spi-builder-workspace/Sources/A11yUITests/Elements/A11yElement.swift (in target 'A11yUITests' from project 'A11yUITests')
    cd /Users/admin/builder/spi-builder-workspace/.swiftpm/xcode
    builtin-SwiftPerFileCompile A11yElement.swift
SwiftCompile normal arm64 /Users/admin/builder/spi-builder-workspace/Sources/A11yUITests/Elements/XCUIElement.ElementType+Name.swift (in target 'A11yUITests' from project 'A11yUITests')
    cd /Users/admin/builder/spi-builder-workspace/.swiftpm/xcode
    builtin-SwiftPerFileCompile XCUIElement.ElementType+Name.swift
SwiftDriverJobDiscovery normal arm64_32 Compiling TestRunner.swift (in target 'A11yUITests' from project 'A11yUITests')
SwiftCompile normal arm64 Compiling\ XCTest+extensions.swift,\ XCUIElementSnapshot+Extensions.swift /Users/admin/builder/spi-builder-workspace/Sources/A11yUITests/Extensions/XCTest+extensions.swift /Users/admin/builder/spi-builder-workspace/Sources/A11yUITests/Extensions/XCUIElementSnapshot+Extensions.swift (in target 'A11yUITests' from project 'A11yUITests')
SwiftCompile normal arm64 /Users/admin/builder/spi-builder-workspace/Sources/A11yUITests/Extensions/XCTest+extensions.swift (in target 'A11yUITests' from project 'A11yUITests')
    cd /Users/admin/builder/spi-builder-workspace/.swiftpm/xcode
    builtin-SwiftPerFileCompile XCTest+extensions.swift
SwiftCompile normal arm64 /Users/admin/builder/spi-builder-workspace/Sources/A11yUITests/Extensions/XCUIElementSnapshot+Extensions.swift (in target 'A11yUITests' from project 'A11yUITests')
    cd /Users/admin/builder/spi-builder-workspace/.swiftpm/xcode
    builtin-SwiftPerFileCompile XCUIElementSnapshot+Extensions.swift
SwiftDriverJobDiscovery normal arm64_32 Compiling Values.swift (in target 'A11yUITests' from project 'A11yUITests')
SwiftCompile normal arm64 Compiling\ CGFloat+Extensions.swift,\ NSObject+Extensions.swift /Users/admin/builder/spi-builder-workspace/Sources/A11yUITests/Extensions/CGFloat+Extensions.swift /Users/admin/builder/spi-builder-workspace/Sources/A11yUITests/Extensions/NSObject+Extensions.swift (in target 'A11yUITests' from project 'A11yUITests')
SwiftCompile normal arm64 /Users/admin/builder/spi-builder-workspace/Sources/A11yUITests/Extensions/CGFloat+Extensions.swift (in target 'A11yUITests' from project 'A11yUITests')
    cd /Users/admin/builder/spi-builder-workspace/.swiftpm/xcode
    builtin-SwiftPerFileCompile CGFloat+Extensions.swift
SwiftCompile normal arm64 /Users/admin/builder/spi-builder-workspace/Sources/A11yUITests/Extensions/NSObject+Extensions.swift (in target 'A11yUITests' from project 'A11yUITests')
    cd /Users/admin/builder/spi-builder-workspace/.swiftpm/xcode
    builtin-SwiftPerFileCompile NSObject+Extensions.swift
SwiftDriverJobDiscovery normal arm64 Compiling CGFloat+Extensions.swift, NSObject+Extensions.swift (in target 'A11yUITests' from project 'A11yUITests')
SwiftCompile normal arm64 Compiling\ A11ySnapshot.swift /Users/admin/builder/spi-builder-workspace/Sources/A11yUITests/Tests/A11ySnapshot.swift (in target 'A11yUITests' from project 'A11yUITests')
SwiftCompile normal arm64 /Users/admin/builder/spi-builder-workspace/Sources/A11yUITests/Tests/A11ySnapshot.swift (in target 'A11yUITests' from project 'A11yUITests')
    cd /Users/admin/builder/spi-builder-workspace/.swiftpm/xcode
    builtin-SwiftPerFileCompile A11ySnapshot.swift
SwiftCompile normal arm64_32 Compiling\ A11ySnapshot.swift /Users/admin/builder/spi-builder-workspace/Sources/A11yUITests/Tests/A11ySnapshot.swift (in target 'A11yUITests' from project 'A11yUITests')
SwiftCompile normal arm64_32 /Users/admin/builder/spi-builder-workspace/Sources/A11yUITests/Tests/A11ySnapshot.swift (in target 'A11yUITests' from project 'A11yUITests')
    cd /Users/admin/builder/spi-builder-workspace/.swiftpm/xcode
    builtin-SwiftPerFileCompile A11ySnapshot.swift
PruneExplicitPrecompiledModules /Users/admin/builder/spi-builder-workspace/.derivedData/Build/Intermediates.noindex/SwiftExplicitPrecompiledModules
PruneExplicitPrecompiledModules /Users/admin/builder/spi-builder-workspace/.derivedData/SDKExplicitPrecompiledModules
PruneExplicitPrecompiledModules /Users/admin/builder/spi-builder-workspace/.derivedData/Build/Intermediates.noindex/ExplicitPrecompiledModules
2026-09-18 20:47:08.996 xcodebuild[661:4297] [MT] IDERunDestination: Supported platforms for the buildables in the current scheme is empty.
** BUILD FAILED **
The following build commands failed:
	SwiftCompile normal arm64_32 /Users/admin/builder/spi-builder-workspace/Sources/A11yUITests/Tests/A11yAssertions.swift (in target 'A11yUITests' from project 'A11yUITests')
	SwiftCompile normal arm64_32 Compiling\ Failure.swift,\ A11yAssertions.swift /Users/admin/builder/spi-builder-workspace/Sources/A11yUITests/Helpers/Failure.swift /Users/admin/builder/spi-builder-workspace/Sources/A11yUITests/Tests/A11yAssertions.swift (in target 'A11yUITests' from project 'A11yUITests')
	Building workspace A11yUITests with scheme A11yUITests
(3 failures)
Command line invocation:
    /Applications/Xcode-27.0.0-Release.Candidate.app/Contents/Developer/usr/bin/xcodebuild -IDEClonedSourcePackagesDirPathOverride=/Users/admin/builder/spi-builder-workspace/.dependencies -resolvePackageDependencies
Resolve Package Graph
Resolved source packages:
  A11yUITests: /Users/admin/builder/spi-builder-workspace
resolved source packages: A11yUITests
2026-09-18 20:47:17.030 xcodebuild[803:4855] [MT] IDERunDestination: Supported platforms for the buildables in the current scheme is empty.
{
  "dependencies" : [
  ],
  "manifest_display_name" : "A11yUITests",
  "name" : "A11yUITests",
  "path" : "/Users/admin/builder/spi-builder-workspace",
  "platforms" : [
    {
      "name" : "ios",
      "version" : "11.0"
    }
  ],
  "products" : [
    {
      "name" : "A11yUITests",
      "targets" : [
        "A11yUITests"
      ],
      "type" : {
        "library" : [
          "automatic"
        ]
      }
    }
  ],
  "swift_languages_versions" : [
    "5"
  ],
  "targets" : [
    {
      "c99name" : "A11yUITests",
      "module_type" : "SwiftTarget",
      "name" : "A11yUITests",
      "path" : "Sources/A11yUITests",
      "product_memberships" : [
        "A11yUITests"
      ],
      "sources" : [
        "Elements/A11yElement.swift",
        "Elements/XCUIElement.ElementType+Name.swift",
        "Extensions/CGFloat+Extensions.swift",
        "Extensions/NSObject+Extensions.swift",
        "Extensions/String+Extensions.swift",
        "Extensions/UIAccessibilityTraits+Extensions.swift",
        "Extensions/XCTest+extensions.swift",
        "Extensions/XCUIElementSnapshot+Extensions.swift",
        "Helpers/Failure.swift",
        "Tests/A11yAssertions.swift",
        "Tests/A11ySnapshot.swift",
        "Tests/A11yTests.swift",
        "Tests/TestRunner.swift",
        "Tests/Values.swift",
        "Tests/XCTestCase+A11y.swift"
      ],
      "type" : "library"
    }
  ],
  "tools_version" : "5.3"
}
{
  "workspace" : {
    "name" : "A11yUITests",
    "schemes" : [
      "A11yUITests"
    ]
  }
}
2026-09-18 20:47:18.353 xcodebuild[811:4935] [MT] IDERunDestination: Supported platforms for the buildables in the current scheme is empty.
Running build ...
env DEVELOPER_DIR=/Applications/Xcode-27.0.0-Release.Candidate.app xcrun xcodebuild -IDEClonedSourcePackagesDirPathOverride=$PWD/.dependencies -skipMacroValidation -skipPackagePluginValidation -derivedDataPath $PWD/.derivedData build -scheme A11yUITests -destination generic/platform=watchOS
Command line invocation:
    /Applications/Xcode-27.0.0-Release.Candidate.app/Contents/Developer/usr/bin/xcodebuild -IDEClonedSourcePackagesDirPathOverride=/Users/admin/builder/spi-builder-workspace/.dependencies -skipMacroValidation -skipPackagePluginValidation -derivedDataPath /Users/admin/builder/spi-builder-workspace/.derivedData build -scheme A11yUITests -destination generic/platform=watchOS
Resolve Package Graph
Resolved source packages:
  A11yUITests: /Users/admin/builder/spi-builder-workspace
ComputePackagePrebuildTargetDependencyGraph
Prepare packages
CreateBuildRequest
SendProjectDescription
CreateBuildOperation
ComputeTargetDependencyGraph
note: Building targets in dependency order
note: Target dependency graph (2 targets)
    Target 'A11yUITests-product' in project 'A11yUITests'
        ➜ Explicit dependency on target 'A11yUITests' in project 'A11yUITests'
    Target 'A11yUITests' in project 'A11yUITests' (no dependencies)
GatherProvisioningInputs
CreateBuildDescription
ClangStatCache /Applications/Xcode-27.0.0-Release.Candidate.app/Contents/Developer/Toolchains/XcodeDefault.xctoolchain/usr/bin/clang-stat-cache /Applications/Xcode-27.0.0-Release.Candidate.app/Contents/Developer/Platforms/WatchOS.platform/Developer/SDKs/WatchOS27.0.sdk /Users/admin/builder/spi-builder-workspace/.derivedData/SDKStatCaches.noindex/watchos27.0-24R360-e829b21a6f8c9b70876ba0858053c04477534ef55a1706bf4c1112bbb242f0a2.sdkstatcache
    cd /Users/admin/builder/spi-builder-workspace/.swiftpm/xcode
    /Applications/Xcode-27.0.0-Release.Candidate.app/Contents/Developer/Toolchains/XcodeDefault.xctoolchain/usr/bin/clang-stat-cache /Applications/Xcode-27.0.0-Release.Candidate.app/Contents/Developer/Platforms/WatchOS.platform/Developer/SDKs/WatchOS27.0.sdk -o /Users/admin/builder/spi-builder-workspace/.derivedData/SDKStatCaches.noindex/watchos27.0-24R360-e829b21a6f8c9b70876ba0858053c04477534ef55a1706bf4c1112bbb242f0a2.sdkstatcache
SwiftDriver A11yUITests normal arm64 com.apple.xcode.tools.swift.compiler (in target 'A11yUITests' from project 'A11yUITests')
    cd /Users/admin/builder/spi-builder-workspace/.swiftpm/xcode
    builtin-SwiftDriver -- /Applications/Xcode-27.0.0-Release.Candidate.app/Contents/Developer/Toolchains/XcodeDefault.xctoolchain/usr/bin/swiftc -parse-as-library -module-name A11yUITests -Onone @/Users/admin/builder/spi-builder-workspace/.derivedData/Build/Intermediates.noindex/A11yUITests.build/Debug-watchos/A11yUITests-t.build/Objects-normal/arm64/A11yUITests.SwiftFileList -DSWIFT_PACKAGE -DDEBUG -DSWIFT_MODULE_RESOURCE_BUNDLE_UNAVAILABLE -DXcode -plugin-path /Applications/Xcode-27.0.0-Release.Candidate.app/Contents/Developer/Toolchains/XcodeDefault.xctoolchain/usr/lib/swift/host/plugins/testing -enable-experimental-feature DebugDescriptionMacro -sdk /Applications/Xcode-27.0.0-Release.Candidate.app/Contents/Developer/Platforms/WatchOS.platform/Developer/SDKs/WatchOS27.0.sdk -target arm64-apple-watchos9.0 -g -module-cache-path /Users/admin/builder/spi-builder-workspace/.derivedData/ModuleCache.noindex -Xfrontend -serialize-debugging-options -enable-testing -index-store-path /Users/admin/builder/spi-builder-workspace/.derivedData/Index.noindex/DataStore -Xcc -D_LIBCPP_HARDENING_MODE\=_LIBCPP_HARDENING_MODE_DEBUG -swift-version 5 -I /Users/admin/builder/spi-builder-workspace/.derivedData/Build/Products/Debug-watchos -Isystem /Applications/Xcode-27.0.0-Release.Candidate.app/Contents/Developer/Platforms/WatchOS.platform/Developer/usr/lib -F /Users/admin/builder/spi-builder-workspace/.derivedData/Build/Products/Debug-watchos -F /Applications/Xcode-27.0.0-Release.Candidate.app/Contents/Developer/Platforms/WatchOS.platform/Developer/Library/Frameworks -F /Applications/Xcode-27.0.0-Release.Candidate.app/Contents/Developer/Platforms/WatchOS.platform/Developer/SDKs/WatchOS27.0.sdk/Developer/Library/Frameworks -c -j10 -enable-batch-mode -incremental -Xcc -ivfsstatcache -Xcc /Users/admin/builder/spi-builder-workspace/.derivedData/SDKStatCaches.noindex/watchos27.0-24R360-e829b21a6f8c9b70876ba0858053c04477534ef55a1706bf4c1112bbb242f0a2.sdkstatcache -output-file-map /Users/admin/builder/spi-builder-workspace/.derivedData/Build/Intermediates.noindex/A11yUITests.build/Debug-watchos/A11yUITests-t.build/Objects-normal/arm64/A11yUITests-OutputFileMap.json -save-temps -no-color-diagnostics -explicit-module-build -module-cache-path /Users/admin/builder/spi-builder-workspace/.derivedData/Build/Intermediates.noindex/SwiftExplicitPrecompiledModules -clang-scanner-module-cache-path /Users/admin/builder/spi-builder-workspace/.derivedData/ModuleCache.noindex -sdk-module-cache-path /Users/admin/builder/spi-builder-workspace/.derivedData/SDKExplicitPrecompiledModules -emit-dependencies -emit-module -emit-module-path /Users/admin/builder/spi-builder-workspace/.derivedData/Build/Intermediates.noindex/A11yUITests.build/Debug-watchos/A11yUITests-t.build/Objects-normal/arm64/A11yUITests.swiftmodule -serialize-diagnostics -dependency-scan-serialize-diagnostics-path /Users/admin/builder/spi-builder-workspace/.derivedData/Build/Intermediates.noindex/A11yUITests.build/Debug-watchos/A11yUITests-t.build/Objects-normal/arm64/A11yUITests-dependency-scan.dia -validate-clang-modules-once -clang-build-session-file /Users/admin/builder/spi-builder-workspace/.derivedData/ModuleCache.noindex/Session.modulevalidation -Xcc -fmodules-prune-interval\=86400 -Xcc -fmodules-prune-after\=345600 -emit-const-values -const-gather-protocols-list /Users/admin/builder/spi-builder-workspace/.derivedData/Build/Intermediates.noindex/A11yUITests.build/Debug-watchos/A11yUITests-t.build/Objects-normal/arm64/A11yUITests_const_extract_protocols.json -Xcc -I/Users/admin/builder/spi-builder-workspace/.derivedData/Build/Products/Debug-watchos/include -Xcc -I/Users/admin/builder/spi-builder-workspace/.derivedData/Build/Intermediates.noindex/A11yUITests.build/Debug-watchos/A11yUITests-t.build/DerivedSources-normal/arm64 -Xcc -I/Users/admin/builder/spi-builder-workspace/.derivedData/Build/Intermediates.noindex/A11yUITests.build/Debug-watchos/A11yUITests-t.build/DerivedSources/arm64 -Xcc -I/Users/admin/builder/spi-builder-workspace/.derivedData/Build/Intermediates.noindex/A11yUITests.build/Debug-watchos/A11yUITests-t.build/DerivedSources -Xcc -DSWIFT_PACKAGE -Xcc -DDEBUG\=1 -emit-objc-header -emit-objc-header-path /Users/admin/builder/spi-builder-workspace/.derivedData/Build/Intermediates.noindex/A11yUITests.build/Debug-watchos/A11yUITests-t.build/Objects-normal/arm64/A11yUITests-Swift.h -working-directory /Users/admin/builder/spi-builder-workspace/.swiftpm/xcode -experimental-emit-module-separately -disable-cmo
SwiftDriver A11yUITests normal arm64_32 com.apple.xcode.tools.swift.compiler (in target 'A11yUITests' from project 'A11yUITests')
    cd /Users/admin/builder/spi-builder-workspace/.swiftpm/xcode
    builtin-SwiftDriver -- /Applications/Xcode-27.0.0-Release.Candidate.app/Contents/Developer/Toolchains/XcodeDefault.xctoolchain/usr/bin/swiftc -parse-as-library -module-name A11yUITests -Onone @/Users/admin/builder/spi-builder-workspace/.derivedData/Build/Intermediates.noindex/A11yUITests.build/Debug-watchos/A11yUITests-t.build/Objects-normal/arm64_32/A11yUITests.SwiftFileList -DSWIFT_PACKAGE -DDEBUG -DSWIFT_MODULE_RESOURCE_BUNDLE_UNAVAILABLE -DXcode -plugin-path /Applications/Xcode-27.0.0-Release.Candidate.app/Contents/Developer/Toolchains/XcodeDefault.xctoolchain/usr/lib/swift/host/plugins/testing -enable-experimental-feature DebugDescriptionMacro -sdk /Applications/Xcode-27.0.0-Release.Candidate.app/Contents/Developer/Platforms/WatchOS.platform/Developer/SDKs/WatchOS27.0.sdk -target arm64_32-apple-watchos9.0 -g -module-cache-path /Users/admin/builder/spi-builder-workspace/.derivedData/ModuleCache.noindex -Xfrontend -serialize-debugging-options -enable-testing -index-store-path /Users/admin/builder/spi-builder-workspace/.derivedData/Index.noindex/DataStore -Xcc -D_LIBCPP_HARDENING_MODE\=_LIBCPP_HARDENING_MODE_DEBUG -swift-version 5 -I /Users/admin/builder/spi-builder-workspace/.derivedData/Build/Products/Debug-watchos -Isystem /Applications/Xcode-27.0.0-Release.Candidate.app/Contents/Developer/Platforms/WatchOS.platform/Developer/usr/lib -F /Users/admin/builder/spi-builder-workspace/.derivedData/Build/Products/Debug-watchos -F /Applications/Xcode-27.0.0-Release.Candidate.app/Contents/Developer/Platforms/WatchOS.platform/Developer/Library/Frameworks -F /Applications/Xcode-27.0.0-Release.Candidate.app/Contents/Developer/Platforms/WatchOS.platform/Developer/SDKs/WatchOS27.0.sdk/Developer/Library/Frameworks -c -j10 -enable-batch-mode -incremental -Xcc -ivfsstatcache -Xcc /Users/admin/builder/spi-builder-workspace/.derivedData/SDKStatCaches.noindex/watchos27.0-24R360-e829b21a6f8c9b70876ba0858053c04477534ef55a1706bf4c1112bbb242f0a2.sdkstatcache -output-file-map /Users/admin/builder/spi-builder-workspace/.derivedData/Build/Intermediates.noindex/A11yUITests.build/Debug-watchos/A11yUITests-t.build/Objects-normal/arm64_32/A11yUITests-OutputFileMap.json -save-temps -no-color-diagnostics -explicit-module-build -module-cache-path /Users/admin/builder/spi-builder-workspace/.derivedData/Build/Intermediates.noindex/SwiftExplicitPrecompiledModules -clang-scanner-module-cache-path /Users/admin/builder/spi-builder-workspace/.derivedData/ModuleCache.noindex -sdk-module-cache-path /Users/admin/builder/spi-builder-workspace/.derivedData/SDKExplicitPrecompiledModules -emit-dependencies -emit-module -emit-module-path /Users/admin/builder/spi-builder-workspace/.derivedData/Build/Intermediates.noindex/A11yUITests.build/Debug-watchos/A11yUITests-t.build/Objects-normal/arm64_32/A11yUITests.swiftmodule -serialize-diagnostics -dependency-scan-serialize-diagnostics-path /Users/admin/builder/spi-builder-workspace/.derivedData/Build/Intermediates.noindex/A11yUITests.build/Debug-watchos/A11yUITests-t.build/Objects-normal/arm64_32/A11yUITests-dependency-scan.dia -validate-clang-modules-once -clang-build-session-file /Users/admin/builder/spi-builder-workspace/.derivedData/ModuleCache.noindex/Session.modulevalidation -Xcc -fmodules-prune-interval\=86400 -Xcc -fmodules-prune-after\=345600 -emit-const-values -const-gather-protocols-list /Users/admin/builder/spi-builder-workspace/.derivedData/Build/Intermediates.noindex/A11yUITests.build/Debug-watchos/A11yUITests-t.build/Objects-normal/arm64_32/A11yUITests_const_extract_protocols.json -Xcc -I/Users/admin/builder/spi-builder-workspace/.derivedData/Build/Products/Debug-watchos/include -Xcc -I/Users/admin/builder/spi-builder-workspace/.derivedData/Build/Intermediates.noindex/A11yUITests.build/Debug-watchos/A11yUITests-t.build/DerivedSources-normal/arm64_32 -Xcc -I/Users/admin/builder/spi-builder-workspace/.derivedData/Build/Intermediates.noindex/A11yUITests.build/Debug-watchos/A11yUITests-t.build/DerivedSources/arm64_32 -Xcc -I/Users/admin/builder/spi-builder-workspace/.derivedData/Build/Intermediates.noindex/A11yUITests.build/Debug-watchos/A11yUITests-t.build/DerivedSources -Xcc -DSWIFT_PACKAGE -Xcc -DDEBUG\=1 -emit-objc-header -emit-objc-header-path /Users/admin/builder/spi-builder-workspace/.derivedData/Build/Intermediates.noindex/A11yUITests.build/Debug-watchos/A11yUITests-t.build/Objects-normal/arm64_32/A11yUITests-Swift.h -working-directory /Users/admin/builder/spi-builder-workspace/.swiftpm/xcode -experimental-emit-module-separately -disable-cmo
SwiftCompile normal arm64 Compiling\ A11yElement.swift,\ XCUIElement.ElementType+Name.swift /Users/admin/builder/spi-builder-workspace/Sources/A11yUITests/Elements/A11yElement.swift /Users/admin/builder/spi-builder-workspace/Sources/A11yUITests/Elements/XCUIElement.ElementType+Name.swift (in target 'A11yUITests' from project 'A11yUITests')
SwiftCompile normal arm64 /Users/admin/builder/spi-builder-workspace/Sources/A11yUITests/Elements/A11yElement.swift (in target 'A11yUITests' from project 'A11yUITests')
    cd /Users/admin/builder/spi-builder-workspace/.swiftpm/xcode
    builtin-SwiftPerFileCompile A11yElement.swift
SwiftCompile normal arm64 /Users/admin/builder/spi-builder-workspace/Sources/A11yUITests/Elements/XCUIElement.ElementType+Name.swift (in target 'A11yUITests' from project 'A11yUITests')
    cd /Users/admin/builder/spi-builder-workspace/.swiftpm/xcode
    builtin-SwiftPerFileCompile XCUIElement.ElementType+Name.swift
SwiftCompile normal arm64 Compiling\ XCTest+extensions.swift,\ XCUIElementSnapshot+Extensions.swift /Users/admin/builder/spi-builder-workspace/Sources/A11yUITests/Extensions/XCTest+extensions.swift /Users/admin/builder/spi-builder-workspace/Sources/A11yUITests/Extensions/XCUIElementSnapshot+Extensions.swift (in target 'A11yUITests' from project 'A11yUITests')
SwiftCompile normal arm64 /Users/admin/builder/spi-builder-workspace/Sources/A11yUITests/Extensions/XCTest+extensions.swift (in target 'A11yUITests' from project 'A11yUITests')
    cd /Users/admin/builder/spi-builder-workspace/.swiftpm/xcode
    builtin-SwiftPerFileCompile XCTest+extensions.swift
SwiftCompile normal arm64 /Users/admin/builder/spi-builder-workspace/Sources/A11yUITests/Extensions/XCUIElementSnapshot+Extensions.swift (in target 'A11yUITests' from project 'A11yUITests')
    cd /Users/admin/builder/spi-builder-workspace/.swiftpm/xcode
    builtin-SwiftPerFileCompile XCUIElementSnapshot+Extensions.swift
SwiftCompile normal arm64 Compiling\ A11ySnapshot.swift /Users/admin/builder/spi-builder-workspace/Sources/A11yUITests/Tests/A11ySnapshot.swift (in target 'A11yUITests' from project 'A11yUITests')
SwiftCompile normal arm64 /Users/admin/builder/spi-builder-workspace/Sources/A11yUITests/Tests/A11ySnapshot.swift (in target 'A11yUITests' from project 'A11yUITests')
    cd /Users/admin/builder/spi-builder-workspace/.swiftpm/xcode
    builtin-SwiftPerFileCompile A11ySnapshot.swift
SwiftCompile normal arm64 Compiling\ A11yAssertions.swift /Users/admin/builder/spi-builder-workspace/Sources/A11yUITests/Tests/A11yAssertions.swift (in target 'A11yUITests' from project 'A11yUITests')
/Users/admin/builder/spi-builder-workspace/Sources/A11yUITests/Tests/A11yAssertions.swift:371:23: error: 'UIDevice' is unavailable in watchOS
369 |         }
370 |
371 |         let padding = UIDevice.current.userInterfaceIdiom == .pad ? 12 : A11yTestValues.iPhonePadding
    |                       `- error: 'UIDevice' is unavailable in watchOS
372 |
373 |         let expandedFrame1 = CGRect(x: element1.frame.origin.x - CGFloat(padding), y: element1.frame.origin.y - CGFloat(padding), width: element1.frame.size.width + CGFloat(padding * 2), height: element1.frame.size.height + CGFloat(padding * 2))
/Applications/Xcode-27.0.0-Release.Candidate.app/Contents/Developer/Platforms/WatchOS.platform/Developer/SDKs/WatchOS27.0.sdk/System/Library/Frameworks/UIKit.framework/Headers/UIDevice.h:35:12: note: 'UIDevice' has been explicitly marked unavailable here
33 |
34 | UIKIT_EXTERN API_AVAILABLE(ios(2.0)) API_UNAVAILABLE(watchos) NS_SWIFT_UI_ACTOR
35 | @interface UIDevice : NSObject
   |            `- note: 'UIDevice' has been explicitly marked unavailable here
36 |
37 | @property(class, nonatomic, readonly) UIDevice *currentDevice;
Failed frontend command:
/Applications/Xcode-27.0.0-Release.Candidate.app/Contents/Developer/Toolchains/XcodeDefault.xctoolchain/usr/bin/swift-frontend -frontend -c /Users/admin/builder/spi-builder-workspace/Sources/A11yUITests/Elements/A11yElement.swift /Users/admin/builder/spi-builder-workspace/Sources/A11yUITests/Elements/XCUIElement.ElementType+Name.swift /Users/admin/builder/spi-builder-workspace/Sources/A11yUITests/Extensions/CGFloat+Extensions.swift /Users/admin/builder/spi-builder-workspace/Sources/A11yUITests/Extensions/NSObject+Extensions.swift /Users/admin/builder/spi-builder-workspace/Sources/A11yUITests/Extensions/String+Extensions.swift /Users/admin/builder/spi-builder-workspace/Sources/A11yUITests/Extensions/UIAccessibilityTraits+Extensions.swift /Users/admin/builder/spi-builder-workspace/Sources/A11yUITests/Extensions/XCTest+extensions.swift /Users/admin/builder/spi-builder-workspace/Sources/A11yUITests/Extensions/XCUIElementSnapshot+Extensions.swift /Users/admin/builder/spi-builder-workspace/Sources/A11yUITests/Helpers/Failure.swift -primary-file /Users/admin/builder/spi-builder-workspace/Sources/A11yUITests/Tests/A11yAssertions.swift /Users/admin/builder/spi-builder-workspace/Sources/A11yUITests/Tests/A11ySnapshot.swift /Users/admin/builder/spi-builder-workspace/Sources/A11yUITests/Tests/A11yTests.swift /Users/admin/builder/spi-builder-workspace/Sources/A11yUITests/Tests/TestRunner.swift /Users/admin/builder/spi-builder-workspace/Sources/A11yUITests/Tests/Values.swift /Users/admin/builder/spi-builder-workspace/Sources/A11yUITests/Tests/XCTestCase+A11y.swift -emit-dependencies-path /Users/admin/builder/spi-builder-workspace/.derivedData/Build/Intermediates.noindex/A11yUITests.build/Debug-watchos/A11yUITests-t.build/Objects-normal/arm64/A11yAssertions.d -emit-const-values-path /Users/admin/builder/spi-builder-workspace/.derivedData/Build/Intermediates.noindex/A11yUITests.build/Debug-watchos/A11yUITests-t.build/Objects-normal/arm64/A11yAssertions.swiftconstvalues -emit-reference-dependencies-path /Users/admin/builder/spi-builder-workspace/.derivedData/Build/Intermediates.noindex/A11yUITests.build/Debug-watchos/A11yUITests-t.build/Objects-normal/arm64/A11yAssertions.swiftdeps -serialize-diagnostics-path /Users/admin/builder/spi-builder-workspace/.derivedData/Build/Intermediates.noindex/A11yUITests.build/Debug-watchos/A11yUITests-t.build/Objects-normal/arm64/A11yAssertions.dia -target arm64-apple-watchos9.0 -disable-cross-import-overlay-search -load-resolved-plugin /Applications/Xcode-27.0.0-Release.Candidate.app/Contents/Developer/Platforms/WatchOS.platform/Developer/usr/lib/swift/host/plugins/libFoundationMacros.dylib\#/Applications/Xcode-27.0.0-Release.Candidate.app/Contents/Developer/Platforms/WatchOS.platform/Developer/usr/bin/swift-plugin-server\#FoundationMacros -load-resolved-plugin /Applications/Xcode-27.0.0-Release.Candidate.app/Contents/Developer/Platforms/WatchOS.platform/Developer/usr/lib/swift/host/plugins/libObservationMacros.dylib\#/Applications/Xcode-27.0.0-Release.Candidate.app/Contents/Developer/Platforms/WatchOS.platform/Developer/usr/bin/swift-plugin-server\#ObservationMacros -load-resolved-plugin /Applications/Xcode-27.0.0-Release.Candidate.app/Contents/Developer/Platforms/WatchOS.platform/Developer/usr/lib/swift/host/plugins/libSwiftMacros.dylib\#/Applications/Xcode-27.0.0-Release.Candidate.app/Contents/Developer/Platforms/WatchOS.platform/Developer/usr/bin/swift-plugin-server\#SwiftMacros -load-resolved-plugin /Applications/Xcode-27.0.0-Release.Candidate.app/Contents/Developer/Platforms/WatchOS.platform/Developer/usr/lib/swift/host/plugins/libSwiftUIMacros.dylib\#/Applications/Xcode-27.0.0-Release.Candidate.app/Contents/Developer/Platforms/WatchOS.platform/Developer/usr/bin/swift-plugin-server\#SwiftUIMacros -disable-implicit-swift-modules -Xcc -fno-implicit-modules -Xcc -fno-implicit-module-maps -explicit-swift-module-map-file /Users/admin/builder/spi-builder-workspace/.derivedData/Build/Intermediates.noindex/A11yUITests.build/Debug-watchos/A11yUITests-t.build/Objects-normal/arm64/A11yUITests-dependencies-1.json -Xllvm -aarch64-use-tbi -enable-objc-interop -stack-check -sdk /Applications/Xcode-27.0.0-Release.Candidate.app/Contents/Developer/Platforms/WatchOS.platform/Developer/SDKs/WatchOS27.0.sdk -I /Users/admin/builder/spi-builder-workspace/.derivedData/Build/Products/Debug-watchos -Isystem /Applications/Xcode-27.0.0-Release.Candidate.app/Contents/Developer/Platforms/WatchOS.platform/Developer/usr/lib -F /Users/admin/builder/spi-builder-workspace/.derivedData/Build/Products/Debug-watchos -F /Applications/Xcode-27.0.0-Release.Candidate.app/Contents/Developer/Platforms/WatchOS.platform/Developer/Library/Frameworks -F /Applications/Xcode-27.0.0-Release.Candidate.app/Contents/Developer/Platforms/WatchOS.platform/Developer/SDKs/WatchOS27.0.sdk/Developer/Library/Frameworks -module-cache-path /Users/admin/builder/spi-builder-workspace/.derivedData/Build/Intermediates.noindex/SwiftExplicitPrecompiledModules -no-color-diagnostics -Xcc -fno-color-diagnostics -enable-testing -g -debug-info-format\=dwarf -dwarf-version\=4 -swift-version 5 -Onone -D SWIFT_PACKAGE -D DEBUG -D SWIFT_MODULE_RESOURCE_BUNDLE_UNAVAILABLE -D Xcode -serialize-debugging-options -enable-experimental-feature DebugDescriptionMacro -empty-abi-descriptor -validate-clang-modules-once -clang-build-session-file /Users/admin/builder/spi-builder-workspace/.derivedData/ModuleCache.noindex/Session.modulevalidation -Xcc -working-directory -Xcc /Users/admin/builder/spi-builder-workspace/.swiftpm/xcode -enable-anonymous-context-mangled-names -file-compilation-dir /Users/admin/builder/spi-builder-workspace/.swiftpm/xcode -Xcc -D_LIBCPP_HARDENING_MODE\=_LIBCPP_HARDENING_MODE_DEBUG -Xcc -ivfsstatcache -Xcc /Users/admin/builder/spi-builder-workspace/.derivedData/SDKStatCaches.noindex/watchos27.0-24R360-e829b21a6f8c9b70876ba0858053c04477534ef55a1706bf4c1112bbb242f0a2.sdkstatcache -Xcc -fmodules-prune-interval\=86400 -Xcc -fmodules-prune-after\=345600 -Xcc -I/Users/admin/builder/spi-builder-workspace/.derivedData/Build/Products/Debug-watchos/include -Xcc -I/Users/admin/builder/spi-builder-workspace/.derivedData/Build/Intermediates.noindex/A11yUITests.build/Debug-watchos/A11yUITests-t.build/DerivedSources-normal/arm64 -Xcc -I/Users/admin/builder/spi-builder-workspace/.derivedData/Build/Intermediates.noindex/A11yUITests.build/Debug-watchos/A11yUITests-t.build/DerivedSources/arm64 -Xcc -I/Users/admin/builder/spi-builder-workspace/.derivedData/Build/Intermediates.noindex/A11yUITests.build/Debug-watchos/A11yUITests-t.build/DerivedSources -Xcc -DSWIFT_PACKAGE -Xcc -DDEBUG\=1 -no-auto-bridging-header-chaining -module-name A11yUITests -const-gather-protocols-file /Users/admin/builder/spi-builder-workspace/.derivedData/Build/Intermediates.noindex/A11yUITests.build/Debug-watchos/A11yUITests-t.build/Objects-normal/arm64/A11yUITests_const_extract_protocols.json -disable-clang-spi -clang-target arm64-apple-watchos27.0 -target-sdk-version 27.0 -target-sdk-name watchos27.0 -in-process-plugin-server-path /Applications/Xcode-27.0.0-Release.Candidate.app/Contents/Developer/Toolchains/XcodeDefault.xctoolchain/usr/lib/swift/host/libSwiftInProcPluginServer.dylib -parse-as-library -o /Users/admin/builder/spi-builder-workspace/.derivedData/Build/Intermediates.noindex/A11yUITests.build/Debug-watchos/A11yUITests-t.build/Objects-normal/arm64/A11yAssertions.o -debug-module-path /Users/admin/builder/spi-builder-workspace/.derivedData/Build/Intermediates.noindex/A11yUITests.build/Debug-watchos/A11yUITests-t.build/Objects-normal/arm64/A11yUITests.swiftmodule -index-unit-output-path /A11yUITests.build/Debug-watchos/A11yUITests-t.build/Objects-normal/arm64/A11yAssertions.o -index-store-path /Users/admin/builder/spi-builder-workspace/.derivedData/Index.noindex/DataStore -index-system-modules
SwiftCompile normal arm64 /Users/admin/builder/spi-builder-workspace/Sources/A11yUITests/Tests/A11yAssertions.swift (in target 'A11yUITests' from project 'A11yUITests')
    cd /Users/admin/builder/spi-builder-workspace/.swiftpm/xcode
    builtin-SwiftPerFileCompile A11yAssertions.swift
SwiftCompile normal arm64 Compiling\ String+Extensions.swift,\ UIAccessibilityTraits+Extensions.swift /Users/admin/builder/spi-builder-workspace/Sources/A11yUITests/Extensions/String+Extensions.swift /Users/admin/builder/spi-builder-workspace/Sources/A11yUITests/Extensions/UIAccessibilityTraits+Extensions.swift (in target 'A11yUITests' from project 'A11yUITests')
SwiftCompile normal arm64 /Users/admin/builder/spi-builder-workspace/Sources/A11yUITests/Extensions/String+Extensions.swift (in target 'A11yUITests' from project 'A11yUITests')
    cd /Users/admin/builder/spi-builder-workspace/.swiftpm/xcode
    builtin-SwiftPerFileCompile String+Extensions.swift
SwiftCompile normal arm64 /Users/admin/builder/spi-builder-workspace/Sources/A11yUITests/Extensions/UIAccessibilityTraits+Extensions.swift (in target 'A11yUITests' from project 'A11yUITests')
    cd /Users/admin/builder/spi-builder-workspace/.swiftpm/xcode
    builtin-SwiftPerFileCompile UIAccessibilityTraits+Extensions.swift
SwiftCompile normal arm64 Compiling\ Failure.swift /Users/admin/builder/spi-builder-workspace/Sources/A11yUITests/Helpers/Failure.swift (in target 'A11yUITests' from project 'A11yUITests')
SwiftCompile normal arm64 /Users/admin/builder/spi-builder-workspace/Sources/A11yUITests/Helpers/Failure.swift (in target 'A11yUITests' from project 'A11yUITests')
    cd /Users/admin/builder/spi-builder-workspace/.swiftpm/xcode
    builtin-SwiftPerFileCompile Failure.swift
SwiftEmitModule normal arm64 Emitting\ module\ for\ A11yUITests (in target 'A11yUITests' from project 'A11yUITests')
SwiftCompile normal arm64 (in target 'A11yUITests' from project 'A11yUITests')
    cd /Users/admin/builder/spi-builder-workspace/.swiftpm/xcode

SwiftCompile normal arm64 Compiling\ A11yTests.swift /Users/admin/builder/spi-builder-workspace/Sources/A11yUITests/Tests/A11yTests.swift (in target 'A11yUITests' from project 'A11yUITests')
SwiftCompile normal arm64 /Users/admin/builder/spi-builder-workspace/Sources/A11yUITests/Tests/A11yTests.swift (in target 'A11yUITests' from project 'A11yUITests')
    cd /Users/admin/builder/spi-builder-workspace/.swiftpm/xcode
    builtin-SwiftPerFileCompile A11yTests.swift
SwiftCompile normal arm64 Compiling\ Values.swift /Users/admin/builder/spi-builder-workspace/Sources/A11yUITests/Tests/Values.swift (in target 'A11yUITests' from project 'A11yUITests')
SwiftCompile normal arm64 /Users/admin/builder/spi-builder-workspace/Sources/A11yUITests/Tests/Values.swift (in target 'A11yUITests' from project 'A11yUITests')
    cd /Users/admin/builder/spi-builder-workspace/.swiftpm/xcode
    builtin-SwiftPerFileCompile Values.swift
SwiftCompile normal arm64 Compiling\ TestRunner.swift /Users/admin/builder/spi-builder-workspace/Sources/A11yUITests/Tests/TestRunner.swift (in target 'A11yUITests' from project 'A11yUITests')
SwiftCompile normal arm64 /Users/admin/builder/spi-builder-workspace/Sources/A11yUITests/Tests/TestRunner.swift (in target 'A11yUITests' from project 'A11yUITests')
    cd /Users/admin/builder/spi-builder-workspace/.swiftpm/xcode
    builtin-SwiftPerFileCompile TestRunner.swift
SwiftEmitModule normal arm64_32 Emitting\ module\ for\ A11yUITests (in target 'A11yUITests' from project 'A11yUITests')
SwiftCompile normal arm64_32 (in target 'A11yUITests' from project 'A11yUITests')
    cd /Users/admin/builder/spi-builder-workspace/.swiftpm/xcode

SwiftDriverJobDiscovery normal arm64 Compiling A11yTests.swift (in target 'A11yUITests' from project 'A11yUITests')
SwiftCompile normal arm64_32 Compiling\ UIAccessibilityTraits+Extensions.swift /Users/admin/builder/spi-builder-workspace/Sources/A11yUITests/Extensions/UIAccessibilityTraits+Extensions.swift (in target 'A11yUITests' from project 'A11yUITests')
SwiftCompile normal arm64_32 /Users/admin/builder/spi-builder-workspace/Sources/A11yUITests/Extensions/UIAccessibilityTraits+Extensions.swift (in target 'A11yUITests' from project 'A11yUITests')
    cd /Users/admin/builder/spi-builder-workspace/.swiftpm/xcode
    builtin-SwiftPerFileCompile UIAccessibilityTraits+Extensions.swift
SwiftDriverJobDiscovery normal arm64 Compiling TestRunner.swift (in target 'A11yUITests' from project 'A11yUITests')
SwiftCompile normal arm64_32 Compiling\ A11ySnapshot.swift /Users/admin/builder/spi-builder-workspace/Sources/A11yUITests/Tests/A11ySnapshot.swift (in target 'A11yUITests' from project 'A11yUITests')
SwiftCompile normal arm64_32 /Users/admin/builder/spi-builder-workspace/Sources/A11yUITests/Tests/A11ySnapshot.swift (in target 'A11yUITests' from project 'A11yUITests')
    cd /Users/admin/builder/spi-builder-workspace/.swiftpm/xcode
    builtin-SwiftPerFileCompile A11ySnapshot.swift
SwiftDriverJobDiscovery normal arm64 Compiling Failure.swift (in target 'A11yUITests' from project 'A11yUITests')
SwiftCompile normal arm64_32 Compiling\ XCUIElementSnapshot+Extensions.swift /Users/admin/builder/spi-builder-workspace/Sources/A11yUITests/Extensions/XCUIElementSnapshot+Extensions.swift (in target 'A11yUITests' from project 'A11yUITests')
SwiftCompile normal arm64_32 /Users/admin/builder/spi-builder-workspace/Sources/A11yUITests/Extensions/XCUIElementSnapshot+Extensions.swift (in target 'A11yUITests' from project 'A11yUITests')
    cd /Users/admin/builder/spi-builder-workspace/.swiftpm/xcode
    builtin-SwiftPerFileCompile XCUIElementSnapshot+Extensions.swift
SwiftCompile normal arm64_32 Compiling\ XCTest+extensions.swift /Users/admin/builder/spi-builder-workspace/Sources/A11yUITests/Extensions/XCTest+extensions.swift (in target 'A11yUITests' from project 'A11yUITests')
SwiftCompile normal arm64_32 /Users/admin/builder/spi-builder-workspace/Sources/A11yUITests/Extensions/XCTest+extensions.swift (in target 'A11yUITests' from project 'A11yUITests')
    cd /Users/admin/builder/spi-builder-workspace/.swiftpm/xcode
    builtin-SwiftPerFileCompile XCTest+extensions.swift
SwiftDriverJobDiscovery normal arm64 Compiling Values.swift (in target 'A11yUITests' from project 'A11yUITests')
SwiftCompile normal arm64_32 Compiling\ A11yElement.swift /Users/admin/builder/spi-builder-workspace/Sources/A11yUITests/Elements/A11yElement.swift (in target 'A11yUITests' from project 'A11yUITests')
SwiftCompile normal arm64_32 /Users/admin/builder/spi-builder-workspace/Sources/A11yUITests/Elements/A11yElement.swift (in target 'A11yUITests' from project 'A11yUITests')
    cd /Users/admin/builder/spi-builder-workspace/.swiftpm/xcode
    builtin-SwiftPerFileCompile A11yElement.swift
SwiftCompile normal arm64_32 Compiling\ XCTestCase+A11y.swift /Users/admin/builder/spi-builder-workspace/Sources/A11yUITests/Tests/XCTestCase+A11y.swift (in target 'A11yUITests' from project 'A11yUITests')
SwiftCompile normal arm64_32 /Users/admin/builder/spi-builder-workspace/Sources/A11yUITests/Tests/XCTestCase+A11y.swift (in target 'A11yUITests' from project 'A11yUITests')
    cd /Users/admin/builder/spi-builder-workspace/.swiftpm/xcode
    builtin-SwiftPerFileCompile XCTestCase+A11y.swift
SwiftDriverJobDiscovery normal arm64_32 Compiling XCUIElementSnapshot+Extensions.swift (in target 'A11yUITests' from project 'A11yUITests')
SwiftCompile normal arm64_32 Compiling\ XCUIElement.ElementType+Name.swift /Users/admin/builder/spi-builder-workspace/Sources/A11yUITests/Elements/XCUIElement.ElementType+Name.swift (in target 'A11yUITests' from project 'A11yUITests')
SwiftCompile normal arm64_32 /Users/admin/builder/spi-builder-workspace/Sources/A11yUITests/Elements/XCUIElement.ElementType+Name.swift (in target 'A11yUITests' from project 'A11yUITests')
    cd /Users/admin/builder/spi-builder-workspace/.swiftpm/xcode
    builtin-SwiftPerFileCompile XCUIElement.ElementType+Name.swift
PruneExplicitPrecompiledModules /Users/admin/builder/spi-builder-workspace/.derivedData/Build/Intermediates.noindex/ExplicitPrecompiledModules
PruneExplicitPrecompiledModules /Users/admin/builder/spi-builder-workspace/.derivedData/Build/Intermediates.noindex/SwiftExplicitPrecompiledModules
PruneExplicitPrecompiledModules /Users/admin/builder/spi-builder-workspace/.derivedData/SDKExplicitPrecompiledModules
2026-09-18 20:47:19.366 xcodebuild[812:4960] [MT] IDERunDestination: Supported platforms for the buildables in the current scheme is empty.
** BUILD FAILED **
The following build commands failed:
	SwiftCompile normal arm64 Compiling\ A11yAssertions.swift /Users/admin/builder/spi-builder-workspace/Sources/A11yUITests/Tests/A11yAssertions.swift (in target 'A11yUITests' from project 'A11yUITests')
	SwiftCompile normal arm64 /Users/admin/builder/spi-builder-workspace/Sources/A11yUITests/Tests/A11yAssertions.swift (in target 'A11yUITests' from project 'A11yUITests')
	Building workspace A11yUITests with scheme A11yUITests
(3 failures)
BUILD FAILURE 6.4 watchOS