The Swift Package Index logo.Swift Package Index

Build Information

Failed to build SwiftMTP, reference 0.12.0 (f5f718), with Swift 6.4 for macOS (SPM) on 3 Oct 2026 11:37:35 UTC.

Build Command

env DEVELOPER_DIR=/Applications/Xcode-27.0.0-Release.Candidate.app xcrun swift build --arch arm64

Build Log

========================================
RunAll
========================================
Builder version: 5.1.1
Interrupt handler set up.
========================================
Checkout
========================================
Clone URL: https://github.com/cleanCocoa/swift-mtp.git
Reference: 0.12.0
Initialized empty Git repository in /Users/admin/builder/spi-builder-workspace/.git/
From https://github.com/cleanCocoa/swift-mtp
 * tag               0.12.0     -> FETCH_HEAD
HEAD is now at f5f7182 docs: add 0.12.0 changelog
Cloned https://github.com/cleanCocoa/swift-mtp.git
Revision (git rev-parse @):
f5f7182cf871aa0fec848d0b7a7d3d656cf8e476
SUCCESS checkout https://github.com/cleanCocoa/swift-mtp.git at 0.12.0
========================================
Build
========================================
Selected platform:         macosSpm
Swift version:             6.4
Building package at path:  $PWD
https://github.com/cleanCocoa/swift-mtp.git
Running build ...
env DEVELOPER_DIR=/Applications/Xcode-27.0.0-Release.Candidate.app xcrun swift build --arch arm64
Building for debugging...
[Pre-planning 1 / 154]
[Planning deferred tasks]
[32 / 58]
[33 / 59] MTPCore
warning: 'spi-builder-workspace': failed to retrieve search paths with pkg-config; maybe pkg-config is not installed
warning: 'spi-builder-workspace': you may be able to install libmtp using your system-packager:
    brew install libmtp
error: clang dependency scanning failure: While building module 'Clibmtp' imported from module-include.input:1:
In file included from <module-includes>:1:
/Users/admin/builder/spi-builder-workspace/Sources/Clibmtp/shim.h:2:10: fatal error: 'libmtp.h' file not found
module-include.input:1:3: fatal error: could not build module 'Clibmtp'
error: /Users/admin/builder/spi-builder-workspace/Sources/MTPCore/DetectedDevice.swift:1:24 unable to resolve module dependency: 'Clibmtp'
error: clang dependency scanning failure: While building module 'Clibmtp' imported from module-include.input:1:
In file included from <module-includes>:1:
/Users/admin/builder/spi-builder-workspace/Sources/Clibmtp/shim.h:2:10: fatal error: 'libmtp.h' file not found
module-include.input:1:3: fatal error: could not build module 'Clibmtp'
error: SwiftDriver MTPCore normal arm64 com.apple.xcode.tools.swift.compiler failed with a nonzero exit code. Command line:     cd /Users/admin/builder
    builtin-SwiftDriver -- /Applications/Xcode-27.0.0-Release.Candidate.app/Contents/Developer/Toolchains/XcodeDefault.xctoolchain/usr/bin/swiftc -parse-as-library -module-name MTPCore -Onone @/Users/admin/builder/spi-builder-workspace/.build/out/Intermediates.noindex/SwiftMTP.build/Debug/MTPCore-t.build/Objects-normal/arm64/MTPCore.SwiftFileList -DSWIFT_PACKAGE -DDEBUG -DSWIFT_MODULE_RESOURCE_BUNDLE_UNAVAILABLE -Xcc -fmodule-map-file\=/Users/admin/builder/spi-builder-workspace/Sources/Clibmtp/module.modulemap -DXcode -plugin-path /Applications/Xcode-27.0.0-Release.Candidate.app/Contents/Developer/Toolchains/XcodeDefault.xctoolchain/usr/lib/swift/host/plugins/testing -enable-experimental-feature DebugDescriptionMacro -sdk /Applications/Xcode-27.0.0-Release.Candidate.app/Contents/Developer/Platforms/MacOSX.platform/Developer/SDKs/MacOSX27.0.sdk -target arm64-apple-macos15.0 -g -module-cache-path /Users/admin/builder/spi-builder-workspace/.build/out/ModuleCache.noindex -Xfrontend -serialize-debugging-options -enable-testing -index-store-path /Users/admin/builder/spi-builder-workspace/.build/out -Xcc -D_LIBCPP_HARDENING_MODE\=_LIBCPP_HARDENING_MODE_DEBUG -swift-version 6 -I /Users/admin/builder/spi-builder-workspace/.build/out/Products/Debug -Isystem /Applications/Xcode-27.0.0-Release.Candidate.app/Contents/Developer/Platforms/MacOSX.platform/Developer/usr/lib -F /Users/admin/builder/spi-builder-workspace/.build/out/Products/Debug -F /Applications/Xcode-27.0.0-Release.Candidate.app/Contents/Developer/Platforms/MacOSX.platform/Developer/Library/Frameworks -c -j10 -enable-batch-mode -incremental -Xcc -ivfsstatcache -Xcc /Users/admin/builder/spi-builder-workspace/.build/out/SDKStatCaches.noindex/macosx27.0-26A425-80c5bbf1d171475443272936d42f90a36a22442a12e9d48fe1a705f55a1adfc4.sdkstatcache -output-file-map /Users/admin/builder/spi-builder-workspace/.build/out/Intermediates.noindex/SwiftMTP.build/Debug/MTPCore-t.build/Objects-normal/arm64/MTPCore-OutputFileMap.json -save-temps -color-diagnostics -explicit-module-build -module-cache-path /Users/admin/builder/spi-builder-workspace/.build/out/Intermediates.noindex/SwiftExplicitPrecompiledModules -clang-scanner-module-cache-path /Users/admin/builder/spi-builder-workspace/.build/out/ModuleCache.noindex -sdk-module-cache-path /Users/admin/builder/spi-builder-workspace/.build/out/SDKExplicitPrecompiledModules -emit-dependencies -emit-module -emit-module-path /Users/admin/builder/spi-builder-workspace/.build/out/Intermediates.noindex/SwiftMTP.build/Debug/MTPCore-t.build/Objects-normal/arm64/MTPCore.swiftmodule -serialize-diagnostics -dependency-scan-serialize-diagnostics-path /Users/admin/builder/spi-builder-workspace/.build/out/Intermediates.noindex/SwiftMTP.build/Debug/MTPCore-t.build/Objects-normal/arm64/MTPCore-dependency-scan.dia -validate-clang-modules-once -clang-build-session-file /Users/admin/builder/spi-builder-workspace/.build/out/ModuleCache.noindex/Session.modulevalidation -Xcc -fmodules-prune-interval\=86400 -Xcc -fmodules-prune-after\=345600 -package-name spi_builder_workspace -emit-const-values -const-gather-protocols-list /Users/admin/builder/spi-builder-workspace/.build/out/Intermediates.noindex/SwiftMTP.build/Debug/MTPCore-t.build/Objects-normal/arm64/MTPCore_const_extract_protocols.json -Xcc -I/Users/admin/builder/spi-builder-workspace/.build/out/Products/Debug/include -Xcc -I/Users/admin/builder/spi-builder-workspace/.build/out/Intermediates.noindex/SwiftMTP.build/Debug/MTPCore-t.build/DerivedSources-normal/arm64 -Xcc -I/Users/admin/builder/spi-builder-workspace/.build/out/Intermediates.noindex/SwiftMTP.build/Debug/MTPCore-t.build/DerivedSources/arm64 -Xcc -I/Users/admin/builder/spi-builder-workspace/.build/out/Intermediates.noindex/SwiftMTP.build/Debug/MTPCore-t.build/DerivedSources -Xcc -DSWIFT_PACKAGE -Xcc -DDEBUG\=1 -emit-objc-header -emit-objc-header-path /Users/admin/builder/spi-builder-workspace/.build/out/Intermediates.noindex/SwiftMTP.build/Debug/MTPCore-t.build/Objects-normal/arm64/MTPCore-Swift.h -working-directory /Users/admin/builder -experimental-emit-module-separately -disable-cmo
error: Build failed
BUILD FAILURE 6.4 macosSpm