The Swift Package Index logo.Swift Package Index

Build Information

Failed to build SKClient, reference master (89d050), with Swift 6.4 for Wasm on 17 Sep 2026 01:21:08 UTC.

Build Command

bash -c docker run --pull=always --rm -v "checkouts-54344845-0":/host -w "$PWD" -e JAVA_HOME="/root/.sdkman/candidates/java/current" -e SPI_BUILD="1" -e SPI_PROCESSING="1" registry.gitlab.com/saguaro1/spi-images:wasm-6.4-latest swift build --swift-sdk swift-6.4.x-DEVELOPMENT-SNAPSHOT-2026-09-04-a_wasm 2>&1

Build Log

========================================
RunAll
========================================
Builder version: 5.1.0
Interrupt handler set up.
========================================
Checkout
========================================
Clone URL: https://github.com/pvzig/SKClient.git
Reference: master
Initialized empty Git repository in /host/spi-builder-workspace/.git/
hint: Using 'master' as the name for the initial branch. This default branch name
hint: is subject to change. To configure the initial branch name to use in all
hint: of your new repositories, which will suppress this warning, call:
hint:
hint: 	git config --global init.defaultBranch <name>
hint:
hint: Names commonly chosen instead of 'master' are 'main', 'trunk' and
hint: 'development'. The just-created branch can be renamed via this command:
hint:
hint: 	git branch -m <name>
From https://github.com/pvzig/SKClient
 * branch            master     -> FETCH_HEAD
 * [new branch]      master     -> origin/master
HEAD is now at 89d0503 Update README.md
Cloned https://github.com/pvzig/SKClient.git
Revision (git rev-parse @):
89d050307ac42f5a4de5d74dd790ff25185f0c99
SUCCESS checkout https://github.com/pvzig/SKClient.git at master
========================================
Build
========================================
Selected platform:         wasm
Swift version:             6.4
Building package at path:  $PWD
https://github.com/pvzig/SKClient.git
Running build ...
bash -c docker run --pull=always --rm -v "checkouts-54344845-0":/host -w "$PWD" -e JAVA_HOME="/root/.sdkman/candidates/java/current" -e SPI_BUILD="1" -e SPI_PROCESSING="1" registry.gitlab.com/saguaro1/spi-images:wasm-6.4-latest swift build --swift-sdk swift-6.4.x-DEVELOPMENT-SNAPSHOT-2026-09-04-a_wasm 2>&1
wasm-6.4-latest: Pulling from saguaro1/spi-images
Digest: sha256:4328fdb43c680d205c1d6761b1e3267aa38277eefdda9ddfb17b6a0f1a77857a
Status: Image is up to date for registry.gitlab.com/saguaro1/spi-images:wasm-6.4-latest
Fetching https://github.com/pvzig/SKCore
[1/288] Fetching skcore
Fetched https://github.com/pvzig/SKCore (0.45s)
Computing version for https://github.com/pvzig/SKCore
Computed https://github.com/pvzig/SKCore at 4.1.3 (0.64s)
Creating working copy for https://github.com/pvzig/SKCore
Working copy of https://github.com/pvzig/SKCore resolved at 4.1.3
Building for debugging...
[Pre-planning 1 / 96]
[32 / 47] SKCore
[40 / 50] SKClient
[45 / 50] SKCore
error: SwiftCompile normal wasm32 /host/spi-builder-workspace/Sources/Client.swift failed with a nonzero exit code. Command line:     cd /host
    builtin-SwiftPerFileCompile Client.swift
/host/spi-builder-workspace/Sources/Client.swift:277:23: error: cannot find 'DispatchTime' in scope
275 |         channels[channelID]?.usersTyping.append(userID)
276 |
277 |         let timeout = DispatchTime.now() + Double(Int64(5.0 * Double(UInt64.nanosecondsPerSecond))) / Double(UInt64.nanosecondsPerSecond)
    |                       `- error: cannot find 'DispatchTime' in scope
278 |         DispatchQueue.main.asyncAfter(deadline: timeout, execute: {
279 |             if let index = self.channels[channelID]?.usersTyping.index(of: userID) {
/host/spi-builder-workspace/Sources/Client.swift:278:9: error: cannot find 'DispatchQueue' in scope
276 |
277 |         let timeout = DispatchTime.now() + Double(Int64(5.0 * Double(UInt64.nanosecondsPerSecond))) / Double(UInt64.nanosecondsPerSecond)
278 |         DispatchQueue.main.asyncAfter(deadline: timeout, execute: {
    |         `- error: cannot find 'DispatchQueue' in scope
279 |             if let index = self.channels[channelID]?.usersTyping.index(of: userID) {
280 |                 self.channels[channelID]?.usersTyping.remove(at: index)
Failed frontend command:
/usr/bin/swift-frontend -frontend -c -primary-file /host/spi-builder-workspace/Sources/Client.swift -emit-dependencies-path /host/spi-builder-workspace/.build/out/Intermediates.noindex/SKClient.build/Debug-webassembly-wasm32/SKClient-t.build/Objects-normal/wasm32/Client.d -emit-const-values-path /host/spi-builder-workspace/.build/out/Intermediates.noindex/SKClient.build/Debug-webassembly-wasm32/SKClient-t.build/Objects-normal/wasm32/Client.swiftconstvalues -emit-reference-dependencies-path /host/spi-builder-workspace/.build/out/Intermediates.noindex/SKClient.build/Debug-webassembly-wasm32/SKClient-t.build/Objects-normal/wasm32/Client.swiftdeps -serialize-diagnostics-path /host/spi-builder-workspace/.build/out/Intermediates.noindex/SKClient.build/Debug-webassembly-wasm32/SKClient-t.build/Objects-normal/wasm32/Client.dia -target wasm32-unknown-wasip1 -disable-objc-interop -sdk /root/.swiftpm/swift-sdks/swift-6.4.x-DEVELOPMENT-SNAPSHOT-2026-09-04-a_wasm.artifactbundle/swift-6.4.x-DEVELOPMENT-SNAPSHOT-2026-09-04-a_wasm/wasm32-unknown-wasip1/WASI.sdk -sysroot /root/.swiftpm/swift-sdks/swift-6.4.x-DEVELOPMENT-SNAPSHOT-2026-09-04-a_wasm.artifactbundle/swift-6.4.x-DEVELOPMENT-SNAPSHOT-2026-09-04-a_wasm/wasm32-unknown-wasip1/WASI.sdk -I /host/spi-builder-workspace/.build/out/Products/Debug-webassembly-wasm32 -module-cache-path /host/spi-builder-workspace/.build/out/ModuleCache.noindex -color-diagnostics -Xcc -fcolor-diagnostics -enable-testing -g -debug-info-format\=dwarf -dwarf-version\=4 -swift-version 4 -Onone -D SWIFT_PACKAGE -D DEBUG -D SWIFT_MODULE_RESOURCE_BUNDLE_UNAVAILABLE -D Xcode -serialize-debugging-options -enable-experimental-feature DebugDescriptionMacro -empty-abi-descriptor -external-plugin-path /usr/lib/swift/host/plugins/testing\#/usr/bin/swift-plugin-server -validate-clang-modules-once -clang-build-session-file /host/spi-builder-workspace/.build/out/ModuleCache.noindex/Session.modulevalidation -Xcc -working-directory -Xcc /host -resource-dir /root/.swiftpm/swift-sdks/swift-6.4.x-DEVELOPMENT-SNAPSHOT-2026-09-04-a_wasm.artifactbundle/swift-6.4.x-DEVELOPMENT-SNAPSHOT-2026-09-04-a_wasm/wasm32-unknown-wasip1/swift.xctoolchain/usr/lib/swift_static -use-static-resource-dir -enable-anonymous-context-mangled-names -file-compilation-dir /host -Xcc -resource-dir -Xcc /root/.swiftpm/swift-sdks/swift-6.4.x-DEVELOPMENT-SNAPSHOT-2026-09-04-a_wasm.artifactbundle/swift-6.4.x-DEVELOPMENT-SNAPSHOT-2026-09-04-a_wasm/wasm32-unknown-wasip1/swift.xctoolchain/usr/lib/swift_static/clang -Xcc -D_LIBCPP_HARDENING_MODE\=_LIBCPP_HARDENING_MODE_DEBUG -Xcc -fmodules-prune-interval\=86400 -Xcc -fmodules-prune-after\=345600 -Xcc -I/host/spi-builder-workspace/.build/out/Products/Debug-webassembly-wasm32/include -Xcc -I/host/spi-builder-workspace/.build/out/Intermediates.noindex/SKClient.build/Debug-webassembly-wasm32/SKClient-t.build/DerivedSources-normal/wasm32 -Xcc -I/host/spi-builder-workspace/.build/out/Intermediates.noindex/SKClient.build/Debug-webassembly-wasm32/SKClient-t.build/DerivedSources/wasm32 -Xcc -I/host/spi-builder-workspace/.build/out/Intermediates.noindex/SKClient.build/Debug-webassembly-wasm32/SKClient-t.build/DerivedSources -Xcc -DSWIFT_PACKAGE -Xcc -DDEBUG\=1 -no-auto-bridging-header-chaining -module-name SKClient -const-gather-protocols-file /host/spi-builder-workspace/.build/out/Intermediates.noindex/SKClient.build/Debug-webassembly-wasm32/SKClient-t.build/Objects-normal/wasm32/SKClient_const_extract_protocols.json -in-process-plugin-server-path /usr/lib/swift/host/libSwiftInProcPluginServer.so -plugin-path /usr/lib/swift/host/plugins -plugin-path /usr/local/lib/swift/host/plugins -parse-as-library -o /host/spi-builder-workspace/.build/out/Intermediates.noindex/SKClient.build/Debug-webassembly-wasm32/SKClient-t.build/Objects-normal/wasm32/Client.o -index-unit-output-path /SKClient.build/Debug-webassembly-wasm32/SKClient-t.build/Objects-normal/wasm32/Client.o -index-store-path /host/spi-builder-workspace/.build/out -index-system-modules
error: Build failed
BUILD FAILURE 6.4 wasm