The Swift Package Index logo.Swift Package Index

Build Information

Failed to build swift-xet, reference main (4395b0), with Swift 6.4 for Android on 25 Sep 2026 12:49:51 UTC.

Build Command

bash -c docker run --pull=always --rm -v "checkouts-54344844-0":/host -w "$PWD" -e JAVA_HOME="/root/.sdkman/candidates/java/current" -e SPI_BUILD="1" -e SPI_PROCESSING="1" registry.gitlab.com/saguaro1/spi-images:android-6.4-latest swift build --swift-sdk aarch64-unknown-linux-android28 2>&1

Build Log

========================================
RunAll
========================================
Builder version: 5.1.0
Interrupt handler set up.
========================================
Checkout
========================================
Clone URL: https://github.com/DePasqualeOrg/swift-xet.git
Reference: main
Initialized empty Git repository in /host/spi-builder-workspace/.git/
hint: Using 'master' as the name for the initial branch. This default branch name
hint: is subject to change. To configure the initial branch name to use in all
hint: of your new repositories, which will suppress this warning, call:
hint:
hint: 	git config --global init.defaultBranch <name>
hint:
hint: Names commonly chosen instead of 'master' are 'main', 'trunk' and
hint: 'development'. The just-created branch can be renamed via this command:
hint:
hint: 	git branch -m <name>
From https://github.com/DePasqualeOrg/swift-xet
 * branch            main       -> FETCH_HEAD
 * [new branch]      main       -> origin/main
HEAD is now at 4395b09 Align with xet-core (#5)
Cloned https://github.com/DePasqualeOrg/swift-xet.git
Revision (git rev-parse @):
4395b0900c1d45614d323b9ba1109cd46dc1c1d7
SUCCESS checkout https://github.com/DePasqualeOrg/swift-xet.git at main
========================================
Build
========================================
Selected platform:         android
Swift version:             6.4
Building package at path:  $PWD
https://github.com/DePasqualeOrg/swift-xet.git
Running build ...
bash -c docker run --pull=always --rm -v "checkouts-54344844-0":/host -w "$PWD" -e JAVA_HOME="/root/.sdkman/candidates/java/current" -e SPI_BUILD="1" -e SPI_PROCESSING="1" registry.gitlab.com/saguaro1/spi-images:android-6.4-latest swift build --swift-sdk aarch64-unknown-linux-android28 2>&1
android-6.4-latest: Pulling from saguaro1/spi-images
Digest: sha256:abadcff584c273feba50641b454858d377ba30b35ea7287a94f45ebd8afd0ea0
Status: Image is up to date for registry.gitlab.com/saguaro1/spi-images:android-6.4-latest
Building for debugging...
[Planning deferred tasks]
[25 / 33] Xet
error: SwiftCompile normal aarch64 /host/spi-builder-workspace/Sources/Xet/Xet.swift failed with a nonzero exit code. Command line:     cd /host
    builtin-SwiftPerFileCompile Xet.swift
/host/spi-builder-workspace/Sources/Xet/Xet.swift:1987:43: error: cannot find 'O_CREAT' in scope
1985 |         // either absent/empty (when `appendOffset == nil`) or exactly
1986 |         // `appendOffset` bytes long.
1987 |         let flags = appendOffset == nil ? O_CREAT | O_RDWR | O_TRUNC : O_CREAT | O_RDWR
     |                                           `- error: cannot find 'O_CREAT' in scope
1988 |         let mode: mode_t = S_IRUSR | S_IWUSR | S_IRGRP | S_IROTH
1989 |         let fd = open(destinationURL.path, flags, mode)
/host/spi-builder-workspace/Sources/Xet/Xet.swift:1987:53: error: cannot find 'O_RDWR' in scope
1985 |         // either absent/empty (when `appendOffset == nil`) or exactly
1986 |         // `appendOffset` bytes long.
1987 |         let flags = appendOffset == nil ? O_CREAT | O_RDWR | O_TRUNC : O_CREAT | O_RDWR
     |                                                     `- error: cannot find 'O_RDWR' in scope
1988 |         let mode: mode_t = S_IRUSR | S_IWUSR | S_IRGRP | S_IROTH
1989 |         let fd = open(destinationURL.path, flags, mode)
/host/spi-builder-workspace/Sources/Xet/Xet.swift:1987:62: error: cannot find 'O_TRUNC' in scope
1985 |         // either absent/empty (when `appendOffset == nil`) or exactly
1986 |         // `appendOffset` bytes long.
1987 |         let flags = appendOffset == nil ? O_CREAT | O_RDWR | O_TRUNC : O_CREAT | O_RDWR
     |                                                              `- error: cannot find 'O_TRUNC' in scope
1988 |         let mode: mode_t = S_IRUSR | S_IWUSR | S_IRGRP | S_IROTH
1989 |         let fd = open(destinationURL.path, flags, mode)
/host/spi-builder-workspace/Sources/Xet/Xet.swift:1987:72: error: cannot find 'O_CREAT' in scope
1985 |         // either absent/empty (when `appendOffset == nil`) or exactly
1986 |         // `appendOffset` bytes long.
1987 |         let flags = appendOffset == nil ? O_CREAT | O_RDWR | O_TRUNC : O_CREAT | O_RDWR
     |                                                                        `- error: cannot find 'O_CREAT' in scope
1988 |         let mode: mode_t = S_IRUSR | S_IWUSR | S_IRGRP | S_IROTH
1989 |         let fd = open(destinationURL.path, flags, mode)
/host/spi-builder-workspace/Sources/Xet/Xet.swift:1987:82: error: cannot find 'O_RDWR' in scope
1985 |         // either absent/empty (when `appendOffset == nil`) or exactly
1986 |         // `appendOffset` bytes long.
1987 |         let flags = appendOffset == nil ? O_CREAT | O_RDWR | O_TRUNC : O_CREAT | O_RDWR
     |                                                                                  `- error: cannot find 'O_RDWR' in scope
1988 |         let mode: mode_t = S_IRUSR | S_IWUSR | S_IRGRP | S_IROTH
1989 |         let fd = open(destinationURL.path, flags, mode)
/host/spi-builder-workspace/Sources/Xet/Xet.swift:1988:28: error: cannot find 'S_IRUSR' in scope
1986 |         // `appendOffset` bytes long.
1987 |         let flags = appendOffset == nil ? O_CREAT | O_RDWR | O_TRUNC : O_CREAT | O_RDWR
1988 |         let mode: mode_t = S_IRUSR | S_IWUSR | S_IRGRP | S_IROTH
     |                            `- error: cannot find 'S_IRUSR' in scope
1989 |         let fd = open(destinationURL.path, flags, mode)
1990 |         if fd < 0 {
/host/spi-builder-workspace/Sources/Xet/Xet.swift:1988:38: error: cannot find 'S_IWUSR' in scope
1986 |         // `appendOffset` bytes long.
1987 |         let flags = appendOffset == nil ? O_CREAT | O_RDWR | O_TRUNC : O_CREAT | O_RDWR
1988 |         let mode: mode_t = S_IRUSR | S_IWUSR | S_IRGRP | S_IROTH
     |                                      `- error: cannot find 'S_IWUSR' in scope
1989 |         let fd = open(destinationURL.path, flags, mode)
1990 |         if fd < 0 {
/host/spi-builder-workspace/Sources/Xet/Xet.swift:1988:48: error: cannot find 'S_IRGRP' in scope
1986 |         // `appendOffset` bytes long.
1987 |         let flags = appendOffset == nil ? O_CREAT | O_RDWR | O_TRUNC : O_CREAT | O_RDWR
1988 |         let mode: mode_t = S_IRUSR | S_IWUSR | S_IRGRP | S_IROTH
     |                                                `- error: cannot find 'S_IRGRP' in scope
1989 |         let fd = open(destinationURL.path, flags, mode)
1990 |         if fd < 0 {
/host/spi-builder-workspace/Sources/Xet/Xet.swift:1988:58: error: cannot find 'S_IROTH' in scope
1986 |         // `appendOffset` bytes long.
1987 |         let flags = appendOffset == nil ? O_CREAT | O_RDWR | O_TRUNC : O_CREAT | O_RDWR
1988 |         let mode: mode_t = S_IRUSR | S_IWUSR | S_IRGRP | S_IROTH
     |                                                          `- error: cannot find 'S_IROTH' in scope
1989 |         let fd = open(destinationURL.path, flags, mode)
1990 |         if fd < 0 {
/host/spi-builder-workspace/Sources/Xet/Xet.swift:1989:18: error: cannot find 'open' in scope
1987 |         let flags = appendOffset == nil ? O_CREAT | O_RDWR | O_TRUNC : O_CREAT | O_RDWR
1988 |         let mode: mode_t = S_IRUSR | S_IWUSR | S_IRGRP | S_IROTH
1989 |         let fd = open(destinationURL.path, flags, mode)
     |                  `- error: cannot find 'open' in scope
1990 |         if fd < 0 {
1991 |             throw XetDownloaderError.fileOperationFailed(
/host/spi-builder-workspace/Sources/Xet/Xet.swift:1994:66: error: cannot find 'errno' in scope
1992 |                 operation: "open",
1993 |                 url: destinationURL,
1994 |                 underlying: POSIXError(POSIXError.Code(rawValue: errno) ?? .EIO)
     |                                                                  `- error: cannot find 'errno' in scope
1995 |             )
1996 |         }
/android-ndk/android-ndk-r27d/toolchains/llvm/prebuilt/linux-x86_64/sysroot/usr/include/errno.h:58:9: note: macro 'errno' unavailable: structure not supported
56 |  * thread.
57 |  */
58 | #define errno (*__errno())
   |         `- note: macro 'errno' unavailable: structure not supported
59 |
60 | __END_DECLS
/host/spi-builder-workspace/Sources/Xet/Xet.swift:2021:27: error: cannot find 'pwrite' in scope
2019 |         while bytesRemaining > 0 {
2020 |             let writeSize = bytesRemaining
2021 |             let written = pwrite(
     |                           `- error: cannot find 'pwrite' in scope
2022 |                 currentFD,
2023 |                 baseAddress.advanced(by: localOffset),
/host/spi-builder-workspace/Sources/Xet/Xet.swift:2031:70: error: cannot find 'errno' in scope
2029 |                     operation: "write",
2030 |                     url: url,
2031 |                     underlying: POSIXError(POSIXError.Code(rawValue: errno) ?? .EIO)
     |                                                                      `- error: cannot find 'errno' in scope
2032 |                 )
2033 |             }
/android-ndk/android-ndk-r27d/toolchains/llvm/prebuilt/linux-x86_64/sysroot/usr/include/errno.h:58:9: note: macro 'errno' unavailable: structure not supported
56 |  * thread.
57 |  */
58 | #define errno (*__errno())
   |         `- note: macro 'errno' unavailable: structure not supported
59 |
60 | __END_DECLS
/host/spi-builder-workspace/Sources/Xet/Xet.swift:2070:66: error: cannot find 'errno' in scope
2068 |                 operation: "close",
2069 |                 url: url,
2070 |                 underlying: POSIXError(POSIXError.Code(rawValue: errno) ?? .EIO)
     |                                                                  `- error: cannot find 'errno' in scope
2071 |             )
2072 |         }
/android-ndk/android-ndk-r27d/toolchains/llvm/prebuilt/linux-x86_64/sysroot/usr/include/errno.h:58:9: note: macro 'errno' unavailable: structure not supported
56 |  * thread.
57 |  */
58 | #define errno (*__errno())
   |         `- note: macro 'errno' unavailable: structure not supported
59 |
60 | __END_DECLS
Failed frontend command:
/root/.local/share/swiftly/toolchains/6.4.x-snapshot-2026-09-04/usr/bin/swift-frontend -frontend -c /host/spi-builder-workspace/Sources/Xet/BG4.swift /host/spi-builder-workspace/Sources/Xet/CAS.swift /host/spi-builder-workspace/Sources/Xet/LZ4.swift -primary-file /host/spi-builder-workspace/Sources/Xet/Xet.swift /host/spi-builder-workspace/Sources/Xet/Xorb.swift -emit-dependencies-path /host/spi-builder-workspace/.build/out/Intermediates.noindex/swift-xet.build/Debug-android-aarch64/Xet-t.build/Objects-normal/aarch64/Xet.d -emit-const-values-path /host/spi-builder-workspace/.build/out/Intermediates.noindex/swift-xet.build/Debug-android-aarch64/Xet-t.build/Objects-normal/aarch64/Xet.swiftconstvalues -emit-reference-dependencies-path /host/spi-builder-workspace/.build/out/Intermediates.noindex/swift-xet.build/Debug-android-aarch64/Xet-t.build/Objects-normal/aarch64/Xet.swiftdeps -serialize-diagnostics-path /host/spi-builder-workspace/.build/out/Intermediates.noindex/swift-xet.build/Debug-android-aarch64/Xet-t.build/Objects-normal/aarch64/Xet.dia -target aarch64-unknown-linux-android28 -Xllvm -aarch64-use-tbi -disable-objc-interop -sdk /android-ndk/android-ndk-r27d/toolchains/llvm/prebuilt/linux-x86_64/sysroot -sysroot /android-ndk/android-ndk-r27d/toolchains/llvm/prebuilt/linux-x86_64/sysroot -I /host/spi-builder-workspace/.build/out/Products/Debug-android-aarch64 -module-cache-path /host/spi-builder-workspace/.build/out/ModuleCache.noindex -color-diagnostics -Xcc -fcolor-diagnostics -enable-testing -g -debug-info-format\=dwarf -dwarf-version\=4 -swift-version 6 -Onone -D SWIFT_PACKAGE -D DEBUG -D SWIFT_MODULE_RESOURCE_BUNDLE_UNAVAILABLE -D Xcode -serialize-debugging-options -enable-experimental-feature DebugDescriptionMacro -empty-abi-descriptor -external-plugin-path /root/.local/share/swiftly/toolchains/6.4.x-snapshot-2026-09-04/usr/lib/swift/host/plugins/testing\#/root/.local/share/swiftly/toolchains/6.4.x-snapshot-2026-09-04/usr/bin/swift-plugin-server -validate-clang-modules-once -clang-build-session-file /host/spi-builder-workspace/.build/out/ModuleCache.noindex/Session.modulevalidation -Xcc -working-directory -Xcc /host -resource-dir /root/.swiftpm/swift-sdks/swift-6.4.x-DEVELOPMENT-SNAPSHOT-2026-09-04-a_android.artifactbundle/swift-android/swift-resources/usr/lib/swift-aarch64 -enable-anonymous-context-mangled-names -file-compilation-dir /host -Xcc -resource-dir -Xcc /android-ndk/android-ndk-r27d/toolchains/llvm/prebuilt/linux-x86_64/lib/clang/18 -Xcc -fno-omit-frame-pointer -Xcc -D_LIBCPP_HARDENING_MODE\=_LIBCPP_HARDENING_MODE_DEBUG -Xcc -fmodules-prune-interval\=86400 -Xcc -fmodules-prune-after\=345600 -Xcc -I/host/spi-builder-workspace/.build/out/Products/Debug-android-aarch64/include -Xcc -I/host/spi-builder-workspace/.build/out/Intermediates.noindex/swift-xet.build/Debug-android-aarch64/Xet-t.build/DerivedSources-normal/aarch64 -Xcc -I/host/spi-builder-workspace/.build/out/Intermediates.noindex/swift-xet.build/Debug-android-aarch64/Xet-t.build/DerivedSources/aarch64 -Xcc -I/host/spi-builder-workspace/.build/out/Intermediates.noindex/swift-xet.build/Debug-android-aarch64/Xet-t.build/DerivedSources -Xcc -DSWIFT_PACKAGE -Xcc -DDEBUG\=1 -no-auto-bridging-header-chaining -module-name Xet -package-name spi_builder_workspace -const-gather-protocols-file /host/spi-builder-workspace/.build/out/Intermediates.noindex/swift-xet.build/Debug-android-aarch64/Xet-t.build/Objects-normal/aarch64/Xet_const_extract_protocols.json -in-process-plugin-server-path /root/.local/share/swiftly/toolchains/6.4.x-snapshot-2026-09-04/usr/lib/swift/host/libSwiftInProcPluginServer.so -plugin-path /root/.local/share/swiftly/toolchains/6.4.x-snapshot-2026-09-04/usr/lib/swift/host/plugins -plugin-path /root/.local/share/swiftly/toolchains/6.4.x-snapshot-2026-09-04/usr/local/lib/swift/host/plugins -parse-as-library -o /host/spi-builder-workspace/.build/out/Intermediates.noindex/swift-xet.build/Debug-android-aarch64/Xet-t.build/Objects-normal/aarch64/Xet.o -index-unit-output-path /swift-xet.build/Debug-android-aarch64/Xet-t.build/Objects-normal/aarch64/Xet.o -index-store-path /host/spi-builder-workspace/.build/out -index-system-modules
error: Build failed
BUILD FAILURE 6.4 android