The Swift Package Index logo.Swift Package Index

Build Information

Failed to build XCTestExtensions, reference main (d860cb), with Swift 6.4 for tvOS using Xcode 27.0 on 24 Sep 2026 18:43:15 UTC.

Build Command

env DEVELOPER_DIR=/Applications/Xcode-27.0.0-Release.Candidate.app xcrun xcodebuild -IDEClonedSourcePackagesDirPathOverride=$PWD/.dependencies -skipMacroValidation -skipPackagePluginValidation -derivedDataPath $PWD/.derivedData build -scheme XCTestExtensions-Package -destination generic/platform=tvOS

Build Log

========================================
RunAll
========================================
Builder version: 5.1.0
Interrupt handler set up.
========================================
Checkout
========================================
Clone URL: https://github.com/StanfordBDHG/XCTestExtensions.git
Reference: main
Initialized empty Git repository in /Users/admin/builder/spi-builder-workspace/.git/
From https://github.com/StanfordBDHG/XCTestExtensions
 * branch            main       -> FETCH_HEAD
 * [new branch]      main       -> origin/main
HEAD is now at d860cb6 fix `delete(app:)` on iPad (#42)
Cloned https://github.com/StanfordBDHG/XCTestExtensions.git
Revision (git rev-parse @):
d860cb6fde3ff5a0fb65f06575f1f8cd7f8a5fb5
SPI manifest file found: $PWD/.spi.yml
SUCCESS checkout https://github.com/StanfordBDHG/XCTestExtensions.git at main
========================================
Build
========================================
Selected platform:         tvOS
Swift version:             6.4
Building package at path:  $PWD
https://github.com/StanfordBDHG/XCTestExtensions.git
Command line invocation:
    /Applications/Xcode-27.0.0-Release.Candidate.app/Contents/Developer/usr/bin/xcodebuild -IDEClonedSourcePackagesDirPathOverride=/Users/admin/builder/spi-builder-workspace/.dependencies -resolvePackageDependencies
Resolve Package Graph
Resolve Package Graph
Resolved source packages:
  XCTestExtensions: /Users/admin/builder/spi-builder-workspace
resolved source packages: XCTestExtensions
2026-09-24 14:42:21.244 xcodebuild[529:3046] [MT] IDERunDestination: Supported platforms for the buildables in the current scheme is empty.
{
  "dependencies" : [
  ],
  "manifest_display_name" : "XCTestExtensions",
  "name" : "XCTestExtensions",
  "path" : "/Users/admin/builder/spi-builder-workspace",
  "platforms" : [
    {
      "name" : "ios",
      "version" : "16.0"
    },
    {
      "name" : "watchos",
      "version" : "9.0"
    },
    {
      "name" : "visionos",
      "version" : "1.0"
    },
    {
      "name" : "macos",
      "version" : "13.0"
    }
  ],
  "products" : [
    {
      "name" : "XCTestApp",
      "targets" : [
        "XCTestApp"
      ],
      "type" : {
        "library" : [
          "automatic"
        ]
      }
    },
    {
      "name" : "XCTestExtensions",
      "targets" : [
        "XCTestExtensions"
      ],
      "type" : {
        "library" : [
          "automatic"
        ]
      }
    }
  ],
  "targets" : [
    {
      "c99name" : "XCTestExtensionsTests",
      "module_type" : "SwiftTarget",
      "name" : "XCTestExtensionsTests",
      "path" : "Tests/XCTestExtensionsTests",
      "sources" : [
        "XCTestExtensionsTests.swift"
      ],
      "target_dependencies" : [
        "XCTestExtensions"
      ],
      "type" : "test"
    },
    {
      "c99name" : "XCTestExtensions",
      "module_type" : "SwiftTarget",
      "name" : "XCTestExtensions",
      "path" : "Sources/XCTestExtensions",
      "product_memberships" : [
        "XCTestExtensions"
      ],
      "sources" : [
        "XCTAssertThrowsErrorAsync.swift",
        "XCUIApplication+DeleteAndLaunch.swift",
        "XCUIApplication+Keyboard.swift",
        "XCUIApplication+VisionOS.swift",
        "XCUIElement+Other.swift",
        "XCUIElement+TextEntry.swift",
        "XCUIElement+Toggle.swift",
        "XCUIElementQuery+Predicates.swift",
        "sleep.swift"
      ],
      "type" : "library"
    },
    {
      "c99name" : "XCTestApp",
      "module_type" : "SwiftTarget",
      "name" : "XCTestApp",
      "path" : "Sources/XCTestApp",
      "product_memberships" : [
        "XCTestApp"
      ],
      "sources" : [
        "TestAppTestCase.swift",
        "TestAppTests.swift",
        "TestAppTestsView.swift",
        "TestAppView.swift",
        "XCTest.swift"
      ],
      "type" : "library"
    }
  ],
  "tools_version" : "6.0"
}
{
  "workspace" : {
    "name" : "XCTestExtensions",
    "schemes" : [
      "XCTestApp",
      "XCTestExtensions",
      "XCTestExtensions-Package"
    ]
  }
}
2026-09-24 14:43:02.339 xcodebuild[657:4221] [MT] IDERunDestination: Supported platforms for the buildables in the current scheme is empty.
Running build ...
env DEVELOPER_DIR=/Applications/Xcode-27.0.0-Release.Candidate.app xcrun xcodebuild -IDEClonedSourcePackagesDirPathOverride=$PWD/.dependencies -skipMacroValidation -skipPackagePluginValidation -derivedDataPath $PWD/.derivedData build -scheme XCTestExtensions-Package -destination generic/platform=tvOS
Command line invocation:
    /Applications/Xcode-27.0.0-Release.Candidate.app/Contents/Developer/usr/bin/xcodebuild -IDEClonedSourcePackagesDirPathOverride=/Users/admin/builder/spi-builder-workspace/.dependencies -skipMacroValidation -skipPackagePluginValidation -derivedDataPath /Users/admin/builder/spi-builder-workspace/.derivedData build -scheme XCTestExtensions-Package -destination generic/platform=tvOS
Resolve Package Graph
Resolved source packages:
  XCTestExtensions: /Users/admin/builder/spi-builder-workspace
ComputePackagePrebuildTargetDependencyGraph
Prepare packages
CreateBuildRequest
SendProjectDescription
CreateBuildOperation
ComputeTargetDependencyGraph
note: Building targets in dependency order
note: Target dependency graph (4 targets)
    Target 'XCTestExtensions-product' in project 'XCTestExtensions'
        ➜ Explicit dependency on target 'XCTestExtensions' in project 'XCTestExtensions'
    Target 'XCTestExtensions' in project 'XCTestExtensions' (no dependencies)
    Target 'XCTestApp-product' in project 'XCTestExtensions'
        ➜ Explicit dependency on target 'XCTestApp' in project 'XCTestExtensions'
    Target 'XCTestApp' in project 'XCTestExtensions' (no dependencies)
GatherProvisioningInputs
CreateBuildDescription
ExecuteExternalTool /Applications/Xcode-27.0.0-Release.Candidate.app/Contents/Developer/Toolchains/XcodeDefault.xctoolchain/usr/bin/clang -v -E -dM -isysroot /Applications/Xcode-27.0.0-Release.Candidate.app/Contents/Developer/Platforms/AppleTVOS.platform/Developer/SDKs/AppleTVOS27.0.sdk -x c -c /dev/null
ExecuteExternalTool /Applications/Xcode-27.0.0-Release.Candidate.app/Contents/Developer/Toolchains/XcodeDefault.xctoolchain/usr/bin/swiftc --version
ExecuteExternalTool /Applications/Xcode-27.0.0-Release.Candidate.app/Contents/Developer/Toolchains/XcodeDefault.xctoolchain/usr/bin/ld -version_details
ReadFileContents /Applications/Xcode-27.0.0-Release.Candidate.app/Contents/Developer/Toolchains/XcodeDefault.xctoolchain/usr/share/docc/features.json
Build description signature: 39e80a2aa802b41e4bf66956eea8e2d0
Build description path: /Users/admin/builder/spi-builder-workspace/.derivedData/Build/Intermediates.noindex/XCBuildData/39e80a2aa802b41e4bf66956eea8e2d0.xcbuilddata
CreateBuildDirectory /Users/admin/builder/spi-builder-workspace/.derivedData/SDKExplicitPrecompiledModules
    cd /Users/admin/builder/spi-builder-workspace/.swiftpm/xcode
    builtin-create-build-directory /Users/admin/builder/spi-builder-workspace/.derivedData/SDKExplicitPrecompiledModules
CreateBuildDirectory /Users/admin/builder/spi-builder-workspace/.derivedData/ModuleCache.noindex
    cd /Users/admin/builder/spi-builder-workspace/.swiftpm/xcode
    builtin-create-build-directory /Users/admin/builder/spi-builder-workspace/.derivedData/ModuleCache.noindex
CreateBuildDirectory /Users/admin/builder/spi-builder-workspace/.derivedData/CompilationCache.noindex
    cd /Users/admin/builder/spi-builder-workspace/.swiftpm/xcode
    builtin-create-build-directory /Users/admin/builder/spi-builder-workspace/.derivedData/CompilationCache.noindex
CreateBuildDirectory /Users/admin/builder/spi-builder-workspace/.derivedData/Build/Intermediates.noindex
    cd /Users/admin/builder/spi-builder-workspace/.swiftpm/xcode
    builtin-create-build-directory /Users/admin/builder/spi-builder-workspace/.derivedData/Build/Intermediates.noindex
CreateBuildDirectory /Users/admin/builder/spi-builder-workspace/.derivedData/Build/Products
    cd /Users/admin/builder/spi-builder-workspace/.swiftpm/xcode
    builtin-create-build-directory /Users/admin/builder/spi-builder-workspace/.derivedData/Build/Products
ClangStatCache /Applications/Xcode-27.0.0-Release.Candidate.app/Contents/Developer/Toolchains/XcodeDefault.xctoolchain/usr/bin/clang-stat-cache /Applications/Xcode-27.0.0-Release.Candidate.app/Contents/Developer/Platforms/AppleTVOS.platform/Developer/SDKs/AppleTVOS27.0.sdk /Users/admin/builder/spi-builder-workspace/.derivedData/SDKStatCaches.noindex/appletvos27.0-24J360-e829b21a6f8c9b70876ba0858053c044b32bfd8d43560033f8d89884cdb90028.sdkstatcache
    cd /Users/admin/builder/spi-builder-workspace/.swiftpm/xcode
    /Applications/Xcode-27.0.0-Release.Candidate.app/Contents/Developer/Toolchains/XcodeDefault.xctoolchain/usr/bin/clang-stat-cache /Applications/Xcode-27.0.0-Release.Candidate.app/Contents/Developer/Platforms/AppleTVOS.platform/Developer/SDKs/AppleTVOS27.0.sdk -o /Users/admin/builder/spi-builder-workspace/.derivedData/SDKStatCaches.noindex/appletvos27.0-24J360-e829b21a6f8c9b70876ba0858053c044b32bfd8d43560033f8d89884cdb90028.sdkstatcache
CreateBuildDirectory /Users/admin/builder/spi-builder-workspace/.derivedData/Build/Intermediates.noindex/SwiftExplicitPrecompiledModules
    cd /Users/admin/builder/spi-builder-workspace/.swiftpm/xcode
    builtin-create-build-directory /Users/admin/builder/spi-builder-workspace/.derivedData/Build/Intermediates.noindex/SwiftExplicitPrecompiledModules
CreateBuildDirectory /Users/admin/builder/spi-builder-workspace/.derivedData/Build/Intermediates.noindex/PrecompiledHeaders
    cd /Users/admin/builder/spi-builder-workspace/.swiftpm/xcode
    builtin-create-build-directory /Users/admin/builder/spi-builder-workspace/.derivedData/Build/Intermediates.noindex/PrecompiledHeaders
CreateBuildDirectory /Users/admin/builder/spi-builder-workspace/.derivedData/Build/Intermediates.noindex/ExplicitPrecompiledModules
    cd /Users/admin/builder/spi-builder-workspace/.swiftpm/xcode
    builtin-create-build-directory /Users/admin/builder/spi-builder-workspace/.derivedData/Build/Intermediates.noindex/ExplicitPrecompiledModules
CreateBuildDirectory /Users/admin/builder/spi-builder-workspace/.derivedData/Build/Products/Debug-appletvos
    cd /Users/admin/builder/spi-builder-workspace/.swiftpm/xcode
    builtin-create-build-directory /Users/admin/builder/spi-builder-workspace/.derivedData/Build/Products/Debug-appletvos
CreateBuildDirectory /Users/admin/builder/spi-builder-workspace/.derivedData/Build/Intermediates.noindex/EagerLinkingTBDs/Debug-appletvos
    cd /Users/admin/builder/spi-builder-workspace/.swiftpm/xcode
    builtin-create-build-directory /Users/admin/builder/spi-builder-workspace/.derivedData/Build/Intermediates.noindex/EagerLinkingTBDs/Debug-appletvos
CreateBuildDirectory /Users/admin/builder/spi-builder-workspace/.derivedData/Build/Products/Debug-appletvos/PackageFrameworks
    cd /Users/admin/builder/spi-builder-workspace/.swiftpm/xcode
    builtin-create-build-directory /Users/admin/builder/spi-builder-workspace/.derivedData/Build/Products/Debug-appletvos/PackageFrameworks
WriteAuxiliaryFile /Users/admin/builder/spi-builder-workspace/.derivedData/Build/Intermediates.noindex/XCTestExtensions.build/Debug-appletvos/XCTestExtensions-t.build/XCTestExtensions.DependencyStaticMetadataFileList (in target 'XCTestExtensions' from project 'XCTestExtensions')
    cd /Users/admin/builder/spi-builder-workspace
    write-file /Users/admin/builder/spi-builder-workspace/.derivedData/Build/Intermediates.noindex/XCTestExtensions.build/Debug-appletvos/XCTestExtensions-t.build/XCTestExtensions.DependencyStaticMetadataFileList
WriteAuxiliaryFile /Users/admin/builder/spi-builder-workspace/.derivedData/Build/Intermediates.noindex/XCTestExtensions.build/Debug-appletvos/XCTestExtensions-t.build/XCTestExtensions.modulemap (in target 'XCTestExtensions' from project 'XCTestExtensions')
    cd /Users/admin/builder/spi-builder-workspace
    write-file /Users/admin/builder/spi-builder-workspace/.derivedData/Build/Intermediates.noindex/XCTestExtensions.build/Debug-appletvos/XCTestExtensions-t.build/XCTestExtensions.modulemap
WriteAuxiliaryFile /Users/admin/builder/spi-builder-workspace/.derivedData/Build/Intermediates.noindex/XCTestExtensions.build/Debug-appletvos/XCTestExtensions-t.build/XCTestExtensions.DependencyMetadataFileList (in target 'XCTestExtensions' from project 'XCTestExtensions')
    cd /Users/admin/builder/spi-builder-workspace
    write-file /Users/admin/builder/spi-builder-workspace/.derivedData/Build/Intermediates.noindex/XCTestExtensions.build/Debug-appletvos/XCTestExtensions-t.build/XCTestExtensions.DependencyMetadataFileList
WriteAuxiliaryFile /Users/admin/builder/spi-builder-workspace/.derivedData/Build/Intermediates.noindex/XCTestExtensions.build/Debug-appletvos/XCTestExtensions-t.build/Objects-normal/arm64/XCTestExtensions.SwiftConstValuesFileList (in target 'XCTestExtensions' from project 'XCTestExtensions')
    cd /Users/admin/builder/spi-builder-workspace
    write-file /Users/admin/builder/spi-builder-workspace/.derivedData/Build/Intermediates.noindex/XCTestExtensions.build/Debug-appletvos/XCTestExtensions-t.build/Objects-normal/arm64/XCTestExtensions.SwiftConstValuesFileList
WriteAuxiliaryFile /Users/admin/builder/spi-builder-workspace/.derivedData/Build/Intermediates.noindex/XCTestExtensions.build/Debug-appletvos/XCTestExtensions-t.build/Objects-normal/arm64/XCTestExtensions-OutputFileMap.json (in target 'XCTestExtensions' from project 'XCTestExtensions')
    cd /Users/admin/builder/spi-builder-workspace
    write-file /Users/admin/builder/spi-builder-workspace/.derivedData/Build/Intermediates.noindex/XCTestExtensions.build/Debug-appletvos/XCTestExtensions-t.build/Objects-normal/arm64/XCTestExtensions-OutputFileMap.json
WriteAuxiliaryFile /Users/admin/builder/spi-builder-workspace/.derivedData/Build/Intermediates.noindex/XCTestExtensions.build/Debug-appletvos/XCTestExtensions-t.build/Objects-normal/arm64/XCTestExtensions.LinkFileList (in target 'XCTestExtensions' from project 'XCTestExtensions')
    cd /Users/admin/builder/spi-builder-workspace
    write-file /Users/admin/builder/spi-builder-workspace/.derivedData/Build/Intermediates.noindex/XCTestExtensions.build/Debug-appletvos/XCTestExtensions-t.build/Objects-normal/arm64/XCTestExtensions.LinkFileList
WriteAuxiliaryFile /Users/admin/builder/spi-builder-workspace/.derivedData/Build/Intermediates.noindex/XCTestExtensions.build/Debug-appletvos/XCTestExtensions-t.build/Objects-normal/arm64/XCTestExtensions.SwiftFileList (in target 'XCTestExtensions' from project 'XCTestExtensions')
    cd /Users/admin/builder/spi-builder-workspace
    write-file /Users/admin/builder/spi-builder-workspace/.derivedData/Build/Intermediates.noindex/XCTestExtensions.build/Debug-appletvos/XCTestExtensions-t.build/Objects-normal/arm64/XCTestExtensions.SwiftFileList
WriteAuxiliaryFile /Users/admin/builder/spi-builder-workspace/.derivedData/Build/Intermediates.noindex/XCTestExtensions.build/Debug-appletvos/XCTestExtensions-t.build/Objects-normal/arm64/XCTestExtensions_const_extract_protocols.json (in target 'XCTestExtensions' from project 'XCTestExtensions')
    cd /Users/admin/builder/spi-builder-workspace
    write-file /Users/admin/builder/spi-builder-workspace/.derivedData/Build/Intermediates.noindex/XCTestExtensions.build/Debug-appletvos/XCTestExtensions-t.build/Objects-normal/arm64/XCTestExtensions_const_extract_protocols.json
WriteAuxiliaryFile /Users/admin/builder/spi-builder-workspace/.derivedData/Build/Intermediates.noindex/XCTestExtensions.build/Debug-appletvos/XCTestApp-t.build/XCTestApp.modulemap (in target 'XCTestApp' from project 'XCTestExtensions')
    cd /Users/admin/builder/spi-builder-workspace
    write-file /Users/admin/builder/spi-builder-workspace/.derivedData/Build/Intermediates.noindex/XCTestExtensions.build/Debug-appletvos/XCTestApp-t.build/XCTestApp.modulemap
WriteAuxiliaryFile /Users/admin/builder/spi-builder-workspace/.derivedData/Build/Intermediates.noindex/XCTestExtensions.build/Debug-appletvos/XCTestApp-t.build/XCTestApp.DependencyStaticMetadataFileList (in target 'XCTestApp' from project 'XCTestExtensions')
    cd /Users/admin/builder/spi-builder-workspace
    write-file /Users/admin/builder/spi-builder-workspace/.derivedData/Build/Intermediates.noindex/XCTestExtensions.build/Debug-appletvos/XCTestApp-t.build/XCTestApp.DependencyStaticMetadataFileList
WriteAuxiliaryFile /Users/admin/builder/spi-builder-workspace/.derivedData/Build/Intermediates.noindex/XCTestExtensions.build/Debug-appletvos/XCTestApp-t.build/XCTestApp.DependencyMetadataFileList (in target 'XCTestApp' from project 'XCTestExtensions')
    cd /Users/admin/builder/spi-builder-workspace
    write-file /Users/admin/builder/spi-builder-workspace/.derivedData/Build/Intermediates.noindex/XCTestExtensions.build/Debug-appletvos/XCTestApp-t.build/XCTestApp.DependencyMetadataFileList
WriteAuxiliaryFile /Users/admin/builder/spi-builder-workspace/.derivedData/Build/Intermediates.noindex/XCTestExtensions.build/Debug-appletvos/XCTestApp-t.build/Objects-normal/arm64/XCTestApp.SwiftFileList (in target 'XCTestApp' from project 'XCTestExtensions')
    cd /Users/admin/builder/spi-builder-workspace
    write-file /Users/admin/builder/spi-builder-workspace/.derivedData/Build/Intermediates.noindex/XCTestExtensions.build/Debug-appletvos/XCTestApp-t.build/Objects-normal/arm64/XCTestApp.SwiftFileList
WriteAuxiliaryFile /Users/admin/builder/spi-builder-workspace/.derivedData/Build/Intermediates.noindex/XCTestExtensions.build/Debug-appletvos/XCTestApp-t.build/Objects-normal/arm64/XCTestApp_const_extract_protocols.json (in target 'XCTestApp' from project 'XCTestExtensions')
    cd /Users/admin/builder/spi-builder-workspace
    write-file /Users/admin/builder/spi-builder-workspace/.derivedData/Build/Intermediates.noindex/XCTestExtensions.build/Debug-appletvos/XCTestApp-t.build/Objects-normal/arm64/XCTestApp_const_extract_protocols.json
Copy /Users/admin/builder/spi-builder-workspace/.derivedData/Build/Intermediates.noindex/GeneratedModuleMaps-appletvos/XCTestExtensions.modulemap /Users/admin/builder/spi-builder-workspace/.derivedData/Build/Intermediates.noindex/XCTestExtensions.build/Debug-appletvos/XCTestExtensions-t.build/XCTestExtensions.modulemap (in target 'XCTestExtensions' from project 'XCTestExtensions')
    cd /Users/admin/builder/spi-builder-workspace
    builtin-copy -exclude .DS_Store -exclude CVS -exclude .svn -exclude .git -exclude .hg -resolve-src-symlinks /Users/admin/builder/spi-builder-workspace/.derivedData/Build/Intermediates.noindex/XCTestExtensions.build/Debug-appletvos/XCTestExtensions-t.build/XCTestExtensions.modulemap /Users/admin/builder/spi-builder-workspace/.derivedData/Build/Intermediates.noindex/GeneratedModuleMaps-appletvos
WriteAuxiliaryFile /Users/admin/builder/spi-builder-workspace/.derivedData/Build/Intermediates.noindex/XCTestExtensions.build/Debug-appletvos/XCTestApp-t.build/Objects-normal/arm64/XCTestApp.SwiftConstValuesFileList (in target 'XCTestApp' from project 'XCTestExtensions')
    cd /Users/admin/builder/spi-builder-workspace
    write-file /Users/admin/builder/spi-builder-workspace/.derivedData/Build/Intermediates.noindex/XCTestExtensions.build/Debug-appletvos/XCTestApp-t.build/Objects-normal/arm64/XCTestApp.SwiftConstValuesFileList
WriteAuxiliaryFile /Users/admin/builder/spi-builder-workspace/.derivedData/Build/Intermediates.noindex/XCTestExtensions.build/Debug-appletvos/XCTestApp-t.build/Objects-normal/arm64/XCTestApp.LinkFileList (in target 'XCTestApp' from project 'XCTestExtensions')
    cd /Users/admin/builder/spi-builder-workspace
    write-file /Users/admin/builder/spi-builder-workspace/.derivedData/Build/Intermediates.noindex/XCTestExtensions.build/Debug-appletvos/XCTestApp-t.build/Objects-normal/arm64/XCTestApp.LinkFileList
WriteAuxiliaryFile /Users/admin/builder/spi-builder-workspace/.derivedData/Build/Intermediates.noindex/XCTestExtensions.build/Debug-appletvos/XCTestApp-t.build/Objects-normal/arm64/XCTestApp-OutputFileMap.json (in target 'XCTestApp' from project 'XCTestExtensions')
    cd /Users/admin/builder/spi-builder-workspace
    write-file /Users/admin/builder/spi-builder-workspace/.derivedData/Build/Intermediates.noindex/XCTestExtensions.build/Debug-appletvos/XCTestApp-t.build/Objects-normal/arm64/XCTestApp-OutputFileMap.json
Copy /Users/admin/builder/spi-builder-workspace/.derivedData/Build/Intermediates.noindex/GeneratedModuleMaps-appletvos/XCTestApp.modulemap /Users/admin/builder/spi-builder-workspace/.derivedData/Build/Intermediates.noindex/XCTestExtensions.build/Debug-appletvos/XCTestApp-t.build/XCTestApp.modulemap (in target 'XCTestApp' from project 'XCTestExtensions')
    cd /Users/admin/builder/spi-builder-workspace
    builtin-copy -exclude .DS_Store -exclude CVS -exclude .svn -exclude .git -exclude .hg -resolve-src-symlinks /Users/admin/builder/spi-builder-workspace/.derivedData/Build/Intermediates.noindex/XCTestExtensions.build/Debug-appletvos/XCTestApp-t.build/XCTestApp.modulemap /Users/admin/builder/spi-builder-workspace/.derivedData/Build/Intermediates.noindex/GeneratedModuleMaps-appletvos
SwiftDriver XCTestApp normal arm64 com.apple.xcode.tools.swift.compiler (in target 'XCTestApp' from project 'XCTestExtensions')
    cd /Users/admin/builder/spi-builder-workspace/.swiftpm/xcode
    builtin-SwiftDriver -- /Applications/Xcode-27.0.0-Release.Candidate.app/Contents/Developer/Toolchains/XcodeDefault.xctoolchain/usr/bin/swiftc -parse-as-library -module-name XCTestApp -Onone @/Users/admin/builder/spi-builder-workspace/.derivedData/Build/Intermediates.noindex/XCTestExtensions.build/Debug-appletvos/XCTestApp-t.build/Objects-normal/arm64/XCTestApp.SwiftFileList -DSWIFT_PACKAGE -DDEBUG -DSWIFT_MODULE_RESOURCE_BUNDLE_UNAVAILABLE -DXcode -plugin-path /Applications/Xcode-27.0.0-Release.Candidate.app/Contents/Developer/Toolchains/XcodeDefault.xctoolchain/usr/lib/swift/host/plugins/testing -enable-experimental-feature DebugDescriptionMacro -sdk /Applications/Xcode-27.0.0-Release.Candidate.app/Contents/Developer/Platforms/AppleTVOS.platform/Developer/SDKs/AppleTVOS27.0.sdk -target arm64-apple-tvos16.0 -g -module-cache-path /Users/admin/builder/spi-builder-workspace/.derivedData/ModuleCache.noindex -Xfrontend -serialize-debugging-options -profile-coverage-mapping -profile-generate -enable-testing -index-store-path /Users/admin/builder/spi-builder-workspace/.derivedData/Index.noindex/DataStore -Xcc -D_LIBCPP_HARDENING_MODE\=_LIBCPP_HARDENING_MODE_DEBUG -swift-version 6 -I /Users/admin/builder/spi-builder-workspace/.derivedData/Build/Products/Debug-appletvos -Isystem /Applications/Xcode-27.0.0-Release.Candidate.app/Contents/Developer/Platforms/AppleTVOS.platform/Developer/usr/lib -F /Users/admin/builder/spi-builder-workspace/.derivedData/Build/Products/Debug-appletvos -F /Applications/Xcode-27.0.0-Release.Candidate.app/Contents/Developer/Platforms/AppleTVOS.platform/Developer/Library/Frameworks -F /Applications/Xcode-27.0.0-Release.Candidate.app/Contents/Developer/Platforms/AppleTVOS.platform/Developer/SDKs/AppleTVOS27.0.sdk/Developer/Library/Frameworks -c -j10 -enable-batch-mode -incremental -Xcc -ivfsstatcache -Xcc /Users/admin/builder/spi-builder-workspace/.derivedData/SDKStatCaches.noindex/appletvos27.0-24J360-e829b21a6f8c9b70876ba0858053c044b32bfd8d43560033f8d89884cdb90028.sdkstatcache -output-file-map /Users/admin/builder/spi-builder-workspace/.derivedData/Build/Intermediates.noindex/XCTestExtensions.build/Debug-appletvos/XCTestApp-t.build/Objects-normal/arm64/XCTestApp-OutputFileMap.json -save-temps -no-color-diagnostics -explicit-module-build -module-cache-path /Users/admin/builder/spi-builder-workspace/.derivedData/Build/Intermediates.noindex/SwiftExplicitPrecompiledModules -clang-scanner-module-cache-path /Users/admin/builder/spi-builder-workspace/.derivedData/ModuleCache.noindex -sdk-module-cache-path /Users/admin/builder/spi-builder-workspace/.derivedData/SDKExplicitPrecompiledModules -emit-dependencies -emit-module -emit-module-path /Users/admin/builder/spi-builder-workspace/.derivedData/Build/Intermediates.noindex/XCTestExtensions.build/Debug-appletvos/XCTestApp-t.build/Objects-normal/arm64/XCTestApp.swiftmodule -serialize-diagnostics -dependency-scan-serialize-diagnostics-path /Users/admin/builder/spi-builder-workspace/.derivedData/Build/Intermediates.noindex/XCTestExtensions.build/Debug-appletvos/XCTestApp-t.build/Objects-normal/arm64/XCTestApp-dependency-scan.dia -validate-clang-modules-once -clang-build-session-file /Users/admin/builder/spi-builder-workspace/.derivedData/ModuleCache.noindex/Session.modulevalidation -Xcc -fmodules-prune-interval\=86400 -Xcc -fmodules-prune-after\=345600 -package-name spi_builder_workspace -emit-const-values -const-gather-protocols-list /Users/admin/builder/spi-builder-workspace/.derivedData/Build/Intermediates.noindex/XCTestExtensions.build/Debug-appletvos/XCTestApp-t.build/Objects-normal/arm64/XCTestApp_const_extract_protocols.json -Xcc -I/Users/admin/builder/spi-builder-workspace/.derivedData/Build/Products/Debug-appletvos/include -Xcc -I/Users/admin/builder/spi-builder-workspace/.derivedData/Build/Intermediates.noindex/XCTestExtensions.build/Debug-appletvos/XCTestApp-t.build/DerivedSources-normal/arm64 -Xcc -I/Users/admin/builder/spi-builder-workspace/.derivedData/Build/Intermediates.noindex/XCTestExtensions.build/Debug-appletvos/XCTestApp-t.build/DerivedSources/arm64 -Xcc -I/Users/admin/builder/spi-builder-workspace/.derivedData/Build/Intermediates.noindex/XCTestExtensions.build/Debug-appletvos/XCTestApp-t.build/DerivedSources -Xcc -DSWIFT_PACKAGE -Xcc -DDEBUG\=1 -emit-objc-header -emit-objc-header-path /Users/admin/builder/spi-builder-workspace/.derivedData/Build/Intermediates.noindex/XCTestExtensions.build/Debug-appletvos/XCTestApp-t.build/Objects-normal/arm64/XCTestApp-Swift.h -working-directory /Users/admin/builder/spi-builder-workspace/.swiftpm/xcode -experimental-emit-module-separately -disable-cmo
SwiftDriver XCTestExtensions normal arm64 com.apple.xcode.tools.swift.compiler (in target 'XCTestExtensions' from project 'XCTestExtensions')
    cd /Users/admin/builder/spi-builder-workspace/.swiftpm/xcode
    builtin-SwiftDriver -- /Applications/Xcode-27.0.0-Release.Candidate.app/Contents/Developer/Toolchains/XcodeDefault.xctoolchain/usr/bin/swiftc -parse-as-library -module-name XCTestExtensions -Onone @/Users/admin/builder/spi-builder-workspace/.derivedData/Build/Intermediates.noindex/XCTestExtensions.build/Debug-appletvos/XCTestExtensions-t.build/Objects-normal/arm64/XCTestExtensions.SwiftFileList -DSWIFT_PACKAGE -DDEBUG -DSWIFT_MODULE_RESOURCE_BUNDLE_UNAVAILABLE -DXcode -plugin-path /Applications/Xcode-27.0.0-Release.Candidate.app/Contents/Developer/Toolchains/XcodeDefault.xctoolchain/usr/lib/swift/host/plugins/testing -enable-experimental-feature DebugDescriptionMacro -sdk /Applications/Xcode-27.0.0-Release.Candidate.app/Contents/Developer/Platforms/AppleTVOS.platform/Developer/SDKs/AppleTVOS27.0.sdk -target arm64-apple-tvos16.0 -g -module-cache-path /Users/admin/builder/spi-builder-workspace/.derivedData/ModuleCache.noindex -Xfrontend -serialize-debugging-options -profile-coverage-mapping -profile-generate -enable-testing -index-store-path /Users/admin/builder/spi-builder-workspace/.derivedData/Index.noindex/DataStore -Xcc -D_LIBCPP_HARDENING_MODE\=_LIBCPP_HARDENING_MODE_DEBUG -swift-version 6 -I /Users/admin/builder/spi-builder-workspace/.derivedData/Build/Products/Debug-appletvos -Isystem /Applications/Xcode-27.0.0-Release.Candidate.app/Contents/Developer/Platforms/AppleTVOS.platform/Developer/usr/lib -F /Users/admin/builder/spi-builder-workspace/.derivedData/Build/Products/Debug-appletvos -F /Applications/Xcode-27.0.0-Release.Candidate.app/Contents/Developer/Platforms/AppleTVOS.platform/Developer/Library/Frameworks -F /Applications/Xcode-27.0.0-Release.Candidate.app/Contents/Developer/Platforms/AppleTVOS.platform/Developer/SDKs/AppleTVOS27.0.sdk/Developer/Library/Frameworks -c -j10 -enable-batch-mode -incremental -Xcc -ivfsstatcache -Xcc /Users/admin/builder/spi-builder-workspace/.derivedData/SDKStatCaches.noindex/appletvos27.0-24J360-e829b21a6f8c9b70876ba0858053c044b32bfd8d43560033f8d89884cdb90028.sdkstatcache -output-file-map /Users/admin/builder/spi-builder-workspace/.derivedData/Build/Intermediates.noindex/XCTestExtensions.build/Debug-appletvos/XCTestExtensions-t.build/Objects-normal/arm64/XCTestExtensions-OutputFileMap.json -save-temps -no-color-diagnostics -explicit-module-build -module-cache-path /Users/admin/builder/spi-builder-workspace/.derivedData/Build/Intermediates.noindex/SwiftExplicitPrecompiledModules -clang-scanner-module-cache-path /Users/admin/builder/spi-builder-workspace/.derivedData/ModuleCache.noindex -sdk-module-cache-path /Users/admin/builder/spi-builder-workspace/.derivedData/SDKExplicitPrecompiledModules -emit-dependencies -emit-module -emit-module-path /Users/admin/builder/spi-builder-workspace/.derivedData/Build/Intermediates.noindex/XCTestExtensions.build/Debug-appletvos/XCTestExtensions-t.build/Objects-normal/arm64/XCTestExtensions.swiftmodule -serialize-diagnostics -dependency-scan-serialize-diagnostics-path /Users/admin/builder/spi-builder-workspace/.derivedData/Build/Intermediates.noindex/XCTestExtensions.build/Debug-appletvos/XCTestExtensions-t.build/Objects-normal/arm64/XCTestExtensions-dependency-scan.dia -validate-clang-modules-once -clang-build-session-file /Users/admin/builder/spi-builder-workspace/.derivedData/ModuleCache.noindex/Session.modulevalidation -Xcc -fmodules-prune-interval\=86400 -Xcc -fmodules-prune-after\=345600 -package-name spi_builder_workspace -emit-const-values -const-gather-protocols-list /Users/admin/builder/spi-builder-workspace/.derivedData/Build/Intermediates.noindex/XCTestExtensions.build/Debug-appletvos/XCTestExtensions-t.build/Objects-normal/arm64/XCTestExtensions_const_extract_protocols.json -Xcc -I/Users/admin/builder/spi-builder-workspace/.derivedData/Build/Products/Debug-appletvos/include -Xcc -I/Users/admin/builder/spi-builder-workspace/.derivedData/Build/Intermediates.noindex/XCTestExtensions.build/Debug-appletvos/XCTestExtensions-t.build/DerivedSources-normal/arm64 -Xcc -I/Users/admin/builder/spi-builder-workspace/.derivedData/Build/Intermediates.noindex/XCTestExtensions.build/Debug-appletvos/XCTestExtensions-t.build/DerivedSources/arm64 -Xcc -I/Users/admin/builder/spi-builder-workspace/.derivedData/Build/Intermediates.noindex/XCTestExtensions.build/Debug-appletvos/XCTestExtensions-t.build/DerivedSources -Xcc -DSWIFT_PACKAGE -Xcc -DDEBUG\=1 -emit-objc-header -emit-objc-header-path /Users/admin/builder/spi-builder-workspace/.derivedData/Build/Intermediates.noindex/XCTestExtensions.build/Debug-appletvos/XCTestExtensions-t.build/Objects-normal/arm64/XCTestExtensions-Swift.h -working-directory /Users/admin/builder/spi-builder-workspace/.swiftpm/xcode -experimental-emit-module-separately -disable-cmo
SwiftExplicitDependencyGeneratePcm arm64 /Users/admin/builder/spi-builder-workspace/.derivedData/SDKExplicitPrecompiledModules/_SwiftConcurrencyShims-3HZGHPZQL3GY71QUHDRB0P39S.pcm
SwiftExplicitDependencyGeneratePcm arm64 /Users/admin/builder/spi-builder-workspace/.derivedData/SDKExplicitPrecompiledModules/ptrcheck-BA65H1NXYZJ0BLLWO9HZOAZ6Y.pcm
SwiftExplicitDependencyGeneratePcm arm64 /Users/admin/builder/spi-builder-workspace/.derivedData/SDKExplicitPrecompiledModules/DeveloperToolsSupport-CJV8SY9BXJUTONPFWMLQEGTXA.pcm
SwiftExplicitDependencyGeneratePcm arm64 /Users/admin/builder/spi-builder-workspace/.derivedData/SDKExplicitPrecompiledModules/SwiftShims-73G9EXEO9PVWB6PL1BR4TAJ0B.pcm
SwiftExplicitDependencyGeneratePcm arm64 /Users/admin/builder/spi-builder-workspace/.derivedData/SDKExplicitPrecompiledModules/_Builtin_stddef-1MAO6P3OSQFGZFQEPM31XXNSS.pcm
SwiftExplicitDependencyGeneratePcm arm64 /Users/admin/builder/spi-builder-workspace/.derivedData/SDKExplicitPrecompiledModules/_AvailabilityInternal-99L1JVU5TYE8S0FGGB7E09QQS.pcm
SwiftExplicitDependencyGeneratePcm arm64 /Users/admin/builder/spi-builder-workspace/.derivedData/SDKExplicitPrecompiledModules/_Builtin_stdarg-719DH4G2R3NRP3HRX5HE8WX08.pcm
SwiftExplicitDependencyGeneratePcm arm64 /Users/admin/builder/spi-builder-workspace/.derivedData/SDKExplicitPrecompiledModules/ptrauth-EMKXYE8GN9BK4M3ODSTVDUJU2.pcm
SwiftExplicitDependencyGeneratePcm arm64 /Users/admin/builder/spi-builder-workspace/.derivedData/SDKExplicitPrecompiledModules/_Builtin_float-3RF4B70MBHPP952AX3GNZ8W3H.pcm
SwiftExplicitDependencyGeneratePcm arm64 /Users/admin/builder/spi-builder-workspace/.derivedData/SDKExplicitPrecompiledModules/_Builtin_stdbool-4UUPXTY52W6RPSB0N2WGGLTJT.pcm
SwiftExplicitDependencyGeneratePcm arm64 /Users/admin/builder/spi-builder-workspace/.derivedData/SDKExplicitPrecompiledModules/_DarwinFoundation1-90NUFDXQ765U5FR62173FT21A.pcm
SwiftExplicitDependencyGeneratePcm arm64 /Users/admin/builder/spi-builder-workspace/.derivedData/SDKExplicitPrecompiledModules/_Builtin_limits-3JICJWOCEYXXXNXAMEJBF6UQN.pcm
SwiftExplicitDependencyGeneratePcm arm64 /Users/admin/builder/spi-builder-workspace/.derivedData/SDKExplicitPrecompiledModules/_DarwinFoundation2-EPKSYG5WMVE7WSPFQB4C0UC59.pcm
SwiftExplicitDependencyGeneratePcm arm64 /Users/admin/builder/spi-builder-workspace/.derivedData/SDKExplicitPrecompiledModules/string_h-B6D36UOVIZC2Y0YE3KEZLZAP6.pcm
SwiftExplicitDependencyGeneratePcm arm64 /Users/admin/builder/spi-builder-workspace/.derivedData/SDKExplicitPrecompiledModules/sys_types-CATSGLJDZ8UZUMKHO6M4I4PJT.pcm
SwiftExplicitDependencyGeneratePcm arm64 /Users/admin/builder/spi-builder-workspace/.derivedData/SDKExplicitPrecompiledModules/_Builtin_tgmath-320K271Z6IM134IWIB7S3LTD.pcm
SwiftExplicitDependencyGeneratePcm arm64 /Users/admin/builder/spi-builder-workspace/.derivedData/SDKExplicitPrecompiledModules/_Builtin_stdint-A8OKY0NXO26BZ4GWYKP79TKL9.pcm
SwiftExplicitDependencyGeneratePcm arm64 /Users/admin/builder/spi-builder-workspace/.derivedData/SDKExplicitPrecompiledModules/_Builtin_stdatomic-71DQV8BR56LNANL900GGEC9KO.pcm
SwiftExplicitDependencyGeneratePcm arm64 /Users/admin/builder/spi-builder-workspace/.derivedData/SDKExplicitPrecompiledModules/_DarwinFoundation3-63L5I5VCGX6CLI6HI7OWUXJN6.pcm
SwiftExplicitDependencyGeneratePcm arm64 /Users/admin/builder/spi-builder-workspace/.derivedData/SDKExplicitPrecompiledModules/_Builtin_intrinsics-AQDFY8KQQX9Z38C6EI15S53EQ.pcm
SwiftExplicitDependencyGeneratePcm arm64 /Users/admin/builder/spi-builder-workspace/.derivedData/SDKExplicitPrecompiledModules/_Builtin_inttypes-80RS02PM2X81SP8N0Q7X05540.pcm
SwiftExplicitDependencyGeneratePcm arm64 /Users/admin/builder/spi-builder-workspace/.derivedData/SDKExplicitPrecompiledModules/unistd-9F73CLQ1CE0UKLF0G2M90PMHG.pcm
SwiftExplicitDependencyGeneratePcm arm64 /Users/admin/builder/spi-builder-workspace/.derivedData/SDKExplicitPrecompiledModules/Darwin-1VTILT8KA42CNDAUB0H1FM7MC.pcm
SwiftExplicitDependencyGeneratePcm arm64 /Users/admin/builder/spi-builder-workspace/.derivedData/SDKExplicitPrecompiledModules/simd-D50CDGAQRFNF5E2BA2UWCCHLJ.pcm
SwiftExplicitDependencyGeneratePcm arm64 /Users/admin/builder/spi-builder-workspace/.derivedData/SDKExplicitPrecompiledModules/ObjectiveC-CC0BYHG21IQMMT48PGDNSK7G6.pcm
SwiftExplicitDependencyGeneratePcm arm64 /Users/admin/builder/spi-builder-workspace/.derivedData/SDKExplicitPrecompiledModules/MachO-A5KLTMTLJD1DPHEYPZHUSRJ4O.pcm
SwiftExplicitDependencyGeneratePcm arm64 /Users/admin/builder/spi-builder-workspace/.derivedData/SDKExplicitPrecompiledModules/os_object-1TJLDNS7X3UT7Y5TM4QQ2RN6G.pcm
SwiftExplicitDependencyGeneratePcm arm64 /Users/admin/builder/spi-builder-workspace/.derivedData/SDKExplicitPrecompiledModules/os_workgroup-E61GF9E8FAHZGKXVOV9QHUD27.pcm
SwiftExplicitDependencyGeneratePcm arm64 /Users/admin/builder/spi-builder-workspace/.derivedData/SDKExplicitPrecompiledModules/Dispatch-F564M6B2H1RRD83XZ8EBWFSHE.pcm
SwiftExplicitDependencyGeneratePcm arm64 /Users/admin/builder/spi-builder-workspace/.derivedData/SDKExplicitPrecompiledModules/Spatial-2KZFBWN278VTZL619Y96SAJC9.pcm
SwiftExplicitDependencyGeneratePcm arm64 /Users/admin/builder/spi-builder-workspace/.derivedData/SDKExplicitPrecompiledModules/XPC-2WVXL0UION0MYZOZAJZC6DUXD.pcm
SwiftExplicitDependencyGeneratePcm arm64 /Users/admin/builder/spi-builder-workspace/.derivedData/SDKExplicitPrecompiledModules/CoreFoundation-A4LOYEEJIFQKOPZRDOG9M3N2K.pcm
SwiftExplicitDependencyGeneratePcm arm64 /Users/admin/builder/spi-builder-workspace/.derivedData/SDKExplicitPrecompiledModules/os-4NLIUP5HHN7FW5ML70YLEU8QE.pcm
SwiftExplicitDependencyGeneratePcm arm64 /Users/admin/builder/spi-builder-workspace/.derivedData/SDKExplicitPrecompiledModules/CFNetwork-8S7XZ5SI3TWM2JOZPDZPRY8W9.pcm
SwiftExplicitDependencyGeneratePcm arm64 /Users/admin/builder/spi-builder-workspace/.derivedData/SDKExplicitPrecompiledModules/CoreAudioTypes-3D575H9KXE9GWSK6ZWEWBV9TM.pcm
SwiftExplicitDependencyGeneratePcm arm64 /Users/admin/builder/spi-builder-workspace/.derivedData/SDKExplicitPrecompiledModules/Security-6KU6X9W8QDIJW83JUF0DRES83.pcm
SwiftExplicitDependencyGeneratePcm arm64 /Users/admin/builder/spi-builder-workspace/.derivedData/SDKExplicitPrecompiledModules/CoreGraphics-D8Y0X4J52BHG7HHUQLTX6SXE1.pcm
SwiftExplicitDependencyGeneratePcm arm64 /Users/admin/builder/spi-builder-workspace/.derivedData/SDKExplicitPrecompiledModules/CoreAudio-46JNU59TK6U76A9ILN06CT9NS.pcm
SwiftExplicitDependencyGeneratePcm arm64 /Users/admin/builder/spi-builder-workspace/.derivedData/SDKExplicitPrecompiledModules/Foundation-1AS5K10MY6XENLLR2NDUCKYTM.pcm
SwiftExplicitDependencyGeneratePcm arm64 /Users/admin/builder/spi-builder-workspace/.derivedData/SDKExplicitPrecompiledModules/ImageIO-48DA7ET77Q34HPZP9CPHI9VS4.pcm
SwiftExplicitDependencyGeneratePcm arm64 /Users/admin/builder/spi-builder-workspace/.derivedData/SDKExplicitPrecompiledModules/CoreText-E0GG8D3D527TJX7D2QEHFQLM2.pcm
SwiftExplicitDependencyGeneratePcm arm64 /Users/admin/builder/spi-builder-workspace/.derivedData/SDKExplicitPrecompiledModules/UniformTypeIdentifiers-DQ77M7R0D7VCBK0YUO3VHCRB1.pcm
SwiftExplicitDependencyGeneratePcm arm64 /Users/admin/builder/spi-builder-workspace/.derivedData/SDKExplicitPrecompiledModules/UIUtilities-9NQVCWATNLLVY125LB74695HY.pcm
SwiftExplicitDependencyGeneratePcm arm64 /Users/admin/builder/spi-builder-workspace/.derivedData/SDKExplicitPrecompiledModules/OSLog-1UX1YGRJSIOEO9YC3MNFFD818.pcm
SwiftExplicitDependencyGeneratePcm arm64 /Users/admin/builder/spi-builder-workspace/.derivedData/SDKExplicitPrecompiledModules/_LocationEssentials-2OY9351FRBO717MIULOKMYA9E.pcm
SwiftExplicitDependencyGeneratePcm arm64 /Users/admin/builder/spi-builder-workspace/.derivedData/SDKExplicitPrecompiledModules/Accessibility-EAPB6A95K5V0S27QNKR6ATG7F.pcm
SwiftExplicitDependencyGeneratePcm arm64 /Users/admin/builder/spi-builder-workspace/.derivedData/SDKExplicitPrecompiledModules/CoreData-3R0N6HKKQMVS32U7KOKR14383.pcm
SwiftExplicitDependencyGeneratePcm arm64 /Users/admin/builder/spi-builder-workspace/.derivedData/SDKExplicitPrecompiledModules/IOSurface-DEQULTJ8SC21O986FDCNTM8FX.pcm
SwiftExplicitDependencyGeneratePcm arm64 /Users/admin/builder/spi-builder-workspace/.derivedData/SDKExplicitPrecompiledModules/CoreTransferable-84B3V3M9DHRIQERK179SSQO5U.pcm
SwiftExplicitDependencyGeneratePcm arm64 /Users/admin/builder/spi-builder-workspace/.derivedData/SDKExplicitPrecompiledModules/DataDetection-9IX0C1MAX33MS6TCZDSNKXEO8.pcm
SwiftExplicitDependencyGeneratePcm arm64 /Users/admin/builder/spi-builder-workspace/.derivedData/SDKExplicitPrecompiledModules/UserNotifications-AKH3GC0FQWUK55FNTW4WEMFQE.pcm
SwiftExplicitDependencyGeneratePcm arm64 /Users/admin/builder/spi-builder-workspace/.derivedData/SDKExplicitPrecompiledModules/Symbols-9TNA7JIKOEYVTYC7A16HCS4Z8.pcm
SwiftExplicitDependencyGeneratePcm arm64 /Users/admin/builder/spi-builder-workspace/.derivedData/SDKExplicitPrecompiledModules/CoreLocation-6939X9DMB2SA43P0TYB7Z14Z5.pcm
SwiftExplicitDependencyGeneratePcm arm64 /Users/admin/builder/spi-builder-workspace/.derivedData/SDKExplicitPrecompiledModules/OpenGLES-6Y33D4DDPO1R82EJXT1SIGNPS.pcm
SwiftExplicitDependencyGeneratePcm arm64 /Users/admin/builder/spi-builder-workspace/.derivedData/SDKExplicitPrecompiledModules/Metal-52GB3RCZ6A2WEZ7RWCXV2WL0N.pcm
SwiftExplicitDependencyGeneratePcm arm64 /Users/admin/builder/spi-builder-workspace/.derivedData/SDKExplicitPrecompiledModules/CoreVideo-5G4VAY32QMJB00PUALI6188LK.pcm
SwiftExplicitDependencyGeneratePcm arm64 /Users/admin/builder/spi-builder-workspace/.derivedData/SDKExplicitPrecompiledModules/CoreImage-ATUQ374FIDJPA1DF5BLR644CG.pcm
SwiftExplicitDependencyGeneratePcm arm64 /Users/admin/builder/spi-builder-workspace/.derivedData/SDKExplicitPrecompiledModules/QuartzCore-DSNZZA81DYNK4OK1ANRR6HM7G.pcm
SwiftExplicitDependencyGeneratePcm arm64 /Users/admin/builder/spi-builder-workspace/.derivedData/SDKExplicitPrecompiledModules/CoreMedia-43BPYBY7ZACBDCUTAJXJFLTBP.pcm
SwiftExplicitDependencyGeneratePcm arm64 /Users/admin/builder/spi-builder-workspace/.derivedData/SDKExplicitPrecompiledModules/SwiftUICore-7SJQ9GB90ACGZV5NB09LFJIRX.pcm
SwiftExplicitDependencyGeneratePcm arm64 /Users/admin/builder/spi-builder-workspace/.derivedData/SDKExplicitPrecompiledModules/UIKit-42T2ZGON9LDZUXRIAUKELQ554.pcm
SwiftExplicitDependencyGeneratePcm arm64 /Users/admin/builder/spi-builder-workspace/.derivedData/SDKExplicitPrecompiledModules/SwiftUI-B634212FU5XQXG1OEBY2WYYH3.pcm
SwiftExplicitDependencyGeneratePcm arm64 /Users/admin/builder/spi-builder-workspace/.derivedData/Build/Intermediates.noindex/SwiftExplicitPrecompiledModules/XCUIAutomation-E4997PJ85VXJDPGB7XJOTLEU4.pcm
SwiftEmitModule normal arm64 Emitting\ module\ for\ XCTestApp (in target 'XCTestApp' from project 'XCTestExtensions')
SwiftCompile normal arm64 (in target 'XCTestApp' from project 'XCTestExtensions')
    cd /Users/admin/builder/spi-builder-workspace/.swiftpm/xcode

SwiftCompile normal arm64 Compiling\ XCTest.swift /Users/admin/builder/spi-builder-workspace/Sources/XCTestApp/XCTest.swift (in target 'XCTestApp' from project 'XCTestExtensions')
SwiftCompile normal arm64 /Users/admin/builder/spi-builder-workspace/Sources/XCTestApp/XCTest.swift (in target 'XCTestApp' from project 'XCTestExtensions')
    cd /Users/admin/builder/spi-builder-workspace/.swiftpm/xcode
    builtin-SwiftPerFileCompile XCTest.swift
SwiftCompile normal arm64 Compiling\ TestAppTestCase.swift /Users/admin/builder/spi-builder-workspace/Sources/XCTestApp/TestAppTestCase.swift (in target 'XCTestApp' from project 'XCTestExtensions')
SwiftCompile normal arm64 /Users/admin/builder/spi-builder-workspace/Sources/XCTestApp/TestAppTestCase.swift (in target 'XCTestApp' from project 'XCTestExtensions')
    cd /Users/admin/builder/spi-builder-workspace/.swiftpm/xcode
    builtin-SwiftPerFileCompile TestAppTestCase.swift
SwiftCompile normal arm64 Compiling\ TestAppView.swift /Users/admin/builder/spi-builder-workspace/Sources/XCTestApp/TestAppView.swift (in target 'XCTestApp' from project 'XCTestExtensions')
SwiftCompile normal arm64 /Users/admin/builder/spi-builder-workspace/Sources/XCTestApp/TestAppView.swift (in target 'XCTestApp' from project 'XCTestExtensions')
    cd /Users/admin/builder/spi-builder-workspace/.swiftpm/xcode
    builtin-SwiftPerFileCompile TestAppView.swift
SwiftCompile normal arm64 Compiling\ TestAppTestsView.swift /Users/admin/builder/spi-builder-workspace/Sources/XCTestApp/TestAppTestsView.swift (in target 'XCTestApp' from project 'XCTestExtensions')
SwiftCompile normal arm64 /Users/admin/builder/spi-builder-workspace/Sources/XCTestApp/TestAppTestsView.swift (in target 'XCTestApp' from project 'XCTestExtensions')
    cd /Users/admin/builder/spi-builder-workspace/.swiftpm/xcode
    builtin-SwiftPerFileCompile TestAppTestsView.swift
SwiftCompile normal arm64 Compiling\ TestAppTests.swift /Users/admin/builder/spi-builder-workspace/Sources/XCTestApp/TestAppTests.swift (in target 'XCTestApp' from project 'XCTestExtensions')
SwiftCompile normal arm64 /Users/admin/builder/spi-builder-workspace/Sources/XCTestApp/TestAppTests.swift (in target 'XCTestApp' from project 'XCTestExtensions')
    cd /Users/admin/builder/spi-builder-workspace/.swiftpm/xcode
    builtin-SwiftPerFileCompile TestAppTests.swift
SwiftExplicitDependencyGeneratePcm arm64 /Users/admin/builder/spi-builder-workspace/.derivedData/Build/Intermediates.noindex/SwiftExplicitPrecompiledModules/XCTest-EYP7HLJLENF3KP2I7RJUI5ZM1.pcm
SwiftExplicitDependencyCompileModuleFromInterface arm64 /Users/admin/builder/spi-builder-workspace/.derivedData/Build/Intermediates.noindex/SwiftExplicitPrecompiledModules/XCUIAutomation-30EM46HHKJPCJ.swiftmodule
SwiftExplicitDependencyCompileModuleFromInterface arm64 /Users/admin/builder/spi-builder-workspace/.derivedData/Build/Intermediates.noindex/SwiftExplicitPrecompiledModules/XCTest-2ZLPMDLO7IZVM.swiftmodule
SwiftDriverJobDiscovery normal arm64 Emitting module for XCTestApp (in target 'XCTestApp' from project 'XCTestExtensions')
SwiftDriver\ Compilation\ Requirements XCTestApp normal arm64 com.apple.xcode.tools.swift.compiler (in target 'XCTestApp' from project 'XCTestExtensions')
    cd /Users/admin/builder/spi-builder-workspace/.swiftpm/xcode
    builtin-Swift-Compilation-Requirements -- /Applications/Xcode-27.0.0-Release.Candidate.app/Contents/Developer/Toolchains/XcodeDefault.xctoolchain/usr/bin/swiftc -parse-as-library -module-name XCTestApp -Onone @/Users/admin/builder/spi-builder-workspace/.derivedData/Build/Intermediates.noindex/XCTestExtensions.build/Debug-appletvos/XCTestApp-t.build/Objects-normal/arm64/XCTestApp.SwiftFileList -DSWIFT_PACKAGE -DDEBUG -DSWIFT_MODULE_RESOURCE_BUNDLE_UNAVAILABLE -DXcode -plugin-path /Applications/Xcode-27.0.0-Release.Candidate.app/Contents/Developer/Toolchains/XcodeDefault.xctoolchain/usr/lib/swift/host/plugins/testing -enable-experimental-feature DebugDescriptionMacro -sdk /Applications/Xcode-27.0.0-Release.Candidate.app/Contents/Developer/Platforms/AppleTVOS.platform/Developer/SDKs/AppleTVOS27.0.sdk -target arm64-apple-tvos16.0 -g -module-cache-path /Users/admin/builder/spi-builder-workspace/.derivedData/ModuleCache.noindex -Xfrontend -serialize-debugging-options -profile-coverage-mapping -profile-generate -enable-testing -index-store-path /Users/admin/builder/spi-builder-workspace/.derivedData/Index.noindex/DataStore -Xcc -D_LIBCPP_HARDENING_MODE\=_LIBCPP_HARDENING_MODE_DEBUG -swift-version 6 -I /Users/admin/builder/spi-builder-workspace/.derivedData/Build/Products/Debug-appletvos -Isystem /Applications/Xcode-27.0.0-Release.Candidate.app/Contents/Developer/Platforms/AppleTVOS.platform/Developer/usr/lib -F /Users/admin/builder/spi-builder-workspace/.derivedData/Build/Products/Debug-appletvos -F /Applications/Xcode-27.0.0-Release.Candidate.app/Contents/Developer/Platforms/AppleTVOS.platform/Developer/Library/Frameworks -F /Applications/Xcode-27.0.0-Release.Candidate.app/Contents/Developer/Platforms/AppleTVOS.platform/Developer/SDKs/AppleTVOS27.0.sdk/Developer/Library/Frameworks -c -j10 -enable-batch-mode -incremental -Xcc -ivfsstatcache -Xcc /Users/admin/builder/spi-builder-workspace/.derivedData/SDKStatCaches.noindex/appletvos27.0-24J360-e829b21a6f8c9b70876ba0858053c044b32bfd8d43560033f8d89884cdb90028.sdkstatcache -output-file-map /Users/admin/builder/spi-builder-workspace/.derivedData/Build/Intermediates.noindex/XCTestExtensions.build/Debug-appletvos/XCTestApp-t.build/Objects-normal/arm64/XCTestApp-OutputFileMap.json -save-temps -no-color-diagnostics -explicit-module-build -module-cache-path /Users/admin/builder/spi-builder-workspace/.derivedData/Build/Intermediates.noindex/SwiftExplicitPrecompiledModules -clang-scanner-module-cache-path /Users/admin/builder/spi-builder-workspace/.derivedData/ModuleCache.noindex -sdk-module-cache-path /Users/admin/builder/spi-builder-workspace/.derivedData/SDKExplicitPrecompiledModules -emit-dependencies -emit-module -emit-module-path /Users/admin/builder/spi-builder-workspace/.derivedData/Build/Intermediates.noindex/XCTestExtensions.build/Debug-appletvos/XCTestApp-t.build/Objects-normal/arm64/XCTestApp.swiftmodule -serialize-diagnostics -dependency-scan-serialize-diagnostics-path /Users/admin/builder/spi-builder-workspace/.derivedData/Build/Intermediates.noindex/XCTestExtensions.build/Debug-appletvos/XCTestApp-t.build/Objects-normal/arm64/XCTestApp-dependency-scan.dia -validate-clang-modules-once -clang-build-session-file /Users/admin/builder/spi-builder-workspace/.derivedData/ModuleCache.noindex/Session.modulevalidation -Xcc -fmodules-prune-interval\=86400 -Xcc -fmodules-prune-after\=345600 -package-name spi_builder_workspace -emit-const-values -const-gather-protocols-list /Users/admin/builder/spi-builder-workspace/.derivedData/Build/Intermediates.noindex/XCTestExtensions.build/Debug-appletvos/XCTestApp-t.build/Objects-normal/arm64/XCTestApp_const_extract_protocols.json -Xcc -I/Users/admin/builder/spi-builder-workspace/.derivedData/Build/Products/Debug-appletvos/include -Xcc -I/Users/admin/builder/spi-builder-workspace/.derivedData/Build/Intermediates.noindex/XCTestExtensions.build/Debug-appletvos/XCTestApp-t.build/DerivedSources-normal/arm64 -Xcc -I/Users/admin/builder/spi-builder-workspace/.derivedData/Build/Intermediates.noindex/XCTestExtensions.build/Debug-appletvos/XCTestApp-t.build/DerivedSources/arm64 -Xcc -I/Users/admin/builder/spi-builder-workspace/.derivedData/Build/Intermediates.noindex/XCTestExtensions.build/Debug-appletvos/XCTestApp-t.build/DerivedSources -Xcc -DSWIFT_PACKAGE -Xcc -DDEBUG\=1 -emit-objc-header -emit-objc-header-path /Users/admin/builder/spi-builder-workspace/.derivedData/Build/Intermediates.noindex/XCTestExtensions.build/Debug-appletvos/XCTestApp-t.build/Objects-normal/arm64/XCTestApp-Swift.h -working-directory /Users/admin/builder/spi-builder-workspace/.swiftpm/xcode -experimental-emit-module-separately -disable-cmo
SwiftMergeGeneratedHeaders /Users/admin/builder/spi-builder-workspace/.derivedData/Build/Intermediates.noindex/GeneratedModuleMaps-appletvos/XCTestApp-Swift.h /Users/admin/builder/spi-builder-workspace/.derivedData/Build/Intermediates.noindex/XCTestExtensions.build/Debug-appletvos/XCTestApp-t.build/Objects-normal/arm64/XCTestApp-Swift.h (in target 'XCTestApp' from project 'XCTestExtensions')
    cd /Users/admin/builder/spi-builder-workspace
    builtin-swiftHeaderTool -arch arm64 /Users/admin/builder/spi-builder-workspace/.derivedData/Build/Intermediates.noindex/XCTestExtensions.build/Debug-appletvos/XCTestApp-t.build/Objects-normal/arm64/XCTestApp-Swift.h -o /Users/admin/builder/spi-builder-workspace/.derivedData/Build/Intermediates.noindex/GeneratedModuleMaps-appletvos/XCTestApp-Swift.h
Copy /Users/admin/builder/spi-builder-workspace/.derivedData/Build/Products/Debug-appletvos/XCTestApp.swiftmodule/arm64-apple-tvos.swiftdoc /Users/admin/builder/spi-builder-workspace/.derivedData/Build/Intermediates.noindex/XCTestExtensions.build/Debug-appletvos/XCTestApp-t.build/Objects-normal/arm64/XCTestApp.swiftdoc (in target 'XCTestApp' from project 'XCTestExtensions')
    cd /Users/admin/builder/spi-builder-workspace
    builtin-copy -exclude .DS_Store -exclude CVS -exclude .svn -exclude .git -exclude .hg -resolve-src-symlinks -rename /Users/admin/builder/spi-builder-workspace/.derivedData/Build/Intermediates.noindex/XCTestExtensions.build/Debug-appletvos/XCTestApp-t.build/Objects-normal/arm64/XCTestApp.swiftdoc /Users/admin/builder/spi-builder-workspace/.derivedData/Build/Products/Debug-appletvos/XCTestApp.swiftmodule/arm64-apple-tvos.swiftdoc
Copy /Users/admin/builder/spi-builder-workspace/.derivedData/Build/Products/Debug-appletvos/XCTestApp.swiftmodule/arm64-apple-tvos.swiftmodule /Users/admin/builder/spi-builder-workspace/.derivedData/Build/Intermediates.noindex/XCTestExtensions.build/Debug-appletvos/XCTestApp-t.build/Objects-normal/arm64/XCTestApp.swiftmodule (in target 'XCTestApp' from project 'XCTestExtensions')
    cd /Users/admin/builder/spi-builder-workspace
    builtin-copy -exclude .DS_Store -exclude CVS -exclude .svn -exclude .git -exclude .hg -resolve-src-symlinks -rename /Users/admin/builder/spi-builder-workspace/.derivedData/Build/Intermediates.noindex/XCTestExtensions.build/Debug-appletvos/XCTestApp-t.build/Objects-normal/arm64/XCTestApp.swiftmodule /Users/admin/builder/spi-builder-workspace/.derivedData/Build/Products/Debug-appletvos/XCTestApp.swiftmodule/arm64-apple-tvos.swiftmodule
Copy /Users/admin/builder/spi-builder-workspace/.derivedData/Build/Products/Debug-appletvos/XCTestApp.swiftmodule/arm64-apple-tvos.abi.json /Users/admin/builder/spi-builder-workspace/.derivedData/Build/Intermediates.noindex/XCTestExtensions.build/Debug-appletvos/XCTestApp-t.build/Objects-normal/arm64/XCTestApp.abi.json (in target 'XCTestApp' from project 'XCTestExtensions')
    cd /Users/admin/builder/spi-builder-workspace
    builtin-copy -exclude .DS_Store -exclude CVS -exclude .svn -exclude .git -exclude .hg -resolve-src-symlinks -rename /Users/admin/builder/spi-builder-workspace/.derivedData/Build/Intermediates.noindex/XCTestExtensions.build/Debug-appletvos/XCTestApp-t.build/Objects-normal/arm64/XCTestApp.abi.json /Users/admin/builder/spi-builder-workspace/.derivedData/Build/Products/Debug-appletvos/XCTestApp.swiftmodule/arm64-apple-tvos.abi.json
Copy /Users/admin/builder/spi-builder-workspace/.derivedData/Build/Products/Debug-appletvos/XCTestApp.swiftmodule/Project/arm64-apple-tvos.swiftsourceinfo /Users/admin/builder/spi-builder-workspace/.derivedData/Build/Intermediates.noindex/XCTestExtensions.build/Debug-appletvos/XCTestApp-t.build/Objects-normal/arm64/XCTestApp.swiftsourceinfo (in target 'XCTestApp' from project 'XCTestExtensions')
    cd /Users/admin/builder/spi-builder-workspace
    builtin-copy -exclude .DS_Store -exclude CVS -exclude .svn -exclude .git -exclude .hg -resolve-src-symlinks -rename /Users/admin/builder/spi-builder-workspace/.derivedData/Build/Intermediates.noindex/XCTestExtensions.build/Debug-appletvos/XCTestApp-t.build/Objects-normal/arm64/XCTestApp.swiftsourceinfo /Users/admin/builder/spi-builder-workspace/.derivedData/Build/Products/Debug-appletvos/XCTestApp.swiftmodule/Project/arm64-apple-tvos.swiftsourceinfo
SwiftCompile normal arm64 Compiling\ XCUIElement+Toggle.swift /Users/admin/builder/spi-builder-workspace/Sources/XCTestExtensions/XCUIElement+Toggle.swift (in target 'XCTestExtensions' from project 'XCTestExtensions')
/Users/admin/builder/spi-builder-workspace/Sources/XCTestExtensions/XCUIElement+Toggle.swift:53:17: error: value of type 'XCUIElement' has no member 'coordinate'
51 |         }
52 |         #else
53 |         element.coordinate(withNormalizedOffset: .init(dx: 0.5, dy: 0.5)).tap()
   |                 `- error: value of type 'XCUIElement' has no member 'coordinate'
54 |         #endif
55 |     }
Failed frontend command:
/Applications/Xcode-27.0.0-Release.Candidate.app/Contents/Developer/Toolchains/XcodeDefault.xctoolchain/usr/bin/swift-frontend -frontend -c /Users/admin/builder/spi-builder-workspace/Sources/XCTestExtensions/XCTAssertThrowsErrorAsync.swift /Users/admin/builder/spi-builder-workspace/Sources/XCTestExtensions/XCUIApplication+DeleteAndLaunch.swift /Users/admin/builder/spi-builder-workspace/Sources/XCTestExtensions/XCUIApplication+Keyboard.swift /Users/admin/builder/spi-builder-workspace/Sources/XCTestExtensions/XCUIApplication+VisionOS.swift /Users/admin/builder/spi-builder-workspace/Sources/XCTestExtensions/XCUIElement+Other.swift /Users/admin/builder/spi-builder-workspace/Sources/XCTestExtensions/XCUIElement+TextEntry.swift -primary-file /Users/admin/builder/spi-builder-workspace/Sources/XCTestExtensions/XCUIElement+Toggle.swift /Users/admin/builder/spi-builder-workspace/Sources/XCTestExtensions/XCUIElementQuery+Predicates.swift /Users/admin/builder/spi-builder-workspace/Sources/XCTestExtensions/sleep.swift -emit-dependencies-path /Users/admin/builder/spi-builder-workspace/.derivedData/Build/Intermediates.noindex/XCTestExtensions.build/Debug-appletvos/XCTestExtensions-t.build/Objects-normal/arm64/XCUIElement+Toggle.d -emit-const-values-path /Users/admin/builder/spi-builder-workspace/.derivedData/Build/Intermediates.noindex/XCTestExtensions.build/Debug-appletvos/XCTestExtensions-t.build/Objects-normal/arm64/XCUIElement+Toggle.swiftconstvalues -emit-reference-dependencies-path /Users/admin/builder/spi-builder-workspace/.derivedData/Build/Intermediates.noindex/XCTestExtensions.build/Debug-appletvos/XCTestExtensions-t.build/Objects-normal/arm64/XCUIElement+Toggle.swiftdeps -serialize-diagnostics-path /Users/admin/builder/spi-builder-workspace/.derivedData/Build/Intermediates.noindex/XCTestExtensions.build/Debug-appletvos/XCTestExtensions-t.build/Objects-normal/arm64/XCUIElement+Toggle.dia -target arm64-apple-tvos16.0 -disable-cross-import-overlay-search -load-resolved-plugin /Applications/Xcode-27.0.0-Release.Candidate.app/Contents/Developer/Platforms/AppleTVOS.platform/Developer/usr/lib/swift/host/plugins/libFoundationMacros.dylib\#/Applications/Xcode-27.0.0-Release.Candidate.app/Contents/Developer/Platforms/AppleTVOS.platform/Developer/usr/bin/swift-plugin-server\#FoundationMacros -load-resolved-plugin /Applications/Xcode-27.0.0-Release.Candidate.app/Contents/Developer/Platforms/AppleTVOS.platform/Developer/usr/lib/swift/host/plugins/libObservationMacros.dylib\#/Applications/Xcode-27.0.0-Release.Candidate.app/Contents/Developer/Platforms/AppleTVOS.platform/Developer/usr/bin/swift-plugin-server\#ObservationMacros -load-resolved-plugin /Applications/Xcode-27.0.0-Release.Candidate.app/Contents/Developer/Platforms/AppleTVOS.platform/Developer/usr/lib/swift/host/plugins/libPreviewsMacros.dylib\#/Applications/Xcode-27.0.0-Release.Candidate.app/Contents/Developer/Platforms/AppleTVOS.platform/Developer/usr/bin/swift-plugin-server\#PreviewsMacros -load-resolved-plugin /Applications/Xcode-27.0.0-Release.Candidate.app/Contents/Developer/Platforms/AppleTVOS.platform/Developer/usr/lib/swift/host/plugins/libSwiftMacros.dylib\#/Applications/Xcode-27.0.0-Release.Candidate.app/Contents/Developer/Platforms/AppleTVOS.platform/Developer/usr/bin/swift-plugin-server\#SwiftMacros -load-resolved-plugin /Applications/Xcode-27.0.0-Release.Candidate.app/Contents/Developer/Platforms/AppleTVOS.platform/Developer/usr/lib/swift/host/plugins/libSwiftUIMacros.dylib\#/Applications/Xcode-27.0.0-Release.Candidate.app/Contents/Developer/Platforms/AppleTVOS.platform/Developer/usr/bin/swift-plugin-server\#SwiftUIMacros -disable-implicit-swift-modules -Xcc -fno-implicit-modules -Xcc -fno-implicit-module-maps -explicit-swift-module-map-file /Users/admin/builder/spi-builder-workspace/.derivedData/Build/Intermediates.noindex/XCTestExtensions.build/Debug-appletvos/XCTestExtensions-t.build/Objects-normal/arm64/XCTestExtensions-dependencies-1.json -Xllvm -aarch64-use-tbi -enable-objc-interop -stack-check -sdk /Applications/Xcode-27.0.0-Release.Candidate.app/Contents/Developer/Platforms/AppleTVOS.platform/Developer/SDKs/AppleTVOS27.0.sdk -I /Users/admin/builder/spi-builder-workspace/.derivedData/Build/Products/Debug-appletvos -Isystem /Applications/Xcode-27.0.0-Release.Candidate.app/Contents/Developer/Platforms/AppleTVOS.platform/Developer/usr/lib -F /Users/admin/builder/spi-builder-workspace/.derivedData/Build/Products/Debug-appletvos -F /Applications/Xcode-27.0.0-Release.Candidate.app/Contents/Developer/Platforms/AppleTVOS.platform/Developer/Library/Frameworks -F /Applications/Xcode-27.0.0-Release.Candidate.app/Contents/Developer/Platforms/AppleTVOS.platform/Developer/SDKs/AppleTVOS27.0.sdk/Developer/Library/Frameworks -module-cache-path /Users/admin/builder/spi-builder-workspace/.derivedData/Build/Intermediates.noindex/SwiftExplicitPrecompiledModules -no-color-diagnostics -Xcc -fno-color-diagnostics -enable-testing -g -debug-info-format\=dwarf -dwarf-version\=4 -profile-generate -profile-coverage-mapping -swift-version 6 -Onone -D SWIFT_PACKAGE -D DEBUG -D SWIFT_MODULE_RESOURCE_BUNDLE_UNAVAILABLE -D Xcode -serialize-debugging-options -enable-experimental-feature DebugDescriptionMacro -empty-abi-descriptor -validate-clang-modules-once -clang-build-session-file /Users/admin/builder/spi-builder-workspace/.derivedData/ModuleCache.noindex/Session.modulevalidation -Xcc -working-directory -Xcc /Users/admin/builder/spi-builder-workspace/.swiftpm/xcode -enable-anonymous-context-mangled-names -file-compilation-dir /Users/admin/builder/spi-builder-workspace/.swiftpm/xcode -Xcc -D_LIBCPP_HARDENING_MODE\=_LIBCPP_HARDENING_MODE_DEBUG -Xcc -ivfsstatcache -Xcc /Users/admin/builder/spi-builder-workspace/.derivedData/SDKStatCaches.noindex/appletvos27.0-24J360-e829b21a6f8c9b70876ba0858053c044b32bfd8d43560033f8d89884cdb90028.sdkstatcache -Xcc -fmodules-prune-interval\=86400 -Xcc -fmodules-prune-after\=345600 -Xcc -I/Users/admin/builder/spi-builder-workspace/.derivedData/Build/Products/Debug-appletvos/include -Xcc -I/Users/admin/builder/spi-builder-workspace/.derivedData/Build/Intermediates.noindex/XCTestExtensions.build/Debug-appletvos/XCTestExtensions-t.build/DerivedSources-normal/arm64 -Xcc -I/Users/admin/builder/spi-builder-workspace/.derivedData/Build/Intermediates.noindex/XCTestExtensions.build/Debug-appletvos/XCTestExtensions-t.build/DerivedSources/arm64 -Xcc -I/Users/admin/builder/spi-builder-workspace/.derivedData/Build/Intermediates.noindex/XCTestExtensions.build/Debug-appletvos/XCTestExtensions-t.build/DerivedSources -Xcc -DSWIFT_PACKAGE -Xcc -DDEBUG\=1 -no-auto-bridging-header-chaining -module-name XCTestExtensions -package-name spi_builder_workspace -const-gather-protocols-file /Users/admin/builder/spi-builder-workspace/.derivedData/Build/Intermediates.noindex/XCTestExtensions.build/Debug-appletvos/XCTestExtensions-t.build/Objects-normal/arm64/XCTestExtensions_const_extract_protocols.json -disable-clang-spi -clang-target arm64-apple-tvos27.0 -target-sdk-version 27.0 -target-sdk-name appletvos27.0 -in-process-plugin-server-path /Applications/Xcode-27.0.0-Release.Candidate.app/Contents/Developer/Toolchains/XcodeDefault.xctoolchain/usr/lib/swift/host/libSwiftInProcPluginServer.dylib -parse-as-library -o /Users/admin/builder/spi-builder-workspace/.derivedData/Build/Intermediates.noindex/XCTestExtensions.build/Debug-appletvos/XCTestExtensions-t.build/Objects-normal/arm64/XCUIElement+Toggle.o -debug-module-path /Users/admin/builder/spi-builder-workspace/.derivedData/Build/Intermediates.noindex/XCTestExtensions.build/Debug-appletvos/XCTestExtensions-t.build/Objects-normal/arm64/XCTestExtensions.swiftmodule -index-unit-output-path /XCTestExtensions.build/Debug-appletvos/XCTestExtensions-t.build/Objects-normal/arm64/XCUIElement+Toggle.o -index-store-path /Users/admin/builder/spi-builder-workspace/.derivedData/Index.noindex/DataStore -index-system-modules
SwiftCompile normal arm64 /Users/admin/builder/spi-builder-workspace/Sources/XCTestExtensions/XCUIElement+Toggle.swift (in target 'XCTestExtensions' from project 'XCTestExtensions')
    cd /Users/admin/builder/spi-builder-workspace/.swiftpm/xcode
    builtin-SwiftPerFileCompile XCUIElement+Toggle.swift
SwiftEmitModule normal arm64 Emitting\ module\ for\ XCTestExtensions (in target 'XCTestExtensions' from project 'XCTestExtensions')
SwiftCompile normal arm64 (in target 'XCTestExtensions' from project 'XCTestExtensions')
    cd /Users/admin/builder/spi-builder-workspace/.swiftpm/xcode

SwiftCompile normal arm64 Compiling\ sleep.swift /Users/admin/builder/spi-builder-workspace/Sources/XCTestExtensions/sleep.swift (in target 'XCTestExtensions' from project 'XCTestExtensions')
SwiftCompile normal arm64 /Users/admin/builder/spi-builder-workspace/Sources/XCTestExtensions/sleep.swift (in target 'XCTestExtensions' from project 'XCTestExtensions')
    cd /Users/admin/builder/spi-builder-workspace/.swiftpm/xcode
    builtin-SwiftPerFileCompile sleep.swift
SwiftCompile normal arm64 Compiling\ XCUIElement+TextEntry.swift /Users/admin/builder/spi-builder-workspace/Sources/XCTestExtensions/XCUIElement+TextEntry.swift (in target 'XCTestExtensions' from project 'XCTestExtensions')
/Users/admin/builder/spi-builder-workspace/Sources/XCTestExtensions/XCUIElement+TextEntry.swift:120:9: error: cannot find 'typeKey' in scope
118 |         #if !os(watchOS)
119 |         // we want to delete everything, so move the cursor all the way to the right
120 |         typeKey(XCUIKeyboardKey.rightArrow, modifierFlags: .command)
    |         `- error: cannot find 'typeKey' in scope
121 |         #endif
122 |         try performDelete(count: textFieldValue.count, options: options)
/Users/admin/builder/spi-builder-workspace/Sources/XCTestExtensions/XCUIElement+TextEntry.swift:200:21: error: 'tap()' is unavailable in tvOS
198 |                 if previousValue.isEmpty && textToEnter.count != valueAfterTextEntry.count {
199 |                     try performDelete(count: valueAfterTextEntry.count, options: [])
200 |                     tap() // cursor might not be placed at the rightmost position of the text field
    |                     `- error: 'tap()' is unavailable in tvOS
201 |                     try performDelete(count: valueAfterTextEntry.count, options: [])
202 |                     try performEnter(value: previousValue + textToEnter, options: options, recursiveDepth: recursiveDepth + 1)
/Applications/Xcode-27.0.0-Release.Candidate.app/Contents/Developer/Platforms/AppleTVOS.platform/Developer/Library/Frameworks/XCUIAutomation.framework/Headers/XCUIElement.h:139:1: note: 'tap()' has been explicitly marked unavailable here
137 |  * Sends a tap event to a hittable point computed for the element.
138 |  */
139 | - (void)tap API_UNAVAILABLE(tvos);
    | `- note: 'tap()' has been explicitly marked unavailable here
140 |
141 | /*!
/Users/admin/builder/spi-builder-workspace/Sources/XCTestExtensions/XCUIElement+TextEntry.swift:215:21: error: 'tap()' is unavailable in tvOS
213 |                 if previousValue + textToEnter != valueAfterTextEntry {
214 |                     try performDelete(count: valueAfterTextEntry.count, options: [])
215 |                     tap() // cursor might not be placed at the rightmost position of the text field
    |                     `- error: 'tap()' is unavailable in tvOS
216 |                     try performDelete(count: valueAfterTextEntry.count, options: [])
217 |
/Applications/Xcode-27.0.0-Release.Candidate.app/Contents/Developer/Platforms/AppleTVOS.platform/Developer/Library/Frameworks/XCUIAutomation.framework/Headers/XCUIElement.h:139:1: note: 'tap()' has been explicitly marked unavailable here
137 |  * Sends a tap event to a hittable point computed for the element.
138 |  */
139 | - (void)tap API_UNAVAILABLE(tvos);
    | `- note: 'tap()' has been explicitly marked unavailable here
140 |
141 | /*!
/Users/admin/builder/spi-builder-workspace/Sources/XCTestExtensions/XCUIElement+TextEntry.swift:237:17: error: cannot find 'coordinate' in scope
235 |             var offset = 0.99
236 |             repeat {
237 |                 coordinate(withNormalizedOffset: CGVector(dx: offset, dy: 0.5)).tap()
    |                 `- error: cannot find 'coordinate' in scope
238 |                 offset -= 0.05
239 |             } while offset >= 0 && !app.keyboards.firstMatch.waitForExistence(timeout: 2.0)
/Users/admin/builder/spi-builder-workspace/Sources/XCTestExtensions/XCUIElement+TextEntry.swift:243:13: error: cannot find 'typeKey' in scope
241 |             #if !os(watchOS)
242 |             // move the cursor all the way to the right
243 |             typeKey(XCUIKeyboardKey.rightArrow, modifierFlags: .command)
    |             `- error: cannot find 'typeKey' in scope
244 |             #endif
245 |         } else {
/Users/admin/builder/spi-builder-workspace/Sources/XCTestExtensions/XCUIElement+TextEntry.swift:246:13: error: 'tap()' is unavailable in tvOS
244 |             #endif
245 |         } else {
246 |             tap()
    |             `- error: 'tap()' is unavailable in tvOS
247 |             #if os(visionOS)
248 |             XCTAssert(app.visionOSKeyboard.wait(for: .runningForeground, timeout: 2.0))
/Applications/Xcode-27.0.0-Release.Candidate.app/Contents/Developer/Platforms/AppleTVOS.platform/Developer/Library/Frameworks/XCUIAutomation.framework/Headers/XCUIElement.h:139:1: note: 'tap()' has been explicitly marked unavailable here
137 |  * Sends a tap event to a hittable point computed for the element.
138 |  */
139 | - (void)tap API_UNAVAILABLE(tvos);
    | `- note: 'tap()' has been explicitly marked unavailable here
140 |
141 | /*!
Failed frontend command:
/Applications/Xcode-27.0.0-Release.Candidate.app/Contents/Developer/Toolchains/XcodeDefault.xctoolchain/usr/bin/swift-frontend -frontend -c /Users/admin/builder/spi-builder-workspace/Sources/XCTestExtensions/XCTAssertThrowsErrorAsync.swift /Users/admin/builder/spi-builder-workspace/Sources/XCTestExtensions/XCUIApplication+DeleteAndLaunch.swift /Users/admin/builder/spi-builder-workspace/Sources/XCTestExtensions/XCUIApplication+Keyboard.swift /Users/admin/builder/spi-builder-workspace/Sources/XCTestExtensions/XCUIApplication+VisionOS.swift /Users/admin/builder/spi-builder-workspace/Sources/XCTestExtensions/XCUIElement+Other.swift -primary-file /Users/admin/builder/spi-builder-workspace/Sources/XCTestExtensions/XCUIElement+TextEntry.swift /Users/admin/builder/spi-builder-workspace/Sources/XCTestExtensions/XCUIElement+Toggle.swift /Users/admin/builder/spi-builder-workspace/Sources/XCTestExtensions/XCUIElementQuery+Predicates.swift /Users/admin/builder/spi-builder-workspace/Sources/XCTestExtensions/sleep.swift -emit-dependencies-path /Users/admin/builder/spi-builder-workspace/.derivedData/Build/Intermediates.noindex/XCTestExtensions.build/Debug-appletvos/XCTestExtensions-t.build/Objects-normal/arm64/XCUIElement+TextEntry.d -emit-const-values-path /Users/admin/builder/spi-builder-workspace/.derivedData/Build/Intermediates.noindex/XCTestExtensions.build/Debug-appletvos/XCTestExtensions-t.build/Objects-normal/arm64/XCUIElement+TextEntry.swiftconstvalues -emit-reference-dependencies-path /Users/admin/builder/spi-builder-workspace/.derivedData/Build/Intermediates.noindex/XCTestExtensions.build/Debug-appletvos/XCTestExtensions-t.build/Objects-normal/arm64/XCUIElement+TextEntry.swiftdeps -serialize-diagnostics-path /Users/admin/builder/spi-builder-workspace/.derivedData/Build/Intermediates.noindex/XCTestExtensions.build/Debug-appletvos/XCTestExtensions-t.build/Objects-normal/arm64/XCUIElement+TextEntry.dia -target arm64-apple-tvos16.0 -disable-cross-import-overlay-search -load-resolved-plugin /Applications/Xcode-27.0.0-Release.Candidate.app/Contents/Developer/Platforms/AppleTVOS.platform/Developer/usr/lib/swift/host/plugins/libFoundationMacros.dylib\#/Applications/Xcode-27.0.0-Release.Candidate.app/Contents/Developer/Platforms/AppleTVOS.platform/Developer/usr/bin/swift-plugin-server\#FoundationMacros -load-resolved-plugin /Applications/Xcode-27.0.0-Release.Candidate.app/Contents/Developer/Platforms/AppleTVOS.platform/Developer/usr/lib/swift/host/plugins/libObservationMacros.dylib\#/Applications/Xcode-27.0.0-Release.Candidate.app/Contents/Developer/Platforms/AppleTVOS.platform/Developer/usr/bin/swift-plugin-server\#ObservationMacros -load-resolved-plugin /Applications/Xcode-27.0.0-Release.Candidate.app/Contents/Developer/Platforms/AppleTVOS.platform/Developer/usr/lib/swift/host/plugins/libPreviewsMacros.dylib\#/Applications/Xcode-27.0.0-Release.Candidate.app/Contents/Developer/Platforms/AppleTVOS.platform/Developer/usr/bin/swift-plugin-server\#PreviewsMacros -load-resolved-plugin /Applications/Xcode-27.0.0-Release.Candidate.app/Contents/Developer/Platforms/AppleTVOS.platform/Developer/usr/lib/swift/host/plugins/libSwiftMacros.dylib\#/Applications/Xcode-27.0.0-Release.Candidate.app/Contents/Developer/Platforms/AppleTVOS.platform/Developer/usr/bin/swift-plugin-server\#SwiftMacros -load-resolved-plugin /Applications/Xcode-27.0.0-Release.Candidate.app/Contents/Developer/Platforms/AppleTVOS.platform/Developer/usr/lib/swift/host/plugins/libSwiftUIMacros.dylib\#/Applications/Xcode-27.0.0-Release.Candidate.app/Contents/Developer/Platforms/AppleTVOS.platform/Developer/usr/bin/swift-plugin-server\#SwiftUIMacros -disable-implicit-swift-modules -Xcc -fno-implicit-modules -Xcc -fno-implicit-module-maps -explicit-swift-module-map-file /Users/admin/builder/spi-builder-workspace/.derivedData/Build/Intermediates.noindex/XCTestExtensions.build/Debug-appletvos/XCTestExtensions-t.build/Objects-normal/arm64/XCTestExtensions-dependencies-1.json -Xllvm -aarch64-use-tbi -enable-objc-interop -stack-check -sdk /Applications/Xcode-27.0.0-Release.Candidate.app/Contents/Developer/Platforms/AppleTVOS.platform/Developer/SDKs/AppleTVOS27.0.sdk -I /Users/admin/builder/spi-builder-workspace/.derivedData/Build/Products/Debug-appletvos -Isystem /Applications/Xcode-27.0.0-Release.Candidate.app/Contents/Developer/Platforms/AppleTVOS.platform/Developer/usr/lib -F /Users/admin/builder/spi-builder-workspace/.derivedData/Build/Products/Debug-appletvos -F /Applications/Xcode-27.0.0-Release.Candidate.app/Contents/Developer/Platforms/AppleTVOS.platform/Developer/Library/Frameworks -F /Applications/Xcode-27.0.0-Release.Candidate.app/Contents/Developer/Platforms/AppleTVOS.platform/Developer/SDKs/AppleTVOS27.0.sdk/Developer/Library/Frameworks -module-cache-path /Users/admin/builder/spi-builder-workspace/.derivedData/Build/Intermediates.noindex/SwiftExplicitPrecompiledModules -no-color-diagnostics -Xcc -fno-color-diagnostics -enable-testing -g -debug-info-format\=dwarf -dwarf-version\=4 -profile-generate -profile-coverage-mapping -swift-version 6 -Onone -D SWIFT_PACKAGE -D DEBUG -D SWIFT_MODULE_RESOURCE_BUNDLE_UNAVAILABLE -D Xcode -serialize-debugging-options -enable-experimental-feature DebugDescriptionMacro -empty-abi-descriptor -validate-clang-modules-once -clang-build-session-file /Users/admin/builder/spi-builder-workspace/.derivedData/ModuleCache.noindex/Session.modulevalidation -Xcc -working-directory -Xcc /Users/admin/builder/spi-builder-workspace/.swiftpm/xcode -enable-anonymous-context-mangled-names -file-compilation-dir /Users/admin/builder/spi-builder-workspace/.swiftpm/xcode -Xcc -D_LIBCPP_HARDENING_MODE\=_LIBCPP_HARDENING_MODE_DEBUG -Xcc -ivfsstatcache -Xcc /Users/admin/builder/spi-builder-workspace/.derivedData/SDKStatCaches.noindex/appletvos27.0-24J360-e829b21a6f8c9b70876ba0858053c044b32bfd8d43560033f8d89884cdb90028.sdkstatcache -Xcc -fmodules-prune-interval\=86400 -Xcc -fmodules-prune-after\=345600 -Xcc -I/Users/admin/builder/spi-builder-workspace/.derivedData/Build/Products/Debug-appletvos/include -Xcc -I/Users/admin/builder/spi-builder-workspace/.derivedData/Build/Intermediates.noindex/XCTestExtensions.build/Debug-appletvos/XCTestExtensions-t.build/DerivedSources-normal/arm64 -Xcc -I/Users/admin/builder/spi-builder-workspace/.derivedData/Build/Intermediates.noindex/XCTestExtensions.build/Debug-appletvos/XCTestExtensions-t.build/DerivedSources/arm64 -Xcc -I/Users/admin/builder/spi-builder-workspace/.derivedData/Build/Intermediates.noindex/XCTestExtensions.build/Debug-appletvos/XCTestExtensions-t.build/DerivedSources -Xcc -DSWIFT_PACKAGE -Xcc -DDEBUG\=1 -no-auto-bridging-header-chaining -module-name XCTestExtensions -package-name spi_builder_workspace -const-gather-protocols-file /Users/admin/builder/spi-builder-workspace/.derivedData/Build/Intermediates.noindex/XCTestExtensions.build/Debug-appletvos/XCTestExtensions-t.build/Objects-normal/arm64/XCTestExtensions_const_extract_protocols.json -disable-clang-spi -clang-target arm64-apple-tvos27.0 -target-sdk-version 27.0 -target-sdk-name appletvos27.0 -in-process-plugin-server-path /Applications/Xcode-27.0.0-Release.Candidate.app/Contents/Developer/Toolchains/XcodeDefault.xctoolchain/usr/lib/swift/host/libSwiftInProcPluginServer.dylib -parse-as-library -o /Users/admin/builder/spi-builder-workspace/.derivedData/Build/Intermediates.noindex/XCTestExtensions.build/Debug-appletvos/XCTestExtensions-t.build/Objects-normal/arm64/XCUIElement+TextEntry.o -debug-module-path /Users/admin/builder/spi-builder-workspace/.derivedData/Build/Intermediates.noindex/XCTestExtensions.build/Debug-appletvos/XCTestExtensions-t.build/Objects-normal/arm64/XCTestExtensions.swiftmodule -index-unit-output-path /XCTestExtensions.build/Debug-appletvos/XCTestExtensions-t.build/Objects-normal/arm64/XCUIElement+TextEntry.o -index-store-path /Users/admin/builder/spi-builder-workspace/.derivedData/Index.noindex/DataStore -index-system-modules
SwiftCompile normal arm64 /Users/admin/builder/spi-builder-workspace/Sources/XCTestExtensions/XCUIElement+TextEntry.swift (in target 'XCTestExtensions' from project 'XCTestExtensions')
    cd /Users/admin/builder/spi-builder-workspace/.swiftpm/xcode
    builtin-SwiftPerFileCompile XCUIElement+TextEntry.swift
SwiftCompile normal arm64 Compiling\ XCUIElement+Other.swift /Users/admin/builder/spi-builder-workspace/Sources/XCTestExtensions/XCUIElement+Other.swift (in target 'XCTestExtensions' from project 'XCTestExtensions')
SwiftCompile normal arm64 /Users/admin/builder/spi-builder-workspace/Sources/XCTestExtensions/XCUIElement+Other.swift (in target 'XCTestExtensions' from project 'XCTestExtensions')
    cd /Users/admin/builder/spi-builder-workspace/.swiftpm/xcode
    builtin-SwiftPerFileCompile XCUIElement+Other.swift
SwiftCompile normal arm64 Compiling\ XCUIApplication+Keyboard.swift /Users/admin/builder/spi-builder-workspace/Sources/XCTestExtensions/XCUIApplication+Keyboard.swift (in target 'XCTestExtensions' from project 'XCTestExtensions')
/Users/admin/builder/spi-builder-workspace/Sources/XCTestExtensions/XCUIApplication+Keyboard.swift:54:46: error: 'tap()' is unavailable in tvOS
52 |                 continue
53 |             }
54 |             keyboard.buttons[label.rawValue].tap()
   |                                              `- error: 'tap()' is unavailable in tvOS
55 |             return
56 |         }
/Applications/Xcode-27.0.0-Release.Candidate.app/Contents/Developer/Platforms/AppleTVOS.platform/Developer/Library/Frameworks/XCUIAutomation.framework/Headers/XCUIElement.h:139:1: note: 'tap()' has been explicitly marked unavailable here
137 |  * Sends a tap event to a hittable point computed for the element.
138 |  */
139 | - (void)tap API_UNAVAILABLE(tvos);
    | `- note: 'tap()' has been explicitly marked unavailable here
140 |
141 | /*!
/Users/admin/builder/spi-builder-workspace/Sources/XCTestExtensions/XCUIApplication+Keyboard.swift:62:23: error: 'tap()' is unavailable in tvOS
60 |            returnKey.isHittable {
61 |             // the "return" key is usually the last button on the keyboard.
62 |             returnKey.tap()
   |                       `- error: 'tap()' is unavailable in tvOS
63 |         } else {
64 |             #if os(iOS)
/Applications/Xcode-27.0.0-Release.Candidate.app/Contents/Developer/Platforms/AppleTVOS.platform/Developer/Library/Frameworks/XCUIAutomation.framework/Headers/XCUIElement.h:139:1: note: 'tap()' has been explicitly marked unavailable here
137 |  * Sends a tap event to a hittable point computed for the element.
138 |  */
139 | - (void)tap API_UNAVAILABLE(tvos);
    | `- note: 'tap()' has been explicitly marked unavailable here
140 |
141 | /*!
Failed frontend command:
/Applications/Xcode-27.0.0-Release.Candidate.app/Contents/Developer/Toolchains/XcodeDefault.xctoolchain/usr/bin/swift-frontend -frontend -c /Users/admin/builder/spi-builder-workspace/Sources/XCTestExtensions/XCTAssertThrowsErrorAsync.swift /Users/admin/builder/spi-builder-workspace/Sources/XCTestExtensions/XCUIApplication+DeleteAndLaunch.swift -primary-file /Users/admin/builder/spi-builder-workspace/Sources/XCTestExtensions/XCUIApplication+Keyboard.swift /Users/admin/builder/spi-builder-workspace/Sources/XCTestExtensions/XCUIApplication+VisionOS.swift /Users/admin/builder/spi-builder-workspace/Sources/XCTestExtensions/XCUIElement+Other.swift /Users/admin/builder/spi-builder-workspace/Sources/XCTestExtensions/XCUIElement+TextEntry.swift /Users/admin/builder/spi-builder-workspace/Sources/XCTestExtensions/XCUIElement+Toggle.swift /Users/admin/builder/spi-builder-workspace/Sources/XCTestExtensions/XCUIElementQuery+Predicates.swift /Users/admin/builder/spi-builder-workspace/Sources/XCTestExtensions/sleep.swift -emit-dependencies-path /Users/admin/builder/spi-builder-workspace/.derivedData/Build/Intermediates.noindex/XCTestExtensions.build/Debug-appletvos/XCTestExtensions-t.build/Objects-normal/arm64/XCUIApplication+Keyboard.d -emit-const-values-path /Users/admin/builder/spi-builder-workspace/.derivedData/Build/Intermediates.noindex/XCTestExtensions.build/Debug-appletvos/XCTestExtensions-t.build/Objects-normal/arm64/XCUIApplication+Keyboard.swiftconstvalues -emit-reference-dependencies-path /Users/admin/builder/spi-builder-workspace/.derivedData/Build/Intermediates.noindex/XCTestExtensions.build/Debug-appletvos/XCTestExtensions-t.build/Objects-normal/arm64/XCUIApplication+Keyboard.swiftdeps -serialize-diagnostics-path /Users/admin/builder/spi-builder-workspace/.derivedData/Build/Intermediates.noindex/XCTestExtensions.build/Debug-appletvos/XCTestExtensions-t.build/Objects-normal/arm64/XCUIApplication+Keyboard.dia -target arm64-apple-tvos16.0 -disable-cross-import-overlay-search -load-resolved-plugin /Applications/Xcode-27.0.0-Release.Candidate.app/Contents/Developer/Platforms/AppleTVOS.platform/Developer/usr/lib/swift/host/plugins/libFoundationMacros.dylib\#/Applications/Xcode-27.0.0-Release.Candidate.app/Contents/Developer/Platforms/AppleTVOS.platform/Developer/usr/bin/swift-plugin-server\#FoundationMacros -load-resolved-plugin /Applications/Xcode-27.0.0-Release.Candidate.app/Contents/Developer/Platforms/AppleTVOS.platform/Developer/usr/lib/swift/host/plugins/libObservationMacros.dylib\#/Applications/Xcode-27.0.0-Release.Candidate.app/Contents/Developer/Platforms/AppleTVOS.platform/Developer/usr/bin/swift-plugin-server\#ObservationMacros -load-resolved-plugin /Applications/Xcode-27.0.0-Release.Candidate.app/Contents/Developer/Platforms/AppleTVOS.platform/Developer/usr/lib/swift/host/plugins/libPreviewsMacros.dylib\#/Applications/Xcode-27.0.0-Release.Candidate.app/Contents/Developer/Platforms/AppleTVOS.platform/Developer/usr/bin/swift-plugin-server\#PreviewsMacros -load-resolved-plugin /Applications/Xcode-27.0.0-Release.Candidate.app/Contents/Developer/Platforms/AppleTVOS.platform/Developer/usr/lib/swift/host/plugins/libSwiftMacros.dylib\#/Applications/Xcode-27.0.0-Release.Candidate.app/Contents/Developer/Platforms/AppleTVOS.platform/Developer/usr/bin/swift-plugin-server\#SwiftMacros -load-resolved-plugin /Applications/Xcode-27.0.0-Release.Candidate.app/Contents/Developer/Platforms/AppleTVOS.platform/Developer/usr/lib/swift/host/plugins/libSwiftUIMacros.dylib\#/Applications/Xcode-27.0.0-Release.Candidate.app/Contents/Developer/Platforms/AppleTVOS.platform/Developer/usr/bin/swift-plugin-server\#SwiftUIMacros -disable-implicit-swift-modules -Xcc -fno-implicit-modules -Xcc -fno-implicit-module-maps -explicit-swift-module-map-file /Users/admin/builder/spi-builder-workspace/.derivedData/Build/Intermediates.noindex/XCTestExtensions.build/Debug-appletvos/XCTestExtensions-t.build/Objects-normal/arm64/XCTestExtensions-dependencies-1.json -Xllvm -aarch64-use-tbi -enable-objc-interop -stack-check -sdk /Applications/Xcode-27.0.0-Release.Candidate.app/Contents/Developer/Platforms/AppleTVOS.platform/Developer/SDKs/AppleTVOS27.0.sdk -I /Users/admin/builder/spi-builder-workspace/.derivedData/Build/Products/Debug-appletvos -Isystem /Applications/Xcode-27.0.0-Release.Candidate.app/Contents/Developer/Platforms/AppleTVOS.platform/Developer/usr/lib -F /Users/admin/builder/spi-builder-workspace/.derivedData/Build/Products/Debug-appletvos -F /Applications/Xcode-27.0.0-Release.Candidate.app/Contents/Developer/Platforms/AppleTVOS.platform/Developer/Library/Frameworks -F /Applications/Xcode-27.0.0-Release.Candidate.app/Contents/Developer/Platforms/AppleTVOS.platform/Developer/SDKs/AppleTVOS27.0.sdk/Developer/Library/Frameworks -module-cache-path /Users/admin/builder/spi-builder-workspace/.derivedData/Build/Intermediates.noindex/SwiftExplicitPrecompiledModules -no-color-diagnostics -Xcc -fno-color-diagnostics -enable-testing -g -debug-info-format\=dwarf -dwarf-version\=4 -profile-generate -profile-coverage-mapping -swift-version 6 -Onone -D SWIFT_PACKAGE -D DEBUG -D SWIFT_MODULE_RESOURCE_BUNDLE_UNAVAILABLE -D Xcode -serialize-debugging-options -enable-experimental-feature DebugDescriptionMacro -empty-abi-descriptor -validate-clang-modules-once -clang-build-session-file /Users/admin/builder/spi-builder-workspace/.derivedData/ModuleCache.noindex/Session.modulevalidation -Xcc -working-directory -Xcc /Users/admin/builder/spi-builder-workspace/.swiftpm/xcode -enable-anonymous-context-mangled-names -file-compilation-dir /Users/admin/builder/spi-builder-workspace/.swiftpm/xcode -Xcc -D_LIBCPP_HARDENING_MODE\=_LIBCPP_HARDENING_MODE_DEBUG -Xcc -ivfsstatcache -Xcc /Users/admin/builder/spi-builder-workspace/.derivedData/SDKStatCaches.noindex/appletvos27.0-24J360-e829b21a6f8c9b70876ba0858053c044b32bfd8d43560033f8d89884cdb90028.sdkstatcache -Xcc -fmodules-prune-interval\=86400 -Xcc -fmodules-prune-after\=345600 -Xcc -I/Users/admin/builder/spi-builder-workspace/.derivedData/Build/Products/Debug-appletvos/include -Xcc -I/Users/admin/builder/spi-builder-workspace/.derivedData/Build/Intermediates.noindex/XCTestExtensions.build/Debug-appletvos/XCTestExtensions-t.build/DerivedSources-normal/arm64 -Xcc -I/Users/admin/builder/spi-builder-workspace/.derivedData/Build/Intermediates.noindex/XCTestExtensions.build/Debug-appletvos/XCTestExtensions-t.build/DerivedSources/arm64 -Xcc -I/Users/admin/builder/spi-builder-workspace/.derivedData/Build/Intermediates.noindex/XCTestExtensions.build/Debug-appletvos/XCTestExtensions-t.build/DerivedSources -Xcc -DSWIFT_PACKAGE -Xcc -DDEBUG\=1 -no-auto-bridging-header-chaining -module-name XCTestExtensions -package-name spi_builder_workspace -const-gather-protocols-file /Users/admin/builder/spi-builder-workspace/.derivedData/Build/Intermediates.noindex/XCTestExtensions.build/Debug-appletvos/XCTestExtensions-t.build/Objects-normal/arm64/XCTestExtensions_const_extract_protocols.json -disable-clang-spi -clang-target arm64-apple-tvos27.0 -target-sdk-version 27.0 -target-sdk-name appletvos27.0 -in-process-plugin-server-path /Applications/Xcode-27.0.0-Release.Candidate.app/Contents/Developer/Toolchains/XcodeDefault.xctoolchain/usr/lib/swift/host/libSwiftInProcPluginServer.dylib -parse-as-library -o /Users/admin/builder/spi-builder-workspace/.derivedData/Build/Intermediates.noindex/XCTestExtensions.build/Debug-appletvos/XCTestExtensions-t.build/Objects-normal/arm64/XCUIApplication+Keyboard.o -debug-module-path /Users/admin/builder/spi-builder-workspace/.derivedData/Build/Intermediates.noindex/XCTestExtensions.build/Debug-appletvos/XCTestExtensions-t.build/Objects-normal/arm64/XCTestExtensions.swiftmodule -index-unit-output-path /XCTestExtensions.build/Debug-appletvos/XCTestExtensions-t.build/Objects-normal/arm64/XCUIApplication+Keyboard.o -index-store-path /Users/admin/builder/spi-builder-workspace/.derivedData/Index.noindex/DataStore -index-system-modules
SwiftCompile normal arm64 /Users/admin/builder/spi-builder-workspace/Sources/XCTestExtensions/XCUIApplication+Keyboard.swift (in target 'XCTestExtensions' from project 'XCTestExtensions')
    cd /Users/admin/builder/spi-builder-workspace/.swiftpm/xcode
    builtin-SwiftPerFileCompile XCUIApplication+Keyboard.swift
SwiftDriverJobDiscovery normal arm64 Compiling TestAppTestCase.swift (in target 'XCTestApp' from project 'XCTestExtensions')
SwiftCompile normal arm64 Compiling\ XCUIApplication+DeleteAndLaunch.swift /Users/admin/builder/spi-builder-workspace/Sources/XCTestExtensions/XCUIApplication+DeleteAndLaunch.swift (in target 'XCTestExtensions' from project 'XCTestExtensions')
/Users/admin/builder/spi-builder-workspace/Sources/XCTestExtensions/XCUIApplication+DeleteAndLaunch.swift:73:29: error: value of type 'XCUIApplication' has no member 'swipeLeft'
 71 |         while homeScreenIcons[appName].firstMatch.waitForExistence(timeout: 10.0) {
 72 |             if !homeScreenIcons[appName].firstMatch.isHittable {
 73 |                 springboard.swipeLeft()
    |                             `- error: value of type 'XCUIApplication' has no member 'swipeLeft'
 74 |             }
 75 |
/Users/admin/builder/spi-builder-workspace/Sources/XCTestExtensions/XCUIApplication+DeleteAndLaunch.swift:80:49: error: 'press(forDuration:)' is unavailable in tvOS
 78 |             homeScreenIcons[appName].firstMatch.press(forDuration: 1)
 79 |             #else
 80 |             homeScreenIcons[appName].firstMatch.press(forDuration: 1.5)
    |                                                 `- error: 'press(forDuration:)' is unavailable in tvOS
 81 |             #endif
 82 |
/Applications/Xcode-27.0.0-Release.Candidate.app/Contents/Developer/Platforms/AppleTVOS.platform/Developer/Library/Frameworks/XCUIAutomation.framework/Headers/XCUIElement.h:152:1: note: 'press(forDuration:)' has been explicitly marked unavailable here
150 |  * Duration in seconds.
151 |  */
152 | - (void)pressForDuration:(NSTimeInterval)duration API_UNAVAILABLE(tvos);
    | `- note: 'press(forDuration:)' has been explicitly marked unavailable here
153 |
154 | /*!
/Users/admin/builder/spi-builder-workspace/Sources/XCTestExtensions/XCUIApplication+DeleteAndLaunch.swift:87:30: error: 'tap()' is unavailable in tvOS
 85 |                 let deleteButton = homeScreenIcons[appName].buttons["Delete"]
 86 |                 XCTAssert(deleteButton.waitForExistence(timeout: 5.0))
 87 |                 deleteButton.tap()
    |                              `- error: 'tap()' is unavailable in tvOS
 88 |             } else { // iPhone / iPad / visionOS 1
 89 |                 if !springboard.collectionViews.buttons["Remove App"].waitForExistence(timeout: 5) {
/Applications/Xcode-27.0.0-Release.Candidate.app/Contents/Developer/Platforms/AppleTVOS.platform/Developer/Library/Frameworks/XCUIAutomation.framework/Headers/XCUIElement.h:139:1: note: 'tap()' has been explicitly marked unavailable here
137 |  * Sends a tap event to a hittable point computed for the element.
138 |  */
139 | - (void)tap API_UNAVAILABLE(tvos);
    | `- note: 'tap()' has been explicitly marked unavailable here
140 |
141 | /*!
/Users/admin/builder/spi-builder-workspace/Sources/XCTestExtensions/XCUIApplication+DeleteAndLaunch.swift:95:61: error: 'press(forDuration:)' is unavailable in tvOS
 93 |                         XCTAssert(springboard.wait(for: .runningForeground, timeout: 2.0))
 94 |                         XCTAssert(homeScreenIcons[appName].firstMatch.isHittable)
 95 |                         homeScreenIcons[appName].firstMatch.press(forDuration: 1.75)
    |                                                             `- error: 'press(forDuration:)' is unavailable in tvOS
 96 |                     }
 97 |                     if springboard.collectionViews.buttons["Options"].exists {
/Applications/Xcode-27.0.0-Release.Candidate.app/Contents/Developer/Platforms/AppleTVOS.platform/Developer/Library/Frameworks/XCUIAutomation.framework/Headers/XCUIElement.h:152:1: note: 'press(forDuration:)' has been explicitly marked unavailable here
150 |  * Duration in seconds.
151 |  */
152 | - (void)pressForDuration:(NSTimeInterval)duration API_UNAVAILABLE(tvos);
    | `- note: 'press(forDuration:)' has been explicitly marked unavailable here
153 |
154 | /*!
/Users/admin/builder/spi-builder-workspace/Sources/XCTestExtensions/XCUIApplication+DeleteAndLaunch.swift:102:72: error: 'tap()' is unavailable in tvOS
100 |                         // an "Options" submenu, instead of placing it in the root of the menu.
101 |                         // So we first need to navigate to that submenu, and then try again
102 |                         springboard.collectionViews.buttons["Options"].tap()
    |                                                                        `- error: 'tap()' is unavailable in tvOS
103 |                         XCTAssert(springboard.buttons["Remove App"].waitForExistence(timeout: 5))
104 |                     }
/Applications/Xcode-27.0.0-Release.Candidate.app/Contents/Developer/Platforms/AppleTVOS.platform/Developer/Library/Frameworks/XCUIAutomation.framework/Headers/XCUIElement.h:139:1: note: 'tap()' has been explicitly marked unavailable here
137 |  * Sends a tap event to a hittable point computed for the element.
138 |  */
139 | - (void)tap API_UNAVAILABLE(tvos);
    | `- note: 'tap()' has been explicitly marked unavailable here
140 |
141 | /*!
/Users/admin/builder/spi-builder-workspace/Sources/XCTestExtensions/XCUIApplication+DeleteAndLaunch.swift:106:51: error: 'tap()' is unavailable in tvOS
104 |                     }
105 |                 }
106 |                 springboard.buttons["Remove App"].tap()
    |                                                   `- error: 'tap()' is unavailable in tvOS
107 |             }
108 |
/Applications/Xcode-27.0.0-Release.Candidate.app/Contents/Developer/Platforms/AppleTVOS.platform/Developer/Library/Frameworks/XCUIAutomation.framework/Headers/XCUIElement.h:139:1: note: 'tap()' has been explicitly marked unavailable here
137 |  * Sends a tap event to a hittable point computed for the element.
138 |  */
139 | - (void)tap API_UNAVAILABLE(tvos);
    | `- note: 'tap()' has been explicitly marked unavailable here
140 |
141 | /*!
/Users/admin/builder/spi-builder-workspace/Sources/XCTestExtensions/XCUIApplication+DeleteAndLaunch.swift:118:82: error: 'tap()' is unavailable in tvOS
116 |             #else
117 |             XCTAssert(springboard.alerts["Remove “\(appName)”?"].buttons["Delete App"].waitForExistence(timeout: 10.0))
118 |             springboard.alerts["Remove “\(appName)”?"].buttons["Delete App"].tap()
    |                                                                              `- error: 'tap()' is unavailable in tvOS
119 |             XCTAssert(springboard.alerts["Delete “\(appName)”?"].buttons["Delete"].waitForExistence(timeout: 10.0))
120 |             springboard.alerts["Delete “\(appName)”?"].buttons["Delete"].tap()
/Applications/Xcode-27.0.0-Release.Candidate.app/Contents/Developer/Platforms/AppleTVOS.platform/Developer/Library/Frameworks/XCUIAutomation.framework/Headers/XCUIElement.h:139:1: note: 'tap()' has been explicitly marked unavailable here
137 |  * Sends a tap event to a hittable point computed for the element.
138 |  */
139 | - (void)tap API_UNAVAILABLE(tvos);
    | `- note: 'tap()' has been explicitly marked unavailable here
140 |
141 | /*!
/Users/admin/builder/spi-builder-workspace/Sources/XCTestExtensions/XCUIApplication+DeleteAndLaunch.swift:120:78: error: 'tap()' is unavailable in tvOS
118 |             springboard.alerts["Remove “\(appName)”?"].buttons["Delete App"].tap()
119 |             XCTAssert(springboard.alerts["Delete “\(appName)”?"].buttons["Delete"].waitForExistence(timeout: 10.0))
120 |             springboard.alerts["Delete “\(appName)”?"].buttons["Delete"].tap()
    |                                                                          `- error: 'tap()' is unavailable in tvOS
121 |             #endif
122 |
/Applications/Xcode-27.0.0-Release.Candidate.app/Contents/Developer/Platforms/AppleTVOS.platform/Developer/Library/Frameworks/XCUIAutomation.framework/Headers/XCUIElement.h:139:1: note: 'tap()' has been explicitly marked unavailable here
137 |  * Sends a tap event to a hittable point computed for the element.
138 |  */
139 | - (void)tap API_UNAVAILABLE(tvos);
    | `- note: 'tap()' has been explicitly marked unavailable here
140 |
141 | /*!
/Users/admin/builder/spi-builder-workspace/Sources/XCTestExtensions/XCUIApplication+DeleteAndLaunch.swift:127:62: error: 'tap()' is unavailable in tvOS
125 |             let alertTitle = "There is data from “\(appName)” saved in Health"
126 |             if springboard.alerts[alertTitle].waitForExistence(timeout: 5.0) {
127 |                 springboard.alerts[alertTitle].buttons["OK"].tap()
    |                                                              `- error: 'tap()' is unavailable in tvOS
128 |             }
129 |
/Applications/Xcode-27.0.0-Release.Candidate.app/Contents/Developer/Platforms/AppleTVOS.platform/Developer/Library/Frameworks/XCUIAutomation.framework/Headers/XCUIElement.h:139:1: note: 'tap()' has been explicitly marked unavailable here
137 |  * Sends a tap event to a hittable point computed for the element.
138 |  */
139 | - (void)tap API_UNAVAILABLE(tvos);
    | `- note: 'tap()' has been explicitly marked unavailable here
140 |
141 | /*!
Failed frontend command:
/Applications/Xcode-27.0.0-Release.Candidate.app/Contents/Developer/Toolchains/XcodeDefault.xctoolchain/usr/bin/swift-frontend -frontend -c /Users/admin/builder/spi-builder-workspace/Sources/XCTestExtensions/XCTAssertThrowsErrorAsync.swift -primary-file /Users/admin/builder/spi-builder-workspace/Sources/XCTestExtensions/XCUIApplication+DeleteAndLaunch.swift /Users/admin/builder/spi-builder-workspace/Sources/XCTestExtensions/XCUIApplication+Keyboard.swift /Users/admin/builder/spi-builder-workspace/Sources/XCTestExtensions/XCUIApplication+VisionOS.swift /Users/admin/builder/spi-builder-workspace/Sources/XCTestExtensions/XCUIElement+Other.swift /Users/admin/builder/spi-builder-workspace/Sources/XCTestExtensions/XCUIElement+TextEntry.swift /Users/admin/builder/spi-builder-workspace/Sources/XCTestExtensions/XCUIElement+Toggle.swift /Users/admin/builder/spi-builder-workspace/Sources/XCTestExtensions/XCUIElementQuery+Predicates.swift /Users/admin/builder/spi-builder-workspace/Sources/XCTestExtensions/sleep.swift -emit-dependencies-path /Users/admin/builder/spi-builder-workspace/.derivedData/Build/Intermediates.noindex/XCTestExtensions.build/Debug-appletvos/XCTestExtensions-t.build/Objects-normal/arm64/XCUIApplication+DeleteAndLaunch.d -emit-const-values-path /Users/admin/builder/spi-builder-workspace/.derivedData/Build/Intermediates.noindex/XCTestExtensions.build/Debug-appletvos/XCTestExtensions-t.build/Objects-normal/arm64/XCUIApplication+DeleteAndLaunch.swiftconstvalues -emit-reference-dependencies-path /Users/admin/builder/spi-builder-workspace/.derivedData/Build/Intermediates.noindex/XCTestExtensions.build/Debug-appletvos/XCTestExtensions-t.build/Objects-normal/arm64/XCUIApplication+DeleteAndLaunch.swiftdeps -serialize-diagnostics-path /Users/admin/builder/spi-builder-workspace/.derivedData/Build/Intermediates.noindex/XCTestExtensions.build/Debug-appletvos/XCTestExtensions-t.build/Objects-normal/arm64/XCUIApplication+DeleteAndLaunch.dia -target arm64-apple-tvos16.0 -disable-cross-import-overlay-search -load-resolved-plugin /Applications/Xcode-27.0.0-Release.Candidate.app/Contents/Developer/Platforms/AppleTVOS.platform/Developer/usr/lib/swift/host/plugins/libFoundationMacros.dylib\#/Applications/Xcode-27.0.0-Release.Candidate.app/Contents/Developer/Platforms/AppleTVOS.platform/Developer/usr/bin/swift-plugin-server\#FoundationMacros -load-resolved-plugin /Applications/Xcode-27.0.0-Release.Candidate.app/Contents/Developer/Platforms/AppleTVOS.platform/Developer/usr/lib/swift/host/plugins/libObservationMacros.dylib\#/Applications/Xcode-27.0.0-Release.Candidate.app/Contents/Developer/Platforms/AppleTVOS.platform/Developer/usr/bin/swift-plugin-server\#ObservationMacros -load-resolved-plugin /Applications/Xcode-27.0.0-Release.Candidate.app/Contents/Developer/Platforms/AppleTVOS.platform/Developer/usr/lib/swift/host/plugins/libPreviewsMacros.dylib\#/Applications/Xcode-27.0.0-Release.Candidate.app/Contents/Developer/Platforms/AppleTVOS.platform/Developer/usr/bin/swift-plugin-server\#PreviewsMacros -load-resolved-plugin /Applications/Xcode-27.0.0-Release.Candidate.app/Contents/Developer/Platforms/AppleTVOS.platform/Developer/usr/lib/swift/host/plugins/libSwiftMacros.dylib\#/Applications/Xcode-27.0.0-Release.Candidate.app/Contents/Developer/Platforms/AppleTVOS.platform/Developer/usr/bin/swift-plugin-server\#SwiftMacros -load-resolved-plugin /Applications/Xcode-27.0.0-Release.Candidate.app/Contents/Developer/Platforms/AppleTVOS.platform/Developer/usr/lib/swift/host/plugins/libSwiftUIMacros.dylib\#/Applications/Xcode-27.0.0-Release.Candidate.app/Contents/Developer/Platforms/AppleTVOS.platform/Developer/usr/bin/swift-plugin-server\#SwiftUIMacros -disable-implicit-swift-modules -Xcc -fno-implicit-modules -Xcc -fno-implicit-module-maps -explicit-swift-module-map-file /Users/admin/builder/spi-builder-workspace/.derivedData/Build/Intermediates.noindex/XCTestExtensions.build/Debug-appletvos/XCTestExtensions-t.build/Objects-normal/arm64/XCTestExtensions-dependencies-1.json -Xllvm -aarch64-use-tbi -enable-objc-interop -stack-check -sdk /Applications/Xcode-27.0.0-Release.Candidate.app/Contents/Developer/Platforms/AppleTVOS.platform/Developer/SDKs/AppleTVOS27.0.sdk -I /Users/admin/builder/spi-builder-workspace/.derivedData/Build/Products/Debug-appletvos -Isystem /Applications/Xcode-27.0.0-Release.Candidate.app/Contents/Developer/Platforms/AppleTVOS.platform/Developer/usr/lib -F /Users/admin/builder/spi-builder-workspace/.derivedData/Build/Products/Debug-appletvos -F /Applications/Xcode-27.0.0-Release.Candidate.app/Contents/Developer/Platforms/AppleTVOS.platform/Developer/Library/Frameworks -F /Applications/Xcode-27.0.0-Release.Candidate.app/Contents/Developer/Platforms/AppleTVOS.platform/Developer/SDKs/AppleTVOS27.0.sdk/Developer/Library/Frameworks -module-cache-path /Users/admin/builder/spi-builder-workspace/.derivedData/Build/Intermediates.noindex/SwiftExplicitPrecompiledModules -no-color-diagnostics -Xcc -fno-color-diagnostics -enable-testing -g -debug-info-format\=dwarf -dwarf-version\=4 -profile-generate -profile-coverage-mapping -swift-version 6 -Onone -D SWIFT_PACKAGE -D DEBUG -D SWIFT_MODULE_RESOURCE_BUNDLE_UNAVAILABLE -D Xcode -serialize-debugging-options -enable-experimental-feature DebugDescriptionMacro -empty-abi-descriptor -validate-clang-modules-once -clang-build-session-file /Users/admin/builder/spi-builder-workspace/.derivedData/ModuleCache.noindex/Session.modulevalidation -Xcc -working-directory -Xcc /Users/admin/builder/spi-builder-workspace/.swiftpm/xcode -enable-anonymous-context-mangled-names -file-compilation-dir /Users/admin/builder/spi-builder-workspace/.swiftpm/xcode -Xcc -D_LIBCPP_HARDENING_MODE\=_LIBCPP_HARDENING_MODE_DEBUG -Xcc -ivfsstatcache -Xcc /Users/admin/builder/spi-builder-workspace/.derivedData/SDKStatCaches.noindex/appletvos27.0-24J360-e829b21a6f8c9b70876ba0858053c044b32bfd8d43560033f8d89884cdb90028.sdkstatcache -Xcc -fmodules-prune-interval\=86400 -Xcc -fmodules-prune-after\=345600 -Xcc -I/Users/admin/builder/spi-builder-workspace/.derivedData/Build/Products/Debug-appletvos/include -Xcc -I/Users/admin/builder/spi-builder-workspace/.derivedData/Build/Intermediates.noindex/XCTestExtensions.build/Debug-appletvos/XCTestExtensions-t.build/DerivedSources-normal/arm64 -Xcc -I/Users/admin/builder/spi-builder-workspace/.derivedData/Build/Intermediates.noindex/XCTestExtensions.build/Debug-appletvos/XCTestExtensions-t.build/DerivedSources/arm64 -Xcc -I/Users/admin/builder/spi-builder-workspace/.derivedData/Build/Intermediates.noindex/XCTestExtensions.build/Debug-appletvos/XCTestExtensions-t.build/DerivedSources -Xcc -DSWIFT_PACKAGE -Xcc -DDEBUG\=1 -no-auto-bridging-header-chaining -module-name XCTestExtensions -package-name spi_builder_workspace -const-gather-protocols-file /Users/admin/builder/spi-builder-workspace/.derivedData/Build/Intermediates.noindex/XCTestExtensions.build/Debug-appletvos/XCTestExtensions-t.build/Objects-normal/arm64/XCTestExtensions_const_extract_protocols.json -disable-clang-spi -clang-target arm64-apple-tvos27.0 -target-sdk-version 27.0 -target-sdk-name appletvos27.0 -in-process-plugin-server-path /Applications/Xcode-27.0.0-Release.Candidate.app/Contents/Developer/Toolchains/XcodeDefault.xctoolchain/usr/lib/swift/host/libSwiftInProcPluginServer.dylib -parse-as-library -o /Users/admin/builder/spi-builder-workspace/.derivedData/Build/Intermediates.noindex/XCTestExtensions.build/Debug-appletvos/XCTestExtensions-t.build/Objects-normal/arm64/XCUIApplication+DeleteAndLaunch.o -debug-module-path /Users/admin/builder/spi-builder-workspace/.derivedData/Build/Intermediates.noindex/XCTestExtensions.build/Debug-appletvos/XCTestExtensions-t.build/Objects-normal/arm64/XCTestExtensions.swiftmodule -index-unit-output-path /XCTestExtensions.build/Debug-appletvos/XCTestExtensions-t.build/Objects-normal/arm64/XCUIApplication+DeleteAndLaunch.o -index-store-path /Users/admin/builder/spi-builder-workspace/.derivedData/Index.noindex/DataStore -index-system-modules
SwiftCompile normal arm64 /Users/admin/builder/spi-builder-workspace/Sources/XCTestExtensions/XCUIApplication+DeleteAndLaunch.swift (in target 'XCTestExtensions' from project 'XCTestExtensions')
    cd /Users/admin/builder/spi-builder-workspace/.swiftpm/xcode
    builtin-SwiftPerFileCompile XCUIApplication+DeleteAndLaunch.swift
SwiftDriverJobDiscovery normal arm64 Compiling XCTest.swift (in target 'XCTestApp' from project 'XCTestExtensions')
SwiftCompile normal arm64 Compiling\ XCUIApplication+VisionOS.swift /Users/admin/builder/spi-builder-workspace/Sources/XCTestExtensions/XCUIApplication+VisionOS.swift (in target 'XCTestExtensions' from project 'XCTestExtensions')
SwiftCompile normal arm64 /Users/admin/builder/spi-builder-workspace/Sources/XCTestExtensions/XCUIApplication+VisionOS.swift (in target 'XCTestExtensions' from project 'XCTestExtensions')
    cd /Users/admin/builder/spi-builder-workspace/.swiftpm/xcode
    builtin-SwiftPerFileCompile XCUIApplication+VisionOS.swift
SwiftDriverJobDiscovery normal arm64 Emitting module for XCTestExtensions (in target 'XCTestExtensions' from project 'XCTestExtensions')
SwiftDriver\ Compilation\ Requirements XCTestExtensions normal arm64 com.apple.xcode.tools.swift.compiler (in target 'XCTestExtensions' from project 'XCTestExtensions')
    cd /Users/admin/builder/spi-builder-workspace/.swiftpm/xcode
    builtin-Swift-Compilation-Requirements -- /Applications/Xcode-27.0.0-Release.Candidate.app/Contents/Developer/Toolchains/XcodeDefault.xctoolchain/usr/bin/swiftc -parse-as-library -module-name XCTestExtensions -Onone @/Users/admin/builder/spi-builder-workspace/.derivedData/Build/Intermediates.noindex/XCTestExtensions.build/Debug-appletvos/XCTestExtensions-t.build/Objects-normal/arm64/XCTestExtensions.SwiftFileList -DSWIFT_PACKAGE -DDEBUG -DSWIFT_MODULE_RESOURCE_BUNDLE_UNAVAILABLE -DXcode -plugin-path /Applications/Xcode-27.0.0-Release.Candidate.app/Contents/Developer/Toolchains/XcodeDefault.xctoolchain/usr/lib/swift/host/plugins/testing -enable-experimental-feature DebugDescriptionMacro -sdk /Applications/Xcode-27.0.0-Release.Candidate.app/Contents/Developer/Platforms/AppleTVOS.platform/Developer/SDKs/AppleTVOS27.0.sdk -target arm64-apple-tvos16.0 -g -module-cache-path /Users/admin/builder/spi-builder-workspace/.derivedData/ModuleCache.noindex -Xfrontend -serialize-debugging-options -profile-coverage-mapping -profile-generate -enable-testing -index-store-path /Users/admin/builder/spi-builder-workspace/.derivedData/Index.noindex/DataStore -Xcc -D_LIBCPP_HARDENING_MODE\=_LIBCPP_HARDENING_MODE_DEBUG -swift-version 6 -I /Users/admin/builder/spi-builder-workspace/.derivedData/Build/Products/Debug-appletvos -Isystem /Applications/Xcode-27.0.0-Release.Candidate.app/Contents/Developer/Platforms/AppleTVOS.platform/Developer/usr/lib -F /Users/admin/builder/spi-builder-workspace/.derivedData/Build/Products/Debug-appletvos -F /Applications/Xcode-27.0.0-Release.Candidate.app/Contents/Developer/Platforms/AppleTVOS.platform/Developer/Library/Frameworks -F /Applications/Xcode-27.0.0-Release.Candidate.app/Contents/Developer/Platforms/AppleTVOS.platform/Developer/SDKs/AppleTVOS27.0.sdk/Developer/Library/Frameworks -c -j10 -enable-batch-mode -incremental -Xcc -ivfsstatcache -Xcc /Users/admin/builder/spi-builder-workspace/.derivedData/SDKStatCaches.noindex/appletvos27.0-24J360-e829b21a6f8c9b70876ba0858053c044b32bfd8d43560033f8d89884cdb90028.sdkstatcache -output-file-map /Users/admin/builder/spi-builder-workspace/.derivedData/Build/Intermediates.noindex/XCTestExtensions.build/Debug-appletvos/XCTestExtensions-t.build/Objects-normal/arm64/XCTestExtensions-OutputFileMap.json -save-temps -no-color-diagnostics -explicit-module-build -module-cache-path /Users/admin/builder/spi-builder-workspace/.derivedData/Build/Intermediates.noindex/SwiftExplicitPrecompiledModules -clang-scanner-module-cache-path /Users/admin/builder/spi-builder-workspace/.derivedData/ModuleCache.noindex -sdk-module-cache-path /Users/admin/builder/spi-builder-workspace/.derivedData/SDKExplicitPrecompiledModules -emit-dependencies -emit-module -emit-module-path /Users/admin/builder/spi-builder-workspace/.derivedData/Build/Intermediates.noindex/XCTestExtensions.build/Debug-appletvos/XCTestExtensions-t.build/Objects-normal/arm64/XCTestExtensions.swiftmodule -serialize-diagnostics -dependency-scan-serialize-diagnostics-path /Users/admin/builder/spi-builder-workspace/.derivedData/Build/Intermediates.noindex/XCTestExtensions.build/Debug-appletvos/XCTestExtensions-t.build/Objects-normal/arm64/XCTestExtensions-dependency-scan.dia -validate-clang-modules-once -clang-build-session-file /Users/admin/builder/spi-builder-workspace/.derivedData/ModuleCache.noindex/Session.modulevalidation -Xcc -fmodules-prune-interval\=86400 -Xcc -fmodules-prune-after\=345600 -package-name spi_builder_workspace -emit-const-values -const-gather-protocols-list /Users/admin/builder/spi-builder-workspace/.derivedData/Build/Intermediates.noindex/XCTestExtensions.build/Debug-appletvos/XCTestExtensions-t.build/Objects-normal/arm64/XCTestExtensions_const_extract_protocols.json -Xcc -I/Users/admin/builder/spi-builder-workspace/.derivedData/Build/Products/Debug-appletvos/include -Xcc -I/Users/admin/builder/spi-builder-workspace/.derivedData/Build/Intermediates.noindex/XCTestExtensions.build/Debug-appletvos/XCTestExtensions-t.build/DerivedSources-normal/arm64 -Xcc -I/Users/admin/builder/spi-builder-workspace/.derivedData/Build/Intermediates.noindex/XCTestExtensions.build/Debug-appletvos/XCTestExtensions-t.build/DerivedSources/arm64 -Xcc -I/Users/admin/builder/spi-builder-workspace/.derivedData/Build/Intermediates.noindex/XCTestExtensions.build/Debug-appletvos/XCTestExtensions-t.build/DerivedSources -Xcc -DSWIFT_PACKAGE -Xcc -DDEBUG\=1 -emit-objc-header -emit-objc-header-path /Users/admin/builder/spi-builder-workspace/.derivedData/Build/Intermediates.noindex/XCTestExtensions.build/Debug-appletvos/XCTestExtensions-t.build/Objects-normal/arm64/XCTestExtensions-Swift.h -working-directory /Users/admin/builder/spi-builder-workspace/.swiftpm/xcode -experimental-emit-module-separately -disable-cmo
SwiftDriverJobDiscovery normal arm64 Compiling sleep.swift (in target 'XCTestExtensions' from project 'XCTestExtensions')
SwiftCompile normal arm64 Compiling\ XCUIElementQuery+Predicates.swift /Users/admin/builder/spi-builder-workspace/Sources/XCTestExtensions/XCUIElementQuery+Predicates.swift (in target 'XCTestExtensions' from project 'XCTestExtensions')
SwiftCompile normal arm64 /Users/admin/builder/spi-builder-workspace/Sources/XCTestExtensions/XCUIElementQuery+Predicates.swift (in target 'XCTestExtensions' from project 'XCTestExtensions')
    cd /Users/admin/builder/spi-builder-workspace/.swiftpm/xcode
    builtin-SwiftPerFileCompile XCUIElementQuery+Predicates.swift
SwiftMergeGeneratedHeaders /Users/admin/builder/spi-builder-workspace/.derivedData/Build/Intermediates.noindex/GeneratedModuleMaps-appletvos/XCTestExtensions-Swift.h /Users/admin/builder/spi-builder-workspace/.derivedData/Build/Intermediates.noindex/XCTestExtensions.build/Debug-appletvos/XCTestExtensions-t.build/Objects-normal/arm64/XCTestExtensions-Swift.h (in target 'XCTestExtensions' from project 'XCTestExtensions')
    cd /Users/admin/builder/spi-builder-workspace
    builtin-swiftHeaderTool -arch arm64 /Users/admin/builder/spi-builder-workspace/.derivedData/Build/Intermediates.noindex/XCTestExtensions.build/Debug-appletvos/XCTestExtensions-t.build/Objects-normal/arm64/XCTestExtensions-Swift.h -o /Users/admin/builder/spi-builder-workspace/.derivedData/Build/Intermediates.noindex/GeneratedModuleMaps-appletvos/XCTestExtensions-Swift.h
PruneExplicitPrecompiledModules /Users/admin/builder/spi-builder-workspace/.derivedData/SDKExplicitPrecompiledModules
PruneExplicitPrecompiledModules /Users/admin/builder/spi-builder-workspace/.derivedData/Build/Intermediates.noindex/ExplicitPrecompiledModules
PruneExplicitPrecompiledModules /Users/admin/builder/spi-builder-workspace/.derivedData/Build/Intermediates.noindex/SwiftExplicitPrecompiledModules
2026-09-24 14:43:03.863 xcodebuild[658:4262] [MT] IDERunDestination: Supported platforms for the buildables in the current scheme is empty.
** BUILD FAILED **
The following build commands failed:
	SwiftCompile normal arm64 Compiling\ XCUIElement+Toggle.swift /Users/admin/builder/spi-builder-workspace/Sources/XCTestExtensions/XCUIElement+Toggle.swift (in target 'XCTestExtensions' from project 'XCTestExtensions')
	SwiftCompile normal arm64 /Users/admin/builder/spi-builder-workspace/Sources/XCTestExtensions/XCUIElement+Toggle.swift (in target 'XCTestExtensions' from project 'XCTestExtensions')
	SwiftCompile normal arm64 Compiling\ XCUIElement+TextEntry.swift /Users/admin/builder/spi-builder-workspace/Sources/XCTestExtensions/XCUIElement+TextEntry.swift (in target 'XCTestExtensions' from project 'XCTestExtensions')
	SwiftCompile normal arm64 /Users/admin/builder/spi-builder-workspace/Sources/XCTestExtensions/XCUIElement+TextEntry.swift (in target 'XCTestExtensions' from project 'XCTestExtensions')
	SwiftCompile normal arm64 Compiling\ XCUIApplication+Keyboard.swift /Users/admin/builder/spi-builder-workspace/Sources/XCTestExtensions/XCUIApplication+Keyboard.swift (in target 'XCTestExtensions' from project 'XCTestExtensions')
	SwiftCompile normal arm64 /Users/admin/builder/spi-builder-workspace/Sources/XCTestExtensions/XCUIApplication+Keyboard.swift (in target 'XCTestExtensions' from project 'XCTestExtensions')
	SwiftCompile normal arm64 Compiling\ XCUIApplication+DeleteAndLaunch.swift /Users/admin/builder/spi-builder-workspace/Sources/XCTestExtensions/XCUIApplication+DeleteAndLaunch.swift (in target 'XCTestExtensions' from project 'XCTestExtensions')
	SwiftCompile normal arm64 /Users/admin/builder/spi-builder-workspace/Sources/XCTestExtensions/XCUIApplication+DeleteAndLaunch.swift (in target 'XCTestExtensions' from project 'XCTestExtensions')
	Building workspace XCTestExtensions with scheme XCTestExtensions-Package
(9 failures)
Command line invocation:
    /Applications/Xcode-27.0.0-Release.Candidate.app/Contents/Developer/usr/bin/xcodebuild -IDEClonedSourcePackagesDirPathOverride=/Users/admin/builder/spi-builder-workspace/.dependencies -resolvePackageDependencies
Resolve Package Graph
Resolved source packages:
  XCTestExtensions: /Users/admin/builder/spi-builder-workspace
resolved source packages: XCTestExtensions
2026-09-24 14:43:12.314 xcodebuild[757:4739] [MT] IDERunDestination: Supported platforms for the buildables in the current scheme is empty.
{
  "dependencies" : [
  ],
  "manifest_display_name" : "XCTestExtensions",
  "name" : "XCTestExtensions",
  "path" : "/Users/admin/builder/spi-builder-workspace",
  "platforms" : [
    {
      "name" : "ios",
      "version" : "16.0"
    },
    {
      "name" : "watchos",
      "version" : "9.0"
    },
    {
      "name" : "visionos",
      "version" : "1.0"
    },
    {
      "name" : "macos",
      "version" : "13.0"
    }
  ],
  "products" : [
    {
      "name" : "XCTestApp",
      "targets" : [
        "XCTestApp"
      ],
      "type" : {
        "library" : [
          "automatic"
        ]
      }
    },
    {
      "name" : "XCTestExtensions",
      "targets" : [
        "XCTestExtensions"
      ],
      "type" : {
        "library" : [
          "automatic"
        ]
      }
    }
  ],
  "targets" : [
    {
      "c99name" : "XCTestExtensionsTests",
      "module_type" : "SwiftTarget",
      "name" : "XCTestExtensionsTests",
      "path" : "Tests/XCTestExtensionsTests",
      "sources" : [
        "XCTestExtensionsTests.swift"
      ],
      "target_dependencies" : [
        "XCTestExtensions"
      ],
      "type" : "test"
    },
    {
      "c99name" : "XCTestExtensions",
      "module_type" : "SwiftTarget",
      "name" : "XCTestExtensions",
      "path" : "Sources/XCTestExtensions",
      "product_memberships" : [
        "XCTestExtensions"
      ],
      "sources" : [
        "XCTAssertThrowsErrorAsync.swift",
        "XCUIApplication+DeleteAndLaunch.swift",
        "XCUIApplication+Keyboard.swift",
        "XCUIApplication+VisionOS.swift",
        "XCUIElement+Other.swift",
        "XCUIElement+TextEntry.swift",
        "XCUIElement+Toggle.swift",
        "XCUIElementQuery+Predicates.swift",
        "sleep.swift"
      ],
      "type" : "library"
    },
    {
      "c99name" : "XCTestApp",
      "module_type" : "SwiftTarget",
      "name" : "XCTestApp",
      "path" : "Sources/XCTestApp",
      "product_memberships" : [
        "XCTestApp"
      ],
      "sources" : [
        "TestAppTestCase.swift",
        "TestAppTests.swift",
        "TestAppTestsView.swift",
        "TestAppView.swift",
        "XCTest.swift"
      ],
      "type" : "library"
    }
  ],
  "tools_version" : "6.0"
}
{
  "workspace" : {
    "name" : "XCTestExtensions",
    "schemes" : [
      "XCTestApp",
      "XCTestExtensions",
      "XCTestExtensions-Package"
    ]
  }
}
2026-09-24 14:43:13.517 xcodebuild[765:4809] [MT] IDERunDestination: Supported platforms for the buildables in the current scheme is empty.
Running build ...
env DEVELOPER_DIR=/Applications/Xcode-27.0.0-Release.Candidate.app xcrun xcodebuild -IDEClonedSourcePackagesDirPathOverride=$PWD/.dependencies -skipMacroValidation -skipPackagePluginValidation -derivedDataPath $PWD/.derivedData build -scheme XCTestExtensions-Package -destination generic/platform=tvOS
Command line invocation:
    /Applications/Xcode-27.0.0-Release.Candidate.app/Contents/Developer/usr/bin/xcodebuild -IDEClonedSourcePackagesDirPathOverride=/Users/admin/builder/spi-builder-workspace/.dependencies -skipMacroValidation -skipPackagePluginValidation -derivedDataPath /Users/admin/builder/spi-builder-workspace/.derivedData build -scheme XCTestExtensions-Package -destination generic/platform=tvOS
Resolve Package Graph
Resolved source packages:
  XCTestExtensions: /Users/admin/builder/spi-builder-workspace
ComputePackagePrebuildTargetDependencyGraph
Prepare packages
CreateBuildRequest
SendProjectDescription
CreateBuildOperation
ComputeTargetDependencyGraph
note: Building targets in dependency order
note: Target dependency graph (4 targets)
    Target 'XCTestExtensions-product' in project 'XCTestExtensions'
        ➜ Explicit dependency on target 'XCTestExtensions' in project 'XCTestExtensions'
    Target 'XCTestExtensions' in project 'XCTestExtensions' (no dependencies)
    Target 'XCTestApp-product' in project 'XCTestExtensions'
        ➜ Explicit dependency on target 'XCTestApp' in project 'XCTestExtensions'
    Target 'XCTestApp' in project 'XCTestExtensions' (no dependencies)
GatherProvisioningInputs
CreateBuildDescription
ClangStatCache /Applications/Xcode-27.0.0-Release.Candidate.app/Contents/Developer/Toolchains/XcodeDefault.xctoolchain/usr/bin/clang-stat-cache /Applications/Xcode-27.0.0-Release.Candidate.app/Contents/Developer/Platforms/AppleTVOS.platform/Developer/SDKs/AppleTVOS27.0.sdk /Users/admin/builder/spi-builder-workspace/.derivedData/SDKStatCaches.noindex/appletvos27.0-24J360-e829b21a6f8c9b70876ba0858053c044b32bfd8d43560033f8d89884cdb90028.sdkstatcache
    cd /Users/admin/builder/spi-builder-workspace/.swiftpm/xcode
    /Applications/Xcode-27.0.0-Release.Candidate.app/Contents/Developer/Toolchains/XcodeDefault.xctoolchain/usr/bin/clang-stat-cache /Applications/Xcode-27.0.0-Release.Candidate.app/Contents/Developer/Platforms/AppleTVOS.platform/Developer/SDKs/AppleTVOS27.0.sdk -o /Users/admin/builder/spi-builder-workspace/.derivedData/SDKStatCaches.noindex/appletvos27.0-24J360-e829b21a6f8c9b70876ba0858053c044b32bfd8d43560033f8d89884cdb90028.sdkstatcache
SwiftMergeGeneratedHeaders /Users/admin/builder/spi-builder-workspace/.derivedData/Build/Intermediates.noindex/GeneratedModuleMaps-appletvos/XCTestExtensions-Swift.h /Users/admin/builder/spi-builder-workspace/.derivedData/Build/Intermediates.noindex/XCTestExtensions.build/Debug-appletvos/XCTestExtensions-t.build/Objects-normal/arm64/XCTestExtensions-Swift.h (in target 'XCTestExtensions' from project 'XCTestExtensions')
    cd /Users/admin/builder/spi-builder-workspace
    builtin-swiftHeaderTool -arch arm64 /Users/admin/builder/spi-builder-workspace/.derivedData/Build/Intermediates.noindex/XCTestExtensions.build/Debug-appletvos/XCTestExtensions-t.build/Objects-normal/arm64/XCTestExtensions-Swift.h -o /Users/admin/builder/spi-builder-workspace/.derivedData/Build/Intermediates.noindex/GeneratedModuleMaps-appletvos/XCTestExtensions-Swift.h
SwiftDriver XCTestExtensions normal arm64 com.apple.xcode.tools.swift.compiler (in target 'XCTestExtensions' from project 'XCTestExtensions')
    cd /Users/admin/builder/spi-builder-workspace/.swiftpm/xcode
    builtin-SwiftDriver -- /Applications/Xcode-27.0.0-Release.Candidate.app/Contents/Developer/Toolchains/XcodeDefault.xctoolchain/usr/bin/swiftc -parse-as-library -module-name XCTestExtensions -Onone @/Users/admin/builder/spi-builder-workspace/.derivedData/Build/Intermediates.noindex/XCTestExtensions.build/Debug-appletvos/XCTestExtensions-t.build/Objects-normal/arm64/XCTestExtensions.SwiftFileList -DSWIFT_PACKAGE -DDEBUG -DSWIFT_MODULE_RESOURCE_BUNDLE_UNAVAILABLE -DXcode -plugin-path /Applications/Xcode-27.0.0-Release.Candidate.app/Contents/Developer/Toolchains/XcodeDefault.xctoolchain/usr/lib/swift/host/plugins/testing -enable-experimental-feature DebugDescriptionMacro -sdk /Applications/Xcode-27.0.0-Release.Candidate.app/Contents/Developer/Platforms/AppleTVOS.platform/Developer/SDKs/AppleTVOS27.0.sdk -target arm64-apple-tvos16.0 -g -module-cache-path /Users/admin/builder/spi-builder-workspace/.derivedData/ModuleCache.noindex -Xfrontend -serialize-debugging-options -profile-coverage-mapping -profile-generate -enable-testing -index-store-path /Users/admin/builder/spi-builder-workspace/.derivedData/Index.noindex/DataStore -Xcc -D_LIBCPP_HARDENING_MODE\=_LIBCPP_HARDENING_MODE_DEBUG -swift-version 6 -I /Users/admin/builder/spi-builder-workspace/.derivedData/Build/Products/Debug-appletvos -Isystem /Applications/Xcode-27.0.0-Release.Candidate.app/Contents/Developer/Platforms/AppleTVOS.platform/Developer/usr/lib -F /Users/admin/builder/spi-builder-workspace/.derivedData/Build/Products/Debug-appletvos -F /Applications/Xcode-27.0.0-Release.Candidate.app/Contents/Developer/Platforms/AppleTVOS.platform/Developer/Library/Frameworks -F /Applications/Xcode-27.0.0-Release.Candidate.app/Contents/Developer/Platforms/AppleTVOS.platform/Developer/SDKs/AppleTVOS27.0.sdk/Developer/Library/Frameworks -c -j10 -enable-batch-mode -incremental -Xcc -ivfsstatcache -Xcc /Users/admin/builder/spi-builder-workspace/.derivedData/SDKStatCaches.noindex/appletvos27.0-24J360-e829b21a6f8c9b70876ba0858053c044b32bfd8d43560033f8d89884cdb90028.sdkstatcache -output-file-map /Users/admin/builder/spi-builder-workspace/.derivedData/Build/Intermediates.noindex/XCTestExtensions.build/Debug-appletvos/XCTestExtensions-t.build/Objects-normal/arm64/XCTestExtensions-OutputFileMap.json -save-temps -no-color-diagnostics -explicit-module-build -module-cache-path /Users/admin/builder/spi-builder-workspace/.derivedData/Build/Intermediates.noindex/SwiftExplicitPrecompiledModules -clang-scanner-module-cache-path /Users/admin/builder/spi-builder-workspace/.derivedData/ModuleCache.noindex -sdk-module-cache-path /Users/admin/builder/spi-builder-workspace/.derivedData/SDKExplicitPrecompiledModules -emit-dependencies -emit-module -emit-module-path /Users/admin/builder/spi-builder-workspace/.derivedData/Build/Intermediates.noindex/XCTestExtensions.build/Debug-appletvos/XCTestExtensions-t.build/Objects-normal/arm64/XCTestExtensions.swiftmodule -serialize-diagnostics -dependency-scan-serialize-diagnostics-path /Users/admin/builder/spi-builder-workspace/.derivedData/Build/Intermediates.noindex/XCTestExtensions.build/Debug-appletvos/XCTestExtensions-t.build/Objects-normal/arm64/XCTestExtensions-dependency-scan.dia -validate-clang-modules-once -clang-build-session-file /Users/admin/builder/spi-builder-workspace/.derivedData/ModuleCache.noindex/Session.modulevalidation -Xcc -fmodules-prune-interval\=86400 -Xcc -fmodules-prune-after\=345600 -package-name spi_builder_workspace -emit-const-values -const-gather-protocols-list /Users/admin/builder/spi-builder-workspace/.derivedData/Build/Intermediates.noindex/XCTestExtensions.build/Debug-appletvos/XCTestExtensions-t.build/Objects-normal/arm64/XCTestExtensions_const_extract_protocols.json -Xcc -I/Users/admin/builder/spi-builder-workspace/.derivedData/Build/Products/Debug-appletvos/include -Xcc -I/Users/admin/builder/spi-builder-workspace/.derivedData/Build/Intermediates.noindex/XCTestExtensions.build/Debug-appletvos/XCTestExtensions-t.build/DerivedSources-normal/arm64 -Xcc -I/Users/admin/builder/spi-builder-workspace/.derivedData/Build/Intermediates.noindex/XCTestExtensions.build/Debug-appletvos/XCTestExtensions-t.build/DerivedSources/arm64 -Xcc -I/Users/admin/builder/spi-builder-workspace/.derivedData/Build/Intermediates.noindex/XCTestExtensions.build/Debug-appletvos/XCTestExtensions-t.build/DerivedSources -Xcc -DSWIFT_PACKAGE -Xcc -DDEBUG\=1 -emit-objc-header -emit-objc-header-path /Users/admin/builder/spi-builder-workspace/.derivedData/Build/Intermediates.noindex/XCTestExtensions.build/Debug-appletvos/XCTestExtensions-t.build/Objects-normal/arm64/XCTestExtensions-Swift.h -working-directory /Users/admin/builder/spi-builder-workspace/.swiftpm/xcode -experimental-emit-module-separately -disable-cmo
SwiftDriver XCTestApp normal arm64 com.apple.xcode.tools.swift.compiler (in target 'XCTestApp' from project 'XCTestExtensions')
    cd /Users/admin/builder/spi-builder-workspace/.swiftpm/xcode
    builtin-SwiftDriver -- /Applications/Xcode-27.0.0-Release.Candidate.app/Contents/Developer/Toolchains/XcodeDefault.xctoolchain/usr/bin/swiftc -parse-as-library -module-name XCTestApp -Onone @/Users/admin/builder/spi-builder-workspace/.derivedData/Build/Intermediates.noindex/XCTestExtensions.build/Debug-appletvos/XCTestApp-t.build/Objects-normal/arm64/XCTestApp.SwiftFileList -DSWIFT_PACKAGE -DDEBUG -DSWIFT_MODULE_RESOURCE_BUNDLE_UNAVAILABLE -DXcode -plugin-path /Applications/Xcode-27.0.0-Release.Candidate.app/Contents/Developer/Toolchains/XcodeDefault.xctoolchain/usr/lib/swift/host/plugins/testing -enable-experimental-feature DebugDescriptionMacro -sdk /Applications/Xcode-27.0.0-Release.Candidate.app/Contents/Developer/Platforms/AppleTVOS.platform/Developer/SDKs/AppleTVOS27.0.sdk -target arm64-apple-tvos16.0 -g -module-cache-path /Users/admin/builder/spi-builder-workspace/.derivedData/ModuleCache.noindex -Xfrontend -serialize-debugging-options -profile-coverage-mapping -profile-generate -enable-testing -index-store-path /Users/admin/builder/spi-builder-workspace/.derivedData/Index.noindex/DataStore -Xcc -D_LIBCPP_HARDENING_MODE\=_LIBCPP_HARDENING_MODE_DEBUG -swift-version 6 -I /Users/admin/builder/spi-builder-workspace/.derivedData/Build/Products/Debug-appletvos -Isystem /Applications/Xcode-27.0.0-Release.Candidate.app/Contents/Developer/Platforms/AppleTVOS.platform/Developer/usr/lib -F /Users/admin/builder/spi-builder-workspace/.derivedData/Build/Products/Debug-appletvos -F /Applications/Xcode-27.0.0-Release.Candidate.app/Contents/Developer/Platforms/AppleTVOS.platform/Developer/Library/Frameworks -F /Applications/Xcode-27.0.0-Release.Candidate.app/Contents/Developer/Platforms/AppleTVOS.platform/Developer/SDKs/AppleTVOS27.0.sdk/Developer/Library/Frameworks -c -j10 -enable-batch-mode -incremental -Xcc -ivfsstatcache -Xcc /Users/admin/builder/spi-builder-workspace/.derivedData/SDKStatCaches.noindex/appletvos27.0-24J360-e829b21a6f8c9b70876ba0858053c044b32bfd8d43560033f8d89884cdb90028.sdkstatcache -output-file-map /Users/admin/builder/spi-builder-workspace/.derivedData/Build/Intermediates.noindex/XCTestExtensions.build/Debug-appletvos/XCTestApp-t.build/Objects-normal/arm64/XCTestApp-OutputFileMap.json -save-temps -no-color-diagnostics -explicit-module-build -module-cache-path /Users/admin/builder/spi-builder-workspace/.derivedData/Build/Intermediates.noindex/SwiftExplicitPrecompiledModules -clang-scanner-module-cache-path /Users/admin/builder/spi-builder-workspace/.derivedData/ModuleCache.noindex -sdk-module-cache-path /Users/admin/builder/spi-builder-workspace/.derivedData/SDKExplicitPrecompiledModules -emit-dependencies -emit-module -emit-module-path /Users/admin/builder/spi-builder-workspace/.derivedData/Build/Intermediates.noindex/XCTestExtensions.build/Debug-appletvos/XCTestApp-t.build/Objects-normal/arm64/XCTestApp.swiftmodule -serialize-diagnostics -dependency-scan-serialize-diagnostics-path /Users/admin/builder/spi-builder-workspace/.derivedData/Build/Intermediates.noindex/XCTestExtensions.build/Debug-appletvos/XCTestApp-t.build/Objects-normal/arm64/XCTestApp-dependency-scan.dia -validate-clang-modules-once -clang-build-session-file /Users/admin/builder/spi-builder-workspace/.derivedData/ModuleCache.noindex/Session.modulevalidation -Xcc -fmodules-prune-interval\=86400 -Xcc -fmodules-prune-after\=345600 -package-name spi_builder_workspace -emit-const-values -const-gather-protocols-list /Users/admin/builder/spi-builder-workspace/.derivedData/Build/Intermediates.noindex/XCTestExtensions.build/Debug-appletvos/XCTestApp-t.build/Objects-normal/arm64/XCTestApp_const_extract_protocols.json -Xcc -I/Users/admin/builder/spi-builder-workspace/.derivedData/Build/Products/Debug-appletvos/include -Xcc -I/Users/admin/builder/spi-builder-workspace/.derivedData/Build/Intermediates.noindex/XCTestExtensions.build/Debug-appletvos/XCTestApp-t.build/DerivedSources-normal/arm64 -Xcc -I/Users/admin/builder/spi-builder-workspace/.derivedData/Build/Intermediates.noindex/XCTestExtensions.build/Debug-appletvos/XCTestApp-t.build/DerivedSources/arm64 -Xcc -I/Users/admin/builder/spi-builder-workspace/.derivedData/Build/Intermediates.noindex/XCTestExtensions.build/Debug-appletvos/XCTestApp-t.build/DerivedSources -Xcc -DSWIFT_PACKAGE -Xcc -DDEBUG\=1 -emit-objc-header -emit-objc-header-path /Users/admin/builder/spi-builder-workspace/.derivedData/Build/Intermediates.noindex/XCTestExtensions.build/Debug-appletvos/XCTestApp-t.build/Objects-normal/arm64/XCTestApp-Swift.h -working-directory /Users/admin/builder/spi-builder-workspace/.swiftpm/xcode -experimental-emit-module-separately -disable-cmo
Copy /Users/admin/builder/spi-builder-workspace/.derivedData/Build/Products/Debug-appletvos/XCTestExtensions.swiftmodule/arm64-apple-tvos.swiftmodule /Users/admin/builder/spi-builder-workspace/.derivedData/Build/Intermediates.noindex/XCTestExtensions.build/Debug-appletvos/XCTestExtensions-t.build/Objects-normal/arm64/XCTestExtensions.swiftmodule (in target 'XCTestExtensions' from project 'XCTestExtensions')
    cd /Users/admin/builder/spi-builder-workspace
    builtin-copy -exclude .DS_Store -exclude CVS -exclude .svn -exclude .git -exclude .hg -resolve-src-symlinks -rename /Users/admin/builder/spi-builder-workspace/.derivedData/Build/Intermediates.noindex/XCTestExtensions.build/Debug-appletvos/XCTestExtensions-t.build/Objects-normal/arm64/XCTestExtensions.swiftmodule /Users/admin/builder/spi-builder-workspace/.derivedData/Build/Products/Debug-appletvos/XCTestExtensions.swiftmodule/arm64-apple-tvos.swiftmodule
Copy /Users/admin/builder/spi-builder-workspace/.derivedData/Build/Products/Debug-appletvos/XCTestExtensions.swiftmodule/Project/arm64-apple-tvos.swiftsourceinfo /Users/admin/builder/spi-builder-workspace/.derivedData/Build/Intermediates.noindex/XCTestExtensions.build/Debug-appletvos/XCTestExtensions-t.build/Objects-normal/arm64/XCTestExtensions.swiftsourceinfo (in target 'XCTestExtensions' from project 'XCTestExtensions')
    cd /Users/admin/builder/spi-builder-workspace
    builtin-copy -exclude .DS_Store -exclude CVS -exclude .svn -exclude .git -exclude .hg -resolve-src-symlinks -rename /Users/admin/builder/spi-builder-workspace/.derivedData/Build/Intermediates.noindex/XCTestExtensions.build/Debug-appletvos/XCTestExtensions-t.build/Objects-normal/arm64/XCTestExtensions.swiftsourceinfo /Users/admin/builder/spi-builder-workspace/.derivedData/Build/Products/Debug-appletvos/XCTestExtensions.swiftmodule/Project/arm64-apple-tvos.swiftsourceinfo
Copy /Users/admin/builder/spi-builder-workspace/.derivedData/Build/Products/Debug-appletvos/XCTestExtensions.swiftmodule/arm64-apple-tvos.swiftdoc /Users/admin/builder/spi-builder-workspace/.derivedData/Build/Intermediates.noindex/XCTestExtensions.build/Debug-appletvos/XCTestExtensions-t.build/Objects-normal/arm64/XCTestExtensions.swiftdoc (in target 'XCTestExtensions' from project 'XCTestExtensions')
    cd /Users/admin/builder/spi-builder-workspace
    builtin-copy -exclude .DS_Store -exclude CVS -exclude .svn -exclude .git -exclude .hg -resolve-src-symlinks -rename /Users/admin/builder/spi-builder-workspace/.derivedData/Build/Intermediates.noindex/XCTestExtensions.build/Debug-appletvos/XCTestExtensions-t.build/Objects-normal/arm64/XCTestExtensions.swiftdoc /Users/admin/builder/spi-builder-workspace/.derivedData/Build/Products/Debug-appletvos/XCTestExtensions.swiftmodule/arm64-apple-tvos.swiftdoc
Copy /Users/admin/builder/spi-builder-workspace/.derivedData/Build/Products/Debug-appletvos/XCTestExtensions.swiftmodule/arm64-apple-tvos.abi.json /Users/admin/builder/spi-builder-workspace/.derivedData/Build/Intermediates.noindex/XCTestExtensions.build/Debug-appletvos/XCTestExtensions-t.build/Objects-normal/arm64/XCTestExtensions.abi.json (in target 'XCTestExtensions' from project 'XCTestExtensions')
    cd /Users/admin/builder/spi-builder-workspace
    builtin-copy -exclude .DS_Store -exclude CVS -exclude .svn -exclude .git -exclude .hg -resolve-src-symlinks -rename /Users/admin/builder/spi-builder-workspace/.derivedData/Build/Intermediates.noindex/XCTestExtensions.build/Debug-appletvos/XCTestExtensions-t.build/Objects-normal/arm64/XCTestExtensions.abi.json /Users/admin/builder/spi-builder-workspace/.derivedData/Build/Products/Debug-appletvos/XCTestExtensions.swiftmodule/arm64-apple-tvos.abi.json
SwiftEmitModule normal arm64 Emitting\ module\ for\ XCTestApp (in target 'XCTestApp' from project 'XCTestExtensions')
SwiftCompile normal arm64 (in target 'XCTestApp' from project 'XCTestExtensions')
    cd /Users/admin/builder/spi-builder-workspace/.swiftpm/xcode

SwiftCompile normal arm64 Compiling\ XCUIApplication+Keyboard.swift /Users/admin/builder/spi-builder-workspace/Sources/XCTestExtensions/XCUIApplication+Keyboard.swift (in target 'XCTestExtensions' from project 'XCTestExtensions')
/Users/admin/builder/spi-builder-workspace/Sources/XCTestExtensions/XCUIApplication+Keyboard.swift:54:46: error: 'tap()' is unavailable in tvOS
52 |                 continue
53 |             }
54 |             keyboard.buttons[label.rawValue].tap()
   |                                              `- error: 'tap()' is unavailable in tvOS
55 |             return
56 |         }
/Applications/Xcode-27.0.0-Release.Candidate.app/Contents/Developer/Platforms/AppleTVOS.platform/Developer/Library/Frameworks/XCUIAutomation.framework/Headers/XCUIElement.h:139:1: note: 'tap()' has been explicitly marked unavailable here
137 |  * Sends a tap event to a hittable point computed for the element.
138 |  */
139 | - (void)tap API_UNAVAILABLE(tvos);
    | `- note: 'tap()' has been explicitly marked unavailable here
140 |
141 | /*!
SwiftCompile normal arm64 /Users/admin/builder/spi-builder-workspace/Sources/XCTestExtensions/XCUIApplication+Keyboard.swift (in target 'XCTestExtensions' from project 'XCTestExtensions')
    cd /Users/admin/builder/spi-builder-workspace/.swiftpm/xcode
    builtin-SwiftPerFileCompile XCUIApplication+Keyboard.swift
SwiftCompile normal arm64 Compiling\ XCUIElement+TextEntry.swift /Users/admin/builder/spi-builder-workspace/Sources/XCTestExtensions/XCUIElement+TextEntry.swift (in target 'XCTestExtensions' from project 'XCTestExtensions')
SwiftCompile normal arm64 /Users/admin/builder/spi-builder-workspace/Sources/XCTestExtensions/XCUIElement+TextEntry.swift (in target 'XCTestExtensions' from project 'XCTestExtensions')
    cd /Users/admin/builder/spi-builder-workspace/.swiftpm/xcode
    builtin-SwiftPerFileCompile XCUIElement+TextEntry.swift
SwiftCompile normal arm64 Compiling\ XCUIApplication+DeleteAndLaunch.swift /Users/admin/builder/spi-builder-workspace/Sources/XCTestExtensions/XCUIApplication+DeleteAndLaunch.swift (in target 'XCTestExtensions' from project 'XCTestExtensions')
/Users/admin/builder/spi-builder-workspace/Sources/XCTestExtensions/XCUIApplication+DeleteAndLaunch.swift:73:29: error: value of type 'XCUIApplication' has no member 'swipeLeft'
 71 |         while homeScreenIcons[appName].firstMatch.waitForExistence(timeout: 10.0) {
 72 |             if !homeScreenIcons[appName].firstMatch.isHittable {
 73 |                 springboard.swipeLeft()
    |                             `- error: value of type 'XCUIApplication' has no member 'swipeLeft'
 74 |             }
 75 |
/Users/admin/builder/spi-builder-workspace/Sources/XCTestExtensions/XCUIApplication+DeleteAndLaunch.swift:80:49: error: 'press(forDuration:)' is unavailable in tvOS
 78 |             homeScreenIcons[appName].firstMatch.press(forDuration: 1)
 79 |             #else
 80 |             homeScreenIcons[appName].firstMatch.press(forDuration: 1.5)
    |                                                 `- error: 'press(forDuration:)' is unavailable in tvOS
 81 |             #endif
 82 |
/Applications/Xcode-27.0.0-Release.Candidate.app/Contents/Developer/Platforms/AppleTVOS.platform/Developer/Library/Frameworks/XCUIAutomation.framework/Headers/XCUIElement.h:152:1: note: 'press(forDuration:)' has been explicitly marked unavailable here
150 |  * Duration in seconds.
151 |  */
152 | - (void)pressForDuration:(NSTimeInterval)duration API_UNAVAILABLE(tvos);
    | `- note: 'press(forDuration:)' has been explicitly marked unavailable here
153 |
154 | /*!
/Users/admin/builder/spi-builder-workspace/Sources/XCTestExtensions/XCUIApplication+DeleteAndLaunch.swift:87:30: error: 'tap()' is unavailable in tvOS
 85 |                 let deleteButton = homeScreenIcons[appName].buttons["Delete"]
 86 |                 XCTAssert(deleteButton.waitForExistence(timeout: 5.0))
 87 |                 deleteButton.tap()
    |                              `- error: 'tap()' is unavailable in tvOS
 88 |             } else { // iPhone / iPad / visionOS 1
 89 |                 if !springboard.collectionViews.buttons["Remove App"].waitForExistence(timeout: 5) {
/Applications/Xcode-27.0.0-Release.Candidate.app/Contents/Developer/Platforms/AppleTVOS.platform/Developer/Library/Frameworks/XCUIAutomation.framework/Headers/XCUIElement.h:139:1: note: 'tap()' has been explicitly marked unavailable here
137 |  * Sends a tap event to a hittable point computed for the element.
138 |  */
139 | - (void)tap API_UNAVAILABLE(tvos);
    | `- note: 'tap()' has been explicitly marked unavailable here
140 |
141 | /*!
/Users/admin/builder/spi-builder-workspace/Sources/XCTestExtensions/XCUIApplication+DeleteAndLaunch.swift:95:61: error: 'press(forDuration:)' is unavailable in tvOS
 93 |                         XCTAssert(springboard.wait(for: .runningForeground, timeout: 2.0))
 94 |                         XCTAssert(homeScreenIcons[appName].firstMatch.isHittable)
 95 |                         homeScreenIcons[appName].firstMatch.press(forDuration: 1.75)
    |                                                             `- error: 'press(forDuration:)' is unavailable in tvOS
 96 |                     }
 97 |                     if springboard.collectionViews.buttons["Options"].exists {
/Applications/Xcode-27.0.0-Release.Candidate.app/Contents/Developer/Platforms/AppleTVOS.platform/Developer/Library/Frameworks/XCUIAutomation.framework/Headers/XCUIElement.h:152:1: note: 'press(forDuration:)' has been explicitly marked unavailable here
150 |  * Duration in seconds.
151 |  */
152 | - (void)pressForDuration:(NSTimeInterval)duration API_UNAVAILABLE(tvos);
    | `- note: 'press(forDuration:)' has been explicitly marked unavailable here
153 |
154 | /*!
/Users/admin/builder/spi-builder-workspace/Sources/XCTestExtensions/XCUIApplication+DeleteAndLaunch.swift:102:72: error: 'tap()' is unavailable in tvOS
100 |                         // an "Options" submenu, instead of placing it in the root of the menu.
101 |                         // So we first need to navigate to that submenu, and then try again
102 |                         springboard.collectionViews.buttons["Options"].tap()
    |                                                                        `- error: 'tap()' is unavailable in tvOS
103 |                         XCTAssert(springboard.buttons["Remove App"].waitForExistence(timeout: 5))
104 |                     }
/Applications/Xcode-27.0.0-Release.Candidate.app/Contents/Developer/Platforms/AppleTVOS.platform/Developer/Library/Frameworks/XCUIAutomation.framework/Headers/XCUIElement.h:139:1: note: 'tap()' has been explicitly marked unavailable here
137 |  * Sends a tap event to a hittable point computed for the element.
138 |  */
139 | - (void)tap API_UNAVAILABLE(tvos);
    | `- note: 'tap()' has been explicitly marked unavailable here
140 |
141 | /*!
/Users/admin/builder/spi-builder-workspace/Sources/XCTestExtensions/XCUIApplication+DeleteAndLaunch.swift:106:51: error: 'tap()' is unavailable in tvOS
104 |                     }
105 |                 }
106 |                 springboard.buttons["Remove App"].tap()
    |                                                   `- error: 'tap()' is unavailable in tvOS
107 |             }
108 |
/Applications/Xcode-27.0.0-Release.Candidate.app/Contents/Developer/Platforms/AppleTVOS.platform/Developer/Library/Frameworks/XCUIAutomation.framework/Headers/XCUIElement.h:139:1: note: 'tap()' has been explicitly marked unavailable here
137 |  * Sends a tap event to a hittable point computed for the element.
138 |  */
139 | - (void)tap API_UNAVAILABLE(tvos);
    | `- note: 'tap()' has been explicitly marked unavailable here
140 |
141 | /*!
/Users/admin/builder/spi-builder-workspace/Sources/XCTestExtensions/XCUIApplication+DeleteAndLaunch.swift:118:82: error: 'tap()' is unavailable in tvOS
116 |             #else
117 |             XCTAssert(springboard.alerts["Remove “\(appName)”?"].buttons["Delete App"].waitForExistence(timeout: 10.0))
118 |             springboard.alerts["Remove “\(appName)”?"].buttons["Delete App"].tap()
    |                                                                              `- error: 'tap()' is unavailable in tvOS
119 |             XCTAssert(springboard.alerts["Delete “\(appName)”?"].buttons["Delete"].waitForExistence(timeout: 10.0))
120 |             springboard.alerts["Delete “\(appName)”?"].buttons["Delete"].tap()
/Applications/Xcode-27.0.0-Release.Candidate.app/Contents/Developer/Platforms/AppleTVOS.platform/Developer/Library/Frameworks/XCUIAutomation.framework/Headers/XCUIElement.h:139:1: note: 'tap()' has been explicitly marked unavailable here
137 |  * Sends a tap event to a hittable point computed for the element.
138 |  */
139 | - (void)tap API_UNAVAILABLE(tvos);
    | `- note: 'tap()' has been explicitly marked unavailable here
140 |
141 | /*!
/Users/admin/builder/spi-builder-workspace/Sources/XCTestExtensions/XCUIApplication+DeleteAndLaunch.swift:120:78: error: 'tap()' is unavailable in tvOS
118 |             springboard.alerts["Remove “\(appName)”?"].buttons["Delete App"].tap()
119 |             XCTAssert(springboard.alerts["Delete “\(appName)”?"].buttons["Delete"].waitForExistence(timeout: 10.0))
120 |             springboard.alerts["Delete “\(appName)”?"].buttons["Delete"].tap()
    |                                                                          `- error: 'tap()' is unavailable in tvOS
121 |             #endif
122 |
/Applications/Xcode-27.0.0-Release.Candidate.app/Contents/Developer/Platforms/AppleTVOS.platform/Developer/Library/Frameworks/XCUIAutomation.framework/Headers/XCUIElement.h:139:1: note: 'tap()' has been explicitly marked unavailable here
137 |  * Sends a tap event to a hittable point computed for the element.
138 |  */
139 | - (void)tap API_UNAVAILABLE(tvos);
    | `- note: 'tap()' has been explicitly marked unavailable here
140 |
141 | /*!
/Users/admin/builder/spi-builder-workspace/Sources/XCTestExtensions/XCUIApplication+DeleteAndLaunch.swift:127:62: error: 'tap()' is unavailable in tvOS
125 |             let alertTitle = "There is data from “\(appName)” saved in Health"
126 |             if springboard.alerts[alertTitle].waitForExistence(timeout: 5.0) {
127 |                 springboard.alerts[alertTitle].buttons["OK"].tap()
    |                                                              `- error: 'tap()' is unavailable in tvOS
128 |             }
129 |
/Applications/Xcode-27.0.0-Release.Candidate.app/Contents/Developer/Platforms/AppleTVOS.platform/Developer/Library/Frameworks/XCUIAutomation.framework/Headers/XCUIElement.h:139:1: note: 'tap()' has been explicitly marked unavailable here
137 |  * Sends a tap event to a hittable point computed for the element.
138 |  */
139 | - (void)tap API_UNAVAILABLE(tvos);
    | `- note: 'tap()' has been explicitly marked unavailable here
140 |
141 | /*!
Failed frontend command:
/Applications/Xcode-27.0.0-Release.Candidate.app/Contents/Developer/Toolchains/XcodeDefault.xctoolchain/usr/bin/swift-frontend -frontend -c /Users/admin/builder/spi-builder-workspace/Sources/XCTestExtensions/XCTAssertThrowsErrorAsync.swift -primary-file /Users/admin/builder/spi-builder-workspace/Sources/XCTestExtensions/XCUIApplication+DeleteAndLaunch.swift /Users/admin/builder/spi-builder-workspace/Sources/XCTestExtensions/XCUIApplication+Keyboard.swift /Users/admin/builder/spi-builder-workspace/Sources/XCTestExtensions/XCUIApplication+VisionOS.swift /Users/admin/builder/spi-builder-workspace/Sources/XCTestExtensions/XCUIElement+Other.swift /Users/admin/builder/spi-builder-workspace/Sources/XCTestExtensions/XCUIElement+TextEntry.swift /Users/admin/builder/spi-builder-workspace/Sources/XCTestExtensions/XCUIElement+Toggle.swift /Users/admin/builder/spi-builder-workspace/Sources/XCTestExtensions/XCUIElementQuery+Predicates.swift /Users/admin/builder/spi-builder-workspace/Sources/XCTestExtensions/sleep.swift -emit-dependencies-path /Users/admin/builder/spi-builder-workspace/.derivedData/Build/Intermediates.noindex/XCTestExtensions.build/Debug-appletvos/XCTestExtensions-t.build/Objects-normal/arm64/XCUIApplication+DeleteAndLaunch.d -emit-const-values-path /Users/admin/builder/spi-builder-workspace/.derivedData/Build/Intermediates.noindex/XCTestExtensions.build/Debug-appletvos/XCTestExtensions-t.build/Objects-normal/arm64/XCUIApplication+DeleteAndLaunch.swiftconstvalues -emit-reference-dependencies-path /Users/admin/builder/spi-builder-workspace/.derivedData/Build/Intermediates.noindex/XCTestExtensions.build/Debug-appletvos/XCTestExtensions-t.build/Objects-normal/arm64/XCUIApplication+DeleteAndLaunch.swiftdeps -serialize-diagnostics-path /Users/admin/builder/spi-builder-workspace/.derivedData/Build/Intermediates.noindex/XCTestExtensions.build/Debug-appletvos/XCTestExtensions-t.build/Objects-normal/arm64/XCUIApplication+DeleteAndLaunch.dia -target arm64-apple-tvos16.0 -disable-cross-import-overlay-search -load-resolved-plugin /Applications/Xcode-27.0.0-Release.Candidate.app/Contents/Developer/Platforms/AppleTVOS.platform/Developer/usr/lib/swift/host/plugins/libFoundationMacros.dylib\#/Applications/Xcode-27.0.0-Release.Candidate.app/Contents/Developer/Platforms/AppleTVOS.platform/Developer/usr/bin/swift-plugin-server\#FoundationMacros -load-resolved-plugin /Applications/Xcode-27.0.0-Release.Candidate.app/Contents/Developer/Platforms/AppleTVOS.platform/Developer/usr/lib/swift/host/plugins/libObservationMacros.dylib\#/Applications/Xcode-27.0.0-Release.Candidate.app/Contents/Developer/Platforms/AppleTVOS.platform/Developer/usr/bin/swift-plugin-server\#ObservationMacros -load-resolved-plugin /Applications/Xcode-27.0.0-Release.Candidate.app/Contents/Developer/Platforms/AppleTVOS.platform/Developer/usr/lib/swift/host/plugins/libPreviewsMacros.dylib\#/Applications/Xcode-27.0.0-Release.Candidate.app/Contents/Developer/Platforms/AppleTVOS.platform/Developer/usr/bin/swift-plugin-server\#PreviewsMacros -load-resolved-plugin /Applications/Xcode-27.0.0-Release.Candidate.app/Contents/Developer/Platforms/AppleTVOS.platform/Developer/usr/lib/swift/host/plugins/libSwiftMacros.dylib\#/Applications/Xcode-27.0.0-Release.Candidate.app/Contents/Developer/Platforms/AppleTVOS.platform/Developer/usr/bin/swift-plugin-server\#SwiftMacros -load-resolved-plugin /Applications/Xcode-27.0.0-Release.Candidate.app/Contents/Developer/Platforms/AppleTVOS.platform/Developer/usr/lib/swift/host/plugins/libSwiftUIMacros.dylib\#/Applications/Xcode-27.0.0-Release.Candidate.app/Contents/Developer/Platforms/AppleTVOS.platform/Developer/usr/bin/swift-plugin-server\#SwiftUIMacros -disable-implicit-swift-modules -Xcc -fno-implicit-modules -Xcc -fno-implicit-module-maps -explicit-swift-module-map-file /Users/admin/builder/spi-builder-workspace/.derivedData/Build/Intermediates.noindex/XCTestExtensions.build/Debug-appletvos/XCTestExtensions-t.build/Objects-normal/arm64/XCTestExtensions-dependencies-1.json -Xllvm -aarch64-use-tbi -enable-objc-interop -stack-check -sdk /Applications/Xcode-27.0.0-Release.Candidate.app/Contents/Developer/Platforms/AppleTVOS.platform/Developer/SDKs/AppleTVOS27.0.sdk -I /Users/admin/builder/spi-builder-workspace/.derivedData/Build/Products/Debug-appletvos -Isystem /Applications/Xcode-27.0.0-Release.Candidate.app/Contents/Developer/Platforms/AppleTVOS.platform/Developer/usr/lib -F /Users/admin/builder/spi-builder-workspace/.derivedData/Build/Products/Debug-appletvos -F /Applications/Xcode-27.0.0-Release.Candidate.app/Contents/Developer/Platforms/AppleTVOS.platform/Developer/Library/Frameworks -F /Applications/Xcode-27.0.0-Release.Candidate.app/Contents/Developer/Platforms/AppleTVOS.platform/Developer/SDKs/AppleTVOS27.0.sdk/Developer/Library/Frameworks -module-cache-path /Users/admin/builder/spi-builder-workspace/.derivedData/Build/Intermediates.noindex/SwiftExplicitPrecompiledModules -no-color-diagnostics -Xcc -fno-color-diagnostics -enable-testing -g -debug-info-format\=dwarf -dwarf-version\=4 -profile-generate -profile-coverage-mapping -swift-version 6 -Onone -D SWIFT_PACKAGE -D DEBUG -D SWIFT_MODULE_RESOURCE_BUNDLE_UNAVAILABLE -D Xcode -serialize-debugging-options -enable-experimental-feature DebugDescriptionMacro -empty-abi-descriptor -validate-clang-modules-once -clang-build-session-file /Users/admin/builder/spi-builder-workspace/.derivedData/ModuleCache.noindex/Session.modulevalidation -Xcc -working-directory -Xcc /Users/admin/builder/spi-builder-workspace/.swiftpm/xcode -enable-anonymous-context-mangled-names -file-compilation-dir /Users/admin/builder/spi-builder-workspace/.swiftpm/xcode -Xcc -D_LIBCPP_HARDENING_MODE\=_LIBCPP_HARDENING_MODE_DEBUG -Xcc -ivfsstatcache -Xcc /Users/admin/builder/spi-builder-workspace/.derivedData/SDKStatCaches.noindex/appletvos27.0-24J360-e829b21a6f8c9b70876ba0858053c044b32bfd8d43560033f8d89884cdb90028.sdkstatcache -Xcc -fmodules-prune-interval\=86400 -Xcc -fmodules-prune-after\=345600 -Xcc -I/Users/admin/builder/spi-builder-workspace/.derivedData/Build/Products/Debug-appletvos/include -Xcc -I/Users/admin/builder/spi-builder-workspace/.derivedData/Build/Intermediates.noindex/XCTestExtensions.build/Debug-appletvos/XCTestExtensions-t.build/DerivedSources-normal/arm64 -Xcc -I/Users/admin/builder/spi-builder-workspace/.derivedData/Build/Intermediates.noindex/XCTestExtensions.build/Debug-appletvos/XCTestExtensions-t.build/DerivedSources/arm64 -Xcc -I/Users/admin/builder/spi-builder-workspace/.derivedData/Build/Intermediates.noindex/XCTestExtensions.build/Debug-appletvos/XCTestExtensions-t.build/DerivedSources -Xcc -DSWIFT_PACKAGE -Xcc -DDEBUG\=1 -no-auto-bridging-header-chaining -module-name XCTestExtensions -package-name spi_builder_workspace -const-gather-protocols-file /Users/admin/builder/spi-builder-workspace/.derivedData/Build/Intermediates.noindex/XCTestExtensions.build/Debug-appletvos/XCTestExtensions-t.build/Objects-normal/arm64/XCTestExtensions_const_extract_protocols.json -disable-clang-spi -clang-target arm64-apple-tvos27.0 -target-sdk-version 27.0 -target-sdk-name appletvos27.0 -in-process-plugin-server-path /Applications/Xcode-27.0.0-Release.Candidate.app/Contents/Developer/Toolchains/XcodeDefault.xctoolchain/usr/lib/swift/host/libSwiftInProcPluginServer.dylib -parse-as-library -o /Users/admin/builder/spi-builder-workspace/.derivedData/Build/Intermediates.noindex/XCTestExtensions.build/Debug-appletvos/XCTestExtensions-t.build/Objects-normal/arm64/XCUIApplication+DeleteAndLaunch.o -debug-module-path /Users/admin/builder/spi-builder-workspace/.derivedData/Build/Intermediates.noindex/XCTestExtensions.build/Debug-appletvos/XCTestExtensions-t.build/Objects-normal/arm64/XCTestExtensions.swiftmodule -index-unit-output-path /XCTestExtensions.build/Debug-appletvos/XCTestExtensions-t.build/Objects-normal/arm64/XCUIApplication+DeleteAndLaunch.o -index-store-path /Users/admin/builder/spi-builder-workspace/.derivedData/Index.noindex/DataStore -index-system-modules
SwiftCompile normal arm64 /Users/admin/builder/spi-builder-workspace/Sources/XCTestExtensions/XCUIApplication+DeleteAndLaunch.swift (in target 'XCTestExtensions' from project 'XCTestExtensions')
    cd /Users/admin/builder/spi-builder-workspace/.swiftpm/xcode
    builtin-SwiftPerFileCompile XCUIApplication+DeleteAndLaunch.swift
SwiftCompile normal arm64 Compiling\ XCUIElement+Other.swift /Users/admin/builder/spi-builder-workspace/Sources/XCTestExtensions/XCUIElement+Other.swift (in target 'XCTestExtensions' from project 'XCTestExtensions')
SwiftCompile normal arm64 /Users/admin/builder/spi-builder-workspace/Sources/XCTestExtensions/XCUIElement+Other.swift (in target 'XCTestExtensions' from project 'XCTestExtensions')
    cd /Users/admin/builder/spi-builder-workspace/.swiftpm/xcode
    builtin-SwiftPerFileCompile XCUIElement+Other.swift
SwiftCompile normal arm64 Compiling\ XCUIApplication+VisionOS.swift /Users/admin/builder/spi-builder-workspace/Sources/XCTestExtensions/XCUIApplication+VisionOS.swift (in target 'XCTestExtensions' from project 'XCTestExtensions')
SwiftCompile normal arm64 /Users/admin/builder/spi-builder-workspace/Sources/XCTestExtensions/XCUIApplication+VisionOS.swift (in target 'XCTestExtensions' from project 'XCTestExtensions')
    cd /Users/admin/builder/spi-builder-workspace/.swiftpm/xcode
    builtin-SwiftPerFileCompile XCUIApplication+VisionOS.swift
SwiftCompile normal arm64 Compiling\ XCTAssertThrowsErrorAsync.swift /Users/admin/builder/spi-builder-workspace/Sources/XCTestExtensions/XCTAssertThrowsErrorAsync.swift (in target 'XCTestExtensions' from project 'XCTestExtensions')
SwiftCompile normal arm64 /Users/admin/builder/spi-builder-workspace/Sources/XCTestExtensions/XCTAssertThrowsErrorAsync.swift (in target 'XCTestExtensions' from project 'XCTestExtensions')
    cd /Users/admin/builder/spi-builder-workspace/.swiftpm/xcode
    builtin-SwiftPerFileCompile XCTAssertThrowsErrorAsync.swift
SwiftCompile normal arm64 Compiling\ XCUIElement+Toggle.swift /Users/admin/builder/spi-builder-workspace/Sources/XCTestExtensions/XCUIElement+Toggle.swift (in target 'XCTestExtensions' from project 'XCTestExtensions')
SwiftCompile normal arm64 /Users/admin/builder/spi-builder-workspace/Sources/XCTestExtensions/XCUIElement+Toggle.swift (in target 'XCTestExtensions' from project 'XCTestExtensions')
    cd /Users/admin/builder/spi-builder-workspace/.swiftpm/xcode
    builtin-SwiftPerFileCompile XCUIElement+Toggle.swift
SwiftEmitModule normal arm64 Emitting\ module\ for\ XCTestExtensions (in target 'XCTestExtensions' from project 'XCTestExtensions')
SwiftCompile normal arm64 (in target 'XCTestExtensions' from project 'XCTestExtensions')
    cd /Users/admin/builder/spi-builder-workspace/.swiftpm/xcode

SwiftCompile normal arm64 Compiling\ XCUIElementQuery+Predicates.swift /Users/admin/builder/spi-builder-workspace/Sources/XCTestExtensions/XCUIElementQuery+Predicates.swift (in target 'XCTestExtensions' from project 'XCTestExtensions')
SwiftCompile normal arm64 /Users/admin/builder/spi-builder-workspace/Sources/XCTestExtensions/XCUIElementQuery+Predicates.swift (in target 'XCTestExtensions' from project 'XCTestExtensions')
    cd /Users/admin/builder/spi-builder-workspace/.swiftpm/xcode
    builtin-SwiftPerFileCompile XCUIElementQuery+Predicates.swift
SwiftCompile normal arm64 Compiling\ TestAppTests.swift /Users/admin/builder/spi-builder-workspace/Sources/XCTestApp/TestAppTests.swift (in target 'XCTestApp' from project 'XCTestExtensions')
SwiftCompile normal arm64 /Users/admin/builder/spi-builder-workspace/Sources/XCTestApp/TestAppTests.swift (in target 'XCTestApp' from project 'XCTestExtensions')
    cd /Users/admin/builder/spi-builder-workspace/.swiftpm/xcode
    builtin-SwiftPerFileCompile TestAppTests.swift
SwiftDriverJobDiscovery normal arm64 Compiling XCUIApplication+VisionOS.swift (in target 'XCTestExtensions' from project 'XCTestExtensions')
SwiftCompile normal arm64 Compiling\ TestAppTestsView.swift /Users/admin/builder/spi-builder-workspace/Sources/XCTestApp/TestAppTestsView.swift (in target 'XCTestApp' from project 'XCTestExtensions')
SwiftCompile normal arm64 /Users/admin/builder/spi-builder-workspace/Sources/XCTestApp/TestAppTestsView.swift (in target 'XCTestApp' from project 'XCTestExtensions')
    cd /Users/admin/builder/spi-builder-workspace/.swiftpm/xcode
    builtin-SwiftPerFileCompile TestAppTestsView.swift
SwiftDriverJobDiscovery normal arm64 Compiling XCUIElementQuery+Predicates.swift (in target 'XCTestExtensions' from project 'XCTestExtensions')
SwiftCompile normal arm64 Compiling\ TestAppView.swift /Users/admin/builder/spi-builder-workspace/Sources/XCTestApp/TestAppView.swift (in target 'XCTestApp' from project 'XCTestExtensions')
SwiftCompile normal arm64 /Users/admin/builder/spi-builder-workspace/Sources/XCTestApp/TestAppView.swift (in target 'XCTestApp' from project 'XCTestExtensions')
    cd /Users/admin/builder/spi-builder-workspace/.swiftpm/xcode
    builtin-SwiftPerFileCompile TestAppView.swift
SwiftDriverJobDiscovery normal arm64 Compiling XCTAssertThrowsErrorAsync.swift (in target 'XCTestExtensions' from project 'XCTestExtensions')
PruneExplicitPrecompiledModules /Users/admin/builder/spi-builder-workspace/.derivedData/SDKExplicitPrecompiledModules
PruneExplicitPrecompiledModules /Users/admin/builder/spi-builder-workspace/.derivedData/Build/Intermediates.noindex/ExplicitPrecompiledModules
PruneExplicitPrecompiledModules /Users/admin/builder/spi-builder-workspace/.derivedData/Build/Intermediates.noindex/SwiftExplicitPrecompiledModules
2026-09-24 14:43:14.457 xcodebuild[766:4835] [MT] IDERunDestination: Supported platforms for the buildables in the current scheme is empty.
** BUILD FAILED **
The following build commands failed:
	SwiftCompile normal arm64 Compiling\ XCUIApplication+DeleteAndLaunch.swift /Users/admin/builder/spi-builder-workspace/Sources/XCTestExtensions/XCUIApplication+DeleteAndLaunch.swift (in target 'XCTestExtensions' from project 'XCTestExtensions')
	SwiftCompile normal arm64 /Users/admin/builder/spi-builder-workspace/Sources/XCTestExtensions/XCUIApplication+DeleteAndLaunch.swift (in target 'XCTestExtensions' from project 'XCTestExtensions')
	Building workspace XCTestExtensions with scheme XCTestExtensions-Package
(3 failures)
BUILD FAILURE 6.4 tvOS