The Swift Package Index logo.Swift Package Index

Build Information

Failed to build amiibo-service, reference v2.0.2 (4cbac0), with Swift 6.4 for Wasm on 28 Oct 2026 16:42:40 UTC.

Build Command

bash -c docker run --pull=always --rm -v "checkouts-53886768-1":/host -w "$PWD" -e JAVA_HOME="/root/.sdkman/candidates/java/current" -e SPI_BUILD="1" -e SPI_PROCESSING="1" registry.gitlab.com/saguaro1/spi-images:wasm-6.4-latest swift build --swift-sdk swift-6.4.0-RELEASE_wasm 2>&1

Build Log

========================================
RunAll
========================================
Builder version: 5.1.4
Interrupt handler set up.
========================================
Checkout
========================================
Clone URL: https://github.com/rock-n-code/amiibo-service.git
Reference: v2.0.2
Initialized empty Git repository in /host/spi-builder-workspace/.git/
hint: Using 'master' as the name for the initial branch. This default branch name
hint: is subject to change. To configure the initial branch name to use in all
hint: of your new repositories, which will suppress this warning, call:
hint:
hint: 	git config --global init.defaultBranch <name>
hint:
hint: Names commonly chosen instead of 'master' are 'main', 'trunk' and
hint: 'development'. The just-created branch can be renamed via this command:
hint:
hint: 	git branch -m <name>
From https://github.com/rock-n-code/amiibo-service
 * tag               v2.0.2     -> FETCH_HEAD
HEAD is now at 4cbac01 Some fixes to the live test suite (#32)
Cloned https://github.com/rock-n-code/amiibo-service.git
Revision (git rev-parse @):
4cbac015b14288b12b38474fa096a18950d1454a
SPI manifest file found: $PWD/.spi.yml
SUCCESS checkout https://github.com/rock-n-code/amiibo-service.git at v2.0.2
========================================
Build
========================================
Selected platform:         wasm
Swift version:             6.4
Building package at path:  $PWD
https://github.com/rock-n-code/amiibo-service.git
Running build ...
bash -c docker run --pull=always --rm -v "checkouts-53886768-1":/host -w "$PWD" -e JAVA_HOME="/root/.sdkman/candidates/java/current" -e SPI_BUILD="1" -e SPI_PROCESSING="1" registry.gitlab.com/saguaro1/spi-images:wasm-6.4-latest swift build --swift-sdk swift-6.4.0-RELEASE_wasm 2>&1
wasm-6.4-latest: Pulling from saguaro1/spi-images
Digest: sha256:0ad19d16955074ecc72bbe910025b19c4e4614184c1a48afc82660d4c7620121
Status: Image is up to date for registry.gitlab.com/saguaro1/spi-images:wasm-6.4-latest
Fetching https://github.com/apple/swift-openapi-urlsession
[1/1259] Fetching swift-openapi-urlsession
Fetching https://github.com/swiftlang/swift-docc-plugin
Fetching https://github.com/apple/swift-http-types
Fetching https://github.com/apple/swift-openapi-runtime
Fetching https://github.com/apple/swift-openapi-generator.git
Fetched https://github.com/apple/swift-openapi-urlsession (0.47s)
[1/1961] Fetching swift-http-types
[1962/4306] Fetching swift-http-types, swift-docc-plugin
[4307/11570] Fetching swift-http-types, swift-docc-plugin, swift-openapi-runtime
[9029/30614] Fetching swift-http-types, swift-docc-plugin, swift-openapi-runtime, swift-openapi-generator
Fetched https://github.com/apple/swift-openapi-runtime (1.26s)
Fetched https://github.com/apple/swift-http-types (1.27s)
Fetched https://github.com/swiftlang/swift-docc-plugin (1.28s)
Fetched https://github.com/apple/swift-openapi-generator.git (1.28s)
Computing version for https://github.com/apple/swift-openapi-urlsession
Computed https://github.com/apple/swift-openapi-urlsession at 1.4.0 (3.31s)
Fetching https://github.com/apple/swift-collections
[1/29362] Fetching swift-collections
Fetched https://github.com/apple/swift-collections (1.50s)
Computing version for https://github.com/apple/swift-openapi-runtime
Computed https://github.com/apple/swift-openapi-runtime at 1.13.3 (1.72s)
Computing version for https://github.com/apple/swift-http-types
Computed https://github.com/apple/swift-http-types at 1.8.0 (0.28s)
Computing version for https://github.com/swiftlang/swift-docc-plugin
Computed https://github.com/swiftlang/swift-docc-plugin at 1.5.0 (1.57s)
Fetching https://github.com/swiftlang/swift-docc-symbolkit
[39/3849] Fetching swift-docc-symbolkit
Fetched https://github.com/swiftlang/swift-docc-symbolkit (0.93s)
Computing version for https://github.com/swiftlang/swift-docc-symbolkit
Computed https://github.com/swiftlang/swift-docc-symbolkit at 1.0.0 (1.39s)
Computing version for https://github.com/apple/swift-openapi-generator.git
Computed https://github.com/apple/swift-openapi-generator.git at 1.14.3 (0.39s)
Fetching https://github.com/apple/swift-algorithms
Fetching https://github.com/apple/swift-argument-parser
Fetching https://github.com/jpsim/Yams
Fetching https://github.com/mattpolzin/OpenAPIKit
[1/11878] Fetching yams
[120/31191] Fetching yams, swift-argument-parser
[10101/37350] Fetching yams, swift-argument-parser, swift-algorithms
[37351/223785] Fetching yams, swift-argument-parser, swift-algorithms, openapikit
Fetched https://github.com/apple/swift-algorithms (8.21s)
Fetched https://github.com/apple/swift-argument-parser (8.21s)
Fetched https://github.com/jpsim/Yams (8.23s)
Fetched https://github.com/mattpolzin/OpenAPIKit (8.31s)
Computing version for https://github.com/apple/swift-algorithms
Computed https://github.com/apple/swift-algorithms at 1.2.1 (8.69s)
Fetching https://github.com/apple/swift-numerics.git
[1/6766] Fetching swift-numerics
Fetched https://github.com/apple/swift-numerics.git (0.65s)
Computing version for https://github.com/mattpolzin/OpenAPIKit
Computed https://github.com/mattpolzin/OpenAPIKit at 6.4.0 (0.94s)
Computing version for https://github.com/apple/swift-numerics.git
Computed https://github.com/apple/swift-numerics.git at 1.1.1 (0.18s)
Computing version for https://github.com/apple/swift-argument-parser
Computed https://github.com/apple/swift-argument-parser at 1.8.2 (0.20s)
Computing version for https://github.com/apple/swift-collections
Computed https://github.com/apple/swift-collections at 1.7.5 (0.28s)
Computing version for https://github.com/jpsim/Yams
Computed https://github.com/jpsim/Yams at 6.2.2 (0.17s)
Creating working copy for https://github.com/apple/swift-numerics.git
Working copy of https://github.com/apple/swift-numerics.git resolved at 1.1.1
Creating working copy for https://github.com/swiftlang/swift-docc-symbolkit
Working copy of https://github.com/swiftlang/swift-docc-symbolkit resolved at 1.0.0
Creating working copy for https://github.com/jpsim/Yams
Working copy of https://github.com/jpsim/Yams resolved at 6.2.2
Creating working copy for https://github.com/apple/swift-collections
Working copy of https://github.com/apple/swift-collections resolved at 1.7.5
Creating working copy for https://github.com/apple/swift-algorithms
Working copy of https://github.com/apple/swift-algorithms resolved at 1.2.1
Creating working copy for https://github.com/apple/swift-openapi-generator.git
Working copy of https://github.com/apple/swift-openapi-generator.git resolved at 1.14.3
Creating working copy for https://github.com/apple/swift-argument-parser
Working copy of https://github.com/apple/swift-argument-parser resolved at 1.8.2
Creating working copy for https://github.com/apple/swift-openapi-urlsession
Working copy of https://github.com/apple/swift-openapi-urlsession resolved at 1.4.0
Creating working copy for https://github.com/apple/swift-openapi-runtime
Working copy of https://github.com/apple/swift-openapi-runtime resolved at 1.13.3
Creating working copy for https://github.com/apple/swift-http-types
Working copy of https://github.com/apple/swift-http-types resolved at 1.8.0
Creating working copy for https://github.com/swiftlang/swift-docc-plugin
Working copy of https://github.com/swiftlang/swift-docc-plugin resolved at 1.5.0
Creating working copy for https://github.com/mattpolzin/OpenAPIKit
Working copy of https://github.com/mattpolzin/OpenAPIKit resolved at 6.4.0
Building for debugging...
[Computing dependencies]
[Constructing description]
[Pre-planning 1 / 659]
[Planning deferred tasks]
[Starting]
[23 / 252] _OpenAPIGeneratorCore
[127 / 258] CYaml
[133 / 305] OpenAPIKitCore
[136 / 305] CYaml
[138 / 305] CYaml
[141 / 305] ArgumentParserToolInfo
[148 / 305] Yams
[149 / 305] RealModule
[156 / 305] InternalCollectionsUtilities
[166 / 305] Yams
[169 / 305] Yams
[178 / 305] Yams
[179 / 305] Yams
[181 / 305] Yams-product
[183 / 305] RealModule-product
[186 / 305] OpenAPIKitCore
[187 / 305] OpenAPIKitCore
[188 / 306] RealModule
[190 / 306] RealModule
[192 / 306] OpenAPIKitCore
[195 / 306] Yams
[198 / 307] Yams
[201 / 307] Yams
[201 / 307] SpanPreview
[204 / 307] InternalCollectionsUtilities
[204 / 307] OpenAPIKitCore
[206 / 308] OpenAPIKitCore
[210 / 308] HTTPTypes-product
[215 / 308] HTTPTypes
[217 / 309] InternalCollectionsUtilities
[217 / 309] ArgumentParser
[220 / 309] OpenAPIKitCore
[225 / 314] SpanPreview
[232 / 315] SpanPreview
[236 / 320] Algorithms
[240 / 338] OpenAPIRuntime
[244 / 365] Algorithms
[247 / 367] OpenAPIRuntime
[247 / 367] OpenAPIKit30
error: SwiftCompile normal wasm32 /host/spi-builder-workspace/.build/checkouts/swift-openapi-runtime/Sources/OpenAPIRuntime/Multipart/MultipartBoundaryGenerator.swift failed with a nonzero exit code. Command line:     cd /host
    builtin-SwiftPerFileCompile MultipartBoundaryGenerator.swift
error: SwiftCompile normal wasm32 /host/spi-builder-workspace/.build/checkouts/swift-openapi-runtime/Sources/OpenAPIRuntime/Multipart/MultipartBytesToFramesSequence.swift failed with a nonzero exit code. Command line:     cd /host
    builtin-SwiftPerFileCompile MultipartBytesToFramesSequence.swift
error: SwiftCompile normal wasm32 /host/spi-builder-workspace/.build/checkouts/swift-openapi-runtime/Sources/OpenAPIRuntime/Multipart/MultipartFramesToBytesSequence.swift failed with a nonzero exit code. Command line:     cd /host
    builtin-SwiftPerFileCompile MultipartFramesToBytesSequence.swift
error: SwiftCompile normal wasm32 /host/spi-builder-workspace/.build/checkouts/swift-openapi-runtime/Sources/OpenAPIRuntime/Multipart/MultipartFramesToRawPartsSequence.swift failed with a nonzero exit code. Command line:     cd /host
    builtin-SwiftPerFileCompile MultipartFramesToRawPartsSequence.swift
error: SwiftCompile normal wasm32 /host/spi-builder-workspace/.build/checkouts/swift-openapi-runtime/Sources/OpenAPIRuntime/Multipart/MultipartInternalTypes.swift failed with a nonzero exit code. Command line:     cd /host
    builtin-SwiftPerFileCompile MultipartInternalTypes.swift
error: SwiftCompile normal wasm32 /host/spi-builder-workspace/.build/checkouts/swift-openapi-runtime/Sources/OpenAPIRuntime/Multipart/MultipartPublicTypes.swift failed with a nonzero exit code. Command line:     cd /host
    builtin-SwiftPerFileCompile MultipartPublicTypes.swift
error: SwiftCompile normal wasm32 /host/spi-builder-workspace/.build/checkouts/swift-openapi-runtime/Sources/OpenAPIRuntime/Multipart/MultipartPublicTypesExtensions.swift failed with a nonzero exit code. Command line:     cd /host
    builtin-SwiftPerFileCompile MultipartPublicTypesExtensions.swift
error: SwiftCompile normal wasm32 /host/spi-builder-workspace/.build/checkouts/swift-openapi-runtime/Sources/OpenAPIRuntime/Multipart/MultipartRawPartsToFramesSequence.swift failed with a nonzero exit code. Command line:     cd /host
    builtin-SwiftPerFileCompile MultipartRawPartsToFramesSequence.swift
error: SwiftCompile normal wasm32 /host/spi-builder-workspace/.build/checkouts/swift-openapi-runtime/Sources/OpenAPIRuntime/Multipart/MultipartValidation.swift failed with a nonzero exit code. Command line:     cd /host
    builtin-SwiftPerFileCompile MultipartValidation.swift
/root/.swiftpm/swift-sdks/swift-6.4.0-RELEASE_wasm.artifactbundle/swift-6.4.0-RELEASE_wasm/wasm32-unknown-wasip1/swift.xctoolchain/usr/lib/swift_static/CoreFoundation/CoreFoundation.h:28:10: note: while building module 'wasi_emulated_signal' imported from /root/.swiftpm/swift-sdks/swift-6.4.0-RELEASE_wasm.artifactbundle/swift-6.4.0-RELEASE_wasm/wasm32-unknown-wasip1/swift.xctoolchain/usr/lib/swift_static/CoreFoundation/CoreFoundation.h:28:
 26 | #include <setjmp.h>
 27 | #endif
 28 | #include <signal.h>
    |          `- note: while building module 'wasi_emulated_signal' imported from /root/.swiftpm/swift-sdks/swift-6.4.0-RELEASE_wasm.artifactbundle/swift-6.4.0-RELEASE_wasm/wasm32-unknown-wasip1/swift.xctoolchain/usr/lib/swift_static/CoreFoundation/CoreFoundation.h:28:
 29 | #include <stddef.h>
 30 | #include <stdio.h>
<module-includes>:1:10: note: in file included from <module-includes>:1:
1 | #include "signal.h"
  |          `- note: in file included from <module-includes>:1:
2 |
/root/.swiftpm/swift-sdks/swift-6.4.0-RELEASE_wasm.artifactbundle/swift-6.4.0-RELEASE_wasm/wasm32-unknown-wasip1/WASI.sdk/include/wasm32-wasip1/signal.h:2:2: error: "wasm lacks signal support; to enable minimal signal emulation, compile with -D_WASI_EMULATED_SIGNAL and link with -lwasi-emulated-signal"
  1 | #ifndef _WASI_EMULATED_SIGNAL
  2 | #error "wasm lacks signal support; to enable minimal signal emulation, \
    |  `- error: "wasm lacks signal support; to enable minimal signal emulation, compile with -D_WASI_EMULATED_SIGNAL and link with -lwasi-emulated-signal"
  3 | compile with -D_WASI_EMULATED_SIGNAL and link with -lwasi-emulated-signal"
  4 | #else
<module-includes>:1:10: note: in file included from <module-includes>:1:
1 | #include "CoreFoundation.h"
  |          `- note: in file included from <module-includes>:1:
2 |
/root/.swiftpm/swift-sdks/swift-6.4.0-RELEASE_wasm.artifactbundle/swift-6.4.0-RELEASE_wasm/wasm32-unknown-wasip1/swift.xctoolchain/usr/lib/swift_static/CoreFoundation/CoreFoundation.h:28:10: error: could not build module 'wasi_emulated_signal'
 26 | #include <setjmp.h>
 27 | #endif
 28 | #include <signal.h>
    |          `- error: could not build module 'wasi_emulated_signal'
 29 | #include <stddef.h>
 30 | #include <stdio.h>
/root/.swiftpm/swift-sdks/swift-6.4.0-RELEASE_wasm.artifactbundle/swift-6.4.0-RELEASE_wasm/wasm32-unknown-wasip1/swift.xctoolchain/usr/lib/swift_static/CoreFoundation/ForSwiftFoundationOnly.h:86:10: note: while building module 'wasi_emulated_mman' imported from /root/.swiftpm/swift-sdks/swift-6.4.0-RELEASE_wasm.artifactbundle/swift-6.4.0-RELEASE_wasm/wasm32-unknown-wasip1/swift.xctoolchain/usr/lib/swift_static/CoreFoundation/ForSwiftFoundationOnly.h:86:
 84 | #undef _WASI_EMULATED_MMAN
 85 | #define _WASI_EMULATED_MMAN
 86 | #include <sys/mman.h>
    |          `- note: while building module 'wasi_emulated_mman' imported from /root/.swiftpm/swift-sdks/swift-6.4.0-RELEASE_wasm.artifactbundle/swift-6.4.0-RELEASE_wasm/wasm32-unknown-wasip1/swift.xctoolchain/usr/lib/swift_static/CoreFoundation/ForSwiftFoundationOnly.h:86:
 87 | #elif TARGET_OS_LINUX
 88 | #include <errno.h>
<module-includes>:1:10: note: in file included from <module-includes>:1:
1 | #include "sys/mman.h"
  |          `- note: in file included from <module-includes>:1:
2 |
/root/.swiftpm/swift-sdks/swift-6.4.0-RELEASE_wasm.artifactbundle/swift-6.4.0-RELEASE_wasm/wasm32-unknown-wasip1/WASI.sdk/include/wasm32-wasip1/sys/mman.h:2:2: error: "WASI lacks a true mmap; to enable minimal mmap emulation, compile with -D_WASI_EMULATED_MMAN and link with -lwasi-emulated-mman"
  1 | #ifndef _WASI_EMULATED_MMAN
  2 | #error "WASI lacks a true mmap; to enable minimal mmap emulation, \
    |  `- error: "WASI lacks a true mmap; to enable minimal mmap emulation, compile with -D_WASI_EMULATED_MMAN and link with -lwasi-emulated-mman"
  3 | compile with -D_WASI_EMULATED_MMAN and link with -lwasi-emulated-mman"
  4 | #else
/host/spi-builder-workspace/.build/checkouts/swift-openapi-runtime/Sources/OpenAPIRuntime/Base/OpenAPIValue.swift:22:8: error: could not build C module 'CoreFoundation'
 20 |
 21 | #if canImport(CoreFoundation) && (FullFoundation || canImport(Darwin))
 22 | import CoreFoundation
    |        `- error: could not build C module 'CoreFoundation'
 23 | #endif
 24 |
Failed frontend command:
/usr/bin/swift-frontend -frontend -c /host/spi-builder-workspace/.build/checkouts/swift-openapi-runtime/Sources/OpenAPIRuntime/Base/Acceptable.swift /host/spi-builder-workspace/.build/checkouts/swift-openapi-runtime/Sources/OpenAPIRuntime/Base/Base64EncodedData.swift /host/spi-builder-workspace/.build/checkouts/swift-openapi-runtime/Sources/OpenAPIRuntime/Base/ByteUtilities.swift /host/spi-builder-workspace/.build/checkouts/swift-openapi-runtime/Sources/OpenAPIRuntime/Base/ContentDisposition.swift /host/spi-builder-workspace/.build/checkouts/swift-openapi-runtime/Sources/OpenAPIRuntime/Base/CopyOnWriteBox.swift /host/spi-builder-workspace/.build/checkouts/swift-openapi-runtime/Sources/OpenAPIRuntime/Base/Lock.swift /host/spi-builder-workspace/.build/checkouts/swift-openapi-runtime/Sources/OpenAPIRuntime/Base/OpenAPIMIMEType.swift /host/spi-builder-workspace/.build/checkouts/swift-openapi-runtime/Sources/OpenAPIRuntime/Base/OpenAPIValue.swift /host/spi-builder-workspace/.build/checkouts/swift-openapi-runtime/Sources/OpenAPIRuntime/Base/PrettyStringConvertible.swift /host/spi-builder-workspace/.build/checkouts/swift-openapi-runtime/Sources/OpenAPIRuntime/Base/UndocumentedPayload.swift /host/spi-builder-workspace/.build/checkouts/swift-openapi-runtime/Sources/OpenAPIRuntime/Base/WarningSuppressingAnnotations.swift /host/spi-builder-workspace/.build/checkouts/swift-openapi-runtime/Sources/OpenAPIRuntime/Conversion/CodableExtensions.swift /host/spi-builder-workspace/.build/checkouts/swift-openapi-runtime/Sources/OpenAPIRuntime/Conversion/Configuration.swift /host/spi-builder-workspace/.build/checkouts/swift-openapi-runtime/Sources/OpenAPIRuntime/Conversion/Converter+Client.swift /host/spi-builder-workspace/.build/checkouts/swift-openapi-runtime/Sources/OpenAPIRuntime/Conversion/Converter+Common.swift /host/spi-builder-workspace/.build/checkouts/swift-openapi-runtime/Sources/OpenAPIRuntime/Conversion/Converter+Server.swift /host/spi-builder-workspace/.build/checkouts/swift-openapi-runtime/Sources/OpenAPIRuntime/Conversion/Converter.swift /host/spi-builder-workspace/.build/checkouts/swift-openapi-runtime/Sources/OpenAPIRuntime/Conversion/CurrencyExtensions.swift /host/spi-builder-workspace/.build/checkouts/swift-openapi-runtime/Sources/OpenAPIRuntime/Conversion/ErrorExtensions.swift /host/spi-builder-workspace/.build/checkouts/swift-openapi-runtime/Sources/OpenAPIRuntime/Conversion/FoundationExtensions.swift /host/spi-builder-workspace/.build/checkouts/swift-openapi-runtime/Sources/OpenAPIRuntime/Conversion/ParameterStyles.swift /host/spi-builder-workspace/.build/checkouts/swift-openapi-runtime/Sources/OpenAPIRuntime/Conversion/ServerVariable.swift /host/spi-builder-workspace/.build/checkouts/swift-openapi-runtime/Sources/OpenAPIRuntime/Conversion/URLExtensions.swift /host/spi-builder-workspace/.build/checkouts/swift-openapi-runtime/Sources/OpenAPIRuntime/Deprecated/Deprecated.swift /host/spi-builder-workspace/.build/checkouts/swift-openapi-runtime/Sources/OpenAPIRuntime/Errors/ClientError.swift /host/spi-builder-workspace/.build/checkouts/swift-openapi-runtime/Sources/OpenAPIRuntime/Errors/CodingErrors.swift /host/spi-builder-workspace/.build/checkouts/swift-openapi-runtime/Sources/OpenAPIRuntime/Errors/RuntimeError.swift /host/spi-builder-workspace/.build/checkouts/swift-openapi-runtime/Sources/OpenAPIRuntime/Errors/ServerError.swift /host/spi-builder-workspace/.build/checkouts/swift-openapi-runtime/Sources/OpenAPIRuntime/EventStreams/JSONLinesDecoding.swift /host/spi-builder-workspace/.build/checkouts/swift-openapi-runtime/Sources/OpenAPIRuntime/EventStreams/JSONLinesEncoding.swift /host/spi-builder-workspace/.build/checkouts/swift-openapi-runtime/Sources/OpenAPIRuntime/EventStreams/JSONSequenceDecoding.swift /host/spi-builder-workspace/.build/checkouts/swift-openapi-runtime/Sources/OpenAPIRuntime/EventStreams/JSONSequenceEncoding.swift /host/spi-builder-workspace/.build/checkouts/swift-openapi-runtime/Sources/OpenAPIRuntime/EventStreams/ServerSentEvents.swift /host/spi-builder-workspace/.build/checkouts/swift-openapi-runtime/Sources/OpenAPIRuntime/EventStreams/ServerSentEventsDecoding.swift /host/spi-builder-workspace/.build/checkouts/swift-openapi-runtime/Sources/OpenAPIRuntime/EventStreams/ServerSentEventsEncoding.swift /host/spi-builder-workspace/.build/checkouts/swift-openapi-runtime/Sources/OpenAPIRuntime/Interface/AsyncSequenceCommon.swift /host/spi-builder-workspace/.build/checkouts/swift-openapi-runtime/Sources/OpenAPIRuntime/Interface/ClientTransport.swift /host/spi-builder-workspace/.build/checkouts/swift-openapi-runtime/Sources/OpenAPIRuntime/Interface/CurrencyTypes.swift /host/spi-builder-workspace/.build/checkouts/swift-openapi-runtime/Sources/OpenAPIRuntime/Interface/ErrorHandlingMiddleware.swift /host/spi-builder-workspace/.build/checkouts/swift-openapi-runtime/Sources/OpenAPIRuntime/Interface/HTTPBody.swift /host/spi-builder-workspace/.build/checkouts/swift-openapi-runtime/Sources/OpenAPIRuntime/Interface/QuerySpaceNormalizingMiddleware.swift /host/spi-builder-workspace/.build/checkouts/swift-openapi-runtime/Sources/OpenAPIRuntime/Interface/SendableMetatype.swift /host/spi-builder-workspace/.build/checkouts/swift-openapi-runtime/Sources/OpenAPIRuntime/Interface/ServerTransport.swift /host/spi-builder-workspace/.build/checkouts/swift-openapi-runtime/Sources/OpenAPIRuntime/Interface/UniversalClient.swift /host/spi-builder-workspace/.build/checkouts/swift-openapi-runtime/Sources/OpenAPIRuntime/Interface/UniversalServer.swift -primary-file /host/spi-builder-workspace/.build/checkouts/swift-openapi-runtime/Sources/OpenAPIRuntime/Multipart/MultipartBoundaryGenerator.swift -primary-file /host/spi-builder-workspace/.build/checkouts/swift-openapi-runtime/Sources/OpenAPIRuntime/Multipart/MultipartBytesToFramesSequence.swift -primary-file /host/spi-builder-workspace/.build/checkouts/swift-openapi-runtime/Sources/OpenAPIRuntime/Multipart/MultipartFramesToBytesSequence.swift -primary-file /host/spi-builder-workspace/.build/checkouts/swift-openapi-runtime/Sources/OpenAPIRuntime/Multipart/MultipartFramesToRawPartsSequence.swift -primary-file /host/spi-builder-workspace/.build/checkouts/swift-openapi-runtime/Sources/OpenAPIRuntime/Multipart/MultipartInternalTypes.swift -primary-file /host/spi-builder-workspace/.build/checkouts/swift-openapi-runtime/Sources/OpenAPIRuntime/Multipart/MultipartPublicTypes.swift -primary-file /host/spi-builder-workspace/.build/checkouts/swift-openapi-runtime/Sources/OpenAPIRuntime/Multipart/MultipartPublicTypesExtensions.swift -primary-file /host/spi-builder-workspace/.build/checkouts/swift-openapi-runtime/Sources/OpenAPIRuntime/Multipart/MultipartRawPartsToFramesSequence.swift -primary-file /host/spi-builder-workspace/.build/checkouts/swift-openapi-runtime/Sources/OpenAPIRuntime/Multipart/MultipartValidation.swift /host/spi-builder-workspace/.build/checkouts/swift-openapi-runtime/Sources/OpenAPIRuntime/Multipart/OpenAPIMIMEType+Multipart.swift /host/spi-builder-workspace/.build/checkouts/swift-openapi-runtime/Sources/OpenAPIRuntime/URICoder/Common/URICodeCodingKey.swift /host/spi-builder-workspace/.build/checkouts/swift-openapi-runtime/Sources/OpenAPIRuntime/URICoder/Common/URICoderConfiguration.swift /host/spi-builder-workspace/.build/checkouts/swift-openapi-runtime/Sources/OpenAPIRuntime/URICoder/Common/URIEncodedNode.swift /host/spi-builder-workspace/.build/checkouts/swift-openapi-runtime/Sources/OpenAPIRuntime/URICoder/Common/URIParsedTypes.swift /host/spi-builder-workspace/.build/checkouts/swift-openapi-runtime/Sources/OpenAPIRuntime/URICoder/Decoding/URIDecoder.swift /host/spi-builder-workspace/.build/checkouts/swift-openapi-runtime/Sources/OpenAPIRuntime/URICoder/Decoding/URIValueFromNodeDecoder+Keyed.swift /host/spi-builder-workspace/.build/checkouts/swift-openapi-runtime/Sources/OpenAPIRuntime/URICoder/Decoding/URIValueFromNodeDecoder+Single.swift /host/spi-builder-workspace/.build/checkouts/swift-openapi-runtime/Sources/OpenAPIRuntime/URICoder/Decoding/URIValueFromNodeDecoder+Unkeyed.swift /host/spi-builder-workspace/.build/checkouts/swift-openapi-runtime/Sources/OpenAPIRuntime/URICoder/Decoding/URIValueFromNodeDecoder.swift /host/spi-builder-workspace/.build/checkouts/swift-openapi-runtime/Sources/OpenAPIRuntime/URICoder/Encoding/URIEncoder.swift /host/spi-builder-workspace/.build/checkouts/swift-openapi-runtime/Sources/OpenAPIRuntime/URICoder/Encoding/URIValueToNodeEncoder+Keyed.swift /host/spi-builder-workspace/.build/checkouts/swift-openapi-runtime/Sources/OpenAPIRuntime/URICoder/Encoding/URIValueToNodeEncoder+Single.swift /host/spi-builder-workspace/.build/checkouts/swift-openapi-runtime/Sources/OpenAPIRuntime/URICoder/Encoding/URIValueToNodeEncoder+Unkeyed.swift /host/spi-builder-workspace/.build/checkouts/swift-openapi-runtime/Sources/OpenAPIRuntime/URICoder/Encoding/URIValueToNodeEncoder.swift /host/spi-builder-workspace/.build/checkouts/swift-openapi-runtime/Sources/OpenAPIRuntime/URICoder/Parsing/URIParser.swift /host/spi-builder-workspace/.build/checkouts/swift-openapi-runtime/Sources/OpenAPIRuntime/URICoder/Serialization/URISerializer.swift -supplementary-output-file-map /host/spi-builder-workspace/.build/out/Intermediates.noindex/swift-openapi-runtime.build/Debug-webassembly-wasm32/OpenAPIRuntime-t.build/Objects-normal/wasm32/supplementaryOutputs-27 -target wasm32-unknown-wasip1 -disable-objc-interop -sdk /root/.swiftpm/swift-sdks/swift-6.4.0-RELEASE_wasm.artifactbundle/swift-6.4.0-RELEASE_wasm/wasm32-unknown-wasip1/WASI.sdk -sysroot /root/.swiftpm/swift-sdks/swift-6.4.0-RELEASE_wasm.artifactbundle/swift-6.4.0-RELEASE_wasm/wasm32-unknown-wasip1/WASI.sdk -I /host/spi-builder-workspace/.build/out/Products/Debug-webassembly-wasm32 -module-cache-path /host/spi-builder-workspace/.build/out/ModuleCache.noindex -color-diagnostics -Xcc -fcolor-diagnostics -enable-testing -g -debug-info-format\=dwarf -dwarf-version\=4 -suppress-warnings -swift-version 6 -Onone -D SWIFT_PACKAGE -D DEBUG -D SWIFT_MODULE_RESOURCE_BUNDLE_UNAVAILABLE -D FullFoundation -D Xcode -serialize-debugging-options -enable-upcoming-feature ExistentialAny -enable-upcoming-feature MemberImportVisibility -enable-upcoming-feature InternalImportsByDefault -enable-experimental-feature DebugDescriptionMacro -empty-abi-descriptor -external-plugin-path /usr/lib/swift/host/plugins/testing\#/usr/bin/swift-plugin-server -user-module-version 1.13.3 -validate-clang-modules-once -clang-build-session-file /host/spi-builder-workspace/.build/out/ModuleCache.noindex/Session.modulevalidation -Xcc -working-directory -Xcc /host -resource-dir /root/.swiftpm/swift-sdks/swift-6.4.0-RELEASE_wasm.artifactbundle/swift-6.4.0-RELEASE_wasm/wasm32-unknown-wasip1/swift.xctoolchain/usr/lib/swift_static -use-static-resource-dir -enable-anonymous-context-mangled-names -file-compilation-dir /host -Xcc -resource-dir -Xcc /root/.swiftpm/swift-sdks/swift-6.4.0-RELEASE_wasm.artifactbundle/swift-6.4.0-RELEASE_wasm/wasm32-unknown-wasip1/swift.xctoolchain/usr/lib/swift_static/clang -Xcc -D_LIBCPP_HARDENING_MODE\=_LIBCPP_HARDENING_MODE_DEBUG -Xcc -fmodules-prune-interval\=86400 -Xcc -fmodules-prune-after\=345600 -Xcc -I/host/spi-builder-workspace/.build/out/Products/Debug-webassembly-wasm32/include -Xcc -I/host/spi-builder-workspace/.build/out/Intermediates.noindex/swift-openapi-runtime.build/Debug-webassembly-wasm32/OpenAPIRuntime-t.build/DerivedSources-normal/wasm32 -Xcc -I/host/spi-builder-workspace/.build/out/Intermediates.noindex/swift-openapi-runtime.build/Debug-webassembly-wasm32/OpenAPIRuntime-t.build/DerivedSources/wasm32 -Xcc -I/host/spi-builder-workspace/.build/out/Intermediates.noindex/swift-openapi-runtime.build/Debug-webassembly-wasm32/OpenAPIRuntime-t.build/DerivedSources -Xcc -DSWIFT_PACKAGE -Xcc -DDEBUG\=1 -no-auto-bridging-header-chaining -module-name OpenAPIRuntime -package-name swift_openapi_runtime -const-gather-protocols-file /host/spi-builder-workspace/.build/out/Intermediates.noindex/swift-openapi-runtime.build/Debug-webassembly-wasm32/OpenAPIRuntime-t.build/Objects-normal/wasm32/OpenAPIRuntime_const_extract_protocols.json -in-process-plugin-server-path /usr/lib/swift/host/libSwiftInProcPluginServer.so -plugin-path /usr/lib/swift/host/plugins -plugin-path /usr/local/lib/swift/host/plugins -parse-as-library -o /host/spi-builder-workspace/.build/out/Intermediates.noindex/swift-openapi-runtime.build/Debug-webassembly-wasm32/OpenAPIRuntime-t.build/Objects-normal/wasm32/MultipartBoundaryGenerator.o -o /host/spi-builder-workspace/.build/out/Intermediates.noindex/swift-openapi-runtime.build/Debug-webassembly-wasm32/OpenAPIRuntime-t.build/Objects-normal/wasm32/MultipartBytesToFramesSequence.o -o /host/spi-builder-workspace/.build/out/Intermediates.noindex/swift-openapi-runtime.build/Debug-webassembly-wasm32/OpenAPIRuntime-t.build/Objects-normal/wasm32/MultipartFramesToBytesSequence.o -o /host/spi-builder-workspace/.build/out/Intermediates.noindex/swift-openapi-runtime.build/Debug-webassembly-wasm32/OpenAPIRuntime-t.build/Objects-normal/wasm32/MultipartFramesToRawPartsSequence.o -o /host/spi-builder-workspace/.build/out/Intermediates.noindex/swift-openapi-runtime.build/Debug-webassembly-wasm32/OpenAPIRuntime-t.build/Objects-normal/wasm32/MultipartInternalTypes.o -o /host/spi-builder-workspace/.build/out/Intermediates.noindex/swift-openapi-runtime.build/Debug-webassembly-wasm32/OpenAPIRuntime-t.build/Objects-normal/wasm32/MultipartPublicTypes.o -o /host/spi-builder-workspace/.build/out/Intermediates.noindex/swift-openapi-runtime.build/Debug-webassembly-wasm32/OpenAPIRuntime-t.build/Objects-normal/wasm32/MultipartPublicTypesExtensions.o -o /host/spi-builder-workspace/.build/out/Intermediates.noindex/swift-openapi-runtime.build/Debug-webassembly-wasm32/OpenAPIRuntime-t.build/Objects-normal/wasm32/MultipartRawPartsToFramesSequence.o -o /host/spi-builder-workspace/.build/out/Intermediates.noindex/swift-openapi-runtime.build/Debug-webassembly-wasm32/OpenAPIRuntime-t.build/Objects-normal/wasm32/MultipartValidation.o -index-unit-output-path /swift-openapi-runtime.build/Debug-webassembly-wasm32/OpenAPIRuntime-t.build/Objects-normal/wasm32/MultipartBoundaryGenerator.o -index-unit-output-path /swift-openapi-runtime.build/Debug-webassembly-wasm32/OpenAPIRuntime-t.build/Objects-normal/wasm32/MultipartBytesToFramesSequence.o -index-unit-output-path /swift-openapi-runtime.build/Debug-webassembly-wasm32/OpenAPIRuntime-t.build/Objects-normal/wasm32/MultipartFramesToBytesSequence.o -index-unit-output-path /swift-openapi-runtime.build/Debug-webassembly-wasm32/OpenAPIRuntime-t.build/Objects-normal/wasm32/MultipartFramesToRawPartsSequence.o -index-unit-output-path /swift-openapi-runtime.build/Debug-webassembly-wasm32/OpenAPIRuntime-t.build/Objects-normal/wasm32/MultipartInternalTypes.o -index-unit-output-path /swift-openapi-runtime.build/Debug-webassembly-wasm32/OpenAPIRuntime-t.build/Objects-normal/wasm32/MultipartPublicTypes.o -index-unit-output-path /swift-openapi-runtime.build/Debug-webassembly-wasm32/OpenAPIRuntime-t.build/Objects-normal/wasm32/MultipartPublicTypesExtensions.o -index-unit-output-path /swift-openapi-runtime.build/Debug-webassembly-wasm32/OpenAPIRuntime-t.build/Objects-normal/wasm32/MultipartRawPartsToFramesSequence.o -index-unit-output-path /swift-openapi-runtime.build/Debug-webassembly-wasm32/OpenAPIRuntime-t.build/Objects-normal/wasm32/MultipartValidation.o -index-store-path /host/spi-builder-workspace/.build/out -index-system-modules
[251 / 367] OpenAPIKit30
error: Build failed
BUILD FAILURE 6.4 wasm