The Swift Package Index logo.Swift Package Index

Build Information

Failed to build SDWebImageSwiftUI, reference 3.1.4 (0e3314), with Swift 6.4 for Android on 23 Sep 2026 07:40:23 UTC.

Build Command

bash -c docker run --pull=always --rm -v "checkouts-54344843-0":/host -w "$PWD" -e JAVA_HOME="/root/.sdkman/candidates/java/current" -e SPI_BUILD="1" -e SPI_PROCESSING="1" registry.gitlab.com/saguaro1/spi-images:android-6.4-latest swift build --swift-sdk aarch64-unknown-linux-android28 2>&1

Build Log

========================================
RunAll
========================================
Builder version: 5.1.0
Interrupt handler set up.
========================================
Checkout
========================================
Clone URL: https://github.com/SDWebImage/SDWebImageSwiftUI.git
Reference: 3.1.4
Initialized empty Git repository in /host/spi-builder-workspace/.git/
hint: Using 'master' as the name for the initial branch. This default branch name
hint: is subject to change. To configure the initial branch name to use in all
hint: of your new repositories, which will suppress this warning, call:
hint:
hint: 	git config --global init.defaultBranch <name>
hint:
hint: Names commonly chosen instead of 'master' are 'main', 'trunk' and
hint: 'development'. The just-created branch can be renamed via this command:
hint:
hint: 	git branch -m <name>
From https://github.com/SDWebImage/SDWebImageSwiftUI
 * tag               3.1.4      -> FETCH_HEAD
HEAD is now at 0e33145 Released v3.1.4 version
Cloned https://github.com/SDWebImage/SDWebImageSwiftUI.git
Revision (git rev-parse @):
0e331457ca9af2f0b08bcaa138a91ffb907b004f
SUCCESS checkout https://github.com/SDWebImage/SDWebImageSwiftUI.git at 3.1.4
========================================
Build
========================================
Selected platform:         android
Swift version:             6.4
Building package at path:  $PWD
https://github.com/SDWebImage/SDWebImageSwiftUI.git
Running build ...
bash -c docker run --pull=always --rm -v "checkouts-54344843-0":/host -w "$PWD" -e JAVA_HOME="/root/.sdkman/candidates/java/current" -e SPI_BUILD="1" -e SPI_PROCESSING="1" registry.gitlab.com/saguaro1/spi-images:android-6.4-latest swift build --swift-sdk aarch64-unknown-linux-android28 2>&1
android-6.4-latest: Pulling from saguaro1/spi-images
Digest: sha256:abadcff584c273feba50641b454858d377ba30b35ea7287a94f45ebd8afd0ea0
Status: Image is up to date for registry.gitlab.com/saguaro1/spi-images:android-6.4-latest
Fetching https://github.com/SDWebImage/SDWebImage.git
[1/26041] Fetching sdwebimage
Fetched https://github.com/SDWebImage/SDWebImage.git (1.31s)
Computing version for https://github.com/SDWebImage/SDWebImage.git
Computed https://github.com/SDWebImage/SDWebImage.git at 5.21.7 (1.50s)
Creating working copy for https://github.com/SDWebImage/SDWebImage.git
Working copy of https://github.com/SDWebImage/SDWebImage.git resolved at 5.21.7
warning: 'spi-builder-workspace': found 1 file(s) which are unhandled; explicitly declare them as resources or exclude from the target
    /host/spi-builder-workspace/SDWebImageSwiftUI/Module/Info.plist
Building for debugging...
[Pre-planning 1 / 155]
[Starting]
In file included from <built-in>:1:
/host/spi-builder-workspace/.build/out/Intermediates.noindex/SDWebImage.build/Debug-android-aarch64/SDWebImage-t.build/DerivedSources/resource_bundle_accessor.h:1:9: fatal error: 'Foundation/Foundation.h' file not found
    1 | #import <Foundation/Foundation.h>
      |         ^~~~~~~~~~~~~~~~~~~~~~~~~
1 error generated.
error: CompileC /host/spi-builder-workspace/.build/out/Intermediates.noindex/SDWebImage.build/Debug-android-aarch64/SDWebImage-t.build/Objects-normal/aarch64/resource_bundle_accessor.o /host/spi-builder-workspace/.build/out/Intermediates.noindex/SDWebImage.build/Debug-android-aarch64/SDWebImage-t.build/DerivedSources/resource_bundle_accessor.m normal aarch64 objective-c com.apple.compilers.llvm.clang.1_0.compiler failed with a nonzero exit code. Command line:     cd /host

    Using response file: /host/spi-builder-workspace/.build/out/Intermediates.noindex/SDWebImage.build/Debug-android-aarch64/SDWebImage-t.build/Objects-normal/aarch64/6f95552a3397ee1cec971b90cf334075d5f321c3a3b0689ad55c3d1e24702600-common-args.resp

    /root/.local/share/swiftly/toolchains/6.4.x-snapshot-2026-09-04/usr/bin/clang -x objective-c -target aarch64-unknown-linux-android28 -fmessage-length\=0 -fdiagnostics-show-note-include-stack -fmacro-backtrace-limit\=0 -fcolor-diagnostics -Wno-trigraphs -Wno-missing-field-initializers -Wno-missing-prototypes -Wno-return-type -Wno-implicit-atomic-properties -Wno-objc-interface-ivars -Wno-arc-repeated-use-of-weak -Wno-missing-braces -Wparentheses -Wswitch -Wno-unused-function -Wno-unused-label -Wno-unused-parameter -Wno-unused-variable -Wunused-value -Wno-empty-body -Wno-uninitialized -Wno-unknown-pragmas -w -Wno-shadow -Wno-four-char-constants -Wno-conversion -Wno-constant-conversion -Wno-int-conversion -Wno-bool-conversion -Wno-enum-conversion -Wno-float-conversion -Wno-non-literal-null-conversion -Wno-objc-literal-conversion -Wno-shorten-64-to-32 -Wpointer-sign -Wno-newline-eof -Wno-selector -Wno-strict-selector-match -Wno-undeclared-selector -Wno-deprecated-implementations -Wno-implicit-fallthrough -fstrict-aliasing -Wprotocol -Wdeprecated-declarations -Wno-sign-conversion -Wno-infinite-recursion -Wno-comma -Wno-block-capture-autoreleasing -Wno-strict-prototypes -Wno-semicolon-before-method-body --sysroot /android-ndk/android-ndk-r27d/toolchains/llvm/prebuilt/linux-x86_64/sysroot @/host/spi-builder-workspace/.build/out/Intermediates.noindex/SDWebImage.build/Debug-android-aarch64/SDWebImage-t.build/Objects-normal/aarch64/6f95552a3397ee1cec971b90cf334075d5f321c3a3b0689ad55c3d1e24702600-common-args.resp -include /host/spi-builder-workspace/.build/out/Intermediates.noindex/SDWebImage.build/Debug-android-aarch64/SDWebImage-t.build/DerivedSources/resource_bundle_accessor.h -MMD -MT dependencies -MF /host/spi-builder-workspace/.build/out/Intermediates.noindex/SDWebImage.build/Debug-android-aarch64/SDWebImage-t.build/Objects-normal/aarch64/resource_bundle_accessor.d --serialize-diagnostics /host/spi-builder-workspace/.build/out/Intermediates.noindex/SDWebImage.build/Debug-android-aarch64/SDWebImage-t.build/Objects-normal/aarch64/resource_bundle_accessor.dia -c /host/spi-builder-workspace/.build/out/Intermediates.noindex/SDWebImage.build/Debug-android-aarch64/SDWebImage-t.build/DerivedSources/resource_bundle_accessor.m -o /host/spi-builder-workspace/.build/out/Intermediates.noindex/SDWebImage.build/Debug-android-aarch64/SDWebImage-t.build/Objects-normal/aarch64/resource_bundle_accessor.o
In file included from <built-in>:1:
/host/spi-builder-workspace/.build/out/Intermediates.noindex/SDWebImage.build/Debug-android-aarch64/SDWebImage-t.build/DerivedSources/resource_bundle_accessor.h:1:9: fatal error: 'Foundation/Foundation.h' file not found
    1 | #import <Foundation/Foundation.h>
      |         ^~~~~~~~~~~~~~~~~~~~~~~~~
1 error generated.
error: CompileC /host/spi-builder-workspace/.build/out/Intermediates.noindex/SDWebImage.build/Debug-android-aarch64/SDWebImage-t.build/Objects-normal/aarch64/UIView+WebCacheState.o /host/spi-builder-workspace/.build/checkouts/SDWebImage/SDWebImage/Core/UIView+WebCacheState.m normal aarch64 objective-c com.apple.compilers.llvm.clang.1_0.compiler failed with a nonzero exit code. Command line:     cd /host

    Using response file: /host/spi-builder-workspace/.build/out/Intermediates.noindex/SDWebImage.build/Debug-android-aarch64/SDWebImage-t.build/Objects-normal/aarch64/6f95552a3397ee1cec971b90cf334075d5f321c3a3b0689ad55c3d1e24702600-common-args.resp

    /root/.local/share/swiftly/toolchains/6.4.x-snapshot-2026-09-04/usr/bin/clang -x objective-c -target aarch64-unknown-linux-android28 -fmessage-length\=0 -fdiagnostics-show-note-include-stack -fmacro-backtrace-limit\=0 -fcolor-diagnostics -Wno-trigraphs -Wno-missing-field-initializers -Wno-missing-prototypes -Wno-return-type -Wno-implicit-atomic-properties -Wno-objc-interface-ivars -Wno-arc-repeated-use-of-weak -Wno-missing-braces -Wparentheses -Wswitch -Wno-unused-function -Wno-unused-label -Wno-unused-parameter -Wno-unused-variable -Wunused-value -Wno-empty-body -Wno-uninitialized -Wno-unknown-pragmas -w -Wno-shadow -Wno-four-char-constants -Wno-conversion -Wno-constant-conversion -Wno-int-conversion -Wno-bool-conversion -Wno-enum-conversion -Wno-float-conversion -Wno-non-literal-null-conversion -Wno-objc-literal-conversion -Wno-shorten-64-to-32 -Wpointer-sign -Wno-newline-eof -Wno-selector -Wno-strict-selector-match -Wno-undeclared-selector -Wno-deprecated-implementations -Wno-implicit-fallthrough -fstrict-aliasing -Wprotocol -Wdeprecated-declarations -Wno-sign-conversion -Wno-infinite-recursion -Wno-comma -Wno-block-capture-autoreleasing -Wno-strict-prototypes -Wno-semicolon-before-method-body --sysroot /android-ndk/android-ndk-r27d/toolchains/llvm/prebuilt/linux-x86_64/sysroot @/host/spi-builder-workspace/.build/out/Intermediates.noindex/SDWebImage.build/Debug-android-aarch64/SDWebImage-t.build/Objects-normal/aarch64/6f95552a3397ee1cec971b90cf334075d5f321c3a3b0689ad55c3d1e24702600-common-args.resp -include /host/spi-builder-workspace/.build/out/Intermediates.noindex/SDWebImage.build/Debug-android-aarch64/SDWebImage-t.build/DerivedSources/resource_bundle_accessor.h -MMD -MT dependencies -MF /host/spi-builder-workspace/.build/out/Intermediates.noindex/SDWebImage.build/Debug-android-aarch64/SDWebImage-t.build/Objects-normal/aarch64/UIView+WebCacheState.d --serialize-diagnostics /host/spi-builder-workspace/.build/out/Intermediates.noindex/SDWebImage.build/Debug-android-aarch64/SDWebImage-t.build/Objects-normal/aarch64/UIView+WebCacheState.dia -c /host/spi-builder-workspace/.build/checkouts/SDWebImage/SDWebImage/Core/UIView+WebCacheState.m -o /host/spi-builder-workspace/.build/out/Intermediates.noindex/SDWebImage.build/Debug-android-aarch64/SDWebImage-t.build/Objects-normal/aarch64/UIView+WebCacheState.o
In file included from <built-in>:1:
/host/spi-builder-workspace/.build/out/Intermediates.noindex/SDWebImage.build/Debug-android-aarch64/SDWebImage-t.build/DerivedSources/resource_bundle_accessor.h:1:9: fatal error: 'Foundation/Foundation.h' file not found
    1 | #import <Foundation/Foundation.h>
      |         ^~~~~~~~~~~~~~~~~~~~~~~~~
1 error generated.
error: CompileC /host/spi-builder-workspace/.build/out/Intermediates.noindex/SDWebImage.build/Debug-android-aarch64/SDWebImage-t.build/Objects-normal/aarch64/UIImageView+HighlightedWebCache.o /host/spi-builder-workspace/.build/checkouts/SDWebImage/SDWebImage/Core/UIImageView+HighlightedWebCache.m normal aarch64 objective-c com.apple.compilers.llvm.clang.1_0.compiler failed with a nonzero exit code. Command line:     cd /host

    Using response file: /host/spi-builder-workspace/.build/out/Intermediates.noindex/SDWebImage.build/Debug-android-aarch64/SDWebImage-t.build/Objects-normal/aarch64/6f95552a3397ee1cec971b90cf334075d5f321c3a3b0689ad55c3d1e24702600-common-args.resp

    /root/.local/share/swiftly/toolchains/6.4.x-snapshot-2026-09-04/usr/bin/clang -x objective-c -target aarch64-unknown-linux-android28 -fmessage-length\=0 -fdiagnostics-show-note-include-stack -fmacro-backtrace-limit\=0 -fcolor-diagnostics -Wno-trigraphs -Wno-missing-field-initializers -Wno-missing-prototypes -Wno-return-type -Wno-implicit-atomic-properties -Wno-objc-interface-ivars -Wno-arc-repeated-use-of-weak -Wno-missing-braces -Wparentheses -Wswitch -Wno-unused-function -Wno-unused-label -Wno-unused-parameter -Wno-unused-variable -Wunused-value -Wno-empty-body -Wno-uninitialized -Wno-unknown-pragmas -w -Wno-shadow -Wno-four-char-constants -Wno-conversion -Wno-constant-conversion -Wno-int-conversion -Wno-bool-conversion -Wno-enum-conversion -Wno-float-conversion -Wno-non-literal-null-conversion -Wno-objc-literal-conversion -Wno-shorten-64-to-32 -Wpointer-sign -Wno-newline-eof -Wno-selector -Wno-strict-selector-match -Wno-undeclared-selector -Wno-deprecated-implementations -Wno-implicit-fallthrough -fstrict-aliasing -Wprotocol -Wdeprecated-declarations -Wno-sign-conversion -Wno-infinite-recursion -Wno-comma -Wno-block-capture-autoreleasing -Wno-strict-prototypes -Wno-semicolon-before-method-body --sysroot /android-ndk/android-ndk-r27d/toolchains/llvm/prebuilt/linux-x86_64/sysroot @/host/spi-builder-workspace/.build/out/Intermediates.noindex/SDWebImage.build/Debug-android-aarch64/SDWebImage-t.build/Objects-normal/aarch64/6f95552a3397ee1cec971b90cf334075d5f321c3a3b0689ad55c3d1e24702600-common-args.resp -include /host/spi-builder-workspace/.build/out/Intermediates.noindex/SDWebImage.build/Debug-android-aarch64/SDWebImage-t.build/DerivedSources/resource_bundle_accessor.h -MMD -MT dependencies -MF /host/spi-builder-workspace/.build/out/Intermediates.noindex/SDWebImage.build/Debug-android-aarch64/SDWebImage-t.build/Objects-normal/aarch64/UIImageView+HighlightedWebCache.d --serialize-diagnostics /host/spi-builder-workspace/.build/out/Intermediates.noindex/SDWebImage.build/Debug-android-aarch64/SDWebImage-t.build/Objects-normal/aarch64/UIImageView+HighlightedWebCache.dia -c /host/spi-builder-workspace/.build/checkouts/SDWebImage/SDWebImage/Core/UIImageView+HighlightedWebCache.m -o /host/spi-builder-workspace/.build/out/Intermediates.noindex/SDWebImage.build/Debug-android-aarch64/SDWebImage-t.build/Objects-normal/aarch64/UIImageView+HighlightedWebCache.o
In file included from <built-in>:1:
/host/spi-builder-workspace/.build/out/Intermediates.noindex/SDWebImage.build/Debug-android-aarch64/SDWebImage-t.build/DerivedSources/resource_bundle_accessor.h:1:9: fatal error: 'Foundation/Foundation.h' file not found
    1 | #import <Foundation/Foundation.h>
      |         ^~~~~~~~~~~~~~~~~~~~~~~~~
1 error generated.
error: CompileC /host/spi-builder-workspace/.build/out/Intermediates.noindex/SDWebImage.build/Debug-android-aarch64/SDWebImage-t.build/Objects-normal/aarch64/UIView+WebCacheOperation.o /host/spi-builder-workspace/.build/checkouts/SDWebImage/SDWebImage/Core/UIView+WebCacheOperation.m normal aarch64 objective-c com.apple.compilers.llvm.clang.1_0.compiler failed with a nonzero exit code. Command line:     cd /host

    Using response file: /host/spi-builder-workspace/.build/out/Intermediates.noindex/SDWebImage.build/Debug-android-aarch64/SDWebImage-t.build/Objects-normal/aarch64/6f95552a3397ee1cec971b90cf334075d5f321c3a3b0689ad55c3d1e24702600-common-args.resp

    /root/.local/share/swiftly/toolchains/6.4.x-snapshot-2026-09-04/usr/bin/clang -x objective-c -target aarch64-unknown-linux-android28 -fmessage-length\=0 -fdiagnostics-show-note-include-stack -fmacro-backtrace-limit\=0 -fcolor-diagnostics -Wno-trigraphs -Wno-missing-field-initializers -Wno-missing-prototypes -Wno-return-type -Wno-implicit-atomic-properties -Wno-objc-interface-ivars -Wno-arc-repeated-use-of-weak -Wno-missing-braces -Wparentheses -Wswitch -Wno-unused-function -Wno-unused-label -Wno-unused-parameter -Wno-unused-variable -Wunused-value -Wno-empty-body -Wno-uninitialized -Wno-unknown-pragmas -w -Wno-shadow -Wno-four-char-constants -Wno-conversion -Wno-constant-conversion -Wno-int-conversion -Wno-bool-conversion -Wno-enum-conversion -Wno-float-conversion -Wno-non-literal-null-conversion -Wno-objc-literal-conversion -Wno-shorten-64-to-32 -Wpointer-sign -Wno-newline-eof -Wno-selector -Wno-strict-selector-match -Wno-undeclared-selector -Wno-deprecated-implementations -Wno-implicit-fallthrough -fstrict-aliasing -Wprotocol -Wdeprecated-declarations -Wno-sign-conversion -Wno-infinite-recursion -Wno-comma -Wno-block-capture-autoreleasing -Wno-strict-prototypes -Wno-semicolon-before-method-body --sysroot /android-ndk/android-ndk-r27d/toolchains/llvm/prebuilt/linux-x86_64/sysroot @/host/spi-builder-workspace/.build/out/Intermediates.noindex/SDWebImage.build/Debug-android-aarch64/SDWebImage-t.build/Objects-normal/aarch64/6f95552a3397ee1cec971b90cf334075d5f321c3a3b0689ad55c3d1e24702600-common-args.resp -include /host/spi-builder-workspace/.build/out/Intermediates.noindex/SDWebImage.build/Debug-android-aarch64/SDWebImage-t.build/DerivedSources/resource_bundle_accessor.h -MMD -MT dependencies -MF /host/spi-builder-workspace/.build/out/Intermediates.noindex/SDWebImage.build/Debug-android-aarch64/SDWebImage-t.build/Objects-normal/aarch64/UIView+WebCacheOperation.d --serialize-diagnostics /host/spi-builder-workspace/.build/out/Intermediates.noindex/SDWebImage.build/Debug-android-aarch64/SDWebImage-t.build/Objects-normal/aarch64/UIView+WebCacheOperation.dia -c /host/spi-builder-workspace/.build/checkouts/SDWebImage/SDWebImage/Core/UIView+WebCacheOperation.m -o /host/spi-builder-workspace/.build/out/Intermediates.noindex/SDWebImage.build/Debug-android-aarch64/SDWebImage-t.build/Objects-normal/aarch64/UIView+WebCacheOperation.o
In file included from <built-in>:1:
/host/spi-builder-workspace/.build/out/Intermediates.noindex/SDWebImage.build/Debug-android-aarch64/SDWebImage-t.build/DerivedSources/resource_bundle_accessor.h:1:9: fatal error: 'Foundation/Foundation.h' file not found
    1 | #import <Foundation/Foundation.h>
      |         ^~~~~~~~~~~~~~~~~~~~~~~~~
1 error generated.
error: CompileC /host/spi-builder-workspace/.build/out/Intermediates.noindex/SDWebImage.build/Debug-android-aarch64/SDWebImage-t.build/Objects-normal/aarch64/UIImageView+WebCache.o /host/spi-builder-workspace/.build/checkouts/SDWebImage/SDWebImage/Core/UIImageView+WebCache.m normal aarch64 objective-c com.apple.compilers.llvm.clang.1_0.compiler failed with a nonzero exit code. Command line:     cd /host

    Using response file: /host/spi-builder-workspace/.build/out/Intermediates.noindex/SDWebImage.build/Debug-android-aarch64/SDWebImage-t.build/Objects-normal/aarch64/6f95552a3397ee1cec971b90cf334075d5f321c3a3b0689ad55c3d1e24702600-common-args.resp

    /root/.local/share/swiftly/toolchains/6.4.x-snapshot-2026-09-04/usr/bin/clang -x objective-c -target aarch64-unknown-linux-android28 -fmessage-length\=0 -fdiagnostics-show-note-include-stack -fmacro-backtrace-limit\=0 -fcolor-diagnostics -Wno-trigraphs -Wno-missing-field-initializers -Wno-missing-prototypes -Wno-return-type -Wno-implicit-atomic-properties -Wno-objc-interface-ivars -Wno-arc-repeated-use-of-weak -Wno-missing-braces -Wparentheses -Wswitch -Wno-unused-function -Wno-unused-label -Wno-unused-parameter -Wno-unused-variable -Wunused-value -Wno-empty-body -Wno-uninitialized -Wno-unknown-pragmas -w -Wno-shadow -Wno-four-char-constants -Wno-conversion -Wno-constant-conversion -Wno-int-conversion -Wno-bool-conversion -Wno-enum-conversion -Wno-float-conversion -Wno-non-literal-null-conversion -Wno-objc-literal-conversion -Wno-shorten-64-to-32 -Wpointer-sign -Wno-newline-eof -Wno-selector -Wno-strict-selector-match -Wno-undeclared-selector -Wno-deprecated-implementations -Wno-implicit-fallthrough -fstrict-aliasing -Wprotocol -Wdeprecated-declarations -Wno-sign-conversion -Wno-infinite-recursion -Wno-comma -Wno-block-capture-autoreleasing -Wno-strict-prototypes -Wno-semicolon-before-method-body --sysroot /android-ndk/android-ndk-r27d/toolchains/llvm/prebuilt/linux-x86_64/sysroot @/host/spi-builder-workspace/.build/out/Intermediates.noindex/SDWebImage.build/Debug-android-aarch64/SDWebImage-t.build/Objects-normal/aarch64/6f95552a3397ee1cec971b90cf334075d5f321c3a3b0689ad55c3d1e24702600-common-args.resp -include /host/spi-builder-workspace/.build/out/Intermediates.noindex/SDWebImage.build/Debug-android-aarch64/SDWebImage-t.build/DerivedSources/resource_bundle_accessor.h -MMD -MT dependencies -MF /host/spi-builder-workspace/.build/out/Intermediates.noindex/SDWebImage.build/Debug-android-aarch64/SDWebImage-t.build/Objects-normal/aarch64/UIImageView+WebCache.d --serialize-diagnostics /host/spi-builder-workspace/.build/out/Intermediates.noindex/SDWebImage.build/Debug-android-aarch64/SDWebImage-t.build/Objects-normal/aarch64/UIImageView+WebCache.dia -c /host/spi-builder-workspace/.build/checkouts/SDWebImage/SDWebImage/Core/UIImageView+WebCache.m -o /host/spi-builder-workspace/.build/out/Intermediates.noindex/SDWebImage.build/Debug-android-aarch64/SDWebImage-t.build/Objects-normal/aarch64/UIImageView+WebCache.o
error: Build failed
BUILD FAILURE 6.4 android