Build Information
Failed to build TrustKit, reference 3.0.8 (a6a36d), with Swift 6.2 for Wasm on 16 Oct 2026 19:37:18 UTC.
Build Command
bash -c docker run --pull=always --rm -v "checkouts-53886768-0":/host -w "$PWD" -e JAVA_HOME="/root/.sdkman/candidates/java/current" -e SPI_BUILD="1" -e SPI_PROCESSING="1" registry.gitlab.com/saguaro1/spi-images:wasm-6.2-latest swift build --swift-sdk swift-6.2-RELEASE_wasm 2>&1Build Log
========================================
RunAll
========================================
Builder version: 5.1.3
Interrupt handler set up.
========================================
Checkout
========================================
Clone URL: https://github.com/datatheorem/TrustKit.git
Reference: 3.0.8
Initialized empty Git repository in /host/spi-builder-workspace/.git/
hint: Using 'master' as the name for the initial branch. This default branch name
hint: is subject to change. To configure the initial branch name to use in all
hint: of your new repositories, which will suppress this warning, call:
hint:
hint: git config --global init.defaultBranch <name>
hint:
hint: Names commonly chosen instead of 'master' are 'main', 'trunk' and
hint: 'development'. The just-created branch can be renamed via this command:
hint:
hint: git branch -m <name>
From https://github.com/datatheorem/TrustKit
* tag 3.0.8 -> FETCH_HEAD
HEAD is now at a6a36d7 Stop blocking on the main thread while holding the SPKI cache lock (#364)
Cloned https://github.com/datatheorem/TrustKit.git
Revision (git rev-parse @):
a6a36d7eae622c6375f091f3c307006b2556e90c
SUCCESS checkout https://github.com/datatheorem/TrustKit.git at 3.0.8
========================================
Build
========================================
Selected platform: wasm
Swift version: 6.2
Building package at path: $PWD
https://github.com/datatheorem/TrustKit.git
Running build ...
bash -c docker run --pull=always --rm -v "checkouts-53886768-0":/host -w "$PWD" -e JAVA_HOME="/root/.sdkman/candidates/java/current" -e SPI_BUILD="1" -e SPI_PROCESSING="1" registry.gitlab.com/saguaro1/spi-images:wasm-6.2-latest swift build --swift-sdk swift-6.2-RELEASE_wasm 2>&1
wasm-6.2-latest: Pulling from saguaro1/spi-images
Digest: sha256:0563b842faffea9ddc6fe15fbd2051d02dff3ef29dc4b5bfe0a0910a084eee81
Status: Image is up to date for registry.gitlab.com/saguaro1/spi-images:wasm-6.2-latest
Building for debugging...
[0/23] Copying PrivacyInfo.xcprivacy
In file included from <built-in>:1:
/host/spi-builder-workspace/.build/wasm32-unknown-wasip1/debug/TrustKit.build/DerivedSources/resource_bundle_accessor.h:2:9: fatal error: 'Foundation/Foundation.h' file not found
2 | #import <Foundation/Foundation.h>
| ^~~~~~~~~~~~~~~~~~~~~~~~~
1 error generated.
[1/23] Compiling TrustKit TSKTrustKitConfig.m
In file included from <built-in>:1:
/host/spi-builder-workspace/.build/wasm32-unknown-wasip1/debug/TrustKit.build/DerivedSources/resource_bundle_accessor.h:2:9: fatal error: 'Foundation/Foundation.h' file not found
2 | #import <Foundation/Foundation.h>
| ^~~~~~~~~~~~~~~~~~~~~~~~~
1 error generated.
[1/23] Compiling TrustKit TrustKit.m
In file included from <built-in>:1:
/host/spi-builder-workspace/.build/wasm32-unknown-wasip1/debug/TrustKit.build/DerivedSources/resource_bundle_accessor.h:2:9: fatal error: 'Foundation/Foundation.h' file not found
2 | #import <Foundation/Foundation.h>
| ^~~~~~~~~~~~~~~~~~~~~~~~~
1 error generated.
[1/23] Compiling TSKNSURLSessionDelegateProxy.m
In file included from <built-in>:1:
/host/spi-builder-workspace/.build/wasm32-unknown-wasip1/debug/TrustKit.build/DerivedSources/resource_bundle_accessor.h:2:9: fatal error: 'Foundation/Foundation.h' file not found
2 | #import <Foundation/Foundation.h>
| ^~~~~~~~~~~~~~~~~~~~~~~~~
[1/23] Compiling TrustKit parse_configuration.m
In file included from <built-in>:1:
/host/spi-builder-workspace/.build/wasm32-unknown-wasip1/debug/TrustKit.build/DerivedSources/resource_bundle_accessor.h:2:9: fatal error: 'Foundation/Foundation.h' file not found
2 | #import <Foundation/Foundation.h>
| ^~~~~~~~~~~~~~~~~~~~~~~~~
[1/23] Compiling TSKNSURLConnectionDelegateProxy.m
In file included from <built-in>:1:
/host/spi-builder-workspace/.build/wasm32-unknown-wasip1/debug/TrustKit.build/DerivedSources/resource_bundle_accessor.h:2:9: fatal error: 'Foundation/Foundation.h' file not found
2 | #import <Foundation/Foundation.h>
| ^~~~~~~~~~~~~~~~~~~~~~~~~
1 error generated.
[1/23] Compiling TrustKit TSKPinningValidatorResult.m
In file included from <built-in>:1:
/host/spi-builder-workspace/.build/wasm32-unknown-wasip1/debug/TrustKit.build/DerivedSources/resource_bundle_accessor.h:2:9: fatal error: 'Foundation/Foundation.h' file not found
2 | #import <Foundation/Foundation.h>
| ^~~~~~~~~~~~~~~~~~~~~~~~~
[1/23] Compiling TrustKit configuration_utils.m
In file included from <built-in>:1:
/host/spi-builder-workspace/.build/wasm32-unknown-wasip1/debug/TrustKit.build/DerivedSources/resource_bundle_accessor.h:2:9: fatal error: 'Foundation/Foundation.h' file not found
2 | #import <Foundation/Foundation.h>
| ^~~~~~~~~~~~~~~~~~~~~~~~~
[1/23] Compiling TrustKit TSKPinningValidator.m
BUILD FAILURE 6.2 wasm