The Swift Package Index logo.Swift Package Index

Build Information

Failed to build Swiftdansi, reference main (44daf7), with Swift 6.4 for Android on 28 Sep 2026 07:01:10 UTC.

Build Command

bash -c docker run --pull=always --rm -v "checkouts-54344845-0":/host -w "$PWD" -e JAVA_HOME="/root/.sdkman/candidates/java/current" -e SPI_BUILD="1" -e SPI_PROCESSING="1" registry.gitlab.com/saguaro1/spi-images:android-6.4-latest swift build --swift-sdk aarch64-unknown-linux-android28 2>&1

Build Log

========================================
RunAll
========================================
Builder version: 5.1.0
Interrupt handler set up.
========================================
Checkout
========================================
Clone URL: https://github.com/steipete/Swiftdansi.git
Reference: main
Initialized empty Git repository in /host/spi-builder-workspace/.git/
hint: Using 'master' as the name for the initial branch. This default branch name
hint: is subject to change. To configure the initial branch name to use in all
hint: of your new repositories, which will suppress this warning, call:
hint:
hint: 	git config --global init.defaultBranch <name>
hint:
hint: Names commonly chosen instead of 'master' are 'main', 'trunk' and
hint: 'development'. The just-created branch can be renamed via this command:
hint:
hint: 	git branch -m <name>
From https://github.com/steipete/Swiftdansi
 * branch            main       -> FETCH_HEAD
 * [new branch]      main       -> origin/main
HEAD is now at 44daf7a chore: open 0.3.2 unreleased
Cloned https://github.com/steipete/Swiftdansi.git
Revision (git rev-parse @):
44daf7a25bc1996a635afb037b1b8139443a034a
SPI manifest file found: $PWD/.spi.yml
SUCCESS checkout https://github.com/steipete/Swiftdansi.git at main
========================================
Build
========================================
Selected platform:         android
Swift version:             6.4
Building package at path:  $PWD
https://github.com/steipete/Swiftdansi.git
Running build ...
bash -c docker run --pull=always --rm -v "checkouts-54344845-0":/host -w "$PWD" -e JAVA_HOME="/root/.sdkman/candidates/java/current" -e SPI_BUILD="1" -e SPI_PROCESSING="1" registry.gitlab.com/saguaro1/spi-images:android-6.4-latest swift build --swift-sdk aarch64-unknown-linux-android28 2>&1
android-6.4-latest: Pulling from saguaro1/spi-images
Digest: sha256:abadcff584c273feba50641b454858d377ba30b35ea7287a94f45ebd8afd0ea0
Status: Image is up to date for registry.gitlab.com/saguaro1/spi-images:android-6.4-latest
Fetching https://github.com/apple/swift-argument-parser
Fetching https://github.com/ainame/swift-displaywidth
Fetching https://github.com/apple/swift-markdown
[1/266] Fetching swift-displaywidth
[267/19214] Fetching swift-displaywidth, swift-argument-parser
[5194/26963] Fetching swift-displaywidth, swift-argument-parser, swift-markdown
Fetched https://github.com/ainame/swift-displaywidth (0.73s)
Fetched https://github.com/apple/swift-markdown (0.76s)
Fetched https://github.com/apple/swift-argument-parser (0.77s)
Computing version for https://github.com/ainame/swift-displaywidth
Computed https://github.com/ainame/swift-displaywidth at 0.2.0 (0.93s)
Computing version for https://github.com/apple/swift-markdown
Computed https://github.com/apple/swift-markdown at 0.9.0 (1.12s)
Fetching https://github.com/swiftlang/swift-cmark.git
[1/18602] Fetching swift-cmark
Fetched https://github.com/swiftlang/swift-cmark.git (1.02s)
Computing version for https://github.com/swiftlang/swift-cmark.git
Computed https://github.com/swiftlang/swift-cmark.git at 0.9.0 (2.12s)
Computing version for https://github.com/apple/swift-argument-parser
Computed https://github.com/apple/swift-argument-parser at 1.8.2 (0.18s)
Creating working copy for https://github.com/apple/swift-argument-parser
Working copy of https://github.com/apple/swift-argument-parser resolved at 1.8.2
Creating working copy for https://github.com/apple/swift-markdown
Working copy of https://github.com/apple/swift-markdown resolved at 0.9.0
Creating working copy for https://github.com/ainame/swift-displaywidth
Working copy of https://github.com/ainame/swift-displaywidth resolved at 0.2.0
Creating working copy for https://github.com/swiftlang/swift-cmark.git
Working copy of https://github.com/swiftlang/swift-cmark.git resolved at 0.9.0
Building for debugging...
[Computing dependencies]
[Pre-planning 1 / 364]
[Planning deferred tasks]
[69 / 148]
[83 / 148] cmark-gfm
[92 / 148] cmark-gfm
[108 / 161] DisplayWidth
[111 / 170] cmark-gfm
[118 / 170] Markdown
[118 / 170] DisplayWidth
[126 / 170] Markdown
[127 / 170] Markdown-product
[128 / 171] Markdown-product
[129 / 171] Markdown-product
[131 / 171] DisplayWidth
[132 / 171] DisplayWidth
[132 / 171] CAtomic
[135 / 171]
[137 / 172] ArgumentParserToolInfo
[142 / 181] ArgumentParser
[143 / 181] ArgumentParser
[144 / 182] Markdown
[153 / 182] Markdown
[153 / 182] ArgumentParser
[154 / 182] ArgumentParser
[157 / 183] ArgumentParser
[157 / 183] DisplayWidth
error: SwiftCompile normal aarch64 /host/spi-builder-workspace/Sources/Swiftdansi/Options.swift failed with a nonzero exit code. Command line:     cd /host
    builtin-SwiftPerFileCompile Options.swift
/host/spi-builder-workspace/Sources/Swiftdansi/Options.swift:96:52: error: cannot find 'STDOUT_FILENO' in scope
 94 | }
 95 |
 96 | func detectedTerminalWidth(fileDescriptor: Int32 = STDOUT_FILENO) -> Int? {
    |                                                    `- error: cannot find 'STDOUT_FILENO' in scope
 97 |     var terminalSize = winsize()
 98 |     #if canImport(Darwin)
/host/spi-builder-workspace/Sources/Swiftdansi/Options.swift:18:20: error: cannot find 'isatty' in scope
 16 |         return TerminalContext(
 17 |             environment: environment,
 18 |             isTTY: isatty(fileDescriptor) != 0,
    |                    `- error: cannot find 'isatty' in scope
 19 |             width: terminalWidth(
 20 |                 environment: environment,
/host/spi-builder-workspace/Sources/Swiftdansi/Options.swift:97:24: error: cannot find 'winsize' in scope
 95 |
 96 | func detectedTerminalWidth(fileDescriptor: Int32 = STDOUT_FILENO) -> Int? {
 97 |     var terminalSize = winsize()
    |                        `- error: cannot find 'winsize' in scope
 98 |     #if canImport(Darwin)
 99 |     let result = ioctl(fileDescriptor, TIOCGWINSZ, &terminalSize)
Failed frontend command:
/root/.local/share/swiftly/toolchains/6.4.x-snapshot-2026-09-04/usr/bin/swift-frontend -frontend -c /host/spi-builder-workspace/.build/out/Intermediates.noindex/Swiftdansi.build/Debug-android-aarch64/Swiftdansi-t.build/DerivedSources/resource_bundle_accessor.swift /host/spi-builder-workspace/Sources/Swiftdansi/ANSI.swift -primary-file /host/spi-builder-workspace/Sources/Swiftdansi/Hyperlink.swift -primary-file /host/spi-builder-workspace/Sources/Swiftdansi/Options.swift /host/spi-builder-workspace/Sources/Swiftdansi/Parser.swift /host/spi-builder-workspace/Sources/Swiftdansi/RenderOptions.swift /host/spi-builder-workspace/Sources/Swiftdansi/Renderer.swift /host/spi-builder-workspace/Sources/Swiftdansi/Styler.swift /host/spi-builder-workspace/Sources/Swiftdansi/Theme.swift /host/spi-builder-workspace/Sources/Swiftdansi/Wrap.swift -emit-dependencies-path /host/spi-builder-workspace/.build/out/Intermediates.noindex/Swiftdansi.build/Debug-android-aarch64/Swiftdansi-t.build/Objects-normal/aarch64/Hyperlink.d -emit-const-values-path /host/spi-builder-workspace/.build/out/Intermediates.noindex/Swiftdansi.build/Debug-android-aarch64/Swiftdansi-t.build/Objects-normal/aarch64/Hyperlink.swiftconstvalues -emit-reference-dependencies-path /host/spi-builder-workspace/.build/out/Intermediates.noindex/Swiftdansi.build/Debug-android-aarch64/Swiftdansi-t.build/Objects-normal/aarch64/Hyperlink.swiftdeps -serialize-diagnostics-path /host/spi-builder-workspace/.build/out/Intermediates.noindex/Swiftdansi.build/Debug-android-aarch64/Swiftdansi-t.build/Objects-normal/aarch64/Hyperlink.dia -emit-dependencies-path /host/spi-builder-workspace/.build/out/Intermediates.noindex/Swiftdansi.build/Debug-android-aarch64/Swiftdansi-t.build/Objects-normal/aarch64/Options.d -emit-const-values-path /host/spi-builder-workspace/.build/out/Intermediates.noindex/Swiftdansi.build/Debug-android-aarch64/Swiftdansi-t.build/Objects-normal/aarch64/Options.swiftconstvalues -emit-reference-dependencies-path /host/spi-builder-workspace/.build/out/Intermediates.noindex/Swiftdansi.build/Debug-android-aarch64/Swiftdansi-t.build/Objects-normal/aarch64/Options.swiftdeps -serialize-diagnostics-path /host/spi-builder-workspace/.build/out/Intermediates.noindex/Swiftdansi.build/Debug-android-aarch64/Swiftdansi-t.build/Objects-normal/aarch64/Options.dia -target aarch64-unknown-linux-android28 -Xllvm -aarch64-use-tbi -disable-objc-interop -sdk /android-ndk/android-ndk-r27d/toolchains/llvm/prebuilt/linux-x86_64/sysroot -sysroot /android-ndk/android-ndk-r27d/toolchains/llvm/prebuilt/linux-x86_64/sysroot -I /host/spi-builder-workspace/.build/out/Products/Debug-android-aarch64 -module-cache-path /host/spi-builder-workspace/.build/out/ModuleCache.noindex -color-diagnostics -Xcc -fcolor-diagnostics -enable-testing -g -debug-info-format\=dwarf -dwarf-version\=4 -swift-version 6 -Onone -D SWIFT_PACKAGE -D DEBUG -D SWIFT_MODULE_RESOURCE_BUNDLE_AVAILABLE -D Xcode -serialize-debugging-options -enable-experimental-feature DebugDescriptionMacro -empty-abi-descriptor -external-plugin-path /root/.local/share/swiftly/toolchains/6.4.x-snapshot-2026-09-04/usr/lib/swift/host/plugins/testing\#/root/.local/share/swiftly/toolchains/6.4.x-snapshot-2026-09-04/usr/bin/swift-plugin-server -validate-clang-modules-once -clang-build-session-file /host/spi-builder-workspace/.build/out/ModuleCache.noindex/Session.modulevalidation -Xcc -working-directory -Xcc /host -resource-dir /root/.swiftpm/swift-sdks/swift-6.4.x-DEVELOPMENT-SNAPSHOT-2026-09-04-a_android.artifactbundle/swift-android/swift-resources/usr/lib/swift-aarch64 -enable-anonymous-context-mangled-names -file-compilation-dir /host -Xcc -resource-dir -Xcc /android-ndk/android-ndk-r27d/toolchains/llvm/prebuilt/linux-x86_64/lib/clang/18 -Xcc -fmodule-map-file\=/host/spi-builder-workspace/.build/checkouts/swift-cmark/src/include/module.modulemap -Xcc -fmodule-map-file\=/host/spi-builder-workspace/.build/checkouts/swift-cmark/extensions/include/module.modulemap -Xcc -fmodule-map-file\=/host/spi-builder-workspace/.build/checkouts/swift-markdown/Sources/CAtomic/include/module.modulemap -Xcc -fno-omit-frame-pointer -Xcc -D_LIBCPP_HARDENING_MODE\=_LIBCPP_HARDENING_MODE_DEBUG -Xcc -fmodules-prune-interval\=86400 -Xcc -fmodules-prune-after\=345600 -Xcc -I/host/spi-builder-workspace/.build/checkouts/swift-cmark/src/include -Xcc -I/host/spi-builder-workspace/.build/checkouts/swift-cmark/extensions/include -Xcc -I/host/spi-builder-workspace/.build/checkouts/swift-markdown/Sources/CAtomic/include -Xcc -I/host/spi-builder-workspace/.build/out/Products/Debug-android-aarch64/include -Xcc -I/host/spi-builder-workspace/.build/out/Intermediates.noindex/Swiftdansi.build/Debug-android-aarch64/Swiftdansi-t.build/DerivedSources-normal/aarch64 -Xcc -I/host/spi-builder-workspace/.build/out/Intermediates.noindex/Swiftdansi.build/Debug-android-aarch64/Swiftdansi-t.build/DerivedSources/aarch64 -Xcc -I/host/spi-builder-workspace/.build/out/Intermediates.noindex/Swiftdansi.build/Debug-android-aarch64/Swiftdansi-t.build/DerivedSources -Xcc -DSWIFT_PACKAGE -Xcc -DDEBUG\=1 -no-auto-bridging-header-chaining -module-name Swiftdansi -package-name spi_builder_workspace -const-gather-protocols-file /host/spi-builder-workspace/.build/out/Intermediates.noindex/Swiftdansi.build/Debug-android-aarch64/Swiftdansi-t.build/Objects-normal/aarch64/Swiftdansi_const_extract_protocols.json -in-process-plugin-server-path /root/.local/share/swiftly/toolchains/6.4.x-snapshot-2026-09-04/usr/lib/swift/host/libSwiftInProcPluginServer.so -plugin-path /root/.local/share/swiftly/toolchains/6.4.x-snapshot-20[171 / 193] Swiftdansi
26-09-04/usr/lib/swift/host/plugins -plugin-path /root/.local/share/swiftly/toolchains/6.4.x-snapshot-2026-09-04/usr/local/lib/swift/host/plugins -parse-as-library -o /host/spi-builder-workspace/.build/out/Intermediates.noindex/Swiftdansi.build/Debug-android-aarch64/Swiftdansi-t.build/Objects-normal/aarch64/Hyperlink.o -o /host/spi-builder-workspace/.build/out/Intermediates.noindex/Swiftdansi.build/Debug-android-aarch64/Swiftdansi-t.build/Objects-normal/aarch64/Options.o -index-unit-output-path /Swiftdansi.build/Debug-android-aarch64/Swiftdansi-t.build/Objects-normal/aarch64/Hyperlink.o -index-unit-output-path /Swiftdansi.build/Debug-android-aarch64/Swiftdansi-t.build/Objects-normal/aarch64/Options.o -index-store-path /host/spi-builder-workspace/.build/out -index-system-modules
error: Build failed
BUILD FAILURE 6.4 android