The Swift Package Index logo.Swift Package Index

Build Information

Failed to build InjectableViews, reference main (df57c0), with Swift 6.4 for Linux on 22 Sep 2026 18:19:42 UTC.

Build Command

bash -c docker run --pull=always --rm -v "checkouts-54344843-2":/host -w "$PWD" -e JAVA_HOME="/root/.sdkman/candidates/java/current" -e SPI_BUILD="1" -e SPI_PROCESSING="1" registry.gitlab.com/saguaro1/spi-images:basic-6.4-latest swift build --triple x86_64-unknown-linux-gnu 2>&1

Build Log

========================================
RunAll
========================================
Builder version: 5.1.0
Interrupt handler set up.
========================================
Checkout
========================================
Clone URL: https://github.com/mohamedsalahnassar/InjectableViews.git
Reference: main
Initialized empty Git repository in /host/spi-builder-workspace/.git/
hint: Using 'master' as the name for the initial branch. This default branch name
hint: is subject to change. To configure the initial branch name to use in all
hint: of your new repositories, which will suppress this warning, call:
hint:
hint: 	git config --global init.defaultBranch <name>
hint:
hint: Names commonly chosen instead of 'master' are 'main', 'trunk' and
hint: 'development'. The just-created branch can be renamed via this command:
hint:
hint: 	git branch -m <name>
From https://github.com/mohamedsalahnassar/InjectableViews
 * branch            main       -> FETCH_HEAD
 * [new branch]      main       -> origin/main
HEAD is now at df57c04 Test OverridesMaintainer and override cleanup (#2)
Cloned https://github.com/mohamedsalahnassar/InjectableViews.git
Revision (git rev-parse @):
df57c0489730043ce2f85730eddddb1cdc9a85a2
SUCCESS checkout https://github.com/mohamedsalahnassar/InjectableViews.git at main
========================================
Build
========================================
Selected platform:         linux
Swift version:             6.4
Building package at path:  $PWD
https://github.com/mohamedsalahnassar/InjectableViews.git
Running build ...
bash -c docker run --pull=always --rm -v "checkouts-54344843-2":/host -w "$PWD" -e JAVA_HOME="/root/.sdkman/candidates/java/current" -e SPI_BUILD="1" -e SPI_PROCESSING="1" registry.gitlab.com/saguaro1/spi-images:basic-6.4-latest swift build --triple x86_64-unknown-linux-gnu 2>&1
basic-6.4-latest: Pulling from saguaro1/spi-images
Digest: sha256:c77fcce225e223ac0fafed844619173fc6de8d62dd560eeb28db3182af6a282b
Status: Image is up to date for registry.gitlab.com/saguaro1/spi-images:basic-6.4-latest
Fetching https://github.com/apple/swift-syntax.git
[1/80009] Fetching swift-syntax
Fetched https://github.com/apple/swift-syntax.git (3.88s)
Computing version for https://github.com/apple/swift-syntax.git
Computed https://github.com/apple/swift-syntax.git at 509.1.1 (5.08s)
Creating working copy for https://github.com/apple/swift-syntax.git
Working copy of https://github.com/apple/swift-syntax.git resolved at 509.1.1
Building for debugging...
[Computing dependencies]
[Constructing description]
[Pre-planning 1 / 475]
[Planning deferred tasks]
[95 / 199] SwiftSyntax509
[98 / 201] SwiftSyntax509
[111 / 211] SwiftSyntax
[111 / 212] SwiftSyntax
[113 / 212] SwiftSyntax
[115 / 212] SwiftSyntax509
[115 / 212] SwiftSyntax
[126 / 221] SwiftDiagnostics
[128 / 237] SwiftParser
[129 / 237] SwiftParser
[131 / 237] SwiftDiagnostics
[142 / 237] SwiftParser
[143 / 237] SwiftParser
[144 / 237] SwiftParser
[146 / 237] SwiftParser
[150 / 237] SwiftParser
[152 / 237] SwiftDiagnostics
[154 / 237] SwiftDiagnostics
[155 / 237] SwiftDiagnostics
[155 / 237] SwiftOperators
[156 / 237] SwiftOperators
[158 / 237] SwiftDiagnostics
[158 / 237] SwiftBasicFormat
[159 / 237] SwiftParserDiagnostics
[160 / 238] SwiftParserDiagnostics
[161 / 238]
[165 / 248] SwiftParserDiagnostics
[166 / 249] SwiftParserDiagnostics
[167 / 249] SwiftParserDiagnostics
[169 / 249] SwiftParserDiagnostics
[173 / 250] SwiftParserDiagnostics
[174 / 250] SwiftSyntaxBuilder
[175 / 250] SwiftSyntaxBuilder
[177 / 250] SwiftParserDiagnostics
[178 / 250] SwiftParser
[180 / 250] SwiftParser
[184 / 260] SwiftOperators
[186 / 260] SwiftOperators
[187 / 260] SwiftOperators
[188 / 260] SwiftOperators
[189 / 260] SwiftOperators
[190 / 260] SwiftOperators
[196 / 260] SwiftOperators
[199 / 270] SwiftSyntaxBuilder
[201 / 271] SwiftSyntaxBuilder
[202 / 271] SwiftSyntaxBuilder
[205 / 272] SwiftSyntaxBuilder
[210 / 272] SwiftSyntaxBuilder
[212 / 272] SwiftSyntaxMacros
[215 / 273]
[218 / 282] SwiftSyntaxMacros
[219 / 282] SwiftSyntaxMacros
[221 / 282] SwiftSyntaxMacros
[226 / 282] SwiftSyntaxMacros
[228 / 282] SwiftSyntaxMacros-product
[231 / 284] SwiftSyntaxMacroExpansion
[234 / 292] SwiftSyntaxMacros
[235 / 292] SwiftSyntaxMacroExpansion
[237 / 292] SwiftSyntaxMacros
[238 / 292] SwiftSyntaxMacroExpansion
[239 / 292] SwiftSyntaxMacroExpansion
[241 / 292] SwiftSyntaxMacroExpansion
[249 / 300] SwiftCompilerPluginMessageHandling
[250 / 300] SwiftCompilerPluginMessageHandling
[252 / 300] SwiftCompilerPluginMessageHandling
[257 / 301] SwiftSyntaxBuilder
[257 / 301] SwiftCompilerPluginMessageHandling
[259 / 301] SwiftCompilerPluginMessageHandling
[261 / 301] SwiftCompilerPluginMessageHandling
[261 / 301] SwiftCompilerPlugin
[264 / 304] SwiftCompilerPlugin
[264 / 304] SwiftSyntaxMacroExpansion
[265 / 305] SwiftSyntaxMacroExpansion
[266 / 305] SwiftCompilerPlugin
[271 / 305] SwiftCompilerPluginMessageHandling
[273 / 306] SwiftCompilerPlugin
[274 / 307] SwiftCompilerPlugin
[275 / 307] SwiftSyntax
[278 / 308] SwiftSyntax
[281 / 308] SwiftParser
[284 / 308] SwiftSyntaxBuilder
[292 / 309] InjectableViewsMacros
[293 / 309] InjectableViewsMacros
[297 / 313] InjectableViewsMacros
/host/spi-builder-workspace/Sources/InjectableViewsMacros/InjectableViewMacro.swift:113:32: warning: no calls to throwing functions occur within 'try' expression [#]8;;https://docs.swift.org/compiler/documentation/diagnostics/unnecessary-effect-marker\UnnecessaryEffectMarker]8;;\]
111 |
112 |         // Generate the computed property
113 |         let computedProperty = try DeclSyntax(stringLiteral: """
    |                                `- warning: no calls to throwing functions occur within 'try' expression [#]8;;https://docs.swift.org/compiler/documentation/diagnostics/unnecessary-effect-marker\UnnecessaryEffectMarker]8;;\]
114 |         var \(propertyName): some View {
115 |             if let override = _overridesMaintainer.override(for: "\(propertyName)") {
/host/spi-builder-workspace/Sources/InjectableViewsMacros/InjectableViewMacro.swift:137:29: warning: 'identifier' is deprecated: renamed to 'name' [#]8;;https://docs.swift.org/compiler/documentation/diagnostics/deprecated-declaration\DeprecatedDeclaration]8;;\]
135 |     ) throws -> [DeclSyntax] {
136 |         // Extract the function name
137 |         let name = funcDecl.identifier.text
    |                             |- warning: 'identifier' is deprecated: renamed to 'name' [#]8;;https://docs.swift.org/compiler/documentation/diagnostics/deprecated-declaration\DeprecatedDeclaration]8;;\]
    |                             `- note: use 'name' instead
138 |
139 |         // Ensure the function name ends with "Builder"
/host/spi-builder-workspace/Sources/InjectableViewsMacros/InjectableViewMacro.swift:155:32: warning: no calls to throwing functions occur within 'try' expression [#]8;;https://docs.swift.org/compiler/documentation/diagnostics/unnecessary-effect-marker\UnnecessaryEffectMarker]8;;\]
153 |
154 |         // Generate the computed property
155 |         let computedProperty = try DeclSyntax(stringLiteral: """
    |                                `- warning: no calls to throwing functions occur within 'try' expression [#]8;;https://docs.swift.org/compiler/documentation/diagnostics/unnecessary-effect-marker\UnnecessaryEffectMarker]8;;\]
156 |         var \(propertyName): some View {
157 |             if let override = _overridesMaintainer.override(for: "\(propertyName)") {
[#DeprecatedDeclaration]: <https://docs.swift.org/compiler/documentation/diagnostics/deprecated-declaration>
[#UnnecessaryEffectMarker]: <https://docs.swift.org/compiler/documentation/diagnostics/unnecessary-effect-marker>
[298 / 313] InjectableViewsMacros
/host/spi-builder-workspace/Sources/InjectableViewsMacros/InjectableContainerMacro.swift:108:43: warning: no calls to throwing functions occur within 'try' expression [#]8;;https://docs.swift.org/compiler/documentation/diagnostics/unnecessary-effect-marker\UnnecessaryEffectMarker]8;;\]
106 |     ) throws -> [DeclSyntax] {
107 |         // Inject a property for the overrides maintainer
108 |         let overridesMaintainerProperty = try DeclSyntax(stringLiteral: """
    |                                           `- warning: no calls to throwing functions occur within 'try' expression [#]8;;https://docs.swift.org/compiler/documentation/diagnostics/unnecessary-effect-marker\UnnecessaryEffectMarker]8;;\]
109 |         private let _overridesMaintainer = OverridesMaintainer()
110 |         """)
/host/spi-builder-workspace/Sources/InjectableViewsMacros/InjectableContainerMacro.swift:116:30: warning: no calls to throwing functions occur within 'try' expression [#]8;;https://docs.swift.org/compiler/documentation/diagnostics/unnecessary-effect-marker\UnnecessaryEffectMarker]8;;\]
114 |
115 |         // Inject a function to update the overrides
116 |         let updateFunction = try DeclSyntax(stringLiteral: """
    |                              `- warning: no calls to throwing functions occur within 'try' expression [#]8;;https://docs.swift.org/compiler/documentation/diagnostics/unnecessary-effect-marker\UnnecessaryEffectMarker]8;;\]
117 |         public func overrideView<V: View>(for key: InjectableKeys, @ViewBuilder with viewBuilder: () -> V) -> Self {
118 |             _overridesMaintainer.updateOverride(for: key.rawValue, with: AnyView(viewBuilder()))
/host/spi-builder-workspace/Sources/InjectableViewsMacros/InjectableContainerMacro.swift:147:25: warning: 'identifier' is deprecated: renamed to 'name' [#]8;;https://docs.swift.org/compiler/documentation/diagnostics/deprecated-declaration\DeprecatedDeclaration]8;;\]
145 |
146 |             if let funcDecl = member.decl.as(FunctionDeclSyntax.self),
147 |                funcDecl.identifier.text.hasSuffix("Builder") {
    |                         |- warning: 'identifier' is deprecated: renamed to 'name' [#]8;;https://docs.swift.org/compiler/documentation/diagnostics/deprecated-declaration\DeprecatedDeclaration]8;;\]
    |                         `- note: use 'name' instead
148 |                 return String(funcDecl.identifier.text.dropLast("Builder".count))
149 |             }
/host/spi-builder-workspace/Sources/InjectableViewsMacros/InjectableContainerMacro.swift:148:40: warning: 'identifier' is deprecated: renamed to 'name' [#]8;;https://docs.swift.org/compiler/documentation/diagnostics/deprecated-declaration\DeprecatedDeclaration]8;;\]
146 |             if let funcDecl = member.decl.as(FunctionDeclSyntax.self),
147 |                funcDecl.identifier.text.hasSuffix("Builder") {
148 |                 return String(funcDecl.identifier.text.dropLast("Builder".count))
    |                                        |- warning: 'identifier' is deprecated: renamed to 'name' [#]8;;https://docs.swift.org/compiler/documentation/diagnostics/deprecated-declaration\DeprecatedDeclaration]8;;\]
    |                                        `- note: use 'name' instead
149 |             }
150 |
/host/spi-builder-workspace/Sources/InjectableViewsMacros/InjectableContainerMacro.swift:172:16: warning: no calls to throwing functions occur within 'try' expression [#]8;;https://docs.swift.org/compiler/documentation/diagnostics/unnecessary-effect-marker\UnnecessaryEffectMarker]8;;\]
170 |         }
171 |         """
172 |         return try DeclSyntax(stringLiteral: enumSyntax)
    |                `- warning: no calls to throwing functions occur within 'try' expression [#]8;;https://docs.swift.org/compiler/documentation/diagnostics/unnecessary-effect-marker\UnnecessaryEffectMarker]8;;\]
173 |     }
174 | }
[#DeprecatedDeclaration]: <https://docs.swift.org/compiler/documentation/diagnostics/deprecated-declaration>
[#UnnecessaryEffectMarker]: <https://docs.swift.org/compiler/documentation/diagnostics/unnecessary-effect-marker>
[299 / 314] InjectableViewsMacros
[302 / 314] InjectableViewsMacros
[303 / 315] InjectableViews
error: SwiftCompile normal x86_64 failed with a nonzero exit code. Command line:     cd /host

/host/spi-builder-workspace/Sources/InjectableViews/MacroDefinitions.swift:8:8: error: no such module 'SwiftUI'
  6 | //
  7 |
  8 | import SwiftUI
    |        `- error: no such module 'SwiftUI'
  9 |
 10 | /// Marks a type (typically a container view or parent view) as injectable for the InjectableViews system.
Internal Error: invalidPayloadSize
Failed frontend command:
/usr/bin/swift-frontend -frontend -emit-module -experimental-skip-non-inlinable-function-bodies-without-types /host/spi-builder-workspace/Sources/InjectableViews/MacroDefinitions.swift /host/spi-builder-workspace/Sources/InjectableViews/OverridesMaintainer.swift -target x86_64-unknown-linux-gnu -disable-objc-interop -I /host/spi-builder-workspace/.build/out/Products/Debug-linux-x86_64 -module-cache-path /host/spi-builder-workspace/.build/out/ModuleCache.noindex -color-diagnostics -Xcc -fcolor-diagnostics -enable-testing -g -debug-info-format\=dwarf -dwarf-version\=4 -swift-version 5 -Onone -D SWIFT_PACKAGE -D DEBUG -D SWIFT_MODULE_RESOURCE_BUNDLE_UNAVAILABLE -D Xcode -serialize-debugging-options -load-plugin-executable /host/spi-builder-workspace/.build/out/Products/Debug-linux-x86_64/InjectableViewsMacros\#InjectableViewsMacros -enable-experimental-feature DebugDescriptionMacro -empty-abi-descriptor -external-plugin-path /usr/lib/swift/host/plugins/testing\#/usr/bin/swift-plugin-server -validate-clang-modules-once -clang-build-session-file /host/spi-builder-workspace/.build/out/ModuleCache.noindex/Session.modulevalidation -Xcc -working-directory -Xcc /host -enable-anonymous-context-mangled-names -file-compilation-dir /host -Xcc -fno-omit-frame-pointer -Xcc -D_LIBCPP_HARDENING_MODE\=_LIBCPP_HARDENING_MODE_DEBUG -Xcc -fmodules-prune-interval\=86400 -Xcc -fmodules-prune-after\=345600 -Xcc -I/host/spi-builder-workspace/.build/out/Products/Debug-linux-x86_64/include -Xcc -I/host/spi-builder-workspace/.build/out/Intermediates.noindex/InjectableViews.build/Debug-linux-x86_64/InjectableViews-t.build/DerivedSources-normal/x86_64 -Xcc -I/host/spi-builder-workspace/.build/out/Intermediates.noindex/InjectableViews.build/Debug-linux-x86_64/InjectableViews-t.build/DerivedSources/x86_64 -Xcc -I/host/spi-builder-workspace/.build/out/Intermediates.noindex/InjectableViews.build/Debug-linux-x86_64/InjectableViews-t.build/DerivedSources -Xcc -DSWIFT_PACKAGE -Xcc -DDEBUG\=1 -no-auto-bridging-header-chaining -module-name InjectableViews -package-name spi_builder_workspace -const-gather-protocols-file /host/spi-builder-workspace/.build/out/Intermediates.noindex/InjectableViews.build/Debug-linux-x86_64/InjectableViews-t.build/Objects-normal/x86_64/InjectableViews_const_extract_protocols.json -in-process-plugin-server-path /usr/lib/swift/host/libSwiftInProcPluginServer.so -plugin-path /usr/lib/swift/host/plugins -plugin-path /usr/local/lib/swift/host/plugins -emit-module-doc-path /host/spi-builder-workspace/.build/out/Intermediates.noindex/InjectableViews.build/Debug-linux-x86_64/InjectableViews-t.build/Objects-normal/x86_64/Modules/InjectableViews.swiftdoc -emit-module-source-info-path /host/spi-builder-workspace/.build/out/Intermediates.noindex/InjectableViews.build/Debug-linux-x86_64/InjectableViews-t.build/Objects-normal/x86_64/Modules/InjectableViews.swiftsourceinfo -emit-objc-header-path /host/spi-builder-workspace/.build/out/Intermediates.noindex/InjectableViews.build/Debug-linux-x86_64/InjectableViews-t.build/Objects-normal/x86_64/InjectableViews-Swift.h -serialize-diagnostics-path /host/spi-builder-workspace/.build/out/Intermediates.noindex/InjectableViews.build/Debug-linux-x86_64/InjectableViews-t.build/Objects-normal/x86_64/InjectableViews-primary-emit-module.dia -emit-dependencies-path /host/spi-builder-workspace/.build/out/Intermediates.noindex/InjectableViews.build/Debug-linux-x86_64/InjectableViews-t.build/Objects-normal/x86_64/InjectableViews-primary-emit-module.d -parse-as-library -o /host/spi-builder-workspace/.build/out/Intermediates.noindex/InjectableViews.build/Debug-linux-x86_64/InjectableViews-t.build/Objects-normal/x86_64/Modules/InjectableViews.swiftmodule
error: SwiftCompile normal x86_64 /host/spi-builder-workspace/Sources/InjectableViews/OverridesMaintainer.swift failed with a nonzero exit code. Command line:     cd /host
    builtin-SwiftPerFileCompile OverridesMaintainer.swift
/host/spi-builder-workspace/Sources/InjectableViews/MacroDefinitions.swift:8:8: error: no such module 'SwiftUI'
  6 | //
  7 |
  8 | import SwiftUI
    |        `- error: no such module 'SwiftUI'
  9 |
 10 | /// Marks a type (typically a container view or parent view) as injectable for the InjectableViews system.
Failed frontend command:
/usr/bin/swift-frontend -frontend -c /host/spi-builder-workspace/Sources/InjectableViews/MacroDefinitions.swift -primary-file /host/spi-builder-workspace/Sources/InjectableViews/OverridesMaintainer.swift -emit-dependencies-path /host/spi-builder-workspace/.build/out/Intermediates.noindex/InjectableViews.build/Debug-linux-x86_64/InjectableViews-t.build/Objects-normal/x86_64/OverridesMaintainer.d -emit-const-values-path /host/spi-builder-workspace/.build/out/Intermediates.noindex/InjectableViews.build/Debug-linux-x86_64/InjectableViews-t.build/Objects-normal/x86_64/OverridesMaintainer.swiftconstvalues -emit-reference-dependencies-path /host/spi-builder-workspace/.build/out/Intermediates.noindex/InjectableViews.build/Debug-linux-x86_64/InjectableViews-t.build/Objects-normal/x86_64/OverridesMaintainer.swiftdeps -serialize-diagnostics-path /host/spi-builder-workspace/.build/out/Intermediates.noindex/InjectableViews.build/Debug-linux-x86_64/InjectableViews-t.build/Objects-normal/x86_64/OverridesMaintainer.dia -target x86_64-unknown-linux-gnu -disable-objc-interop -I /host/spi-builder-workspace/.build/out/Products/Debug-linux-x86_64 -module-cache-path /host/spi-builder-workspace/.build/out/ModuleCache.noindex -color-diagnostics -Xcc -fcolor-diagnostics -enable-testing -g -debug-info-format\=dwarf -dwarf-version\=4 -swift-version 5 -Onone -D SWIFT_PACKAGE -D DEBUG -D SWIFT_MODULE_RESOURCE_BUNDLE_UNAVAILABLE -D Xcode -serialize-debugging-options -load-plugin-executable /host/spi-builder-workspace/.build/out/Products/Debug-linux-x86_64/InjectableViewsMacros\#InjectableViewsMacros -enable-experimental-feature DebugDescriptionMacro -empty-abi-descriptor -external-plugin-path /usr/lib/swift/host/plugins/testing\#/usr/bin/swift-plugin-server -validate-clang-modules-once -clang-build-session-file /host/spi-builder-workspace/.build/out/ModuleCache.noindex/Session.modulevalidation -Xcc -working-directory -Xcc /host -enable-anonymous-context-mangled-names -file-compilation-dir /host -Xcc -fno-omit-frame-pointer -Xcc -D_LIBCPP_HARDENING_MODE\=_LIBCPP_HARDENING_MODE_DEBUG -Xcc -fmodules-prune-interval\=86400 -Xcc -fmodules-prune-after\=345600 -Xcc -I/host/spi-builder-workspace/.build/out/Products/Debug-linux-x86_64/include -Xcc -I/host/spi-builder-workspace/.build/out/Intermediates.noindex/InjectableViews.build/Debug-linux-x86_64/InjectableViews-t.build/DerivedSources-normal/x86_64 -Xcc -I/host/spi-builder-workspace/.build/out/Intermediates.noindex/InjectableViews.build/Debug-linux-x86_64/InjectableViews-t.build/DerivedSources/x86_64 -Xcc -I/host/spi-builder-workspace/.build/out/Intermediates.noindex/InjectableViews.build/Debug-linux-x86_64/InjectableViews-t.build/DerivedSources -Xcc -DSWIFT_PACKAGE -Xcc -DDEBUG\=1 -no-auto-bridging-header-chaining -module-name InjectableViews -package-name spi_builder_workspace -const-gather-protocols-file /host/spi-builder-workspace/.build/out/Intermediates.noindex/InjectableViews.build/Debug-linux-x86_64/InjectableViews-t.build/Objects-normal/x86_64/InjectableViews_const_extract_protocols.json -in-process-plugin-server-path /usr/lib/swift/host/libSwiftInProcPluginServer.so -plugin-path /usr/lib/swift/host/plugins -plugin-path /usr/local/lib/swift/host/plugins -parse-as-library -o /host/spi-builder-workspace/.build/out/Intermediates.noindex/InjectableViews.build/Debug-linux-x86_64/InjectableViews-t.build/Objects-normal/x86_64/OverridesMaintainer.o -index-unit-output-path /InjectableViews.build/Debug-linux-x86_64/InjectableViews-t.build/Objects-normal/x86_64/OverridesMaintainer.o -index-store-path /host/spi-builder-workspace/.build/out -index-system-modules
error: SwiftCompile normal x86_64 /host/spi-builder-workspace/Sources/InjectableViews/MacroDefinitions.swift failed with a nonzero exit code. Command line:     cd /host
    builtin-SwiftPerFileCompile MacroDefinitions.swift
/host/spi-builder-workspace/Sources/InjectableViews/MacroDefinitions.swift:8:8: error: no such module 'SwiftUI'
  6 | //
  7 |
  8 | import SwiftUI
    |        `- error: no such module 'SwiftUI'
  9 |
 10 | /// Marks a type (typically a container view or parent view) as injectable for the InjectableViews system.
Failed frontend command:
/usr/bin/swift-frontend -frontend -c -primary-file /host/spi-builder-workspace/Sources/InjectableViews/MacroDefinitions.swift /host/spi-builder-workspace/Sources/InjectableViews/OverridesMaintainer.swift -emit-dependencies-path /host/spi-builder-workspace/.build/out/Intermediates.noindex/InjectableViews.build/Debug-linux-x86_64/InjectableViews-t.build/Objects-normal/x86_64/MacroDefinitions.d -emit-const-values-path /host/spi-builder-workspace/.build/out/Intermediates.noindex/InjectableViews.build/Debug-linux-x86_64/InjectableViews-t.build/Objects-normal/x86_64/MacroDefinitions.swiftconstvalues -emit-reference-dependencies-path /host/spi-builder-workspace/.build/out/Intermediates.noindex/InjectableViews.build/Debug-linux-x86_64/InjectableViews-t.build/Objects-normal/x86_64/MacroDefinitions.swiftdeps -serialize-diagnostics-path /host/spi-builder-workspace/.build/out/Intermediates.noindex/InjectableViews.build/Debug-linux-x86_64/InjectableViews-t.build/Objects-normal/x86_64/MacroDefinitions.dia -target x86_64-unknown-linux-gnu -disable-objc-interop -I /host/spi-builder-workspace/.build/out/Products/Debug-linux-x86_64 -module-cache-path /host/spi-builder-workspace/.build/out/ModuleCache.noindex -color-diagnostics -Xcc -fcolor-diagnostics -enable-testing -g -debug-info-format\=dwarf -dwarf-version\=4 -swift-version 5 -Onone -D SWIFT_PACKAGE -D DEBUG -D SWIFT_MODULE_RESOURCE_BUNDLE_UNAVAILABLE -D Xcode -serialize-debugging-options -load-plugin-executable /host/spi-builder-workspace/.build/out/Products/Debug-linux-x86_64/InjectableViewsMacros\#InjectableViewsMacros -enable-experimental-feature DebugDescriptionMacro -empty-abi-descriptor -external-plugin-path /usr/lib/swift/host/plugins/testing\#/usr/bin/swift-plugin-server -validate-clang-modules-once -clang-build-session-file /host/spi-builder-workspace/.build/out/ModuleCache.noindex/Session.modulevalidation -Xcc -working-directory -Xcc /host -enable-anonymous-context-mangled-names -file-compilation-dir /host -Xcc -fno-omit-frame-pointer -Xcc -D_LIBCPP_HARDENING_MODE\=_LIBCPP_HARDENING_MODE_DEBUG -Xcc -fmodules-prune-interval\=86400 -Xcc -fmodules-prune-after\=345600 -Xcc -I/host/spi-builder-workspace/.build/out/Products/Debug-linux-x86_64/include -Xcc -I/host/spi-builder-workspace/.build/out/Intermediates.noindex/InjectableViews.build/Debug-linux-x86_64/InjectableViews-t.build/DerivedSources-normal/x86_64 -Xcc -I/host/spi-builder-workspace/.build/out/Intermediates.noindex/InjectableViews.build/Debug-linux-x86_64/InjectableViews-t.build/DerivedSources/x86_64 -Xcc -I/host/spi-builder-workspace/.build/out/Intermediates.noindex/InjectableViews.build/Debug-linux-x86_64/InjectableViews-t.build/DerivedSources -Xcc -DSWIFT_PACKAGE -Xcc -DDEBUG\=1 -no-auto-bridging-header-chaining -module-name InjectableViews -package-name spi_builder_workspace -const-gather-protocols-file /host/spi-builder-workspace/.build/out/Intermediates.noindex/InjectableViews.build/Debug-linux-x86_64/InjectableViews-t.build/Objects-normal/x86_64/InjectableViews_const_extract_protocols.json -in-process-plugin-server-path /usr/lib/swift/host/libSwiftInProcPluginServer.so -plugin-path /usr/lib/swift/host/plugins -plugin-path /usr/local/lib/swift/host/plugins -parse-as-library -o /host/spi-builder-workspace/.build/out/Intermediates.noindex/InjectableViews.build/Debug-linux-x86_64/InjectableViews-t.build/Objects-normal/x86_64/MacroDefinitions.o -index-unit-output-path /InjectableViews.build/Debug-linux-x86_64/InjectableViews-t.build/Objects-normal/x86_64/MacroDefinitions.o -index-store-path /host/spi-builder-workspace/.build/out -index-system-modules
error: Build failed
BUILD FAILURE 6.4 linux