Build Information
Failed to build WolfConcurrency, reference master (2db99c), with Swift 6.4 for watchOS using Xcode 27.0 on 16 Sep 2026 17:42:45 UTC.
Build Command
env DEVELOPER_DIR=/Applications/Xcode-27.0.0-Release.Candidate.app xcrun xcodebuild -IDEClonedSourcePackagesDirPathOverride=$PWD/.dependencies -skipMacroValidation -skipPackagePluginValidation -derivedDataPath $PWD/.derivedData build -scheme WolfConcurrency -destination generic/platform=watchOSBuild Log
},
{
"name" : "tvos",
"version" : "11.0"
}
],
"products" : [
{
"name" : "WolfConcurrency",
"targets" : [
"WolfConcurrency"
],
"type" : {
"library" : [
"dynamic"
]
}
}
],
"targets" : [
{
"c99name" : "WolfConcurrency",
"module_type" : "SwiftTarget",
"name" : "WolfConcurrency",
"path" : "Sources/WolfConcurrency",
"product_dependencies" : [
"WolfNumerics",
"WolfFoundation"
],
"product_memberships" : [
"WolfConcurrency"
],
"sources" : [
"Asynchronizer.swift",
"Block.swift",
"Canceler.swift",
"Debouncer.swift",
"DispatchUtils.swift",
"Event.swift",
"Heartbeat.swift",
"Hysteresis.swift",
"Locker.swift",
"Paginator.swift",
"Promise.swift",
"PromiseOperators.swift",
"RunLoopUtils.swift",
"Serializer.swift",
"Stopwatch.swift",
"WolfConcurrencyError.swift"
],
"type" : "library"
}
],
"tools_version" : "5.1"
}
{
"workspace" : {
"name" : "WolfConcurrency",
"schemes" : [
"WolfConcurrency"
]
}
}
2026-09-16 13:42:31.244 xcodebuild[753:4546] [MT] IDERunDestination: Supported platforms for the buildables in the current scheme is empty.
Running build ...
env DEVELOPER_DIR=/Applications/Xcode-27.0.0-Release.Candidate.app xcrun xcodebuild -IDEClonedSourcePackagesDirPathOverride=$PWD/.dependencies -skipMacroValidation -skipPackagePluginValidation -derivedDataPath $PWD/.derivedData build -scheme WolfConcurrency -destination generic/platform=watchOS
Command line invocation:
/Applications/Xcode-27.0.0-Release.Candidate.app/Contents/Developer/usr/bin/xcodebuild -IDEClonedSourcePackagesDirPathOverride=/Users/admin/builder/spi-builder-workspace/.dependencies -skipMacroValidation -skipPackagePluginValidation -derivedDataPath /Users/admin/builder/spi-builder-workspace/.derivedData build -scheme WolfConcurrency -destination generic/platform=watchOS
Resolve Package Graph
Resolve Package Graph
Resolved source packages:
WolfFoundation: https://github.com/wolfmcnally/WolfFoundation @ 5.0.1
WolfNumerics: https://github.com/wolfmcnally/WolfNumerics @ 4.0.4
WolfConcurrency: /Users/admin/builder/spi-builder-workspace
WolfPipe: https://github.com/wolfmcnally/WolfPipe @ 2.0.2
ComputePackagePrebuildTargetDependencyGraph
Prepare packages
CreateBuildRequest
SendProjectDescription
CreateBuildOperation
ComputeTargetDependencyGraph
note: Building targets in dependency order
note: Target dependency graph (8 targets)
Target 'WolfConcurrency-product' in project 'WolfConcurrency'
➜ Explicit dependency on target 'WolfConcurrency' in project 'WolfConcurrency'
➜ Explicit dependency on target 'WolfNumerics-product' in project 'WolfNumerics'
➜ Explicit dependency on target 'WolfFoundation-product' in project 'WolfFoundation'
Target 'WolfConcurrency' in project 'WolfConcurrency'
➜ Explicit dependency on target 'WolfNumerics-product' in project 'WolfNumerics'
➜ Explicit dependency on target 'WolfFoundation-product' in project 'WolfFoundation'
Target 'WolfFoundation-product' in project 'WolfFoundation'
➜ Explicit dependency on target 'WolfFoundation' in project 'WolfFoundation'
➜ Explicit dependency on target 'WolfNumerics-product' in project 'WolfNumerics'
➜ Explicit dependency on target 'WolfPipe-product' in project 'WolfPipe'
Target 'WolfFoundation' in project 'WolfFoundation'
➜ Explicit dependency on target 'WolfNumerics-product' in project 'WolfNumerics'
➜ Explicit dependency on target 'WolfPipe-product' in project 'WolfPipe'
Target 'WolfPipe-product' in project 'WolfPipe'
➜ Explicit dependency on target 'WolfPipe' in project 'WolfPipe'
Target 'WolfPipe' in project 'WolfPipe' (no dependencies)
Target 'WolfNumerics-product' in project 'WolfNumerics'
➜ Explicit dependency on target 'WolfNumerics' in project 'WolfNumerics'
Target 'WolfNumerics' in project 'WolfNumerics' (no dependencies)
GatherProvisioningInputs
CreateBuildDescription
ExecuteExternalTool /Applications/Xcode-27.0.0-Release.Candidate.app/Contents/Developer/Toolchains/XcodeDefault.xctoolchain/usr/bin/swiftc --version
ExecuteExternalTool /Applications/Xcode-27.0.0-Release.Candidate.app/Contents/Developer/Toolchains/XcodeDefault.xctoolchain/usr/bin/clang -v -E -dM -isysroot /Applications/Xcode-27.0.0-Release.Candidate.app/Contents/Developer/Platforms/WatchOS.platform/Developer/SDKs/WatchOS27.0.sdk -x c -c /dev/null
ExecuteExternalTool /Applications/Xcode-27.0.0-Release.Candidate.app/Contents/Developer/Toolchains/XcodeDefault.xctoolchain/usr/bin/ld -version_details
Build description signature: 1ae97be4784409dadc4c55975a1f6b0c
Build description path: /Users/admin/builder/spi-builder-workspace/.derivedData/Build/Intermediates.noindex/XCBuildData/1ae97be4784409dadc4c55975a1f6b0c.xcbuilddata
CreateBuildDirectory /Users/admin/builder/spi-builder-workspace/.derivedData/ModuleCache.noindex
cd /Users/admin/builder/spi-builder-workspace/.swiftpm/xcode
builtin-create-build-directory /Users/admin/builder/spi-builder-workspace/.derivedData/ModuleCache.noindex
CreateBuildDirectory /Users/admin/builder/spi-builder-workspace/.derivedData/SDKExplicitPrecompiledModules
cd /Users/admin/builder/spi-builder-workspace/.swiftpm/xcode
builtin-create-build-directory /Users/admin/builder/spi-builder-workspace/.derivedData/SDKExplicitPrecompiledModules
CreateBuildDirectory /Users/admin/builder/spi-builder-workspace/.derivedData/CompilationCache.noindex
cd /Users/admin/builder/spi-builder-workspace/.swiftpm/xcode
builtin-create-build-directory /Users/admin/builder/spi-builder-workspace/.derivedData/CompilationCache.noindex
ClangStatCache /Applications/Xcode-27.0.0-Release.Candidate.app/Contents/Developer/Toolchains/XcodeDefault.xctoolchain/usr/bin/clang-stat-cache /Applications/Xcode-27.0.0-Release.Candidate.app/Contents/Developer/Platforms/WatchOS.platform/Developer/SDKs/WatchOS27.0.sdk /Users/admin/builder/spi-builder-workspace/.derivedData/SDKStatCaches.noindex/watchos27.0-24R360-e829b21a6f8c9b70876ba0858053c04477534ef55a1706bf4c1112bbb242f0a2.sdkstatcache
cd /Users/admin/builder/spi-builder-workspace/.swiftpm/xcode
/Applications/Xcode-27.0.0-Release.Candidate.app/Contents/Developer/Toolchains/XcodeDefault.xctoolchain/usr/bin/clang-stat-cache /Applications/Xcode-27.0.0-Release.Candidate.app/Contents/Developer/Platforms/WatchOS.platform/Developer/SDKs/WatchOS27.0.sdk -o /Users/admin/builder/spi-builder-workspace/.derivedData/SDKStatCaches.noindex/watchos27.0-24R360-e829b21a6f8c9b70876ba0858053c04477534ef55a1706bf4c1112bbb242f0a2.sdkstatcache
CreateBuildDirectory /Users/admin/builder/spi-builder-workspace/.derivedData/Build/Products
cd /Users/admin/builder/spi-builder-workspace/.swiftpm/xcode
builtin-create-build-directory /Users/admin/builder/spi-builder-workspace/.derivedData/Build/Products
CreateBuildDirectory /Users/admin/builder/spi-builder-workspace/.derivedData/Build/Intermediates.noindex
cd /Users/admin/builder/spi-builder-workspace/.swiftpm/xcode
builtin-create-build-directory /Users/admin/builder/spi-builder-workspace/.derivedData/Build/Intermediates.noindex
CreateBuildDirectory /Users/admin/builder/spi-builder-workspace/.derivedData/Build/Intermediates.noindex/SwiftExplicitPrecompiledModules
cd /Users/admin/builder/spi-builder-workspace/.swiftpm/xcode
builtin-create-build-directory /Users/admin/builder/spi-builder-workspace/.derivedData/Build/Intermediates.noindex/SwiftExplicitPrecompiledModules
CreateBuildDirectory /Users/admin/builder/spi-builder-workspace/.derivedData/Build/Intermediates.noindex/PrecompiledHeaders
cd /Users/admin/builder/spi-builder-workspace/.swiftpm/xcode
builtin-create-build-directory /Users/admin/builder/spi-builder-workspace/.derivedData/Build/Intermediates.noindex/PrecompiledHeaders
CreateBuildDirectory /Users/admin/builder/spi-builder-workspace/.derivedData/Build/Products/Debug-watchos
cd /Users/admin/builder/spi-builder-workspace/.swiftpm/xcode
builtin-create-build-directory /Users/admin/builder/spi-builder-workspace/.derivedData/Build/Products/Debug-watchos
CreateBuildDirectory /Users/admin/builder/spi-builder-workspace/.derivedData/Build/Intermediates.noindex/ExplicitPrecompiledModules
cd /Users/admin/builder/spi-builder-workspace/.swiftpm/xcode
builtin-create-build-directory /Users/admin/builder/spi-builder-workspace/.derivedData/Build/Intermediates.noindex/ExplicitPrecompiledModules
CreateBuildDirectory /Users/admin/builder/spi-builder-workspace/.derivedData/Build/Intermediates.noindex/EagerLinkingTBDs/Debug-watchos
cd /Users/admin/builder/spi-builder-workspace/.swiftpm/xcode
builtin-create-build-directory /Users/admin/builder/spi-builder-workspace/.derivedData/Build/Intermediates.noindex/EagerLinkingTBDs/Debug-watchos
WriteAuxiliaryFile /Users/admin/builder/spi-builder-workspace/.derivedData/Build/Intermediates.noindex/WolfPipe.build/Debug-watchos/WolfPipe-product-t.build/empty-WolfPipe.plist (in target 'WolfPipe-product' from project 'WolfPipe')
cd /Users/admin/builder/spi-builder-workspace/.dependencies/checkouts/WolfPipe
write-file /Users/admin/builder/spi-builder-workspace/.derivedData/Build/Intermediates.noindex/WolfPipe.build/Debug-watchos/WolfPipe-product-t.build/empty-WolfPipe.plist
WriteAuxiliaryFile /Users/admin/builder/spi-builder-workspace/.derivedData/Build/Intermediates.noindex/WolfPipe.build/Debug-watchos/WolfPipe-product-t.build/WolfPipe.DependencyMetadataFileList (in target 'WolfPipe-product' from project 'WolfPipe')
cd /Users/admin/builder/spi-builder-workspace/.dependencies/checkouts/WolfPipe
write-file /Users/admin/builder/spi-builder-workspace/.derivedData/Build/Intermediates.noindex/WolfPipe.build/Debug-watchos/WolfPipe-product-t.build/WolfPipe.DependencyMetadataFileList
WriteAuxiliaryFile /Users/admin/builder/spi-builder-workspace/.derivedData/Build/Intermediates.noindex/WolfPipe.build/Debug-watchos/WolfPipe-t.build/WolfPipe.DependencyStaticMetadataFileList (in target 'WolfPipe' from project 'WolfPipe')
cd /Users/admin/builder/spi-builder-workspace/.dependencies/checkouts/WolfPipe
write-file /Users/admin/builder/spi-builder-workspace/.derivedData/Build/Intermediates.noindex/WolfPipe.build/Debug-watchos/WolfPipe-t.build/WolfPipe.DependencyStaticMetadataFileList
WriteAuxiliaryFile /Users/admin/builder/spi-builder-workspace/.derivedData/Build/Intermediates.noindex/WolfPipe.build/Debug-watchos/WolfPipe-product-t.build/WolfPipe.DependencyStaticMetadataFileList (in target 'WolfPipe-product' from project 'WolfPipe')
cd /Users/admin/builder/spi-builder-workspace/.dependencies/checkouts/WolfPipe
write-file /Users/admin/builder/spi-builder-workspace/.derivedData/Build/Intermediates.noindex/WolfPipe.build/Debug-watchos/WolfPipe-product-t.build/WolfPipe.DependencyStaticMetadataFileList
WriteAuxiliaryFile /Users/admin/builder/spi-builder-workspace/.derivedData/Build/Intermediates.noindex/WolfPipe.build/Debug-watchos/WolfPipe-t.build/WolfPipe.DependencyMetadataFileList (in target 'WolfPipe' from project 'WolfPipe')
cd /Users/admin/builder/spi-builder-workspace/.dependencies/checkouts/WolfPipe
write-file /Users/admin/builder/spi-builder-workspace/.derivedData/Build/Intermediates.noindex/WolfPipe.build/Debug-watchos/WolfPipe-t.build/WolfPipe.DependencyMetadataFileList
WriteAuxiliaryFile /Users/admin/builder/spi-builder-workspace/.derivedData/Build/Intermediates.noindex/WolfPipe.build/Debug-watchos/WolfPipe-t.build/WolfPipe.modulemap (in target 'WolfPipe' from project 'WolfPipe')
cd /Users/admin/builder/spi-builder-workspace/.dependencies/checkouts/WolfPipe
write-file /Users/admin/builder/spi-builder-workspace/.derivedData/Build/Intermediates.noindex/WolfPipe.build/Debug-watchos/WolfPipe-t.build/WolfPipe.modulemap
WriteAuxiliaryFile /Users/admin/builder/spi-builder-workspace/.derivedData/Build/Intermediates.noindex/WolfPipe.build/Debug-watchos/WolfPipe-product-t.build/Objects-normal/arm64_32/WolfPipe.LinkFileList (in target 'WolfPipe-product' from project 'WolfPipe')
cd /Users/admin/builder/spi-builder-workspace/.dependencies/checkouts/WolfPipe
write-file /Users/admin/builder/spi-builder-workspace/.derivedData/Build/Intermediates.noindex/WolfPipe.build/Debug-watchos/WolfPipe-product-t.build/Objects-normal/arm64_32/WolfPipe.LinkFileList
WriteAuxiliaryFile /Users/admin/builder/spi-builder-workspace/.derivedData/Build/Intermediates.noindex/WolfPipe.build/Debug-watchos/WolfPipe-product-t.build/Objects-normal/arm64/WolfPipe.LinkFileList (in target 'WolfPipe-product' from project 'WolfPipe')
cd /Users/admin/builder/spi-builder-workspace/.dependencies/checkouts/WolfPipe
write-file /Users/admin/builder/spi-builder-workspace/.derivedData/Build/Intermediates.noindex/WolfPipe.build/Debug-watchos/WolfPipe-product-t.build/Objects-normal/arm64/WolfPipe.LinkFileList
WriteAuxiliaryFile /Users/admin/builder/spi-builder-workspace/.derivedData/Build/Intermediates.noindex/WolfPipe.build/Debug-watchos/WolfPipe-t.build/Objects-normal/arm64_32/WolfPipe_const_extract_protocols.json (in target 'WolfPipe' from project 'WolfPipe')
cd /Users/admin/builder/spi-builder-workspace/.dependencies/checkouts/WolfPipe
write-file /Users/admin/builder/spi-builder-workspace/.derivedData/Build/Intermediates.noindex/WolfPipe.build/Debug-watchos/WolfPipe-t.build/Objects-normal/arm64_32/WolfPipe_const_extract_protocols.json
WriteAuxiliaryFile /Users/admin/builder/spi-builder-workspace/.derivedData/Build/Intermediates.noindex/WolfPipe.build/Debug-watchos/WolfPipe-t.build/Objects-normal/arm64_32/WolfPipe.SwiftFileList (in target 'WolfPipe' from project 'WolfPipe')
cd /Users/admin/builder/spi-builder-workspace/.dependencies/checkouts/WolfPipe
write-file /Users/admin/builder/spi-builder-workspace/.derivedData/Build/Intermediates.noindex/WolfPipe.build/Debug-watchos/WolfPipe-t.build/Objects-normal/arm64_32/WolfPipe.SwiftFileList
WriteAuxiliaryFile /Users/admin/builder/spi-builder-workspace/.derivedData/Build/Intermediates.noindex/WolfPipe.build/Debug-watchos/WolfPipe-t.build/Objects-normal/arm64_32/WolfPipe.LinkFileList (in target 'WolfPipe' from project 'WolfPipe')
cd /Users/admin/builder/spi-builder-workspace/.dependencies/checkouts/WolfPipe
write-file /Users/admin/builder/spi-builder-workspace/.derivedData/Build/Intermediates.noindex/WolfPipe.build/Debug-watchos/WolfPipe-t.build/Objects-normal/arm64_32/WolfPipe.LinkFileList
WriteAuxiliaryFile /Users/admin/builder/spi-builder-workspace/.derivedData/Build/Intermediates.noindex/WolfPipe.build/Debug-watchos/WolfPipe-t.build/Objects-normal/arm64_32/WolfPipe.SwiftConstValuesFileList (in target 'WolfPipe' from project 'WolfPipe')
cd /Users/admin/builder/spi-builder-workspace/.dependencies/checkouts/WolfPipe
write-file /Users/admin/builder/spi-builder-workspace/.derivedData/Build/Intermediates.noindex/WolfPipe.build/Debug-watchos/WolfPipe-t.build/Objects-normal/arm64_32/WolfPipe.SwiftConstValuesFileList
WriteAuxiliaryFile /Users/admin/builder/spi-builder-workspace/.derivedData/Build/Intermediates.noindex/WolfPipe.build/Debug-watchos/WolfPipe-t.build/Objects-normal/arm64_32/WolfPipe-OutputFileMap.json (in target 'WolfPipe' from project 'WolfPipe')
cd /Users/admin/builder/spi-builder-workspace/.dependencies/checkouts/WolfPipe
write-file /Users/admin/builder/spi-builder-workspace/.derivedData/Build/Intermediates.noindex/WolfPipe.build/Debug-watchos/WolfPipe-t.build/Objects-normal/arm64_32/WolfPipe-OutputFileMap.json
WriteAuxiliaryFile /Users/admin/builder/spi-builder-workspace/.derivedData/Build/Intermediates.noindex/WolfPipe.build/Debug-watchos/WolfPipe-t.build/Objects-normal/arm64/WolfPipe_const_extract_protocols.json (in target 'WolfPipe' from project 'WolfPipe')
cd /Users/admin/builder/spi-builder-workspace/.dependencies/checkouts/WolfPipe
write-file /Users/admin/builder/spi-builder-workspace/.derivedData/Build/Intermediates.noindex/WolfPipe.build/Debug-watchos/WolfPipe-t.build/Objects-normal/arm64/WolfPipe_const_extract_protocols.json
WriteAuxiliaryFile /Users/admin/builder/spi-builder-workspace/.derivedData/Build/Intermediates.noindex/WolfPipe.build/Debug-watchos/WolfPipe-t.build/Objects-normal/arm64/WolfPipe.SwiftConstValuesFileList (in target 'WolfPipe' from project 'WolfPipe')
cd /Users/admin/builder/spi-builder-workspace/.dependencies/checkouts/WolfPipe
write-file /Users/admin/builder/spi-builder-workspace/.derivedData/Build/Intermediates.noindex/WolfPipe.build/Debug-watchos/WolfPipe-t.build/Objects-normal/arm64/WolfPipe.SwiftConstValuesFileList
WriteAuxiliaryFile /Users/admin/builder/spi-builder-workspace/.derivedData/Build/Intermediates.noindex/WolfPipe.build/Debug-watchos/WolfPipe-t.build/Objects-normal/arm64/WolfPipe.SwiftFileList (in target 'WolfPipe' from project 'WolfPipe')
cd /Users/admin/builder/spi-builder-workspace/.dependencies/checkouts/WolfPipe
write-file /Users/admin/builder/spi-builder-workspace/.derivedData/Build/Intermediates.noindex/WolfPipe.build/Debug-watchos/WolfPipe-t.build/Objects-normal/arm64/WolfPipe.SwiftFileList
WriteAuxiliaryFile /Users/admin/builder/spi-builder-workspace/.derivedData/Build/Intermediates.noindex/WolfPipe.build/Debug-watchos/WolfPipe-t.build/Objects-normal/arm64/WolfPipe.LinkFileList (in target 'WolfPipe' from project 'WolfPipe')
cd /Users/admin/builder/spi-builder-workspace/.dependencies/checkouts/WolfPipe
write-file /Users/admin/builder/spi-builder-workspace/.derivedData/Build/Intermediates.noindex/WolfPipe.build/Debug-watchos/WolfPipe-t.build/Objects-normal/arm64/WolfPipe.LinkFileList
WriteAuxiliaryFile /Users/admin/builder/spi-builder-workspace/.derivedData/Build/Intermediates.noindex/WolfPipe.build/Debug-watchos/WolfPipe-t.build/Objects-normal/arm64/WolfPipe-OutputFileMap.json (in target 'WolfPipe' from project 'WolfPipe')
cd /Users/admin/builder/spi-builder-workspace/.dependencies/checkouts/WolfPipe
write-file /Users/admin/builder/spi-builder-workspace/.derivedData/Build/Intermediates.noindex/WolfPipe.build/Debug-watchos/WolfPipe-t.build/Objects-normal/arm64/WolfPipe-OutputFileMap.json
Copy /Users/admin/builder/spi-builder-workspace/.derivedData/Build/Intermediates.noindex/GeneratedModuleMaps-watchos/WolfPipe.modulemap /Users/admin/builder/spi-builder-workspace/.derivedData/Build/Intermediates.noindex/WolfPipe.build/Debug-watchos/WolfPipe-t.build/WolfPipe.modulemap (in target 'WolfPipe' from project 'WolfPipe')
cd /Users/admin/builder/spi-builder-workspace/.dependencies/checkouts/WolfPipe
builtin-copy -exclude .DS_Store -exclude CVS -exclude .svn -exclude .git -exclude .hg -resolve-src-symlinks /Users/admin/builder/spi-builder-workspace/.derivedData/Build/Intermediates.noindex/WolfPipe.build/Debug-watchos/WolfPipe-t.build/WolfPipe.modulemap /Users/admin/builder/spi-builder-workspace/.derivedData/Build/Intermediates.noindex/GeneratedModuleMaps-watchos
WriteAuxiliaryFile /Users/admin/builder/spi-builder-workspace/.derivedData/Build/Intermediates.noindex/WolfNumerics.build/Debug-watchos/WolfNumerics-product-t.build/empty-WolfNumerics.plist (in target 'WolfNumerics-product' from project 'WolfNumerics')
cd /Users/admin/builder/spi-builder-workspace/.dependencies/checkouts/WolfNumerics
write-file /Users/admin/builder/spi-builder-workspace/.derivedData/Build/Intermediates.noindex/WolfNumerics.build/Debug-watchos/WolfNumerics-product-t.build/empty-WolfNumerics.plist
WriteAuxiliaryFile /Users/admin/builder/spi-builder-workspace/.derivedData/Build/Intermediates.noindex/WolfNumerics.build/Debug-watchos/WolfNumerics-product-t.build/WolfNumerics.DependencyMetadataFileList (in target 'WolfNumerics-product' from project 'WolfNumerics')
cd /Users/admin/builder/spi-builder-workspace/.dependencies/checkouts/WolfNumerics
write-file /Users/admin/builder/spi-builder-workspace/.derivedData/Build/Intermediates.noindex/WolfNumerics.build/Debug-watchos/WolfNumerics-product-t.build/WolfNumerics.DependencyMetadataFileList
WriteAuxiliaryFile /Users/admin/builder/spi-builder-workspace/.derivedData/Build/Intermediates.noindex/WolfNumerics.build/Debug-watchos/WolfNumerics-product-t.build/WolfNumerics.DependencyStaticMetadataFileList (in target 'WolfNumerics-product' from project 'WolfNumerics')
cd /Users/admin/builder/spi-builder-workspace/.dependencies/checkouts/WolfNumerics
write-file /Users/admin/builder/spi-builder-workspace/.derivedData/Build/Intermediates.noindex/WolfNumerics.build/Debug-watchos/WolfNumerics-product-t.build/WolfNumerics.DependencyStaticMetadataFileList
WriteAuxiliaryFile /Users/admin/builder/spi-builder-workspace/.derivedData/Build/Intermediates.noindex/WolfNumerics.build/Debug-watchos/WolfNumerics-product-t.build/Objects-normal/arm64/WolfNumerics.LinkFileList (in target 'WolfNumerics-product' from project 'WolfNumerics')
cd /Users/admin/builder/spi-builder-workspace/.dependencies/checkouts/WolfNumerics
write-file /Users/admin/builder/spi-builder-workspace/.derivedData/Build/Intermediates.noindex/WolfNumerics.build/Debug-watchos/WolfNumerics-product-t.build/Objects-normal/arm64/WolfNumerics.LinkFileList
WriteAuxiliaryFile /Users/admin/builder/spi-builder-workspace/.derivedData/Build/Intermediates.noindex/WolfNumerics.build/Debug-watchos/WolfNumerics-product-t.build/Objects-normal/arm64_32/WolfNumerics.LinkFileList (in target 'WolfNumerics-product' from project 'WolfNumerics')
cd /Users/admin/builder/spi-builder-workspace/.dependencies/checkouts/WolfNumerics
write-file /Users/admin/builder/spi-builder-workspace/.derivedData/Build/Intermediates.noindex/WolfNumerics.build/Debug-watchos/WolfNumerics-product-t.build/Objects-normal/arm64_32/WolfNumerics.LinkFileList
WriteAuxiliaryFile /Users/admin/builder/spi-builder-workspace/.derivedData/Build/Intermediates.noindex/WolfNumerics.build/Debug-watchos/WolfNumerics-t.build/WolfNumerics.modulemap (in target 'WolfNumerics' from project 'WolfNumerics')
cd /Users/admin/builder/spi-builder-workspace/.dependencies/checkouts/WolfNumerics
write-file /Users/admin/builder/spi-builder-workspace/.derivedData/Build/Intermediates.noindex/WolfNumerics.build/Debug-watchos/WolfNumerics-t.build/WolfNumerics.modulemap
WriteAuxiliaryFile /Users/admin/builder/spi-builder-workspace/.derivedData/Build/Intermediates.noindex/WolfNumerics.build/Debug-watchos/WolfNumerics-t.build/WolfNumerics.DependencyStaticMetadataFileList (in target 'WolfNumerics' from project 'WolfNumerics')
cd /Users/admin/builder/spi-builder-workspace/.dependencies/checkouts/WolfNumerics
write-file /Users/admin/builder/spi-builder-workspace/.derivedData/Build/Intermediates.noindex/WolfNumerics.build/Debug-watchos/WolfNumerics-t.build/WolfNumerics.DependencyStaticMetadataFileList
WriteAuxiliaryFile /Users/admin/builder/spi-builder-workspace/.derivedData/Build/Intermediates.noindex/WolfNumerics.build/Debug-watchos/WolfNumerics-t.build/WolfNumerics.DependencyMetadataFileList (in target 'WolfNumerics' from project 'WolfNumerics')
cd /Users/admin/builder/spi-builder-workspace/.dependencies/checkouts/WolfNumerics
write-file /Users/admin/builder/spi-builder-workspace/.derivedData/Build/Intermediates.noindex/WolfNumerics.build/Debug-watchos/WolfNumerics-t.build/WolfNumerics.DependencyMetadataFileList
WriteAuxiliaryFile /Users/admin/builder/spi-builder-workspace/.derivedData/Build/Intermediates.noindex/WolfNumerics.build/Debug-watchos/WolfNumerics-t.build/Objects-normal/arm64_32/WolfNumerics_const_extract_protocols.json (in target 'WolfNumerics' from project 'WolfNumerics')
cd /Users/admin/builder/spi-builder-workspace/.dependencies/checkouts/WolfNumerics
write-file /Users/admin/builder/spi-builder-workspace/.derivedData/Build/Intermediates.noindex/WolfNumerics.build/Debug-watchos/WolfNumerics-t.build/Objects-normal/arm64_32/WolfNumerics_const_extract_protocols.json
WriteAuxiliaryFile /Users/admin/builder/spi-builder-workspace/.derivedData/Build/Intermediates.noindex/WolfNumerics.build/Debug-watchos/WolfNumerics-t.build/Objects-normal/arm64_32/WolfNumerics.SwiftFileList (in target 'WolfNumerics' from project 'WolfNumerics')
cd /Users/admin/builder/spi-builder-workspace/.dependencies/checkouts/WolfNumerics
write-file /Users/admin/builder/spi-builder-workspace/.derivedData/Build/Intermediates.noindex/WolfNumerics.build/Debug-watchos/WolfNumerics-t.build/Objects-normal/arm64_32/WolfNumerics.SwiftFileList
WriteAuxiliaryFile /Users/admin/builder/spi-builder-workspace/.derivedData/Build/Intermediates.noindex/WolfNumerics.build/Debug-watchos/WolfNumerics-t.build/Objects-normal/arm64_32/WolfNumerics.SwiftConstValuesFileList (in target 'WolfNumerics' from project 'WolfNumerics')
cd /Users/admin/builder/spi-builder-workspace/.dependencies/checkouts/WolfNumerics
write-file /Users/admin/builder/spi-builder-workspace/.derivedData/Build/Intermediates.noindex/WolfNumerics.build/Debug-watchos/WolfNumerics-t.build/Objects-normal/arm64_32/WolfNumerics.SwiftConstValuesFileList
WriteAuxiliaryFile /Users/admin/builder/spi-builder-workspace/.derivedData/Build/Intermediates.noindex/WolfNumerics.build/Debug-watchos/WolfNumerics-t.build/Objects-normal/arm64_32/WolfNumerics.LinkFileList (in target 'WolfNumerics' from project 'WolfNumerics')
cd /Users/admin/builder/spi-builder-workspace/.dependencies/checkouts/WolfNumerics
write-file /Users/admin/builder/spi-builder-workspace/.derivedData/Build/Intermediates.noindex/WolfNumerics.build/Debug-watchos/WolfNumerics-t.build/Objects-normal/arm64_32/WolfNumerics.LinkFileList
WriteAuxiliaryFile /Users/admin/builder/spi-builder-workspace/.derivedData/Build/Intermediates.noindex/WolfNumerics.build/Debug-watchos/WolfNumerics-t.build/Objects-normal/arm64_32/WolfNumerics-OutputFileMap.json (in target 'WolfNumerics' from project 'WolfNumerics')
cd /Users/admin/builder/spi-builder-workspace/.dependencies/checkouts/WolfNumerics
write-file /Users/admin/builder/spi-builder-workspace/.derivedData/Build/Intermediates.noindex/WolfNumerics.build/Debug-watchos/WolfNumerics-t.build/Objects-normal/arm64_32/WolfNumerics-OutputFileMap.json
WriteAuxiliaryFile /Users/admin/builder/spi-builder-workspace/.derivedData/Build/Intermediates.noindex/WolfNumerics.build/Debug-watchos/WolfNumerics-t.build/Objects-normal/arm64/WolfNumerics_const_extract_protocols.json (in target 'WolfNumerics' from project 'WolfNumerics')
cd /Users/admin/builder/spi-builder-workspace/.dependencies/checkouts/WolfNumerics
write-file /Users/admin/builder/spi-builder-workspace/.derivedData/Build/Intermediates.noindex/WolfNumerics.build/Debug-watchos/WolfNumerics-t.build/Objects-normal/arm64/WolfNumerics_const_extract_protocols.json
WriteAuxiliaryFile /Users/admin/builder/spi-builder-workspace/.derivedData/Build/Intermediates.noindex/WolfNumerics.build/Debug-watchos/WolfNumerics-t.build/Objects-normal/arm64/WolfNumerics.SwiftFileList (in target 'WolfNumerics' from project 'WolfNumerics')
cd /Users/admin/builder/spi-builder-workspace/.dependencies/checkouts/WolfNumerics
write-file /Users/admin/builder/spi-builder-workspace/.derivedData/Build/Intermediates.noindex/WolfNumerics.build/Debug-watchos/WolfNumerics-t.build/Objects-normal/arm64/WolfNumerics.SwiftFileList
WriteAuxiliaryFile /Users/admin/builder/spi-builder-workspace/.derivedData/Build/Intermediates.noindex/WolfNumerics.build/Debug-watchos/WolfNumerics-t.build/Objects-normal/arm64/WolfNumerics.SwiftConstValuesFileList (in target 'WolfNumerics' from project 'WolfNumerics')
cd /Users/admin/builder/spi-builder-workspace/.dependencies/checkouts/WolfNumerics
write-file /Users/admin/builder/spi-builder-workspace/.derivedData/Build/Intermediates.noindex/WolfNumerics.build/Debug-watchos/WolfNumerics-t.build/Objects-normal/arm64/WolfNumerics.SwiftConstValuesFileList
WriteAuxiliaryFile /Users/admin/builder/spi-builder-workspace/.derivedData/Build/Intermediates.noindex/WolfNumerics.build/Debug-watchos/WolfNumerics-t.build/Objects-normal/arm64/WolfNumerics.LinkFileList (in target 'WolfNumerics' from project 'WolfNumerics')
cd /Users/admin/builder/spi-builder-workspace/.dependencies/checkouts/WolfNumerics
write-file /Users/admin/builder/spi-builder-workspace/.derivedData/Build/Intermediates.noindex/WolfNumerics.build/Debug-watchos/WolfNumerics-t.build/Objects-normal/arm64/WolfNumerics.LinkFileList
WriteAuxiliaryFile /Users/admin/builder/spi-builder-workspace/.derivedData/Build/Intermediates.noindex/WolfNumerics.build/Debug-watchos/WolfNumerics-t.build/Objects-normal/arm64/WolfNumerics-OutputFileMap.json (in target 'WolfNumerics' from project 'WolfNumerics')
cd /Users/admin/builder/spi-builder-workspace/.dependencies/checkouts/WolfNumerics
write-file /Users/admin/builder/spi-builder-workspace/.derivedData/Build/Intermediates.noindex/WolfNumerics.build/Debug-watchos/WolfNumerics-t.build/Objects-normal/arm64/WolfNumerics-OutputFileMap.json
Copy /Users/admin/builder/spi-builder-workspace/.derivedData/Build/Intermediates.noindex/GeneratedModuleMaps-watchos/WolfNumerics.modulemap /Users/admin/builder/spi-builder-workspace/.derivedData/Build/Intermediates.noindex/WolfNumerics.build/Debug-watchos/WolfNumerics-t.build/WolfNumerics.modulemap (in target 'WolfNumerics' from project 'WolfNumerics')
cd /Users/admin/builder/spi-builder-workspace/.dependencies/checkouts/WolfNumerics
builtin-copy -exclude .DS_Store -exclude CVS -exclude .svn -exclude .git -exclude .hg -resolve-src-symlinks /Users/admin/builder/spi-builder-workspace/.derivedData/Build/Intermediates.noindex/WolfNumerics.build/Debug-watchos/WolfNumerics-t.build/WolfNumerics.modulemap /Users/admin/builder/spi-builder-workspace/.derivedData/Build/Intermediates.noindex/GeneratedModuleMaps-watchos
WriteAuxiliaryFile /Users/admin/builder/spi-builder-workspace/.derivedData/Build/Intermediates.noindex/WolfFoundation.build/Debug-watchos/WolfFoundation-product-t.build/empty-WolfFoundation.plist (in target 'WolfFoundation-product' from project 'WolfFoundation')
cd /Users/admin/builder/spi-builder-workspace/.dependencies/checkouts/WolfFoundation
write-file /Users/admin/builder/spi-builder-workspace/.derivedData/Build/Intermediates.noindex/WolfFoundation.build/Debug-watchos/WolfFoundation-product-t.build/empty-WolfFoundation.plist
WriteAuxiliaryFile /Users/admin/builder/spi-builder-workspace/.derivedData/Build/Intermediates.noindex/WolfFoundation.build/Debug-watchos/WolfFoundation-product-t.build/WolfFoundation.DependencyStaticMetadataFileList (in target 'WolfFoundation-product' from project 'WolfFoundation')
cd /Users/admin/builder/spi-builder-workspace/.dependencies/checkouts/WolfFoundation
write-file /Users/admin/builder/spi-builder-workspace/.derivedData/Build/Intermediates.noindex/WolfFoundation.build/Debug-watchos/WolfFoundation-product-t.build/WolfFoundation.DependencyStaticMetadataFileList
WriteAuxiliaryFile /Users/admin/builder/spi-builder-workspace/.derivedData/Build/Intermediates.noindex/WolfFoundation.build/Debug-watchos/WolfFoundation-product-t.build/WolfFoundation.DependencyMetadataFileList (in target 'WolfFoundation-product' from project 'WolfFoundation')
cd /Users/admin/builder/spi-builder-workspace/.dependencies/checkouts/WolfFoundation
write-file /Users/admin/builder/spi-builder-workspace/.derivedData/Build/Intermediates.noindex/WolfFoundation.build/Debug-watchos/WolfFoundation-product-t.build/WolfFoundation.DependencyMetadataFileList
WriteAuxiliaryFile /Users/admin/builder/spi-builder-workspace/.derivedData/Build/Intermediates.noindex/WolfFoundation.build/Debug-watchos/WolfFoundation-product-t.build/Objects-normal/arm64/WolfFoundation.LinkFileList (in target 'WolfFoundation-product' from project 'WolfFoundation')
cd /Users/admin/builder/spi-builder-workspace/.dependencies/checkouts/WolfFoundation
write-file /Users/admin/builder/spi-builder-workspace/.derivedData/Build/Intermediates.noindex/WolfFoundation.build/Debug-watchos/WolfFoundation-product-t.build/Objects-normal/arm64/WolfFoundation.LinkFileList
WriteAuxiliaryFile /Users/admin/builder/spi-builder-workspace/.derivedData/Build/Intermediates.noindex/WolfFoundation.build/Debug-watchos/WolfFoundation-product-t.build/Objects-normal/arm64_32/WolfFoundation.LinkFileList (in target 'WolfFoundation-product' from project 'WolfFoundation')
cd /Users/admin/builder/spi-builder-workspace/.dependencies/checkouts/WolfFoundation
write-file /Users/admin/builder/spi-builder-workspace/.derivedData/Build/Intermediates.noindex/WolfFoundation.build/Debug-watchos/WolfFoundation-product-t.build/Objects-normal/arm64_32/WolfFoundation.LinkFileList
WriteAuxiliaryFile /Users/admin/builder/spi-builder-workspace/.derivedData/Build/Intermediates.noindex/WolfConcurrency.build/Debug-watchos/WolfConcurrency-product-t.build/empty-WolfConcurrency.plist (in target 'WolfConcurrency-product' from project 'WolfConcurrency')
cd /Users/admin/builder/spi-builder-workspace
write-file /Users/admin/builder/spi-builder-workspace/.derivedData/Build/Intermediates.noindex/WolfConcurrency.build/Debug-watchos/WolfConcurrency-product-t.build/empty-WolfConcurrency.plist
WriteAuxiliaryFile /Users/admin/builder/spi-builder-workspace/.derivedData/Build/Intermediates.noindex/WolfConcurrency.build/Debug-watchos/WolfConcurrency-product-t.build/WolfConcurrency.DependencyStaticMetadataFileList (in target 'WolfConcurrency-product' from project 'WolfConcurrency')
cd /Users/admin/builder/spi-builder-workspace
write-file /Users/admin/builder/spi-builder-workspace/.derivedData/Build/Intermediates.noindex/WolfConcurrency.build/Debug-watchos/WolfConcurrency-product-t.build/WolfConcurrency.DependencyStaticMetadataFileList
WriteAuxiliaryFile /Users/admin/builder/spi-builder-workspace/.derivedData/Build/Intermediates.noindex/WolfConcurrency.build/Debug-watchos/WolfConcurrency-product-t.build/WolfConcurrency.DependencyMetadataFileList (in target 'WolfConcurrency-product' from project 'WolfConcurrency')
cd /Users/admin/builder/spi-builder-workspace
write-file /Users/admin/builder/spi-builder-workspace/.derivedData/Build/Intermediates.noindex/WolfConcurrency.build/Debug-watchos/WolfConcurrency-product-t.build/WolfConcurrency.DependencyMetadataFileList
MkDir /Users/admin/builder/spi-builder-workspace/.derivedData/Build/Products/Debug-watchos/PackageFrameworks/WolfPipe.framework (in target 'WolfPipe-product' from project 'WolfPipe')
cd /Users/admin/builder/spi-builder-workspace/.dependencies/checkouts/WolfPipe
/bin/mkdir -p /Users/admin/builder/spi-builder-workspace/.derivedData/Build/Products/Debug-watchos/PackageFrameworks/WolfPipe.framework
WriteAuxiliaryFile /Users/admin/builder/spi-builder-workspace/.derivedData/Build/Intermediates.noindex/WolfConcurrency.build/Debug-watchos/WolfConcurrency-product-t.build/Objects-normal/arm64/WolfConcurrency.LinkFileList (in target 'WolfConcurrency-product' from project 'WolfConcurrency')
cd /Users/admin/builder/spi-builder-workspace
write-file /Users/admin/builder/spi-builder-workspace/.derivedData/Build/Intermediates.noindex/WolfConcurrency.build/Debug-watchos/WolfConcurrency-product-t.build/Objects-normal/arm64/WolfConcurrency.LinkFileList
WriteAuxiliaryFile /Users/admin/builder/spi-builder-workspace/.derivedData/Build/Intermediates.noindex/WolfConcurrency.build/Debug-watchos/WolfConcurrency-product-t.build/Objects-normal/arm64_32/WolfConcurrency.LinkFileList (in target 'WolfConcurrency-product' from project 'WolfConcurrency')
cd /Users/admin/builder/spi-builder-workspace
write-file /Users/admin/builder/spi-builder-workspace/.derivedData/Build/Intermediates.noindex/WolfConcurrency.build/Debug-watchos/WolfConcurrency-product-t.build/Objects-normal/arm64_32/WolfConcurrency.LinkFileList
MkDir /Users/admin/builder/spi-builder-workspace/.derivedData/Build/Products/Debug-watchos/PackageFrameworks/WolfNumerics.framework (in target 'WolfNumerics-product' from project 'WolfNumerics')
cd /Users/admin/builder/spi-builder-workspace/.dependencies/checkouts/WolfNumerics
/bin/mkdir -p /Users/admin/builder/spi-builder-workspace/.derivedData/Build/Products/Debug-watchos/PackageFrameworks/WolfNumerics.framework
MkDir /Users/admin/builder/spi-builder-workspace/.derivedData/Build/Products/Debug-watchos/PackageFrameworks/WolfFoundation.framework (in target 'WolfFoundation-product' from project 'WolfFoundation')
cd /Users/admin/builder/spi-builder-workspace/.dependencies/checkouts/WolfFoundation
/bin/mkdir -p /Users/admin/builder/spi-builder-workspace/.derivedData/Build/Products/Debug-watchos/PackageFrameworks/WolfFoundation.framework
MkDir /Users/admin/builder/spi-builder-workspace/.derivedData/Build/Products/Debug-watchos/PackageFrameworks/WolfConcurrency.framework (in target 'WolfConcurrency-product' from project 'WolfConcurrency')
cd /Users/admin/builder/spi-builder-workspace
/bin/mkdir -p /Users/admin/builder/spi-builder-workspace/.derivedData/Build/Products/Debug-watchos/PackageFrameworks/WolfConcurrency.framework
WriteAuxiliaryFile /Users/admin/builder/spi-builder-workspace/.derivedData/Build/Intermediates.noindex/WolfFoundation.build/Debug-watchos/WolfFoundation-t.build/WolfFoundation.DependencyMetadataFileList (in target 'WolfFoundation' from project 'WolfFoundation')
cd /Users/admin/builder/spi-builder-workspace/.dependencies/checkouts/WolfFoundation
write-file /Users/admin/builder/spi-builder-workspace/.derivedData/Build/Intermediates.noindex/WolfFoundation.build/Debug-watchos/WolfFoundation-t.build/WolfFoundation.DependencyMetadataFileList
WriteAuxiliaryFile /Users/admin/builder/spi-builder-workspace/.derivedData/Build/Intermediates.noindex/WolfFoundation.build/Debug-watchos/WolfFoundation-t.build/WolfFoundation.modulemap (in target 'WolfFoundation' from project 'WolfFoundation')
cd /Users/admin/builder/spi-builder-workspace/.dependencies/checkouts/WolfFoundation
write-file /Users/admin/builder/spi-builder-workspace/.derivedData/Build/Intermediates.noindex/WolfFoundation.build/Debug-watchos/WolfFoundation-t.build/WolfFoundation.modulemap
WriteAuxiliaryFile /Users/admin/builder/spi-builder-workspace/.derivedData/Build/Intermediates.noindex/WolfFoundation.build/Debug-watchos/WolfFoundation-t.build/WolfFoundation.DependencyStaticMetadataFileList (in target 'WolfFoundation' from project 'WolfFoundation')
cd /Users/admin/builder/spi-builder-workspace/.dependencies/checkouts/WolfFoundation
write-file /Users/admin/builder/spi-builder-workspace/.derivedData/Build/Intermediates.noindex/WolfFoundation.build/Debug-watchos/WolfFoundation-t.build/WolfFoundation.DependencyStaticMetadataFileList
WriteAuxiliaryFile /Users/admin/builder/spi-builder-workspace/.derivedData/Build/Intermediates.noindex/WolfFoundation.build/Debug-watchos/WolfFoundation-t.build/Objects-normal/arm64_32/WolfFoundation_const_extract_protocols.json (in target 'WolfFoundation' from project 'WolfFoundation')
cd /Users/admin/builder/spi-builder-workspace/.dependencies/checkouts/WolfFoundation
write-file /Users/admin/builder/spi-builder-workspace/.derivedData/Build/Intermediates.noindex/WolfFoundation.build/Debug-watchos/WolfFoundation-t.build/Objects-normal/arm64_32/WolfFoundation_const_extract_protocols.json
WriteAuxiliaryFile /Users/admin/builder/spi-builder-workspace/.derivedData/Build/Intermediates.noindex/WolfFoundation.build/Debug-watchos/WolfFoundation-t.build/Objects-normal/arm64_32/WolfFoundation.SwiftFileList (in target 'WolfFoundation' from project 'WolfFoundation')
cd /Users/admin/builder/spi-builder-workspace/.dependencies/checkouts/WolfFoundation
write-file /Users/admin/builder/spi-builder-workspace/.derivedData/Build/Intermediates.noindex/WolfFoundation.build/Debug-watchos/WolfFoundation-t.build/Objects-normal/arm64_32/WolfFoundation.SwiftFileList
WriteAuxiliaryFile /Users/admin/builder/spi-builder-workspace/.derivedData/Build/Intermediates.noindex/WolfFoundation.build/Debug-watchos/WolfFoundation-t.build/Objects-normal/arm64_32/WolfFoundation.SwiftConstValuesFileList (in target 'WolfFoundation' from project 'WolfFoundation')
cd /Users/admin/builder/spi-builder-workspace/.dependencies/checkouts/WolfFoundation
write-file /Users/admin/builder/spi-builder-workspace/.derivedData/Build/Intermediates.noindex/WolfFoundation.build/Debug-watchos/WolfFoundation-t.build/Objects-normal/arm64_32/WolfFoundation.SwiftConstValuesFileList
WriteAuxiliaryFile /Users/admin/builder/spi-builder-workspace/.derivedData/Build/Intermediates.noindex/WolfFoundation.build/Debug-watchos/WolfFoundation-t.build/Objects-normal/arm64_32/WolfFoundation.LinkFileList (in target 'WolfFoundation' from project 'WolfFoundation')
cd /Users/admin/builder/spi-builder-workspace/.dependencies/checkouts/WolfFoundation
write-file /Users/admin/builder/spi-builder-workspace/.derivedData/Build/Intermediates.noindex/WolfFoundation.build/Debug-watchos/WolfFoundation-t.build/Objects-normal/arm64_32/WolfFoundation.LinkFileList
WriteAuxiliaryFile /Users/admin/builder/spi-builder-workspace/.derivedData/Build/Intermediates.noindex/WolfFoundation.build/Debug-watchos/WolfFoundation-t.build/Objects-normal/arm64_32/WolfFoundation-OutputFileMap.json (in target 'WolfFoundation' from project 'WolfFoundation')
cd /Users/admin/builder/spi-builder-workspace/.dependencies/checkouts/WolfFoundation
write-file /Users/admin/builder/spi-builder-workspace/.derivedData/Build/Intermediates.noindex/WolfFoundation.build/Debug-watchos/WolfFoundation-t.build/Objects-normal/arm64_32/WolfFoundation-OutputFileMap.json
WriteAuxiliaryFile /Users/admin/builder/spi-builder-workspace/.derivedData/Build/Intermediates.noindex/WolfFoundation.build/Debug-watchos/WolfFoundation-t.build/Objects-normal/arm64/WolfFoundation_const_extract_protocols.json (in target 'WolfFoundation' from project 'WolfFoundation')
cd /Users/admin/builder/spi-builder-workspace/.dependencies/checkouts/WolfFoundation
write-file /Users/admin/builder/spi-builder-workspace/.derivedData/Build/Intermediates.noindex/WolfFoundation.build/Debug-watchos/WolfFoundation-t.build/Objects-normal/arm64/WolfFoundation_const_extract_protocols.json
WriteAuxiliaryFile /Users/admin/builder/spi-builder-workspace/.derivedData/Build/Intermediates.noindex/WolfFoundation.build/Debug-watchos/WolfFoundation-t.build/Objects-normal/arm64/WolfFoundation.SwiftConstValuesFileList (in target 'WolfFoundation' from project 'WolfFoundation')
cd /Users/admin/builder/spi-builder-workspace/.dependencies/checkouts/WolfFoundation
write-file /Users/admin/builder/spi-builder-workspace/.derivedData/Build/Intermediates.noindex/WolfFoundation.build/Debug-watchos/WolfFoundation-t.build/Objects-normal/arm64/WolfFoundation.SwiftConstValuesFileList
WriteAuxiliaryFile /Users/admin/builder/spi-builder-workspace/.derivedData/Build/Intermediates.noindex/WolfFoundation.build/Debug-watchos/WolfFoundation-t.build/Objects-normal/arm64/WolfFoundation.LinkFileList (in target 'WolfFoundation' from project 'WolfFoundation')
cd /Users/admin/builder/spi-builder-workspace/.dependencies/checkouts/WolfFoundation
write-file /Users/admin/builder/spi-builder-workspace/.derivedData/Build/Intermediates.noindex/WolfFoundation.build/Debug-watchos/WolfFoundation-t.build/Objects-normal/arm64/WolfFoundation.LinkFileList
WriteAuxiliaryFile /Users/admin/builder/spi-builder-workspace/.derivedData/Build/Intermediates.noindex/WolfFoundation.build/Debug-watchos/WolfFoundation-t.build/Objects-normal/arm64/WolfFoundation-OutputFileMap.json (in target 'WolfFoundation' from project 'WolfFoundation')
cd /Users/admin/builder/spi-builder-workspace/.dependencies/checkouts/WolfFoundation
write-file /Users/admin/builder/spi-builder-workspace/.derivedData/Build/Intermediates.noindex/WolfFoundation.build/Debug-watchos/WolfFoundation-t.build/Objects-normal/arm64/WolfFoundation-OutputFileMap.json
WriteAuxiliaryFile /Users/admin/builder/spi-builder-workspace/.derivedData/Build/Intermediates.noindex/WolfFoundation.build/Debug-watchos/WolfFoundation-t.build/Objects-normal/arm64/WolfFoundation.SwiftFileList (in target 'WolfFoundation' from project 'WolfFoundation')
cd /Users/admin/builder/spi-builder-workspace/.dependencies/checkouts/WolfFoundation
write-file /Users/admin/builder/spi-builder-workspace/.derivedData/Build/Intermediates.noindex/WolfFoundation.build/Debug-watchos/WolfFoundation-t.build/Objects-normal/arm64/WolfFoundation.SwiftFileList
WriteAuxiliaryFile /Users/admin/builder/spi-builder-workspace/.derivedData/Build/Intermediates.noindex/WolfConcurrency.build/Debug-watchos/WolfConcurrency-t.build/WolfConcurrency.modulemap (in target 'WolfConcurrency' from project 'WolfConcurrency')
cd /Users/admin/builder/spi-builder-workspace
write-file /Users/admin/builder/spi-builder-workspace/.derivedData/Build/Intermediates.noindex/WolfConcurrency.build/Debug-watchos/WolfConcurrency-t.build/WolfConcurrency.modulemap
Copy /Users/admin/builder/spi-builder-workspace/.derivedData/Build/Intermediates.noindex/GeneratedModuleMaps-watchos/WolfFoundation.modulemap /Users/admin/builder/spi-builder-workspace/.derivedData/Build/Intermediates.noindex/WolfFoundation.build/Debug-watchos/WolfFoundation-t.build/WolfFoundation.modulemap (in target 'WolfFoundation' from project 'WolfFoundation')
cd /Users/admin/builder/spi-builder-workspace/.dependencies/checkouts/WolfFoundation
builtin-copy -exclude .DS_Store -exclude CVS -exclude .svn -exclude .git -exclude .hg -resolve-src-symlinks /Users/admin/builder/spi-builder-workspace/.derivedData/Build/Intermediates.noindex/WolfFoundation.build/Debug-watchos/WolfFoundation-t.build/WolfFoundation.modulemap /Users/admin/builder/spi-builder-workspace/.derivedData/Build/Intermediates.noindex/GeneratedModuleMaps-watchos
WriteAuxiliaryFile /Users/admin/builder/spi-builder-workspace/.derivedData/Build/Intermediates.noindex/WolfConcurrency.build/Debug-watchos/WolfConcurrency-t.build/WolfConcurrency.DependencyStaticMetadataFileList (in target 'WolfConcurrency' from project 'WolfConcurrency')
cd /Users/admin/builder/spi-builder-workspace
write-file /Users/admin/builder/spi-builder-workspace/.derivedData/Build/Intermediates.noindex/WolfConcurrency.build/Debug-watchos/WolfConcurrency-t.build/WolfConcurrency.DependencyStaticMetadataFileList
WriteAuxiliaryFile /Users/admin/builder/spi-builder-workspace/.derivedData/Build/Intermediates.noindex/WolfConcurrency.build/Debug-watchos/WolfConcurrency-t.build/WolfConcurrency.DependencyMetadataFileList (in target 'WolfConcurrency' from project 'WolfConcurrency')
cd /Users/admin/builder/spi-builder-workspace
write-file /Users/admin/builder/spi-builder-workspace/.derivedData/Build/Intermediates.noindex/WolfConcurrency.build/Debug-watchos/WolfConcurrency-t.build/WolfConcurrency.DependencyMetadataFileList
WriteAuxiliaryFile /Users/admin/builder/spi-builder-workspace/.derivedData/Build/Intermediates.noindex/WolfConcurrency.build/Debug-watchos/WolfConcurrency-t.build/Objects-normal/arm64_32/WolfConcurrency_const_extract_protocols.json (in target 'WolfConcurrency' from project 'WolfConcurrency')
cd /Users/admin/builder/spi-builder-workspace
write-file /Users/admin/builder/spi-builder-workspace/.derivedData/Build/Intermediates.noindex/WolfConcurrency.build/Debug-watchos/WolfConcurrency-t.build/Objects-normal/arm64_32/WolfConcurrency_const_extract_protocols.json
WriteAuxiliaryFile /Users/admin/builder/spi-builder-workspace/.derivedData/Build/Intermediates.noindex/WolfConcurrency.build/Debug-watchos/WolfConcurrency-t.build/Objects-normal/arm64_32/WolfConcurrency.SwiftFileList (in target 'WolfConcurrency' from project 'WolfConcurrency')
cd /Users/admin/builder/spi-builder-workspace
write-file /Users/admin/builder/spi-builder-workspace/.derivedData/Build/Intermediates.noindex/WolfConcurrency.build/Debug-watchos/WolfConcurrency-t.build/Objects-normal/arm64_32/WolfConcurrency.SwiftFileList
WriteAuxiliaryFile /Users/admin/builder/spi-builder-workspace/.derivedData/Build/Intermediates.noindex/WolfConcurrency.build/Debug-watchos/WolfConcurrency-t.build/Objects-normal/arm64_32/WolfConcurrency.SwiftConstValuesFileList (in target 'WolfConcurrency' from project 'WolfConcurrency')
cd /Users/admin/builder/spi-builder-workspace
write-file /Users/admin/builder/spi-builder-workspace/.derivedData/Build/Intermediates.noindex/WolfConcurrency.build/Debug-watchos/WolfConcurrency-t.build/Objects-normal/arm64_32/WolfConcurrency.SwiftConstValuesFileList
WriteAuxiliaryFile /Users/admin/builder/spi-builder-workspace/.derivedData/Build/Intermediates.noindex/WolfConcurrency.build/Debug-watchos/WolfConcurrency-t.build/Objects-normal/arm64_32/WolfConcurrency.LinkFileList (in target 'WolfConcurrency' from project 'WolfConcurrency')
cd /Users/admin/builder/spi-builder-workspace
write-file /Users/admin/builder/spi-builder-workspace/.derivedData/Build/Intermediates.noindex/WolfConcurrency.build/Debug-watchos/WolfConcurrency-t.build/Objects-normal/arm64_32/WolfConcurrency.LinkFileList
WriteAuxiliaryFile /Users/admin/builder/spi-builder-workspace/.derivedData/Build/Intermediates.noindex/WolfConcurrency.build/Debug-watchos/WolfConcurrency-t.build/Objects-normal/arm64_32/WolfConcurrency-OutputFileMap.json (in target 'WolfConcurrency' from project 'WolfConcurrency')
cd /Users/admin/builder/spi-builder-workspace
write-file /Users/admin/builder/spi-builder-workspace/.derivedData/Build/Intermediates.noindex/WolfConcurrency.build/Debug-watchos/WolfConcurrency-t.build/Objects-normal/arm64_32/WolfConcurrency-OutputFileMap.json
WriteAuxiliaryFile /Users/admin/builder/spi-builder-workspace/.derivedData/Build/Intermediates.noindex/WolfConcurrency.build/Debug-watchos/WolfConcurrency-t.build/Objects-normal/arm64/WolfConcurrency_const_extract_protocols.json (in target 'WolfConcurrency' from project 'WolfConcurrency')
cd /Users/admin/builder/spi-builder-workspace
write-file /Users/admin/builder/spi-builder-workspace/.derivedData/Build/Intermediates.noindex/WolfConcurrency.build/Debug-watchos/WolfConcurrency-t.build/Objects-normal/arm64/WolfConcurrency_const_extract_protocols.json
WriteAuxiliaryFile /Users/admin/builder/spi-builder-workspace/.derivedData/Build/Intermediates.noindex/WolfConcurrency.build/Debug-watchos/WolfConcurrency-t.build/Objects-normal/arm64/WolfConcurrency.SwiftConstValuesFileList (in target 'WolfConcurrency' from project 'WolfConcurrency')
cd /Users/admin/builder/spi-builder-workspace
write-file /Users/admin/builder/spi-builder-workspace/.derivedData/Build/Intermediates.noindex/WolfConcurrency.build/Debug-watchos/WolfConcurrency-t.build/Objects-normal/arm64/WolfConcurrency.SwiftConstValuesFileList
WriteAuxiliaryFile /Users/admin/builder/spi-builder-workspace/.derivedData/Build/Intermediates.noindex/WolfConcurrency.build/Debug-watchos/WolfConcurrency-t.build/Objects-normal/arm64/WolfConcurrency.SwiftFileList (in target 'WolfConcurrency' from project 'WolfConcurrency')
cd /Users/admin/builder/spi-builder-workspace
write-file /Users/admin/builder/spi-builder-workspace/.derivedData/Build/Intermediates.noindex/WolfConcurrency.build/Debug-watchos/WolfConcurrency-t.build/Objects-normal/arm64/WolfConcurrency.SwiftFileList
WriteAuxiliaryFile /Users/admin/builder/spi-builder-workspace/.derivedData/Build/Intermediates.noindex/WolfConcurrency.build/Debug-watchos/WolfConcurrency-t.build/Objects-normal/arm64/WolfConcurrency.LinkFileList (in target 'WolfConcurrency' from project 'WolfConcurrency')
cd /Users/admin/builder/spi-builder-workspace
write-file /Users/admin/builder/spi-builder-workspace/.derivedData/Build/Intermediates.noindex/WolfConcurrency.build/Debug-watchos/WolfConcurrency-t.build/Objects-normal/arm64/WolfConcurrency.LinkFileList
WriteAuxiliaryFile /Users/admin/builder/spi-builder-workspace/.derivedData/Build/Intermediates.noindex/WolfConcurrency.build/Debug-watchos/WolfConcurrency-t.build/Objects-normal/arm64/WolfConcurrency-OutputFileMap.json (in target 'WolfConcurrency' from project 'WolfConcurrency')
cd /Users/admin/builder/spi-builder-workspace
write-file /Users/admin/builder/spi-builder-workspace/.derivedData/Build/Intermediates.noindex/WolfConcurrency.build/Debug-watchos/WolfConcurrency-t.build/Objects-normal/arm64/WolfConcurrency-OutputFileMap.json
Copy /Users/admin/builder/spi-builder-workspace/.derivedData/Build/Intermediates.noindex/GeneratedModuleMaps-watchos/WolfConcurrency.modulemap /Users/admin/builder/spi-builder-workspace/.derivedData/Build/Intermediates.noindex/WolfConcurrency.build/Debug-watchos/WolfConcurrency-t.build/WolfConcurrency.modulemap (in target 'WolfConcurrency' from project 'WolfConcurrency')
cd /Users/admin/builder/spi-builder-workspace
builtin-copy -exclude .DS_Store -exclude CVS -exclude .svn -exclude .git -exclude .hg -resolve-src-symlinks /Users/admin/builder/spi-builder-workspace/.derivedData/Build/Intermediates.noindex/WolfConcurrency.build/Debug-watchos/WolfConcurrency-t.build/WolfConcurrency.modulemap /Users/admin/builder/spi-builder-workspace/.derivedData/Build/Intermediates.noindex/GeneratedModuleMaps-watchos
CreateBuildDirectory /Users/admin/builder/spi-builder-workspace/.derivedData/Build/Products/Debug-watchos/PackageFrameworks
cd /Users/admin/builder/spi-builder-workspace/.swiftpm/xcode
builtin-create-build-directory /Users/admin/builder/spi-builder-workspace/.derivedData/Build/Products/Debug-watchos/PackageFrameworks
SwiftDriver WolfNumerics normal arm64_32 com.apple.xcode.tools.swift.compiler (in target 'WolfNumerics' from project 'WolfNumerics')
cd /Users/admin/builder/spi-builder-workspace/.swiftpm/xcode
builtin-SwiftDriver -- /Applications/Xcode-27.0.0-Release.Candidate.app/Contents/Developer/Toolchains/XcodeDefault.xctoolchain/usr/bin/swiftc -parse-as-library -module-name WolfNumerics -Onone @/Users/admin/builder/spi-builder-workspace/.derivedData/Build/Intermediates.noindex/WolfNumerics.build/Debug-watchos/WolfNumerics-t.build/Objects-normal/arm64_32/WolfNumerics.SwiftFileList -DSWIFT_PACKAGE -DDEBUG -DSWIFT_MODULE_RESOURCE_BUNDLE_UNAVAILABLE -DXcode -plugin-path /Applications/Xcode-27.0.0-Release.Candidate.app/Contents/Developer/Toolchains/XcodeDefault.xctoolchain/usr/lib/swift/host/plugins/testing -enable-experimental-feature DebugDescriptionMacro -sdk /Applications/Xcode-27.0.0-Release.Candidate.app/Contents/Developer/Platforms/WatchOS.platform/Developer/SDKs/WatchOS27.0.sdk -target arm64_32-apple-watchos9.0 -g -module-cache-path /Users/admin/builder/spi-builder-workspace/.derivedData/ModuleCache.noindex -Xfrontend -serialize-debugging-options -enable-testing -suppress-warnings -index-store-path /Users/admin/builder/spi-builder-workspace/.derivedData/Index.noindex/DataStore -Xcc -D_LIBCPP_HARDENING_MODE\=_LIBCPP_HARDENING_MODE_DEBUG -swift-version 5 -I /Users/admin/builder/spi-builder-workspace/.derivedData/Build/Products/Debug-watchos -Isystem /Applications/Xcode-27.0.0-Release.Candidate.app/Contents/Developer/Platforms/WatchOS.platform/Developer/usr/lib -F /Users/admin/builder/spi-builder-workspace/.derivedData/Build/Products/Debug-watchos -F /Applications/Xcode-27.0.0-Release.Candidate.app/Contents/Developer/Platforms/WatchOS.platform/Developer/Library/Frameworks -F /Applications/Xcode-27.0.0-Release.Candidate.app/Contents/Developer/Platforms/WatchOS.platform/Developer/SDKs/WatchOS27.0.sdk/Developer/Library/Frameworks -c -j10 -enable-batch-mode -incremental -Xcc -ivfsstatcache -Xcc /Users/admin/builder/spi-builder-workspace/.derivedData/SDKStatCaches.noindex/watchos27.0-24R360-e829b21a6f8c9b70876ba0858053c04477534ef55a1706bf4c1112bbb242f0a2.sdkstatcache -output-file-map /Users/admin/builder/spi-builder-workspace/.derivedData/Build/Intermediates.noindex/WolfNumerics.build/Debug-watchos/WolfNumerics-t.build/Objects-normal/arm64_32/WolfNumerics-OutputFileMap.json -save-temps -no-color-diagnostics -explicit-module-build -module-cache-path /Users/admin/builder/spi-builder-workspace/.derivedData/Build/Intermediates.noindex/SwiftExplicitPrecompiledModules -clang-scanner-module-cache-path /Users/admin/builder/spi-builder-workspace/.derivedData/ModuleCache.noindex -sdk-module-cache-path /Users/admin/builder/spi-builder-workspace/.derivedData/SDKExplicitPrecompiledModules -emit-dependencies -emit-module -emit-module-path /Users/admin/builder/spi-builder-workspace/.derivedData/Build/Intermediates.noindex/WolfNumerics.build/Debug-watchos/WolfNumerics-t.build/Objects-normal/arm64_32/WolfNumerics.swiftmodule -serialize-diagnostics -dependency-scan-serialize-diagnostics-path /Users/admin/builder/spi-builder-workspace/.derivedData/Build/Intermediates.noindex/WolfNumerics.build/Debug-watchos/WolfNumerics-t.build/Objects-normal/arm64_32/WolfNumerics-dependency-scan.dia -validate-clang-modules-once -clang-build-session-file /Users/admin/builder/spi-builder-workspace/.derivedData/ModuleCache.noindex/Session.modulevalidation -Xcc -fmodules-prune-interval\=86400 -Xcc -fmodules-prune-after\=345600 -emit-const-values -const-gather-protocols-list /Users/admin/builder/spi-builder-workspace/.derivedData/Build/Intermediates.noindex/WolfNumerics.build/Debug-watchos/WolfNumerics-t.build/Objects-normal/arm64_32/WolfNumerics_const_extract_protocols.json -Xcc -I/Users/admin/builder/spi-builder-workspace/.derivedData/Build/Products/Debug-watchos/include -Xcc -I/Users/admin/builder/spi-builder-workspace/.derivedData/Build/Intermediates.noindex/WolfNumerics.build/Debug-watchos/WolfNumerics-t.build/DerivedSources-normal/arm64_32 -Xcc -I/Users/admin/builder/spi-builder-workspace/.derivedData/Build/Intermediates.noindex/WolfNumerics.build/Debug-watchos/WolfNumerics-t.build/DerivedSources/arm64_32 -Xcc -I/Users/admin/builder/spi-builder-workspace/.derivedData/Build/Intermediates.noindex/WolfNumerics.build/Debug-watchos/WolfNumerics-t.build/DerivedSources -Xcc -DSWIFT_PACKAGE -Xcc -DDEBUG\=1 -emit-objc-header -emit-objc-header-path /Users/admin/builder/spi-builder-workspace/.derivedData/Build/Intermediates.noindex/WolfNumerics.build/Debug-watchos/WolfNumerics-t.build/Objects-normal/arm64_32/WolfNumerics-Swift.h -working-directory /Users/admin/builder/spi-builder-workspace/.swiftpm/xcode -experimental-emit-module-separately -disable-cmo
SwiftDriver WolfNumerics normal arm64 com.apple.xcode.tools.swift.compiler (in target 'WolfNumerics' from project 'WolfNumerics')
cd /Users/admin/builder/spi-builder-workspace/.swiftpm/xcode
builtin-SwiftDriver -- /Applications/Xcode-27.0.0-Release.Candidate.app/Contents/Developer/Toolchains/XcodeDefault.xctoolchain/usr/bin/swiftc -parse-as-library -module-name WolfNumerics -Onone @/Users/admin/builder/spi-builder-workspace/.derivedData/Build/Intermediates.noindex/WolfNumerics.build/Debug-watchos/WolfNumerics-t.build/Objects-normal/arm64/WolfNumerics.SwiftFileList -DSWIFT_PACKAGE -DDEBUG -DSWIFT_MODULE_RESOURCE_BUNDLE_UNAVAILABLE -DXcode -plugin-path /Applications/Xcode-27.0.0-Release.Candidate.app/Contents/Developer/Toolchains/XcodeDefault.xctoolchain/usr/lib/swift/host/plugins/testing -enable-experimental-feature DebugDescriptionMacro -sdk /Applications/Xcode-27.0.0-Release.Candidate.app/Contents/Developer/Platforms/WatchOS.platform/Developer/SDKs/WatchOS27.0.sdk -target arm64-apple-watchos9.0 -g -module-cache-path /Users/admin/builder/spi-builder-workspace/.derivedData/ModuleCache.noindex -Xfrontend -serialize-debugging-options -enable-testing -suppress-warnings -index-store-path /Users/admin/builder/spi-builder-workspace/.derivedData/Index.noindex/DataStore -Xcc -D_LIBCPP_HARDENING_MODE\=_LIBCPP_HARDENING_MODE_DEBUG -swift-version 5 -I /Users/admin/builder/spi-builder-workspace/.derivedData/Build/Products/Debug-watchos -Isystem /Applications/Xcode-27.0.0-Release.Candidate.app/Contents/Developer/Platforms/WatchOS.platform/Developer/usr/lib -F /Users/admin/builder/spi-builder-workspace/.derivedData/Build/Products/Debug-watchos -F /Applications/Xcode-27.0.0-Release.Candidate.app/Contents/Developer/Platforms/WatchOS.platform/Developer/Library/Frameworks -F /Applications/Xcode-27.0.0-Release.Candidate.app/Contents/Developer/Platforms/WatchOS.platform/Developer/SDKs/WatchOS27.0.sdk/Developer/Library/Frameworks -c -j10 -enable-batch-mode -incremental -Xcc -ivfsstatcache -Xcc /Users/admin/builder/spi-builder-workspace/.derivedData/SDKStatCaches.noindex/watchos27.0-24R360-e829b21a6f8c9b70876ba0858053c04477534ef55a1706bf4c1112bbb242f0a2.sdkstatcache -output-file-map /Users/admin/builder/spi-builder-workspace/.derivedData/Build/Intermediates.noindex/WolfNumerics.build/Debug-watchos/WolfNumerics-t.build/Objects-normal/arm64/WolfNumerics-OutputFileMap.json -save-temps -no-color-diagnostics -explicit-module-build -module-cache-path /Users/admin/builder/spi-builder-workspace/.derivedData/Build/Intermediates.noindex/SwiftExplicitPrecompiledModules -clang-scanner-module-cache-path /Users/admin/builder/spi-builder-workspace/.derivedData/ModuleCache.noindex -sdk-module-cache-path /Users/admin/builder/spi-builder-workspace/.derivedData/SDKExplicitPrecompiledModules -emit-dependencies -emit-module -emit-module-path /Users/admin/builder/spi-builder-workspace/.derivedData/Build/Intermediates.noindex/WolfNumerics.build/Debug-watchos/WolfNumerics-t.build/Objects-normal/arm64/WolfNumerics.swiftmodule -serialize-diagnostics -dependency-scan-serialize-diagnostics-path /Users/admin/builder/spi-builder-workspace/.derivedData/Build/Intermediates.noindex/WolfNumerics.build/Debug-watchos/WolfNumerics-t.build/Objects-normal/arm64/WolfNumerics-dependency-scan.dia -validate-clang-modules-once -clang-build-session-file /Users/admin/builder/spi-builder-workspace/.derivedData/ModuleCache.noindex/Session.modulevalidation -Xcc -fmodules-prune-interval\=86400 -Xcc -fmodules-prune-after\=345600 -emit-const-values -const-gather-protocols-list /Users/admin/builder/spi-builder-workspace/.derivedData/Build/Intermediates.noindex/WolfNumerics.build/Debug-watchos/WolfNumerics-t.build/Objects-normal/arm64/WolfNumerics_const_extract_protocols.json -Xcc -I/Users/admin/builder/spi-builder-workspace/.derivedData/Build/Products/Debug-watchos/include -Xcc -I/Users/admin/builder/spi-builder-workspace/.derivedData/Build/Intermediates.noindex/WolfNumerics.build/Debug-watchos/WolfNumerics-t.build/DerivedSources-normal/arm64 -Xcc -I/Users/admin/builder/spi-builder-workspace/.derivedData/Build/Intermediates.noindex/WolfNumerics.build/Debug-watchos/WolfNumerics-t.build/DerivedSources/arm64 -Xcc -I/Users/admin/builder/spi-builder-workspace/.derivedData/Build/Intermediates.noindex/WolfNumerics.build/Debug-watchos/WolfNumerics-t.build/DerivedSources -Xcc -DSWIFT_PACKAGE -Xcc -DDEBUG\=1 -emit-objc-header -emit-objc-header-path /Users/admin/builder/spi-builder-workspace/.derivedData/Build/Intermediates.noindex/WolfNumerics.build/Debug-watchos/WolfNumerics-t.build/Objects-normal/arm64/WolfNumerics-Swift.h -working-directory /Users/admin/builder/spi-builder-workspace/.swiftpm/xcode -experimental-emit-module-separately -disable-cmo
SwiftDriver WolfPipe normal arm64 com.apple.xcode.tools.swift.compiler (in target 'WolfPipe' from project 'WolfPipe')
cd /Users/admin/builder/spi-builder-workspace/.swiftpm/xcode
builtin-SwiftDriver -- /Applications/Xcode-27.0.0-Release.Candidate.app/Contents/Developer/Toolchains/XcodeDefault.xctoolchain/usr/bin/swiftc -parse-as-library -module-name WolfPipe -Onone @/Users/admin/builder/spi-builder-workspace/.derivedData/Build/Intermediates.noindex/WolfPipe.build/Debug-watchos/WolfPipe-t.build/Objects-normal/arm64/WolfPipe.SwiftFileList -DSWIFT_PACKAGE -DDEBUG -DSWIFT_MODULE_RESOURCE_BUNDLE_UNAVAILABLE -DXcode -plugin-path /Applications/Xcode-27.0.0-Release.Candidate.app/Contents/Developer/Toolchains/XcodeDefault.xctoolchain/usr/lib/swift/host/plugins/testing -enable-experimental-feature DebugDescriptionMacro -sdk /Applications/Xcode-27.0.0-Release.Candidate.app/Contents/Developer/Platforms/WatchOS.platform/Developer/SDKs/WatchOS27.0.sdk -target arm64-apple-watchos9.0 -g -module-cache-path /Users/admin/builder/spi-builder-workspace/.derivedData/ModuleCache.noindex -Xfrontend -serialize-debugging-options -enable-testing -suppress-warnings -index-store-path /Users/admin/builder/spi-builder-workspace/.derivedData/Index.noindex/DataStore -Xcc -D_LIBCPP_HARDENING_MODE\=_LIBCPP_HARDENING_MODE_DEBUG -swift-version 5 -I /Users/admin/builder/spi-builder-workspace/.derivedData/Build/Products/Debug-watchos -Isystem /Applications/Xcode-27.0.0-Release.Candidate.app/Contents/Developer/Platforms/WatchOS.platform/Developer/usr/lib -F /Users/admin/builder/spi-builder-workspace/.derivedData/Build/Products/Debug-watchos -F /Applications/Xcode-27.0.0-Release.Candidate.app/Contents/Developer/Platforms/WatchOS.platform/Developer/Library/Frameworks -F /Applications/Xcode-27.0.0-Release.Candidate.app/Contents/Developer/Platforms/WatchOS.platform/Developer/SDKs/WatchOS27.0.sdk/Developer/Library/Frameworks -c -j10 -enable-batch-mode -incremental -Xcc -ivfsstatcache -Xcc /Users/admin/builder/spi-builder-workspace/.derivedData/SDKStatCaches.noindex/watchos27.0-24R360-e829b21a6f8c9b70876ba0858053c04477534ef55a1706bf4c1112bbb242f0a2.sdkstatcache -output-file-map /Users/admin/builder/spi-builder-workspace/.derivedData/Build/Intermediates.noindex/WolfPipe.build/Debug-watchos/WolfPipe-t.build/Objects-normal/arm64/WolfPipe-OutputFileMap.json -save-temps -no-color-diagnostics -explicit-module-build -module-cache-path /Users/admin/builder/spi-builder-workspace/.derivedData/Build/Intermediates.noindex/SwiftExplicitPrecompiledModules -clang-scanner-module-cache-path /Users/admin/builder/spi-builder-workspace/.derivedData/ModuleCache.noindex -sdk-module-cache-path /Users/admin/builder/spi-builder-workspace/.derivedData/SDKExplicitPrecompiledModules -emit-dependencies -emit-module -emit-module-path /Users/admin/builder/spi-builder-workspace/.derivedData/Build/Intermediates.noindex/WolfPipe.build/Debug-watchos/WolfPipe-t.build/Objects-normal/arm64/WolfPipe.swiftmodule -serialize-diagnostics -dependency-scan-serialize-diagnostics-path /Users/admin/builder/spi-builder-workspace/.derivedData/Build/Intermediates.noindex/WolfPipe.build/Debug-watchos/WolfPipe-t.build/Objects-normal/arm64/WolfPipe-dependency-scan.dia -validate-clang-modules-once -clang-build-session-file /Users/admin/builder/spi-builder-workspace/.derivedData/ModuleCache.noindex/Session.modulevalidation -Xcc -fmodules-prune-interval\=86400 -Xcc -fmodules-prune-after\=345600 -emit-const-values -const-gather-protocols-list /Users/admin/builder/spi-builder-workspace/.derivedData/Build/Intermediates.noindex/WolfPipe.build/Debug-watchos/WolfPipe-t.build/Objects-normal/arm64/WolfPipe_const_extract_protocols.json -Xcc -I/Users/admin/builder/spi-builder-workspace/.derivedData/Build/Products/Debug-watchos/include -Xcc -I/Users/admin/builder/spi-builder-workspace/.derivedData/Build/Intermediates.noindex/WolfPipe.build/Debug-watchos/WolfPipe-t.build/DerivedSources-normal/arm64 -Xcc -I/Users/admin/builder/spi-builder-workspace/.derivedData/Build/Intermediates.noindex/WolfPipe.build/Debug-watchos/WolfPipe-t.build/DerivedSources/arm64 -Xcc -I/Users/admin/builder/spi-builder-workspace/.derivedData/Build/Intermediates.noindex/WolfPipe.build/Debug-watchos/WolfPipe-t.build/DerivedSources -Xcc -DSWIFT_PACKAGE -Xcc -DDEBUG\=1 -emit-objc-header -emit-objc-header-path /Users/admin/builder/spi-builder-workspace/.derivedData/Build/Intermediates.noindex/WolfPipe.build/Debug-watchos/WolfPipe-t.build/Objects-normal/arm64/WolfPipe-Swift.h -working-directory /Users/admin/builder/spi-builder-workspace/.swiftpm/xcode -experimental-emit-module-separately -disable-cmo
SwiftDriver WolfPipe normal arm64_32 com.apple.xcode.tools.swift.compiler (in target 'WolfPipe' from project 'WolfPipe')
cd /Users/admin/builder/spi-builder-workspace/.swiftpm/xcode
builtin-SwiftDriver -- /Applications/Xcode-27.0.0-Release.Candidate.app/Contents/Developer/Toolchains/XcodeDefault.xctoolchain/usr/bin/swiftc -parse-as-library -module-name WolfPipe -Onone @/Users/admin/builder/spi-builder-workspace/.derivedData/Build/Intermediates.noindex/WolfPipe.build/Debug-watchos/WolfPipe-t.build/Objects-normal/arm64_32/WolfPipe.SwiftFileList -DSWIFT_PACKAGE -DDEBUG -DSWIFT_MODULE_RESOURCE_BUNDLE_UNAVAILABLE -DXcode -plugin-path /Applications/Xcode-27.0.0-Release.Candidate.app/Contents/Developer/Toolchains/XcodeDefault.xctoolchain/usr/lib/swift/host/plugins/testing -enable-experimental-feature DebugDescriptionMacro -sdk /Applications/Xcode-27.0.0-Release.Candidate.app/Contents/Developer/Platforms/WatchOS.platform/Developer/SDKs/WatchOS27.0.sdk -target arm64_32-apple-watchos9.0 -g -module-cache-path /Users/admin/builder/spi-builder-workspace/.derivedData/ModuleCache.noindex -Xfrontend -serialize-debugging-options -enable-testing -suppress-warnings -index-store-path /Users/admin/builder/spi-builder-workspace/.derivedData/Index.noindex/DataStore -Xcc -D_LIBCPP_HARDENING_MODE\=_LIBCPP_HARDENING_MODE_DEBUG -swift-version 5 -I /Users/admin/builder/spi-builder-workspace/.derivedData/Build/Products/Debug-watchos -Isystem /Applications/Xcode-27.0.0-Release.Candidate.app/Contents/Developer/Platforms/WatchOS.platform/Developer/usr/lib -F /Users/admin/builder/spi-builder-workspace/.derivedData/Build/Products/Debug-watchos -F /Applications/Xcode-27.0.0-Release.Candidate.app/Contents/Developer/Platforms/WatchOS.platform/Developer/Library/Frameworks -F /Applications/Xcode-27.0.0-Release.Candidate.app/Contents/Developer/Platforms/WatchOS.platform/Developer/SDKs/WatchOS27.0.sdk/Developer/Library/Frameworks -c -j10 -enable-batch-mode -incremental -Xcc -ivfsstatcache -Xcc /Users/admin/builder/spi-builder-workspace/.derivedData/SDKStatCaches.noindex/watchos27.0-24R360-e829b21a6f8c9b70876ba0858053c04477534ef55a1706bf4c1112bbb242f0a2.sdkstatcache -output-file-map /Users/admin/builder/spi-builder-workspace/.derivedData/Build/Intermediates.noindex/WolfPipe.build/Debug-watchos/WolfPipe-t.build/Objects-normal/arm64_32/WolfPipe-OutputFileMap.json -save-temps -no-color-diagnostics -explicit-module-build -module-cache-path /Users/admin/builder/spi-builder-workspace/.derivedData/Build/Intermediates.noindex/SwiftExplicitPrecompiledModules -clang-scanner-module-cache-path /Users/admin/builder/spi-builder-workspace/.derivedData/ModuleCache.noindex -sdk-module-cache-path /Users/admin/builder/spi-builder-workspace/.derivedData/SDKExplicitPrecompiledModules -emit-dependencies -emit-module -emit-module-path /Users/admin/builder/spi-builder-workspace/.derivedData/Build/Intermediates.noindex/WolfPipe.build/Debug-watchos/WolfPipe-t.build/Objects-normal/arm64_32/WolfPipe.swiftmodule -serialize-diagnostics -dependency-scan-serialize-diagnostics-path /Users/admin/builder/spi-builder-workspace/.derivedData/Build/Intermediates.noindex/WolfPipe.build/Debug-watchos/WolfPipe-t.build/Objects-normal/arm64_32/WolfPipe-dependency-scan.dia -validate-clang-modules-once -clang-build-session-file /Users/admin/builder/spi-builder-workspace/.derivedData/ModuleCache.noindex/Session.modulevalidation -Xcc -fmodules-prune-interval\=86400 -Xcc -fmodules-prune-after\=345600 -emit-const-values -const-gather-protocols-list /Users/admin/builder/spi-builder-workspace/.derivedData/Build/Intermediates.noindex/WolfPipe.build/Debug-watchos/WolfPipe-t.build/Objects-normal/arm64_32/WolfPipe_const_extract_protocols.json -Xcc -I/Users/admin/builder/spi-builder-workspace/.derivedData/Build/Products/Debug-watchos/include -Xcc -I/Users/admin/builder/spi-builder-workspace/.derivedData/Build/Intermediates.noindex/WolfPipe.build/Debug-watchos/WolfPipe-t.build/DerivedSources-normal/arm64_32 -Xcc -I/Users/admin/builder/spi-builder-workspace/.derivedData/Build/Intermediates.noindex/WolfPipe.build/Debug-watchos/WolfPipe-t.build/DerivedSources/arm64_32 -Xcc -I/Users/admin/builder/spi-builder-workspace/.derivedData/Build/Intermediates.noindex/WolfPipe.build/Debug-watchos/WolfPipe-t.build/DerivedSources -Xcc -DSWIFT_PACKAGE -Xcc -DDEBUG\=1 -emit-objc-header -emit-objc-header-path /Users/admin/builder/spi-builder-workspace/.derivedData/Build/Intermediates.noindex/WolfPipe.build/Debug-watchos/WolfPipe-t.build/Objects-normal/arm64_32/WolfPipe-Swift.h -working-directory /Users/admin/builder/spi-builder-workspace/.swiftpm/xcode -experimental-emit-module-separately -disable-cmo
SwiftExplicitDependencyGeneratePcm arm64 /Users/admin/builder/spi-builder-workspace/.derivedData/SDKExplicitPrecompiledModules/_SwiftConcurrencyShims-659N52XSKR5F0QSB880BH2FJR.pcm
SwiftExplicitDependencyGeneratePcm arm64_32 /Users/admin/builder/spi-builder-workspace/.derivedData/SDKExplicitPrecompiledModules/_SwiftConcurrencyShims-6RTBPQ03V7BM9SPRK8SUE055H.pcm
SwiftExplicitDependencyGeneratePcm arm64_32 /Users/admin/builder/spi-builder-workspace/.derivedData/SDKExplicitPrecompiledModules/SwiftShims-9CQQGWTSNTN9EB5NSHDWUJICH.pcm
SwiftExplicitDependencyGeneratePcm arm64 /Users/admin/builder/spi-builder-workspace/.derivedData/SDKExplicitPrecompiledModules/SwiftShims-4MXFZPV6FEB0XBYXCGPWAMQGL.pcm
SwiftEmitModule normal arm64 Emitting\ module\ for\ WolfPipe (in target 'WolfPipe' from project 'WolfPipe')
SwiftCompile normal arm64 (in target 'WolfPipe' from project 'WolfPipe')
cd /Users/admin/builder/spi-builder-workspace/.swiftpm/xcode
SwiftCompile normal arm64 Compiling\ PipeOperator.swift /Users/admin/builder/spi-builder-workspace/.dependencies/checkouts/WolfPipe/Sources/WolfPipe/PipeOperator.swift (in target 'WolfPipe' from project 'WolfPipe')
SwiftCompile normal arm64 /Users/admin/builder/spi-builder-workspace/.dependencies/checkouts/WolfPipe/Sources/WolfPipe/PipeOperator.swift (in target 'WolfPipe' from project 'WolfPipe')
cd /Users/admin/builder/spi-builder-workspace/.swiftpm/xcode
builtin-SwiftPerFileCompile PipeOperator.swift
SwiftCompile normal arm64 Compiling\ PipeCompatibleFunctions.swift /Users/admin/builder/spi-builder-workspace/.dependencies/checkouts/WolfPipe/Sources/WolfPipe/PipeCompatibleFunctions.swift (in target 'WolfPipe' from project 'WolfPipe')
SwiftCompile normal arm64 /Users/admin/builder/spi-builder-workspace/.dependencies/checkouts/WolfPipe/Sources/WolfPipe/PipeCompatibleFunctions.swift (in target 'WolfPipe' from project 'WolfPipe')
cd /Users/admin/builder/spi-builder-workspace/.swiftpm/xcode
builtin-SwiftPerFileCompile PipeCompatibleFunctions.swift
SwiftCompile normal arm64 Compiling\ KeyPaths.swift /Users/admin/builder/spi-builder-workspace/.dependencies/checkouts/WolfPipe/Sources/WolfPipe/KeyPaths.swift (in target 'WolfPipe' from project 'WolfPipe')
SwiftCompile normal arm64 /Users/admin/builder/spi-builder-workspace/.dependencies/checkouts/WolfPipe/Sources/WolfPipe/KeyPaths.swift (in target 'WolfPipe' from project 'WolfPipe')
cd /Users/admin/builder/spi-builder-workspace/.swiftpm/xcode
builtin-SwiftPerFileCompile KeyPaths.swift
SwiftCompile normal arm64 Compiling\ ComposeOperator.swift /Users/admin/builder/spi-builder-workspace/.dependencies/checkouts/WolfPipe/Sources/WolfPipe/ComposeOperator.swift (in target 'WolfPipe' from project 'WolfPipe')
SwiftCompile normal arm64 /Users/admin/builder/spi-builder-workspace/.dependencies/checkouts/WolfPipe/Sources/WolfPipe/ComposeOperator.swift (in target 'WolfPipe' from project 'WolfPipe')
cd /Users/admin/builder/spi-builder-workspace/.swiftpm/xcode
builtin-SwiftPerFileCompile ComposeOperator.swift
SwiftCompile normal arm64 Compiling\ SetAlgebra.swift /Users/admin/builder/spi-builder-workspace/.dependencies/checkouts/WolfPipe/Sources/WolfPipe/SetAlgebra.swift (in target 'WolfPipe' from project 'WolfPipe')
SwiftCompile normal arm64 /Users/admin/builder/spi-builder-workspace/.dependencies/checkouts/WolfPipe/Sources/WolfPipe/SetAlgebra.swift (in target 'WolfPipe' from project 'WolfPipe')
cd /Users/admin/builder/spi-builder-workspace/.swiftpm/xcode
builtin-SwiftPerFileCompile SetAlgebra.swift
SwiftCompile normal arm64 Compiling\ Curry.swift /Users/admin/builder/spi-builder-workspace/.dependencies/checkouts/WolfPipe/Sources/WolfPipe/Curry.swift (in target 'WolfPipe' from project 'WolfPipe')
SwiftCompile normal arm64 /Users/admin/builder/spi-builder-workspace/.dependencies/checkouts/WolfPipe/Sources/WolfPipe/Curry.swift (in target 'WolfPipe' from project 'WolfPipe')
cd /Users/admin/builder/spi-builder-workspace/.swiftpm/xcode
builtin-SwiftPerFileCompile Curry.swift
SwiftCompile normal arm64 Compiling\ EffectfulComposeOperator.swift /Users/admin/builder/spi-builder-workspace/.dependencies/checkouts/WolfPipe/Sources/WolfPipe/EffectfulComposeOperator.swift (in target 'WolfPipe' from project 'WolfPipe')
SwiftCompile normal arm64 /Users/admin/builder/spi-builder-workspace/.dependencies/checkouts/WolfPipe/Sources/WolfPipe/EffectfulComposeOperator.swift (in target 'WolfPipe' from project 'WolfPipe')
cd /Users/admin/builder/spi-builder-workspace/.swiftpm/xcode
builtin-SwiftPerFileCompile EffectfulComposeOperator.swift
SwiftEmitModule normal arm64_32 Emitting\ module\ for\ WolfPipe (in target 'WolfPipe' from project 'WolfPipe')
SwiftCompile normal arm64_32 (in target 'WolfPipe' from project 'WolfPipe')
cd /Users/admin/builder/spi-builder-workspace/.swiftpm/xcode
SwiftDriverJobDiscovery normal arm64 Emitting module for WolfPipe (in target 'WolfPipe' from project 'WolfPipe')
SwiftDriver\ Compilation\ Requirements WolfPipe normal arm64 com.apple.xcode.tools.swift.compiler (in target 'WolfPipe' from project 'WolfPipe')
cd /Users/admin/builder/spi-builder-workspace/.swiftpm/xcode
builtin-Swift-Compilation-Requirements -- /Applications/Xcode-27.0.0-Release.Candidate.app/Contents/Developer/Toolchains/XcodeDefault.xctoolchain/usr/bin/swiftc -parse-as-library -module-name WolfPipe -Onone @/Users/admin/builder/spi-builder-workspace/.derivedData/Build/Intermediates.noindex/WolfPipe.build/Debug-watchos/WolfPipe-t.build/Objects-normal/arm64/WolfPipe.SwiftFileList -DSWIFT_PACKAGE -DDEBUG -DSWIFT_MODULE_RESOURCE_BUNDLE_UNAVAILABLE -DXcode -plugin-path /Applications/Xcode-27.0.0-Release.Candidate.app/Contents/Developer/Toolchains/XcodeDefault.xctoolchain/usr/lib/swift/host/plugins/testing -enable-experimental-feature DebugDescriptionMacro -sdk /Applications/Xcode-27.0.0-Release.Candidate.app/Contents/Developer/Platforms/WatchOS.platform/Developer/SDKs/WatchOS27.0.sdk -target arm64-apple-watchos9.0 -g -module-cache-path /Users/admin/builder/spi-builder-workspace/.derivedData/ModuleCache.noindex -Xfrontend -serialize-debugging-options -enable-testing -suppress-warnings -index-store-path /Users/admin/builder/spi-builder-workspace/.derivedData/Index.noindex/DataStore -Xcc -D_LIBCPP_HARDENING_MODE\=_LIBCPP_HARDENING_MODE_DEBUG -swift-version 5 -I /Users/admin/builder/spi-builder-workspace/.derivedData/Build/Products/Debug-watchos -Isystem /Applications/Xcode-27.0.0-Release.Candidate.app/Contents/Developer/Platforms/WatchOS.platform/Developer/usr/lib -F /Users/admin/builder/spi-builder-workspace/.derivedData/Build/Products/Debug-watchos -F /Applications/Xcode-27.0.0-Release.Candidate.app/Contents/Developer/Platforms/WatchOS.platform/Developer/Library/Frameworks -F /Applications/Xcode-27.0.0-Release.Candidate.app/Contents/Developer/Platforms/WatchOS.platform/Developer/SDKs/WatchOS27.0.sdk/Developer/Library/Frameworks -c -j10 -enable-batch-mode -incremental -Xcc -ivfsstatcache -Xcc /Users/admin/builder/spi-builder-workspace/.derivedData/SDKStatCaches.noindex/watchos27.0-24R360-e829b21a6f8c9b70876ba0858053c04477534ef55a1706bf4c1112bbb242f0a2.sdkstatcache -output-file-map /Users/admin/builder/spi-builder-workspace/.derivedData/Build/Intermediates.noindex/WolfPipe.build/Debug-watchos/WolfPipe-t.build/Objects-normal/arm64/WolfPipe-OutputFileMap.json -save-temps -no-color-diagnostics -explicit-module-build -module-cache-path /Users/admin/builder/spi-builder-workspace/.derivedData/Build/Intermediates.noindex/SwiftExplicitPrecompiledModules -clang-scanner-module-cache-path /Users/admin/builder/spi-builder-workspace/.derivedData/ModuleCache.noindex -sdk-module-cache-path /Users/admin/builder/spi-builder-workspace/.derivedData/SDKExplicitPrecompiledModules -emit-dependencies -emit-module -emit-module-path /Users/admin/builder/spi-builder-workspace/.derivedData/Build/Intermediates.noindex/WolfPipe.build/Debug-watchos/WolfPipe-t.build/Objects-normal/arm64/WolfPipe.swiftmodule -serialize-diagnostics -dependency-scan-serialize-diagnostics-path /Users/admin/builder/spi-builder-workspace/.derivedData/Build/Intermediates.noindex/WolfPipe.build/Debug-watchos/WolfPipe-t.build/Objects-normal/arm64/WolfPipe-dependency-scan.dia -validate-clang-modules-once -clang-build-session-file /Users/admin/builder/spi-builder-workspace/.derivedData/ModuleCache.noindex/Session.modulevalidation -Xcc -fmodules-prune-interval\=86400 -Xcc -fmodules-prune-after\=345600 -emit-const-values -const-gather-protocols-list /Users/admin/builder/spi-builder-workspace/.derivedData/Build/Intermediates.noindex/WolfPipe.build/Debug-watchos/WolfPipe-t.build/Objects-normal/arm64/WolfPipe_const_extract_protocols.json -Xcc -I/Users/admin/builder/spi-builder-workspace/.derivedData/Build/Products/Debug-watchos/include -Xcc -I/Users/admin/builder/spi-builder-workspace/.derivedData/Build/Intermediates.noindex/WolfPipe.build/Debug-watchos/WolfPipe-t.build/DerivedSources-normal/arm64 -Xcc -I/Users/admin/builder/spi-builder-workspace/.derivedData/Build/Intermediates.noindex/WolfPipe.build/Debug-watchos/WolfPipe-t.build/DerivedSources/arm64 -Xcc -I/Users/admin/builder/spi-builder-workspace/.derivedData/Build/Intermediates.noindex/WolfPipe.build/Debug-watchos/WolfPipe-t.build/DerivedSources -Xcc -DSWIFT_PACKAGE -Xcc -DDEBUG\=1 -emit-objc-header -emit-objc-header-path /Users/admin/builder/spi-builder-workspace/.derivedData/Build/Intermediates.noindex/WolfPipe.build/Debug-watchos/WolfPipe-t.build/Objects-normal/arm64/WolfPipe-Swift.h -working-directory /Users/admin/builder/spi-builder-workspace/.swiftpm/xcode -experimental-emit-module-separately -disable-cmo
SwiftDriverJobDiscovery normal arm64_32 Emitting module for WolfPipe (in target 'WolfPipe' from project 'WolfPipe')
SwiftDriver\ Compilation\ Requirements WolfPipe normal arm64_32 com.apple.xcode.tools.swift.compiler (in target 'WolfPipe' from project 'WolfPipe')
cd /Users/admin/builder/spi-builder-workspace/.swiftpm/xcode
builtin-Swift-Compilation-Requirements -- /Applications/Xcode-27.0.0-Release.Candidate.app/Contents/Developer/Toolchains/XcodeDefault.xctoolchain/usr/bin/swiftc -parse-as-library -module-name WolfPipe -Onone @/Users/admin/builder/spi-builder-workspace/.derivedData/Build/Intermediates.noindex/WolfPipe.build/Debug-watchos/WolfPipe-t.build/Objects-normal/arm64_32/WolfPipe.SwiftFileList -DSWIFT_PACKAGE -DDEBUG -DSWIFT_MODULE_RESOURCE_BUNDLE_UNAVAILABLE -DXcode -plugin-path /Applications/Xcode-27.0.0-Release.Candidate.app/Contents/Developer/Toolchains/XcodeDefault.xctoolchain/usr/lib/swift/host/plugins/testing -enable-experimental-feature DebugDescriptionMacro -sdk /Applications/Xcode-27.0.0-Release.Candidate.app/Contents/Developer/Platforms/WatchOS.platform/Developer/SDKs/WatchOS27.0.sdk -target arm64_32-apple-watchos9.0 -g -module-cache-path /Users/admin/builder/spi-builder-workspace/.derivedData/ModuleCache.noindex -Xfrontend -serialize-debugging-options -enable-testing -suppress-warnings -index-store-path /Users/admin/builder/spi-builder-workspace/.derivedData/Index.noindex/DataStore -Xcc -D_LIBCPP_HARDENING_MODE\=_LIBCPP_HARDENING_MODE_DEBUG -swift-version 5 -I /Users/admin/builder/spi-builder-workspace/.derivedData/Build/Products/Debug-watchos -Isystem /Applications/Xcode-27.0.0-Release.Candidate.app/Contents/Developer/Platforms/WatchOS.platform/Developer/usr/lib -F /Users/admin/builder/spi-builder-workspace/.derivedData/Build/Products/Debug-watchos -F /Applications/Xcode-27.0.0-Release.Candidate.app/Contents/Developer/Platforms/WatchOS.platform/Developer/Library/Frameworks -F /Applications/Xcode-27.0.0-Release.Candidate.app/Contents/Developer/Platforms/WatchOS.platform/Developer/SDKs/WatchOS27.0.sdk/Developer/Library/Frameworks -c -j10 -enable-batch-mode -incremental -Xcc -ivfsstatcache -Xcc /Users/admin/builder/spi-builder-workspace/.derivedData/SDKStatCaches.noindex/watchos27.0-24R360-e829b21a6f8c9b70876ba0858053c04477534ef55a1706bf4c1112bbb242f0a2.sdkstatcache -output-file-map /Users/admin/builder/spi-builder-workspace/.derivedData/Build/Intermediates.noindex/WolfPipe.build/Debug-watchos/WolfPipe-t.build/Objects-normal/arm64_32/WolfPipe-OutputFileMap.json -save-temps -no-color-diagnostics -explicit-module-build -module-cache-path /Users/admin/builder/spi-builder-workspace/.derivedData/Build/Intermediates.noindex/SwiftExplicitPrecompiledModules -clang-scanner-module-cache-path /Users/admin/builder/spi-builder-workspace/.derivedData/ModuleCache.noindex -sdk-module-cache-path /Users/admin/builder/spi-builder-workspace/.derivedData/SDKExplicitPrecompiledModules -emit-dependencies -emit-module -emit-module-path /Users/admin/builder/spi-builder-workspace/.derivedData/Build/Intermediates.noindex/WolfPipe.build/Debug-watchos/WolfPipe-t.build/Objects-normal/arm64_32/WolfPipe.swiftmodule -serialize-diagnostics -dependency-scan-serialize-diagnostics-path /Users/admin/builder/spi-builder-workspace/.derivedData/Build/Intermediates.noindex/WolfPipe.build/Debug-watchos/WolfPipe-t.build/Objects-normal/arm64_32/WolfPipe-dependency-scan.dia -validate-clang-modules-once -clang-build-session-file /Users/admin/builder/spi-builder-workspace/.derivedData/ModuleCache.noindex/Session.modulevalidation -Xcc -fmodules-prune-interval\=86400 -Xcc -fmodules-prune-after\=345600 -emit-const-values -const-gather-protocols-list /Users/admin/builder/spi-builder-workspace/.derivedData/Build/Intermediates.noindex/WolfPipe.build/Debug-watchos/WolfPipe-t.build/Objects-normal/arm64_32/WolfPipe_const_extract_protocols.json -Xcc -I/Users/admin/builder/spi-builder-workspace/.derivedData/Build/Products/Debug-watchos/include -Xcc -I/Users/admin/builder/spi-builder-workspace/.derivedData/Build/Intermediates.noindex/WolfPipe.build/Debug-watchos/WolfPipe-t.build/DerivedSources-normal/arm64_32 -Xcc -I/Users/admin/builder/spi-builder-workspace/.derivedData/Build/Intermediates.noindex/WolfPipe.build/Debug-watchos/WolfPipe-t.build/DerivedSources/arm64_32 -Xcc -I/Users/admin/builder/spi-builder-workspace/.derivedData/Build/Intermediates.noindex/WolfPipe.build/Debug-watchos/WolfPipe-t.build/DerivedSources -Xcc -DSWIFT_PACKAGE -Xcc -DDEBUG\=1 -emit-objc-header -emit-objc-header-path /Users/admin/builder/spi-builder-workspace/.derivedData/Build/Intermediates.noindex/WolfPipe.build/Debug-watchos/WolfPipe-t.build/Objects-normal/arm64_32/WolfPipe-Swift.h -working-directory /Users/admin/builder/spi-builder-workspace/.swiftpm/xcode -experimental-emit-module-separately -disable-cmo
Copy /Users/admin/builder/spi-builder-workspace/.derivedData/Build/Products/Debug-watchos/WolfPipe.swiftmodule/arm64-apple-watchos.swiftmodule /Users/admin/builder/spi-builder-workspace/.derivedData/Build/Intermediates.noindex/WolfPipe.build/Debug-watchos/WolfPipe-t.build/Objects-normal/arm64/WolfPipe.swiftmodule (in target 'WolfPipe' from project 'WolfPipe')
cd /Users/admin/builder/spi-builder-workspace/.dependencies/checkouts/WolfPipe
builtin-copy -exclude .DS_Store -exclude CVS -exclude .svn -exclude .git -exclude .hg -resolve-src-symlinks -rename /Users/admin/builder/spi-builder-workspace/.derivedData/Build/Intermediates.noindex/WolfPipe.build/Debug-watchos/WolfPipe-t.build/Objects-normal/arm64/WolfPipe.swiftmodule /Users/admin/builder/spi-builder-workspace/.derivedData/Build/Products/Debug-watchos/WolfPipe.swiftmodule/arm64-apple-watchos.swiftmodule
SwiftMergeGeneratedHeaders /Users/admin/builder/spi-builder-workspace/.derivedData/Build/Intermediates.noindex/GeneratedModuleMaps-watchos/WolfPipe-Swift.h /Users/admin/builder/spi-builder-workspace/.derivedData/Build/Intermediates.noindex/WolfPipe.build/Debug-watchos/WolfPipe-t.build/Objects-normal/arm64/WolfPipe-Swift.h /Users/admin/builder/spi-builder-workspace/.derivedData/Build/Intermediates.noindex/WolfPipe.build/Debug-watchos/WolfPipe-t.build/Objects-normal/arm64_32/WolfPipe-Swift.h (in target 'WolfPipe' from project 'WolfPipe')
cd /Users/admin/builder/spi-builder-workspace/.dependencies/checkouts/WolfPipe
builtin-swiftHeaderTool -arch arm64 /Users/admin/builder/spi-builder-workspace/.derivedData/Build/Intermediates.noindex/WolfPipe.build/Debug-watchos/WolfPipe-t.build/Objects-normal/arm64/WolfPipe-Swift.h -arch arm64_32 /Users/admin/builder/spi-builder-workspace/.derivedData/Build/Intermediates.noindex/WolfPipe.build/Debug-watchos/WolfPipe-t.build/Objects-normal/arm64_32/WolfPipe-Swift.h -o /Users/admin/builder/spi-builder-workspace/.derivedData/Build/Intermediates.noindex/GeneratedModuleMaps-watchos/WolfPipe-Swift.h
Copy /Users/admin/builder/spi-builder-workspace/.derivedData/Build/Products/Debug-watchos/WolfPipe.swiftmodule/arm64_32-apple-watchos.swiftmodule /Users/admin/builder/spi-builder-workspace/.derivedData/Build/Intermediates.noindex/WolfPipe.build/Debug-watchos/WolfPipe-t.build/Objects-normal/arm64_32/WolfPipe.swiftmodule (in target 'WolfPipe' from project 'WolfPipe')
cd /Users/admin/builder/spi-builder-workspace/.dependencies/checkouts/WolfPipe
builtin-copy -exclude .DS_Store -exclude CVS -exclude .svn -exclude .git -exclude .hg -resolve-src-symlinks -rename /Users/admin/builder/spi-builder-workspace/.derivedData/Build/Intermediates.noindex/WolfPipe.build/Debug-watchos/WolfPipe-t.build/Objects-normal/arm64_32/WolfPipe.swiftmodule /Users/admin/builder/spi-builder-workspace/.derivedData/Build/Products/Debug-watchos/WolfPipe.swiftmodule/arm64_32-apple-watchos.swiftmodule
Copy /Users/admin/builder/spi-builder-workspace/.derivedData/Build/Products/Debug-watchos/WolfPipe.swiftmodule/arm64_32-apple-watchos.swiftdoc /Users/admin/builder/spi-builder-workspace/.derivedData/Build/Intermediates.noindex/WolfPipe.build/Debug-watchos/WolfPipe-t.build/Objects-normal/arm64_32/WolfPipe.swiftdoc (in target 'WolfPipe' from project 'WolfPipe')
cd /Users/admin/builder/spi-builder-workspace/.dependencies/checkouts/WolfPipe
builtin-copy -exclude .DS_Store -exclude CVS -exclude .svn -exclude .git -exclude .hg -resolve-src-symlinks -rename /Users/admin/builder/spi-builder-workspace/.derivedData/Build/Intermediates.noindex/WolfPipe.build/Debug-watchos/WolfPipe-t.build/Objects-normal/arm64_32/WolfPipe.swiftdoc /Users/admin/builder/spi-builder-workspace/.derivedData/Build/Products/Debug-watchos/WolfPipe.swiftmodule/arm64_32-apple-watchos.swiftdoc
Copy /Users/admin/builder/spi-builder-workspace/.derivedData/Build/Products/Debug-watchos/WolfPipe.swiftmodule/arm64_32-apple-watchos.abi.json /Users/admin/builder/spi-builder-workspace/.derivedData/Build/Intermediates.noindex/WolfPipe.build/Debug-watchos/WolfPipe-t.build/Objects-normal/arm64_32/WolfPipe.abi.json (in target 'WolfPipe' from project 'WolfPipe')
cd /Users/admin/builder/spi-builder-workspace/.dependencies/checkouts/WolfPipe
builtin-copy -exclude .DS_Store -exclude CVS -exclude .svn -exclude .git -exclude .hg -resolve-src-symlinks -rename /Users/admin/builder/spi-builder-workspace/.derivedData/Build/Intermediates.noindex/WolfPipe.build/Debug-watchos/WolfPipe-t.build/Objects-normal/arm64_32/WolfPipe.abi.json /Users/admin/builder/spi-builder-workspace/.derivedData/Build/Products/Debug-watchos/WolfPipe.swiftmodule/arm64_32-apple-watchos.abi.json
Copy /Users/admin/builder/spi-builder-workspace/.derivedData/Build/Products/Debug-watchos/WolfPipe.swiftmodule/arm64-apple-watchos.swiftdoc /Users/admin/builder/spi-builder-workspace/.derivedData/Build/Intermediates.noindex/WolfPipe.build/Debug-watchos/WolfPipe-t.build/Objects-normal/arm64/WolfPipe.swiftdoc (in target 'WolfPipe' from project 'WolfPipe')
cd /Users/admin/builder/spi-builder-workspace/.dependencies/checkouts/WolfPipe
builtin-copy -exclude .DS_Store -exclude CVS -exclude .svn -exclude .git -exclude .hg -resolve-src-symlinks -rename /Users/admin/builder/spi-builder-workspace/.derivedData/Build/Intermediates.noindex/WolfPipe.build/Debug-watchos/WolfPipe-t.build/Objects-normal/arm64/WolfPipe.swiftdoc /Users/admin/builder/spi-builder-workspace/.derivedData/Build/Products/Debug-watchos/WolfPipe.swiftmodule/arm64-apple-watchos.swiftdoc
Copy /Users/admin/builder/spi-builder-workspace/.derivedData/Build/Products/Debug-watchos/WolfPipe.swiftmodule/arm64-apple-watchos.abi.json /Users/admin/builder/spi-builder-workspace/.derivedData/Build/Intermediates.noindex/WolfPipe.build/Debug-watchos/WolfPipe-t.build/Objects-normal/arm64/WolfPipe.abi.json (in target 'WolfPipe' from project 'WolfPipe')
cd /Users/admin/builder/spi-builder-workspace/.dependencies/checkouts/WolfPipe
builtin-copy -exclude .DS_Store -exclude CVS -exclude .svn -exclude .git -exclude .hg -resolve-src-symlinks -rename /Users/admin/builder/spi-builder-workspace/.derivedData/Build/Intermediates.noindex/WolfPipe.build/Debug-watchos/WolfPipe-t.build/Objects-normal/arm64/WolfPipe.abi.json /Users/admin/builder/spi-builder-workspace/.derivedData/Build/Products/Debug-watchos/WolfPipe.swiftmodule/arm64-apple-watchos.abi.json
Copy /Users/admin/builder/spi-builder-workspace/.derivedData/Build/Products/Debug-watchos/WolfPipe.swiftmodule/Project/arm64_32-apple-watchos.swiftsourceinfo /Users/admin/builder/spi-builder-workspace/.derivedData/Build/Intermediates.noindex/WolfPipe.build/Debug-watchos/WolfPipe-t.build/Objects-normal/arm64_32/WolfPipe.swiftsourceinfo (in target 'WolfPipe' from project 'WolfPipe')
cd /Users/admin/builder/spi-builder-workspace/.dependencies/checkouts/WolfPipe
builtin-copy -exclude .DS_Store -exclude CVS -exclude .svn -exclude .git -exclude .hg -resolve-src-symlinks -rename /Users/admin/builder/spi-builder-workspace/.derivedData/Build/Intermediates.noindex/WolfPipe.build/Debug-watchos/WolfPipe-t.build/Objects-normal/arm64_32/WolfPipe.swiftsourceinfo /Users/admin/builder/spi-builder-workspace/.derivedData/Build/Products/Debug-watchos/WolfPipe.swiftmodule/Project/arm64_32-apple-watchos.swiftsourceinfo
Copy /Users/admin/builder/spi-builder-workspace/.derivedData/Build/Products/Debug-watchos/WolfPipe.swiftmodule/Project/arm64-apple-watchos.swiftsourceinfo /Users/admin/builder/spi-builder-workspace/.derivedData/Build/Intermediates.noindex/WolfPipe.build/Debug-watchos/WolfPipe-t.build/Objects-normal/arm64/WolfPipe.swiftsourceinfo (in target 'WolfPipe' from project 'WolfPipe')
cd /Users/admin/builder/spi-builder-workspace/.dependencies/checkouts/WolfPipe
builtin-copy -exclude .DS_Store -exclude CVS -exclude .svn -exclude .git -exclude .hg -resolve-src-symlinks -rename /Users/admin/builder/spi-builder-workspace/.derivedData/Build/Intermediates.noindex/WolfPipe.build/Debug-watchos/WolfPipe-t.build/Objects-normal/arm64/WolfPipe.swiftsourceinfo /Users/admin/builder/spi-builder-workspace/.derivedData/Build/Products/Debug-watchos/WolfPipe.swiftmodule/Project/arm64-apple-watchos.swiftsourceinfo
SwiftCompile normal arm64_32 Compiling\ SetAlgebra.swift /Users/admin/builder/spi-builder-workspace/.dependencies/checkouts/WolfPipe/Sources/WolfPipe/SetAlgebra.swift (in target 'WolfPipe' from project 'WolfPipe')
SwiftCompile normal arm64_32 /Users/admin/builder/spi-builder-workspace/.dependencies/checkouts/WolfPipe/Sources/WolfPipe/SetAlgebra.swift (in target 'WolfPipe' from project 'WolfPipe')
cd /Users/admin/builder/spi-builder-workspace/.swiftpm/xcode
builtin-SwiftPerFileCompile SetAlgebra.swift
SwiftCompile normal arm64_32 Compiling\ PipeOperator.swift /Users/admin/builder/spi-builder-workspace/.dependencies/checkouts/WolfPipe/Sources/WolfPipe/PipeOperator.swift (in target 'WolfPipe' from project 'WolfPipe')
SwiftCompile normal arm64_32 /Users/admin/builder/spi-builder-workspace/.dependencies/checkouts/WolfPipe/Sources/WolfPipe/PipeOperator.swift (in target 'WolfPipe' from project 'WolfPipe')
cd /Users/admin/builder/spi-builder-workspace/.swiftpm/xcode
builtin-SwiftPerFileCompile PipeOperator.swift
SwiftDriverJobDiscovery normal arm64 Compiling EffectfulComposeOperator.swift (in target 'WolfPipe' from project 'WolfPipe')
SwiftCompile normal arm64_32 Compiling\ EffectfulComposeOperator.swift /Users/admin/builder/spi-builder-workspace/.dependencies/checkouts/WolfPipe/Sources/WolfPipe/EffectfulComposeOperator.swift (in target 'WolfPipe' from project 'WolfPipe')
SwiftCompile normal arm64_32 /Users/admin/builder/spi-builder-workspace/.dependencies/checkouts/WolfPipe/Sources/WolfPipe/EffectfulComposeOperator.swift (in target 'WolfPipe' from project 'WolfPipe')
cd /Users/admin/builder/spi-builder-workspace/.swiftpm/xcode
builtin-SwiftPerFileCompile EffectfulComposeOperator.swift
SwiftCompile normal arm64_32 Compiling\ ComposeOperator.swift /Users/admin/builder/spi-builder-workspace/.dependencies/checkouts/WolfPipe/Sources/WolfPipe/ComposeOperator.swift (in target 'WolfPipe' from project 'WolfPipe')
SwiftCompile normal arm64_32 /Users/admin/builder/spi-builder-workspace/.dependencies/checkouts/WolfPipe/Sources/WolfPipe/ComposeOperator.swift (in target 'WolfPipe' from project 'WolfPipe')
cd /Users/admin/builder/spi-builder-workspace/.swiftpm/xcode
builtin-SwiftPerFileCompile ComposeOperator.swift
SwiftDriverJobDiscovery normal arm64 Compiling PipeOperator.swift (in target 'WolfPipe' from project 'WolfPipe')
SwiftDriverJobDiscovery normal arm64 Compiling Curry.swift (in target 'WolfPipe' from project 'WolfPipe')
SwiftCompile normal arm64_32 Compiling\ PipeCompatibleFunctions.swift /Users/admin/builder/spi-builder-workspace/.dependencies/checkouts/WolfPipe/Sources/WolfPipe/PipeCompatibleFunctions.swift (in target 'WolfPipe' from project 'WolfPipe')
SwiftCompile normal arm64_32 /Users/admin/builder/spi-builder-workspace/.dependencies/checkouts/WolfPipe/Sources/WolfPipe/PipeCompatibleFunctions.swift (in target 'WolfPipe' from project 'WolfPipe')
cd /Users/admin/builder/spi-builder-workspace/.swiftpm/xcode
builtin-SwiftPerFileCompile PipeCompatibleFunctions.swift
SwiftDriverJobDiscovery normal arm64 Compiling KeyPaths.swift (in target 'WolfPipe' from project 'WolfPipe')
SwiftCompile normal arm64_32 Compiling\ Curry.swift /Users/admin/builder/spi-builder-workspace/.dependencies/checkouts/WolfPipe/Sources/WolfPipe/Curry.swift (in target 'WolfPipe' from project 'WolfPipe')
SwiftCompile normal arm64_32 /Users/admin/builder/spi-builder-workspace/.dependencies/checkouts/WolfPipe/Sources/WolfPipe/Curry.swift (in target 'WolfPipe' from project 'WolfPipe')
cd /Users/admin/builder/spi-builder-workspace/.swiftpm/xcode
builtin-SwiftPerFileCompile Curry.swift
SwiftDriverJobDiscovery normal arm64 Compiling ComposeOperator.swift (in target 'WolfPipe' from project 'WolfPipe')
SwiftCompile normal arm64_32 Compiling\ KeyPaths.swift /Users/admin/builder/spi-builder-workspace/.dependencies/checkouts/WolfPipe/Sources/WolfPipe/KeyPaths.swift (in target 'WolfPipe' from project 'WolfPipe')
SwiftCompile normal arm64_32 /Users/admin/builder/spi-builder-workspace/.dependencies/checkouts/WolfPipe/Sources/WolfPipe/KeyPaths.swift (in target 'WolfPipe' from project 'WolfPipe')
cd /Users/admin/builder/spi-builder-workspace/.swiftpm/xcode
builtin-SwiftPerFileCompile KeyPaths.swift
SwiftDriverJobDiscovery normal arm64 Compiling SetAlgebra.swift (in target 'WolfPipe' from project 'WolfPipe')
SwiftDriverJobDiscovery normal arm64 Compiling PipeCompatibleFunctions.swift (in target 'WolfPipe' from project 'WolfPipe')
SwiftDriver\ Compilation WolfPipe normal arm64 com.apple.xcode.tools.swift.compiler (in target 'WolfPipe' from project 'WolfPipe')
cd /Users/admin/builder/spi-builder-workspace/.swiftpm/xcode
builtin-Swift-Compilation -- /Applications/Xcode-27.0.0-Release.Candidate.app/Contents/Developer/Toolchains/XcodeDefault.xctoolchain/usr/bin/swiftc -parse-as-library -module-name WolfPipe -Onone @/Users/admin/builder/spi-builder-workspace/.derivedData/Build/Intermediates.noindex/WolfPipe.build/Debug-watchos/WolfPipe-t.build/Objects-normal/arm64/WolfPipe.SwiftFileList -DSWIFT_PACKAGE -DDEBUG -DSWIFT_MODULE_RESOURCE_BUNDLE_UNAVAILABLE -DXcode -plugin-path /Applications/Xcode-27.0.0-Release.Candidate.app/Contents/Developer/Toolchains/XcodeDefault.xctoolchain/usr/lib/swift/host/plugins/testing -enable-experimental-feature DebugDescriptionMacro -sdk /Applications/Xcode-27.0.0-Release.Candidate.app/Contents/Developer/Platforms/WatchOS.platform/Developer/SDKs/WatchOS27.0.sdk -target arm64-apple-watchos9.0 -g -module-cache-path /Users/admin/builder/spi-builder-workspace/.derivedData/ModuleCache.noindex -Xfrontend -serialize-debugging-options -enable-testing -suppress-warnings -index-store-path /Users/admin/builder/spi-builder-workspace/.derivedData/Index.noindex/DataStore -Xcc -D_LIBCPP_HARDENING_MODE\=_LIBCPP_HARDENING_MODE_DEBUG -swift-version 5 -I /Users/admin/builder/spi-builder-workspace/.derivedData/Build/Products/Debug-watchos -Isystem /Applications/Xcode-27.0.0-Release.Candidate.app/Contents/Developer/Platforms/WatchOS.platform/Developer/usr/lib -F /Users/admin/builder/spi-builder-workspace/.derivedData/Build/Products/Debug-watchos -F /Applications/Xcode-27.0.0-Release.Candidate.app/Contents/Developer/Platforms/WatchOS.platform/Developer/Library/Frameworks -F /Applications/Xcode-27.0.0-Release.Candidate.app/Contents/Developer/Platforms/WatchOS.platform/Developer/SDKs/WatchOS27.0.sdk/Developer/Library/Frameworks -c -j10 -enable-batch-mode -incremental -Xcc -ivfsstatcache -Xcc /Users/admin/builder/spi-builder-workspace/.derivedData/SDKStatCaches.noindex/watchos27.0-24R360-e829b21a6f8c9b70876ba0858053c04477534ef55a1706bf4c1112bbb242f0a2.sdkstatcache -output-file-map /Users/admin/builder/spi-builder-workspace/.derivedData/Build/Intermediates.noindex/WolfPipe.build/Debug-watchos/WolfPipe-t.build/Objects-normal/arm64/WolfPipe-OutputFileMap.json -save-temps -no-color-diagnostics -explicit-module-build -module-cache-path /Users/admin/builder/spi-builder-workspace/.derivedData/Build/Intermediates.noindex/SwiftExplicitPrecompiledModules -clang-scanner-module-cache-path /Users/admin/builder/spi-builder-workspace/.derivedData/ModuleCache.noindex -sdk-module-cache-path /Users/admin/builder/spi-builder-workspace/.derivedData/SDKExplicitPrecompiledModules -emit-dependencies -emit-module -emit-module-path /Users/admin/builder/spi-builder-workspace/.derivedData/Build/Intermediates.noindex/WolfPipe.build/Debug-watchos/WolfPipe-t.build/Objects-normal/arm64/WolfPipe.swiftmodule -serialize-diagnostics -dependency-scan-serialize-diagnostics-path /Users/admin/builder/spi-builder-workspace/.derivedData/Build/Intermediates.noindex/WolfPipe.build/Debug-watchos/WolfPipe-t.build/Objects-normal/arm64/WolfPipe-dependency-scan.dia -validate-clang-modules-once -clang-build-session-file /Users/admin/builder/spi-builder-workspace/.derivedData/ModuleCache.noindex/Session.modulevalidation -Xcc -fmodules-prune-interval\=86400 -Xcc -fmodules-prune-after\=345600 -emit-const-values -const-gather-protocols-list /Users/admin/builder/spi-builder-workspace/.derivedData/Build/Intermediates.noindex/WolfPipe.build/Debug-watchos/WolfPipe-t.build/Objects-normal/arm64/WolfPipe_const_extract_protocols.json -Xcc -I/Users/admin/builder/spi-builder-workspace/.derivedData/Build/Products/Debug-watchos/include -Xcc -I/Users/admin/builder/spi-builder-workspace/.derivedData/Build/Intermediates.noindex/WolfPipe.build/Debug-watchos/WolfPipe-t.build/DerivedSources-normal/arm64 -Xcc -I/Users/admin/builder/spi-builder-workspace/.derivedData/Build/Intermediates.noindex/WolfPipe.build/Debug-watchos/WolfPipe-t.build/DerivedSources/arm64 -Xcc -I/Users/admin/builder/spi-builder-workspace/.derivedData/Build/Intermediates.noindex/WolfPipe.build/Debug-watchos/WolfPipe-t.build/DerivedSources -Xcc -DSWIFT_PACKAGE -Xcc -DDEBUG\=1 -emit-objc-header -emit-objc-header-path /Users/admin/builder/spi-builder-workspace/.derivedData/Build/Intermediates.noindex/WolfPipe.build/Debug-watchos/WolfPipe-t.build/Objects-normal/arm64/WolfPipe-Swift.h -working-directory /Users/admin/builder/spi-builder-workspace/.swiftpm/xcode -experimental-emit-module-separately -disable-cmo
Ld /Users/admin/builder/spi-builder-workspace/.derivedData/Build/Intermediates.noindex/WolfPipe.build/Debug-watchos/WolfPipe-t.build/Objects-normal/arm64/Binary/WolfPipe.o normal arm64 (in target 'WolfPipe' from project 'WolfPipe')
cd /Users/admin/builder/spi-builder-workspace/.dependencies/checkouts/WolfPipe
/Applications/Xcode-27.0.0-Release.Candidate.app/Contents/Developer/Toolchains/XcodeDefault.xctoolchain/usr/bin/clang -Xlinker -reproducible -target arm64-apple-watchos9.0 -r -isysroot /Applications/Xcode-27.0.0-Release.Candidate.app/Contents/Developer/Platforms/WatchOS.platform/Developer/SDKs/WatchOS27.0.sdk -O0 -w -Xlinker -no_warn_duplicate_libraries -F/Users/admin/builder/spi-builder-workspace/.derivedData/Build/Intermediates.noindex/EagerLinkingTBDs/Debug-watchos -F/Users/admin/builder/spi-builder-workspace/.derivedData/Build/Products/Debug-watchos -iframework /Applications/Xcode-27.0.0-Release.Candidate.app/Contents/Developer/Platforms/WatchOS.platform/Developer/Library/Frameworks -iframework /Applications/Xcode-27.0.0-Release.Candidate.app/Contents/Developer/Platforms/WatchOS.platform/Developer/SDKs/WatchOS27.0.sdk/Developer/Library/Frameworks -filelist /Users/admin/builder/spi-builder-workspace/.derivedData/Build/Intermediates.noindex/WolfPipe.build/Debug-watchos/WolfPipe-t.build/Objects-normal/arm64/WolfPipe.LinkFileList -nostdlib -Xlinker -object_path_lto -Xlinker /Users/admin/builder/spi-builder-workspace/.derivedData/Build/Intermediates.noindex/WolfPipe.build/Debug-watchos/WolfPipe-t.build/Objects-normal/arm64/WolfPipe_lto.o -Xlinker -no_deduplicate -Xlinker -dependency_info -Xlinker /Users/admin/builder/spi-builder-workspace/.derivedData/Build/Intermediates.noindex/WolfPipe.build/Debug-watchos/WolfPipe-t.build/Objects-normal/arm64/WolfPipe_dependency_info.dat -fobjc-link-runtime -L/Applications/Xcode-27.0.0-Release.Candidate.app/Contents/Developer/Toolchains/XcodeDefault.xctoolchain/usr/lib/swift/watchos -L/usr/lib/swift -Xlinker -add_ast_path -Xlinker /Users/admin/builder/spi-builder-workspace/.derivedData/Build/Intermediates.noindex/WolfPipe.build/Debug-watchos/WolfPipe-t.build/Objects-normal/arm64/WolfPipe.swiftmodule -o /Users/admin/builder/spi-builder-workspace/.derivedData/Build/Intermediates.noindex/WolfPipe.build/Debug-watchos/WolfPipe-t.build/Objects-normal/arm64/Binary/WolfPipe.o
SwiftDriverJobDiscovery normal arm64_32 Compiling SetAlgebra.swift (in target 'WolfPipe' from project 'WolfPipe')
SwiftDriverJobDiscovery normal arm64_32 Compiling PipeCompatibleFunctions.swift (in target 'WolfPipe' from project 'WolfPipe')
SwiftDriverJobDiscovery normal arm64_32 Compiling EffectfulComposeOperator.swift (in target 'WolfPipe' from project 'WolfPipe')
SwiftDriverJobDiscovery normal arm64_32 Compiling PipeOperator.swift (in target 'WolfPipe' from project 'WolfPipe')
SwiftDriverJobDiscovery normal arm64_32 Compiling Curry.swift (in target 'WolfPipe' from project 'WolfPipe')
SwiftDriverJobDiscovery normal arm64_32 Compiling KeyPaths.swift (in target 'WolfPipe' from project 'WolfPipe')
SwiftDriverJobDiscovery normal arm64_32 Compiling ComposeOperator.swift (in target 'WolfPipe' from project 'WolfPipe')
SwiftDriver\ Compilation WolfPipe normal arm64_32 com.apple.xcode.tools.swift.compiler (in target 'WolfPipe' from project 'WolfPipe')
cd /Users/admin/builder/spi-builder-workspace/.swiftpm/xcode
builtin-Swift-Compilation -- /Applications/Xcode-27.0.0-Release.Candidate.app/Contents/Developer/Toolchains/XcodeDefault.xctoolchain/usr/bin/swiftc -parse-as-library -module-name WolfPipe -Onone @/Users/admin/builder/spi-builder-workspace/.derivedData/Build/Intermediates.noindex/WolfPipe.build/Debug-watchos/WolfPipe-t.build/Objects-normal/arm64_32/WolfPipe.SwiftFileList -DSWIFT_PACKAGE -DDEBUG -DSWIFT_MODULE_RESOURCE_BUNDLE_UNAVAILABLE -DXcode -plugin-path /Applications/Xcode-27.0.0-Release.Candidate.app/Contents/Developer/Toolchains/XcodeDefault.xctoolchain/usr/lib/swift/host/plugins/testing -enable-experimental-feature DebugDescriptionMacro -sdk /Applications/Xcode-27.0.0-Release.Candidate.app/Contents/Developer/Platforms/WatchOS.platform/Developer/SDKs/WatchOS27.0.sdk -target arm64_32-apple-watchos9.0 -g -module-cache-path /Users/admin/builder/spi-builder-workspace/.derivedData/ModuleCache.noindex -Xfrontend -serialize-debugging-options -enable-testing -suppress-warnings -index-store-path /Users/admin/builder/spi-builder-workspace/.derivedData/Index.noindex/DataStore -Xcc -D_LIBCPP_HARDENING_MODE\=_LIBCPP_HARDENING_MODE_DEBUG -swift-version 5 -I /Users/admin/builder/spi-builder-workspace/.derivedData/Build/Products/Debug-watchos -Isystem /Applications/Xcode-27.0.0-Release.Candidate.app/Contents/Developer/Platforms/WatchOS.platform/Developer/usr/lib -F /Users/admin/builder/spi-builder-workspace/.derivedData/Build/Products/Debug-watchos -F /Applications/Xcode-27.0.0-Release.Candidate.app/Contents/Developer/Platforms/WatchOS.platform/Developer/Library/Frameworks -F /Applications/Xcode-27.0.0-Release.Candidate.app/Contents/Developer/Platforms/WatchOS.platform/Developer/SDKs/WatchOS27.0.sdk/Developer/Library/Frameworks -c -j10 -enable-batch-mode -incremental -Xcc -ivfsstatcache -Xcc /Users/admin/builder/spi-builder-workspace/.derivedData/SDKStatCaches.noindex/watchos27.0-24R360-e829b21a6f8c9b70876ba0858053c04477534ef55a1706bf4c1112bbb242f0a2.sdkstatcache -output-file-map /Users/admin/builder/spi-builder-workspace/.derivedData/Build/Intermediates.noindex/WolfPipe.build/Debug-watchos/WolfPipe-t.build/Objects-normal/arm64_32/WolfPipe-OutputFileMap.json -save-temps -no-color-diagnostics -explicit-module-build -module-cache-path /Users/admin/builder/spi-builder-workspace/.derivedData/Build/Intermediates.noindex/SwiftExplicitPrecompiledModules -clang-scanner-module-cache-path /Users/admin/builder/spi-builder-workspace/.derivedData/ModuleCache.noindex -sdk-module-cache-path /Users/admin/builder/spi-builder-workspace/.derivedData/SDKExplicitPrecompiledModules -emit-dependencies -emit-module -emit-module-path /Users/admin/builder/spi-builder-workspace/.derivedData/Build/Intermediates.noindex/WolfPipe.build/Debug-watchos/WolfPipe-t.build/Objects-normal/arm64_32/WolfPipe.swiftmodule -serialize-diagnostics -dependency-scan-serialize-diagnostics-path /Users/admin/builder/spi-builder-workspace/.derivedData/Build/Intermediates.noindex/WolfPipe.build/Debug-watchos/WolfPipe-t.build/Objects-normal/arm64_32/WolfPipe-dependency-scan.dia -validate-clang-modules-once -clang-build-session-file /Users/admin/builder/spi-builder-workspace/.derivedData/ModuleCache.noindex/Session.modulevalidation -Xcc -fmodules-prune-interval\=86400 -Xcc -fmodules-prune-after\=345600 -emit-const-values -const-gather-protocols-list /Users/admin/builder/spi-builder-workspace/.derivedData/Build/Intermediates.noindex/WolfPipe.build/Debug-watchos/WolfPipe-t.build/Objects-normal/arm64_32/WolfPipe_const_extract_protocols.json -Xcc -I/Users/admin/builder/spi-builder-workspace/.derivedData/Build/Products/Debug-watchos/include -Xcc -I/Users/admin/builder/spi-builder-workspace/.derivedData/Build/Intermediates.noindex/WolfPipe.build/Debug-watchos/WolfPipe-t.build/DerivedSources-normal/arm64_32 -Xcc -I/Users/admin/builder/spi-builder-workspace/.derivedData/Build/Intermediates.noindex/WolfPipe.build/Debug-watchos/WolfPipe-t.build/DerivedSources/arm64_32 -Xcc -I/Users/admin/builder/spi-builder-workspace/.derivedData/Build/Intermediates.noindex/WolfPipe.build/Debug-watchos/WolfPipe-t.build/DerivedSources -Xcc -DSWIFT_PACKAGE -Xcc -DDEBUG\=1 -emit-objc-header -emit-objc-header-path /Users/admin/builder/spi-builder-workspace/.derivedData/Build/Intermediates.noindex/WolfPipe.build/Debug-watchos/WolfPipe-t.build/Objects-normal/arm64_32/WolfPipe-Swift.h -working-directory /Users/admin/builder/spi-builder-workspace/.swiftpm/xcode -experimental-emit-module-separately -disable-cmo
Ld /Users/admin/builder/spi-builder-workspace/.derivedData/Build/Intermediates.noindex/WolfPipe.build/Debug-watchos/WolfPipe-t.build/Objects-normal/arm64_32/Binary/WolfPipe.o normal arm64_32 (in target 'WolfPipe' from project 'WolfPipe')
cd /Users/admin/builder/spi-builder-workspace/.dependencies/checkouts/WolfPipe
/Applications/Xcode-27.0.0-Release.Candidate.app/Contents/Developer/Toolchains/XcodeDefault.xctoolchain/usr/bin/clang -Xlinker -reproducible -target arm64_32-apple-watchos9.0 -r -isysroot /Applications/Xcode-27.0.0-Release.Candidate.app/Contents/Developer/Platforms/WatchOS.platform/Developer/SDKs/WatchOS27.0.sdk -O0 -w -Xlinker -no_warn_duplicate_libraries -F/Users/admin/builder/spi-builder-workspace/.derivedData/Build/Intermediates.noindex/EagerLinkingTBDs/Debug-watchos -F/Users/admin/builder/spi-builder-workspace/.derivedData/Build/Products/Debug-watchos -iframework /Applications/Xcode-27.0.0-Release.Candidate.app/Contents/Developer/Platforms/WatchOS.platform/Developer/Library/Frameworks -iframework /Applications/Xcode-27.0.0-Release.Candidate.app/Contents/Developer/Platforms/WatchOS.platform/Developer/SDKs/WatchOS27.0.sdk/Developer/Library/Frameworks -filelist /Users/admin/builder/spi-builder-workspace/.derivedData/Build/Intermediates.noindex/WolfPipe.build/Debug-watchos/WolfPipe-t.build/Objects-normal/arm64_32/WolfPipe.LinkFileList -nostdlib -Xlinker -object_path_lto -Xlinker /Users/admin/builder/spi-builder-workspace/.derivedData/Build/Intermediates.noindex/WolfPipe.build/Debug-watchos/WolfPipe-t.build/Objects-normal/arm64_32/WolfPipe_lto.o -Xlinker -no_deduplicate -Xlinker -dependency_info -Xlinker /Users/admin/builder/spi-builder-workspace/.derivedData/Build/Intermediates.noindex/WolfPipe.build/Debug-watchos/WolfPipe-t.build/Objects-normal/arm64_32/WolfPipe_dependency_info.dat -fobjc-link-runtime -L/Applications/Xcode-27.0.0-Release.Candidate.app/Contents/Developer/Toolchains/XcodeDefault.xctoolchain/usr/lib/swift/watchos -L/usr/lib/swift -Xlinker -add_ast_path -Xlinker /Users/admin/builder/spi-builder-workspace/.derivedData/Build/Intermediates.noindex/WolfPipe.build/Debug-watchos/WolfPipe-t.build/Objects-normal/arm64_32/WolfPipe.swiftmodule -o /Users/admin/builder/spi-builder-workspace/.derivedData/Build/Intermediates.noindex/WolfPipe.build/Debug-watchos/WolfPipe-t.build/Objects-normal/arm64_32/Binary/WolfPipe.o
CreateUniversalBinary /Users/admin/builder/spi-builder-workspace/.derivedData/Build/Products/Debug-watchos/WolfPipe.o normal arm64\ arm64_32 (in target 'WolfPipe' from project 'WolfPipe')
cd /Users/admin/builder/spi-builder-workspace/.dependencies/checkouts/WolfPipe
/Applications/Xcode-27.0.0-Release.Candidate.app/Contents/Developer/Toolchains/XcodeDefault.xctoolchain/usr/bin/lipo -create /Users/admin/builder/spi-builder-workspace/.derivedData/Build/Intermediates.noindex/WolfPipe.build/Debug-watchos/WolfPipe-t.build/Objects-normal/arm64/Binary/WolfPipe.o /Users/admin/builder/spi-builder-workspace/.derivedData/Build/Intermediates.noindex/WolfPipe.build/Debug-watchos/WolfPipe-t.build/Objects-normal/arm64_32/Binary/WolfPipe.o -output /Users/admin/builder/spi-builder-workspace/.derivedData/Build/Products/Debug-watchos/WolfPipe.o
ExtractAppIntentsMetadata (in target 'WolfPipe' from project 'WolfPipe')
cd /Users/admin/builder/spi-builder-workspace/.dependencies/checkouts/WolfPipe
/Applications/Xcode-27.0.0-Release.Candidate.app/Contents/Developer/Toolchains/XcodeDefault.xctoolchain/usr/bin/appintentsmetadataprocessor --toolchain-dir /var/run/com.apple.security.cryptexd/mnt/com.apple.MobileAsset.MetalToolchain-v27.1.266.1.lEiNG9/Metal.xctoolchain --module-name WolfPipe --sdk-root /Applications/Xcode-27.0.0-Release.Candidate.app/Contents/Developer/Platforms/WatchOS.platform/Developer/SDKs/WatchOS27.0.sdk --xcode-version 27A266a --platform-family watchOS --deployment-target 9.0 --bundle-identifier wolfpipe.WolfPipe --output /Users/admin/builder/spi-builder-workspace/.derivedData/Build/Products/Debug-watchos/WolfPipe.appintents --target-triple arm64-apple-watchos9.0 --target-triple arm64_32-apple-watchos9.0 --binary-file /Users/admin/builder/spi-builder-workspace/.derivedData/Build/Products/Debug-watchos/WolfPipe.o --dependency-file /Users/admin/builder/spi-builder-workspace/.derivedData/Build/Intermediates.noindex/WolfPipe.build/Debug-watchos/WolfPipe-t.build/Objects-normal/arm64/WolfPipe_dependency_info.dat --dependency-file /Users/admin/builder/spi-builder-workspace/.derivedData/Build/Intermediates.noindex/WolfPipe.build/Debug-watchos/WolfPipe-t.build/Objects-normal/arm64_32/WolfPipe_dependency_info.dat --stringsdata-file /Users/admin/builder/spi-builder-workspace/.derivedData/Build/Intermediates.noindex/WolfPipe.build/Debug-watchos/WolfPipe-t.build/Objects-normal/arm64/ExtractedAppShortcutsMetadata.stringsdata --stringsdata-file /Users/admin/builder/spi-builder-workspace/.derivedData/Build/Intermediates.noindex/WolfPipe.build/Debug-watchos/WolfPipe-t.build/Objects-normal/arm64_32/ExtractedAppShortcutsMetadata.stringsdata --source-file-list /Users/admin/builder/spi-builder-workspace/.derivedData/Build/Intermediates.noindex/WolfPipe.build/Debug-watchos/WolfPipe-t.build/Objects-normal/arm64/WolfPipe.SwiftFileList --source-file-list /Users/admin/builder/spi-builder-workspace/.derivedData/Build/Intermediates.noindex/WolfPipe.build/Debug-watchos/WolfPipe-t.build/Objects-normal/arm64_32/WolfPipe.SwiftFileList --metadata-file-list /Users/admin/builder/spi-builder-workspace/.derivedData/Build/Intermediates.noindex/WolfPipe.build/Debug-watchos/WolfPipe-t.build/WolfPipe.DependencyMetadataFileList --static-metadata-file-list /Users/admin/builder/spi-builder-workspace/.derivedData/Build/Intermediates.noindex/WolfPipe.build/Debug-watchos/WolfPipe-t.build/WolfPipe.DependencyStaticMetadataFileList --swift-const-vals-list /Users/admin/builder/spi-builder-workspace/.derivedData/Build/Intermediates.noindex/WolfPipe.build/Debug-watchos/WolfPipe-t.build/Objects-normal/arm64/WolfPipe.SwiftConstValuesFileList --swift-const-vals-list /Users/admin/builder/spi-builder-workspace/.derivedData/Build/Intermediates.noindex/WolfPipe.build/Debug-watchos/WolfPipe-t.build/Objects-normal/arm64_32/WolfPipe.SwiftConstValuesFileList --force --compile-time-extraction --deployment-aware-processing --no-app-shortcuts-localization
2026-09-16 13:42:37.282 appintentsmetadataprocessor[818:5054] Starting appintentsmetadataprocessor export
2026-09-16 13:42:37.376 appintentsmetadataprocessor[818:5054] Extracted no relevant App Intents symbols, skipping writing output
SwiftExplicitDependencyGeneratePcm arm64_32 /Users/admin/builder/spi-builder-workspace/.derivedData/SDKExplicitPrecompiledModules/DeveloperToolsSupport-DZU5G1OCMNWU0AQRULIFHUJ1Z.pcm
SwiftExplicitDependencyGeneratePcm arm64_32 /Users/admin/builder/spi-builder-workspace/.derivedData/SDKExplicitPrecompiledModules/ptrcheck-7ELIH9BTIGVKX3UBITM9N72WD.pcm
SwiftExplicitDependencyGeneratePcm arm64_32 /Users/admin/builder/spi-builder-workspace/.derivedData/SDKExplicitPrecompiledModules/_Builtin_float-6KO8O3PEWRCA4WC6PPLOYO6WJ.pcm
SwiftExplicitDependencyGeneratePcm arm64_32 /Users/admin/builder/spi-builder-workspace/.derivedData/SDKExplicitPrecompiledModules/_AvailabilityInternal-244WAN3Z1QBT7PIA64EZEFY1R.pcm
SwiftExplicitDependencyGeneratePcm arm64_32 /Users/admin/builder/spi-builder-workspace/.derivedData/SDKExplicitPrecompiledModules/_Builtin_stdarg-D305JG44A2WPI6CJY37X3QJE8.pcm
SwiftExplicitDependencyGeneratePcm arm64_32 /Users/admin/builder/spi-builder-workspace/.derivedData/SDKExplicitPrecompiledModules/_Builtin_stddef-H44EFHQX6XSS5MZ7QP6YJZ76.pcm
SwiftExplicitDependencyGeneratePcm arm64_32 /Users/admin/builder/spi-builder-workspace/.derivedData/SDKExplicitPrecompiledModules/ptrauth-BFXF358ME5AK535N5A9Z766WU.pcm
SwiftExplicitDependencyGeneratePcm arm64_32 /Users/admin/builder/spi-builder-workspace/.derivedData/SDKExplicitPrecompiledModules/_Builtin_stdbool-A967K8W8YUYEC9SN52KJ7OO88.pcm
SwiftExplicitDependencyGeneratePcm arm64 /Users/admin/builder/spi-builder-workspace/.derivedData/SDKExplicitPrecompiledModules/_Builtin_float-C0CW5Q4HGBQYKE77TC42IAFB5.pcm
SwiftExplicitDependencyGeneratePcm arm64 /Users/admin/builder/spi-builder-workspace/.derivedData/SDKExplicitPrecompiledModules/_AvailabilityInternal-BUNV3UXM65NT37THI4W1AM0SF.pcm
SwiftExplicitDependencyGeneratePcm arm64 /Users/admin/builder/spi-builder-workspace/.derivedData/SDKExplicitPrecompiledModules/ptrauth-3TZ9WJCGLYD25HQPWH4968ONX.pcm
SwiftExplicitDependencyGeneratePcm arm64 /Users/admin/builder/spi-builder-workspace/.derivedData/SDKExplicitPrecompiledModules/_Builtin_stdbool-83J96QSOFE9VX04AAS6310UAE.pcm
SwiftExplicitDependencyGeneratePcm arm64 /Users/admin/builder/spi-builder-workspace/.derivedData/SDKExplicitPrecompiledModules/DeveloperToolsSupport-E7CNISCB36UE8XQ9IOHK9XDX1.pcm
SwiftExplicitDependencyGeneratePcm arm64 /Users/admin/builder/spi-builder-workspace/.derivedData/SDKExplicitPrecompiledModules/ptrcheck-AIF0NDOYZ8ORBNHQAQR5NNB8M.pcm
SwiftExplicitDependencyGeneratePcm arm64 /Users/admin/builder/spi-builder-workspace/.derivedData/SDKExplicitPrecompiledModules/_Builtin_stddef-1FU30Y8SWFB7OUUHMJQH5J6FM.pcm
SwiftExplicitDependencyGeneratePcm arm64 /Users/admin/builder/spi-builder-workspace/.derivedData/SDKExplicitPrecompiledModules/_Builtin_stdarg-A7UU8LE6MP85SM26YO7PBZNUQ.pcm
ProcessInfoPlistFile /Users/admin/builder/spi-builder-workspace/.derivedData/Build/Products/Debug-watchos/PackageFrameworks/WolfPipe.framework/Info.plist /Users/admin/builder/spi-builder-workspace/.derivedData/Build/Intermediates.noindex/WolfPipe.build/Debug-watchos/WolfPipe-product-t.build/empty-WolfPipe.plist (in target 'WolfPipe-product' from project 'WolfPipe')
cd /Users/admin/builder/spi-builder-workspace/.dependencies/checkouts/WolfPipe
builtin-infoPlistUtility /Users/admin/builder/spi-builder-workspace/.derivedData/Build/Intermediates.noindex/WolfPipe.build/Debug-watchos/WolfPipe-product-t.build/empty-WolfPipe.plist -producttype com.apple.product-type.framework -expandbuildsettings -format binary -platform watchos -o /Users/admin/builder/spi-builder-workspace/.derivedData/Build/Products/Debug-watchos/PackageFrameworks/WolfPipe.framework/Info.plist
Ld /Users/admin/builder/spi-builder-workspace/.derivedData/Build/Intermediates.noindex/WolfPipe.build/Debug-watchos/WolfPipe-product-t.build/Objects-normal/arm64_32/Binary/WolfPipe normal arm64_32 (in target 'WolfPipe-product' from project 'WolfPipe')
cd /Users/admin/builder/spi-builder-workspace/.dependencies/checkouts/WolfPipe
/Applications/Xcode-27.0.0-Release.Candidate.app/Contents/Developer/Toolchains/XcodeDefault.xctoolchain/usr/bin/swiftc -Xlinker -reproducible -target arm64_32-apple-watchos9.0 -emit-library -sdk /Applications/Xcode-27.0.0-Release.Candidate.app/Contents/Developer/Platforms/WatchOS.platform/Developer/SDKs/WatchOS27.0.sdk -suppress-warnings -Xlinker -no_warn_duplicate_libraries -L/Users/admin/builder/spi-builder-workspace/.derivedData/Build/Intermediates.noindex/EagerLinkingTBDs/Debug-watchos -L/Users/admin/builder/spi-builder-workspace/.derivedData/Build/Products/Debug-watchos -L/Applications/Xcode-27.0.0-Release.Candidate.app/Contents/Developer/Platforms/WatchOS.platform/Developer/usr/lib -F/Users/admin/builder/spi-builder-workspace/.derivedData/Build/Intermediates.noindex/EagerLinkingTBDs/Debug-watchos -F/Users/admin/builder/spi-builder-workspace/.derivedData/Build/Products/Debug-watchos/PackageFrameworks -F/Users/admin/builder/spi-builder-workspace/.derivedData/Build/Products/Debug-watchos -Fsystem /Applications/Xcode-27.0.0-Release.Candidate.app/Contents/Developer/Platforms/WatchOS.platform/Developer/Library/Frameworks -Fsystem /Applications/Xcode-27.0.0-Release.Candidate.app/Contents/Developer/Platforms/WatchOS.platform/Developer/SDKs/WatchOS27.0.sdk/Developer/Library/Frameworks @/Users/admin/builder/spi-builder-workspace/.derivedData/Build/Intermediates.noindex/WolfPipe.build/Debug-watchos/WolfPipe-product-t.build/Objects-normal/arm64_32/WolfPipe.LinkFileList -Xclang-linker -install_name -Xclang-linker @rpath/WolfPipe.framework/WolfPipe -Xlinker -rpath -Xlinker /usr/lib/swift -Xlinker -rpath -Xlinker @loader_path -Xlinker -rpath -Xlinker /Users/admin/builder/spi-builder-workspace/.derivedData/Build/Products/Debug-watchos/PackageFrameworks -Xlinker -dead_strip -Xlinker -object_path_lto -Xlinker /Users/admin/builder/spi-builder-workspace/.derivedData/Build/Intermediates.noindex/WolfPipe.build/Debug-watchos/WolfPipe-product-t.build/Objects-normal/arm64_32/WolfPipe_lto.o -Xclang-linker -rdynamic -Xlinker -no_deduplicate -Xlinker -dependency_info -Xlinker /Users/admin/builder/spi-builder-workspace/.derivedData/Build/Intermediates.noindex/WolfPipe.build/Debug-watchos/WolfPipe-product-t.build/Objects-normal/arm64_32/WolfPipe_dependency_info.dat -link-objc-runtime -L/Applications/Xcode-27.0.0-Release.Candidate.app/Contents/Developer/Toolchains/XcodeDefault.xctoolchain/usr/lib/swift/watchos -L/usr/lib/swift -o /Users/admin/builder/spi-builder-workspace/.derivedData/Build/Intermediates.noindex/WolfPipe.build/Debug-watchos/WolfPipe-product-t.build/Objects-normal/arm64_32/Binary/WolfPipe -no-stdlib-rpath
Ld /Users/admin/builder/spi-builder-workspace/.derivedData/Build/Intermediates.noindex/WolfPipe.build/Debug-watchos/WolfPipe-product-t.build/Objects-normal/arm64/Binary/WolfPipe normal arm64 (in target 'WolfPipe-product' from project 'WolfPipe')
cd /Users/admin/builder/spi-builder-workspace/.dependencies/checkouts/WolfPipe
/Applications/Xcode-27.0.0-Release.Candidate.app/Contents/Developer/Toolchains/XcodeDefault.xctoolchain/usr/bin/swiftc -Xlinker -reproducible -target arm64-apple-watchos9.0 -emit-library -sdk /Applications/Xcode-27.0.0-Release.Candidate.app/Contents/Developer/Platforms/WatchOS.platform/Developer/SDKs/WatchOS27.0.sdk -suppress-warnings -Xlinker -no_warn_duplicate_libraries -L/Users/admin/builder/spi-builder-workspace/.derivedData/Build/Intermediates.noindex/EagerLinkingTBDs/Debug-watchos -L/Users/admin/builder/spi-builder-workspace/.derivedData/Build/Products/Debug-watchos -L/Applications/Xcode-27.0.0-Release.Candidate.app/Contents/Developer/Platforms/WatchOS.platform/Developer/usr/lib -F/Users/admin/builder/spi-builder-workspace/.derivedData/Build/Intermediates.noindex/EagerLinkingTBDs/Debug-watchos -F/Users/admin/builder/spi-builder-workspace/.derivedData/Build/Products/Debug-watchos/PackageFrameworks -F/Users/admin/builder/spi-builder-workspace/.derivedData/Build/Products/Debug-watchos -Fsystem /Applications/Xcode-27.0.0-Release.Candidate.app/Contents/Developer/Platforms/WatchOS.platform/Developer/Library/Frameworks -Fsystem /Applications/Xcode-27.0.0-Release.Candidate.app/Contents/Developer/Platforms/WatchOS.platform/Developer/SDKs/WatchOS27.0.sdk/Developer/Library/Frameworks @/Users/admin/builder/spi-builder-workspace/.derivedData/Build/Intermediates.noindex/WolfPipe.build/Debug-watchos/WolfPipe-product-t.build/Objects-normal/arm64/WolfPipe.LinkFileList -Xclang-linker -install_name -Xclang-linker @rpath/WolfPipe.framework/WolfPipe -Xlinker -rpath -Xlinker /usr/lib/swift -Xlinker -rpath -Xlinker @loader_path -Xlinker -rpath -Xlinker /Users/admin/builder/spi-builder-workspace/.derivedData/Build/Products/Debug-watchos/PackageFrameworks -Xlinker -dead_strip -Xlinker -object_path_lto -Xlinker /Users/admin/builder/spi-builder-workspace/.derivedData/Build/Intermediates.noindex/WolfPipe.build/Debug-watchos/WolfPipe-product-t.build/Objects-normal/arm64/WolfPipe_lto.o -Xclang-linker -rdynamic -Xlinker -no_deduplicate -Xlinker -dependency_info -Xlinker /Users/admin/builder/spi-builder-workspace/.derivedData/Build/Intermediates.noindex/WolfPipe.build/Debug-watchos/WolfPipe-product-t.build/Objects-normal/arm64/WolfPipe_dependency_info.dat -link-objc-runtime -L/Applications/Xcode-27.0.0-Release.Candidate.app/Contents/Developer/Toolchains/XcodeDefault.xctoolchain/usr/lib/swift/watchos -L/usr/lib/swift -o /Users/admin/builder/spi-builder-workspace/.derivedData/Build/Intermediates.noindex/WolfPipe.build/Debug-watchos/WolfPipe-product-t.build/Objects-normal/arm64/Binary/WolfPipe -no-stdlib-rpath
SwiftExplicitDependencyGeneratePcm arm64_32 /Users/admin/builder/spi-builder-workspace/.derivedData/SDKExplicitPrecompiledModules/_DarwinFoundation1-2GWF9RFMPLQW4PDHS3NARVI3G.pcm
SwiftExplicitDependencyGeneratePcm arm64 /Users/admin/builder/spi-builder-workspace/.derivedData/SDKExplicitPrecompiledModules/_DarwinFoundation1-7SPX3MD0HMP55E4OLNCPNDQ53.pcm
SwiftExplicitDependencyGeneratePcm arm64_32 /Users/admin/builder/spi-builder-workspace/.derivedData/SDKExplicitPrecompiledModules/_Builtin_limits-3VKBU2AFTD65PAJZ5CJ3LHFM2.pcm
SwiftExplicitDependencyGeneratePcm arm64_32 /Users/admin/builder/spi-builder-workspace/.derivedData/SDKExplicitPrecompiledModules/_DarwinFoundation2-9MY8GOSYRO0M9MKNXF6D3MBNK.pcm
SwiftExplicitDependencyGeneratePcm arm64 /Users/admin/builder/spi-builder-workspace/.derivedData/SDKExplicitPrecompiledModules/_DarwinFoundation2-D0XAPJU49S5E9XMKYOFGSTB1Q.pcm
SwiftExplicitDependencyGeneratePcm arm64 /Users/admin/builder/spi-builder-workspace/.derivedData/SDKExplicitPrecompiledModules/_Builtin_limits-9GWPA2B0H20DYUNYHYCWKABJG.pcm
SwiftExplicitDependencyGeneratePcm arm64_32 /Users/admin/builder/spi-builder-workspace/.derivedData/SDKExplicitPrecompiledModules/_Builtin_tgmath-23PGCKURCQILXMK0MYZRYDCOU.pcm
SwiftExplicitDependencyGeneratePcm arm64_32 /Users/admin/builder/spi-builder-workspace/.derivedData/SDKExplicitPrecompiledModules/_Builtin_stdint-1HMXWI3V0V4TXHRWZOMZGZ80Y.pcm
SwiftExplicitDependencyGeneratePcm arm64_32 /Users/admin/builder/spi-builder-workspace/.derivedData/SDKExplicitPrecompiledModules/sys_types-8TLLMW08ZJWDGIIPKOYFGHHZW.pcm
SwiftExplicitDependencyGeneratePcm arm64_32 /Users/admin/builder/spi-builder-workspace/.derivedData/SDKExplicitPrecompiledModules/string_h-BFVLUQUSBZWYMLCU9QI7VZALW.pcm
SwiftExplicitDependencyGeneratePcm arm64 /Users/admin/builder/spi-builder-workspace/.derivedData/SDKExplicitPrecompiledModules/sys_types-2KXQLI78OUCDP779AE68GZJ2.pcm
SwiftExplicitDependencyGeneratePcm arm64 /Users/admin/builder/spi-builder-workspace/.derivedData/SDKExplicitPrecompiledModules/_Builtin_stdint-8XMILLJZEGRN2XG7XZUXZ5RLX.pcm
SwiftExplicitDependencyGeneratePcm arm64 /Users/admin/builder/spi-builder-workspace/.derivedData/SDKExplicitPrecompiledModules/_Builtin_tgmath-8NQ96OZ0YHXEC24JI95P01UF8.pcm
SwiftExplicitDependencyGeneratePcm arm64 /Users/admin/builder/spi-builder-workspace/.derivedData/SDKExplicitPrecompiledModules/string_h-E6PRXK75PHIPCZFWOFCQ3QBMK.pcm
SwiftExplicitDependencyGeneratePcm arm64_32 /Users/admin/builder/spi-builder-workspace/.derivedData/SDKExplicitPrecompiledModules/_DarwinFoundation3-3DUTYQDQSD9HUAAVY947NMWOI.pcm
SwiftExplicitDependencyGeneratePcm arm64_32 /Users/admin/builder/spi-builder-workspace/.derivedData/SDKExplicitPrecompiledModules/_Builtin_intrinsics-196IIAKDQVU42DLOZP9OQCV76.pcm
SwiftExplicitDependencyGeneratePcm arm64_32 /Users/admin/builder/spi-builder-workspace/.derivedData/SDKExplicitPrecompiledModules/_Builtin_stdatomic-1TY035TURL76BF2U98PZPPZRX.pcm
SwiftExplicitDependencyGeneratePcm arm64 /Users/admin/builder/spi-builder-workspace/.derivedData/SDKExplicitPrecompiledModules/_Builtin_intrinsics-75960HIPCIYA06IUW8FIIPQT.pcm
SwiftExplicitDependencyGeneratePcm arm64 /Users/admin/builder/spi-builder-workspace/.derivedData/SDKExplicitPrecompiledModules/_Builtin_stdatomic-7JEFA3KBJJJN6TKJWY3OG1VG5.pcm
SwiftExplicitDependencyGeneratePcm arm64 /Users/admin/builder/spi-builder-workspace/.derivedData/SDKExplicitPrecompiledModules/_DarwinFoundation3-B97LRG0E9GON2NUE65TVG81HU.pcm
SwiftExplicitDependencyGeneratePcm arm64_32 /Users/admin/builder/spi-builder-workspace/.derivedData/SDKExplicitPrecompiledModules/_Builtin_inttypes-D2KPCR4PEX9AQA33NGLUT5SBR.pcm
SwiftExplicitDependencyGeneratePcm arm64 /Users/admin/builder/spi-builder-workspace/.derivedData/SDKExplicitPrecompiledModules/_Builtin_inttypes-3UQSCM7WNM9EK4HZML8TY5J3D.pcm
SwiftExplicitDependencyGeneratePcm arm64_32 /Users/admin/builder/spi-builder-workspace/.derivedData/SDKExplicitPrecompiledModules/Darwin-3FVT1SKLN2ZQ5RVOABMTQBB34.pcm
SwiftExplicitDependencyGeneratePcm arm64 /Users/admin/builder/spi-builder-workspace/.derivedData/SDKExplicitPrecompiledModules/Darwin-3984OXKFNSPE77NT743WK8SEX.pcm
SwiftExplicitDependencyGeneratePcm arm64_32 /Users/admin/builder/spi-builder-workspace/.derivedData/SDKExplicitPrecompiledModules/simd-21UNWYOBUZI1LVSQ99S1XBLMO.pcm
SwiftExplicitDependencyGeneratePcm arm64 /Users/admin/builder/spi-builder-workspace/.derivedData/SDKExplicitPrecompiledModules/simd-EH08NODU6574T74ZKU61VP9BW.pcm
SwiftExplicitDependencyGeneratePcm arm64_32 /Users/admin/builder/spi-builder-workspace/.derivedData/SDKExplicitPrecompiledModules/MachO-56838ZJ0NC1EBAJ0O6O8QMPDX.pcm
SwiftExplicitDependencyGeneratePcm arm64_32 /Users/admin/builder/spi-builder-workspace/.derivedData/SDKExplicitPrecompiledModules/ObjectiveC-6IJNELR2E80E7LUKESVCP2KET.pcm
SwiftExplicitDependencyGeneratePcm arm64 /Users/admin/builder/spi-builder-workspace/.derivedData/SDKExplicitPrecompiledModules/ObjectiveC-72IVD3VS2RS8Q28D9PIMY0KQP.pcm
SwiftExplicitDependencyGeneratePcm arm64 /Users/admin/builder/spi-builder-workspace/.derivedData/SDKExplicitPrecompiledModules/MachO-2U90NNSAQILBNBPS1SA4F8TYP.pcm
SwiftExplicitDependencyGeneratePcm arm64_32 /Users/admin/builder/spi-builder-workspace/.derivedData/SDKExplicitPrecompiledModules/os_object-5YWTC6L4756IWSTPGXS5NM0D0.pcm
SwiftExplicitDependencyGeneratePcm arm64 /Users/admin/builder/spi-builder-workspace/.derivedData/SDKExplicitPrecompiledModules/os_object-3SDKD7F87FTZ26OON37DRYT6O.pcm
SwiftExplicitDependencyGeneratePcm arm64_32 /Users/admin/builder/spi-builder-workspace/.derivedData/SDKExplicitPrecompiledModules/os_workgroup-5JHTPDMNBUNHLJI8LPHKQK1JK.pcm
SwiftExplicitDependencyGeneratePcm arm64 /Users/admin/builder/spi-builder-workspace/.derivedData/SDKExplicitPrecompiledModules/os_workgroup-89GG5G7YC2D0ZTK6AZXXQ20DH.pcm
SwiftExplicitDependencyGeneratePcm arm64_32 /Users/admin/builder/spi-builder-workspace/.derivedData/SDKExplicitPrecompiledModules/Spatial-CWVWNML3T0NXVHZDKVLD3X1YZ.pcm
SwiftExplicitDependencyGeneratePcm arm64_32 /Users/admin/builder/spi-builder-workspace/.derivedData/SDKExplicitPrecompiledModules/Dispatch-2P62F1T4XV63S4P99TUDTOK2Q.pcm
SwiftExplicitDependencyGeneratePcm arm64 /Users/admin/builder/spi-builder-workspace/.derivedData/SDKExplicitPrecompiledModules/Spatial-44FJGYXFAT2AQAW9Z6T7YS02U.pcm
SwiftExplicitDependencyGeneratePcm arm64 /Users/admin/builder/spi-builder-workspace/.derivedData/SDKExplicitPrecompiledModules/Dispatch-1NLJOVAK60XP0DUB05XA59EIM.pcm
SwiftExplicitDependencyGeneratePcm arm64_32 /Users/admin/builder/spi-builder-workspace/.derivedData/SDKExplicitPrecompiledModules/XPC-81Y45QFY96XYYFCW2GT6FY8S4.pcm
SwiftExplicitDependencyGeneratePcm arm64_32 /Users/admin/builder/spi-builder-workspace/.derivedData/SDKExplicitPrecompiledModules/CoreFoundation-8E6Y4BA3EXYKUGJ24GT9LGV3N.pcm
SwiftExplicitDependencyGeneratePcm arm64 /Users/admin/builder/spi-builder-workspace/.derivedData/SDKExplicitPrecompiledModules/CoreFoundation-8T2L24YC5NU7WO6WQJWRY7W08.pcm
SwiftExplicitDependencyGeneratePcm arm64 /Users/admin/builder/spi-builder-workspace/.derivedData/SDKExplicitPrecompiledModules/XPC-40DR0X1DHKGCV4J1IOLFS8MOU.pcm
SwiftExplicitDependencyGeneratePcm arm64_32 /Users/admin/builder/spi-builder-workspace/.derivedData/SDKExplicitPrecompiledModules/os-E5IGB442IA6SBB25TTCOLK2OC.pcm
CreateUniversalBinary /Users/admin/builder/spi-builder-workspace/.derivedData/Build/Products/Debug-watchos/PackageFrameworks/WolfPipe.framework/WolfPipe normal arm64\ arm64_32 (in target 'WolfPipe-product' from project 'WolfPipe')
cd /Users/admin/builder/spi-builder-workspace/.dependencies/checkouts/WolfPipe
/Applications/Xcode-27.0.0-Release.Candidate.app/Contents/Developer/Toolchains/XcodeDefault.xctoolchain/usr/bin/lipo -create /Users/admin/builder/spi-builder-workspace/.derivedData/Build/Intermediates.noindex/WolfPipe.build/Debug-watchos/WolfPipe-product-t.build/Objects-normal/arm64/Binary/WolfPipe /Users/admin/builder/spi-builder-workspace/.derivedData/Build/Intermediates.noindex/WolfPipe.build/Debug-watchos/WolfPipe-product-t.build/Objects-normal/arm64_32/Binary/WolfPipe -output /Users/admin/builder/spi-builder-workspace/.derivedData/Build/Products/Debug-watchos/PackageFrameworks/WolfPipe.framework/WolfPipe
RegisterExecutionPolicyException /Users/admin/builder/spi-builder-workspace/.derivedData/Build/Products/Debug-watchos/PackageFrameworks/WolfPipe.framework (in target 'WolfPipe-product' from project 'WolfPipe')
cd /Users/admin/builder/spi-builder-workspace/.dependencies/checkouts/WolfPipe
builtin-RegisterExecutionPolicyException /Users/admin/builder/spi-builder-workspace/.derivedData/Build/Products/Debug-watchos/PackageFrameworks/WolfPipe.framework
Touch /Users/admin/builder/spi-builder-workspace/.derivedData/Build/Products/Debug-watchos/PackageFrameworks/WolfPipe.framework (in target 'WolfPipe-product' from project 'WolfPipe')
cd /Users/admin/builder/spi-builder-workspace/.dependencies/checkouts/WolfPipe
/usr/bin/touch -c /Users/admin/builder/spi-builder-workspace/.derivedData/Build/Products/Debug-watchos/PackageFrameworks/WolfPipe.framework
SwiftExplicitDependencyGeneratePcm arm64 /Users/admin/builder/spi-builder-workspace/.derivedData/SDKExplicitPrecompiledModules/os-5DIL6Z9LFIGLMZAHM7X2T5435.pcm
SwiftExplicitDependencyGeneratePcm arm64_32 /Users/admin/builder/spi-builder-workspace/.derivedData/SDKExplicitPrecompiledModules/CoreGraphics-9FDXYX6BKBUT6TJ2VF819E7T5.pcm
SwiftExplicitDependencyGeneratePcm arm64_32 /Users/admin/builder/spi-builder-workspace/.derivedData/SDKExplicitPrecompiledModules/Security-D7TOWF88VWF67TB9HAFP5UWB1.pcm
SwiftExplicitDependencyGeneratePcm arm64 /Users/admin/builder/spi-builder-workspace/.derivedData/SDKExplicitPrecompiledModules/Security-6RZ6YBRU8WCUHRFFRVUK5WKMM.pcm
SwiftExplicitDependencyGeneratePcm arm64 /Users/admin/builder/spi-builder-workspace/.derivedData/SDKExplicitPrecompiledModules/CoreGraphics-DWNZ73GEH98SBJXZ7DEXB420K.pcm
SwiftExplicitDependencyGeneratePcm arm64_32 /Users/admin/builder/spi-builder-workspace/.derivedData/SDKExplicitPrecompiledModules/Foundation-BJ2VQGI3OGR34500MEQ1VKHPH.pcm
SwiftExplicitDependencyGeneratePcm arm64_32 /Users/admin/builder/spi-builder-workspace/.derivedData/SDKExplicitPrecompiledModules/CoreVideo-2P8HI0403J99LBDPKNFJ5D4DL.pcm
SwiftExplicitDependencyGeneratePcm arm64_32 /Users/admin/builder/spi-builder-workspace/.derivedData/SDKExplicitPrecompiledModules/CoreText-C9X2REPZN2V5BSU4G80FCETDR.pcm
SwiftExplicitDependencyGeneratePcm arm64 /Users/admin/builder/spi-builder-workspace/.derivedData/SDKExplicitPrecompiledModules/Foundation-DLBKUSGXN8QHAT8W0OARR9S8A.pcm
SwiftExplicitDependencyGeneratePcm arm64 /Users/admin/builder/spi-builder-workspace/.derivedData/SDKExplicitPrecompiledModules/CoreVideo-8MRR5MNWUOAW2DBPGUQ8FKK4.pcm
SwiftExplicitDependencyGeneratePcm arm64 /Users/admin/builder/spi-builder-workspace/.derivedData/SDKExplicitPrecompiledModules/CoreText-970YJN6NIYGK1316L35Z0O8QT.pcm
SwiftExplicitDependencyGeneratePcm arm64_32 /Users/admin/builder/spi-builder-workspace/.derivedData/SDKExplicitPrecompiledModules/Symbols-1H97WMG76HU94F5VGJR19PXFY.pcm
SwiftExplicitDependencyGeneratePcm arm64_32 /Users/admin/builder/spi-builder-workspace/.derivedData/SDKExplicitPrecompiledModules/CoreTransferable-5D4IR6X37682FPHJ5CBPTKQV6.pcm
SwiftExplicitDependencyGeneratePcm arm64_32 /Users/admin/builder/spi-builder-workspace/.derivedData/SDKExplicitPrecompiledModules/SceneKit-DKNLHKM5FJBQ79LSNMSSMBUBR.pcm
SwiftExplicitDependencyGeneratePcm arm64_32 /Users/admin/builder/spi-builder-workspace/.derivedData/SDKExplicitPrecompiledModules/OSLog-D9AVFY0KWO7RVBIQ73CBIJVCN.pcm
SwiftExplicitDependencyGeneratePcm arm64_32 /Users/admin/builder/spi-builder-workspace/.derivedData/SDKExplicitPrecompiledModules/UniformTypeIdentifiers-CJZ3NTHPSBH4XWX5EVOG56UZS.pcm
SwiftExplicitDependencyGeneratePcm arm64_32 /Users/admin/builder/spi-builder-workspace/.derivedData/SDKExplicitPrecompiledModules/UserNotifications-6TBN8TEAKO014N1T2QD926XED.pcm
SwiftExplicitDependencyGeneratePcm arm64_32 /Users/admin/builder/spi-builder-workspace/.derivedData/SDKExplicitPrecompiledModules/UIUtilities-9YFVNIMRC5HRVOIARNWHP1E3H.pcm
SwiftExplicitDependencyGeneratePcm arm64_32 /Users/admin/builder/spi-builder-workspace/.derivedData/SDKExplicitPrecompiledModules/Contacts-4YLVB1267T68VR0DNN4FPGJUE.pcm
SwiftExplicitDependencyGeneratePcm arm64_32 /Users/admin/builder/spi-builder-workspace/.derivedData/SDKExplicitPrecompiledModules/Accessibility-F385OMZ5GYBUY5O4QAJB4NRII.pcm
SwiftExplicitDependencyGeneratePcm arm64_32 /Users/admin/builder/spi-builder-workspace/.derivedData/SDKExplicitPrecompiledModules/_LocationEssentials-AQ1OL9QKC3LQLY5CNSRM1HB53.pcm
SwiftExplicitDependencyGeneratePcm arm64 /Users/admin/builder/spi-builder-workspace/.derivedData/SDKExplicitPrecompiledModules/QuartzCore-94KFMWNOU7ZLUZNB4T5DLZC9D.pcm
SwiftExplicitDependencyGeneratePcm arm64 /Users/admin/builder/spi-builder-workspace/.derivedData/SDKExplicitPrecompiledModules/Symbols-3EFABTJ9L5PQDJ7RQCYQWEJMM.pcm
SwiftExplicitDependencyGeneratePcm arm64 /Users/admin/builder/spi-builder-workspace/.derivedData/SDKExplicitPrecompiledModules/Contacts-1V3V55EVWESCSKTY8HYBOQ526.pcm
SwiftExplicitDependencyGeneratePcm arm64 /Users/admin/builder/spi-builder-workspace/.derivedData/SDKExplicitPrecompiledModules/UIUtilities-IR7RNW23VAUKYI9MLCS9NL9A.pcm
SwiftExplicitDependencyGeneratePcm arm64 /Users/admin/builder/spi-builder-workspace/.derivedData/SDKExplicitPrecompiledModules/UniformTypeIdentifiers-8L08Q8DQJV8C4AW84YVGFGTRN.pcm
SwiftExplicitDependencyGeneratePcm arm64 /Users/admin/builder/spi-builder-workspace/.derivedData/SDKExplicitPrecompiledModules/DataDetection-7BNVI1SZW5ISQL5SX4WL2X7I5.pcm
SwiftExplicitDependencyGeneratePcm arm64 /Users/admin/builder/spi-builder-workspace/.derivedData/SDKExplicitPrecompiledModules/Accessibility-27QMG6ZQ1NKYTNBYFPM1XKNFC.pcm
SwiftExplicitDependencyGeneratePcm arm64 /Users/admin/builder/spi-builder-workspace/.derivedData/SDKExplicitPrecompiledModules/UserNotifications-ARAH8MEQ0C2L0FBO39HITJMAO.pcm
SwiftExplicitDependencyGeneratePcm arm64 /Users/admin/builder/spi-builder-workspace/.derivedData/SDKExplicitPrecompiledModules/SceneKit-5HZKIL7XETTTD8TOHYPN8JKRJ.pcm
SwiftExplicitDependencyGeneratePcm arm64_32 /Users/admin/builder/spi-builder-workspace/.derivedData/SDKExplicitPrecompiledModules/CoreLocation-8XU5YMYM4P11RQMYCQAG65ITK.pcm
SwiftExplicitDependencyGeneratePcm arm64 /Users/admin/builder/spi-builder-workspace/.derivedData/SDKExplicitPrecompiledModules/_LocationEssentials-5ZZDGDXB6HLQUC72SJW7YJ7MK.pcm
SwiftExplicitDependencyGeneratePcm arm64 /Users/admin/builder/spi-builder-workspace/.derivedData/SDKExplicitPrecompiledModules/OSLog-B7VGO357Y3GJG35TST7DKDSI3.pcm
SwiftExplicitDependencyGeneratePcm arm64_32 /Users/admin/builder/spi-builder-workspace/.derivedData/SDKExplicitPrecompiledModules/DataDetection-U9BF7WHFVA6BZGFXXXP272PS.pcm
SwiftExplicitDependencyGeneratePcm arm64_32 /Users/admin/builder/spi-builder-workspace/.derivedData/SDKExplicitPrecompiledModules/QuartzCore-6375NPYACK5NYVHPMC1QQ8MC2.pcm
SwiftExplicitDependencyGeneratePcm arm64 /Users/admin/builder/spi-builder-workspace/.derivedData/SDKExplicitPrecompiledModules/CoreTransferable-9PPG3SLJ55T4LITIFYX2M0NOZ.pcm
SwiftExplicitDependencyGeneratePcm arm64 /Users/admin/builder/spi-builder-workspace/.derivedData/SDKExplicitPrecompiledModules/SwiftUICore-C1DST1IX2Z0PTH5SJJZ1IULRB.pcm
SwiftExplicitDependencyGeneratePcm arm64 /Users/admin/builder/spi-builder-workspace/.derivedData/SDKExplicitPrecompiledModules/CoreLocation-ACKJ9K7ABI14F97Y46Y6SRR17.pcm
SwiftExplicitDependencyGeneratePcm arm64_32 /Users/admin/builder/spi-builder-workspace/.derivedData/SDKExplicitPrecompiledModules/CoreMotion-1XGTVTE5PP32UHME8AC63TL6.pcm
SwiftExplicitDependencyGeneratePcm arm64_32 /Users/admin/builder/spi-builder-workspace/.derivedData/SDKExplicitPrecompiledModules/SwiftUICore-3Q7WLRD8MR9R3NGIPUBQCP6F6.pcm
SwiftExplicitDependencyGeneratePcm arm64 /Users/admin/builder/spi-builder-workspace/.derivedData/SDKExplicitPrecompiledModules/CoreMotion-6RD5K48QT1F4L9CATNFD2O7YB.pcm
SwiftExplicitDependencyGeneratePcm arm64_32 /Users/admin/builder/spi-builder-workspace/.derivedData/SDKExplicitPrecompiledModules/UIKit-6PPV7YPZ89CZPHYAP072QH8B6.pcm
SwiftExplicitDependencyGeneratePcm arm64 /Users/admin/builder/spi-builder-workspace/.derivedData/SDKExplicitPrecompiledModules/UIKit-27R3P1YMV4C6JLDT661G3MRIA.pcm
SwiftExplicitDependencyGeneratePcm arm64_32 /Users/admin/builder/spi-builder-workspace/.derivedData/SDKExplicitPrecompiledModules/SpriteKit-7NKQX807S9TVQIAROF7TBISQZ.pcm
SwiftExplicitDependencyGeneratePcm arm64 /Users/admin/builder/spi-builder-workspace/.derivedData/SDKExplicitPrecompiledModules/SpriteKit-DFXP68E7APB8CHOC76BVRJA0J.pcm
SwiftExplicitDependencyGeneratePcm arm64_32 /Users/admin/builder/spi-builder-workspace/.derivedData/SDKExplicitPrecompiledModules/GameKit-9YARQLRYUQZ38FB377YEWWI4O.pcm
SwiftExplicitDependencyGeneratePcm arm64 /Users/admin/builder/spi-builder-workspace/.derivedData/SDKExplicitPrecompiledModules/GameKit-2OAP0JW72FQEVKWXEII7VBNN4.pcm
SwiftCompile normal arm64_32 Compiling\ RangeExtensions.swift /Users/admin/builder/spi-builder-workspace/.dependencies/checkouts/WolfNumerics/Sources/WolfNumerics/RangeExtensions.swift (in target 'WolfNumerics' from project 'WolfNumerics')
SwiftCompile normal arm64_32 /Users/admin/builder/spi-builder-workspace/.dependencies/checkouts/WolfNumerics/Sources/WolfNumerics/RangeExtensions.swift (in target 'WolfNumerics' from project 'WolfNumerics')
cd /Users/admin/builder/spi-builder-workspace/.swiftpm/xcode
builtin-SwiftPerFileCompile RangeExtensions.swift
SwiftCompile normal arm64_32 Compiling\ RunningAverage.swift /Users/admin/builder/spi-builder-workspace/.dependencies/checkouts/WolfNumerics/Sources/WolfNumerics/RunningAverage.swift (in target 'WolfNumerics' from project 'WolfNumerics')
SwiftCompile normal arm64_32 /Users/admin/builder/spi-builder-workspace/.dependencies/checkouts/WolfNumerics/Sources/WolfNumerics/RunningAverage.swift (in target 'WolfNumerics' from project 'WolfNumerics')
cd /Users/admin/builder/spi-builder-workspace/.swiftpm/xcode
builtin-SwiftPerFileCompile RunningAverage.swift
SwiftCompile normal arm64_32 Compiling\ Interval.swift,\ IntervalCreationOperator.swift /Users/admin/builder/spi-builder-workspace/.dependencies/checkouts/WolfNumerics/Sources/WolfNumerics/Interval.swift /Users/admin/builder/spi-builder-workspace/.dependencies/checkouts/WolfNumerics/Sources/WolfNumerics/IntervalCreationOperator.swift (in target 'WolfNumerics' from project 'WolfNumerics')
SwiftCompile normal arm64_32 /Users/admin/builder/spi-builder-workspace/.dependencies/checkouts/WolfNumerics/Sources/WolfNumerics/Interval.swift (in target 'WolfNumerics' from project 'WolfNumerics')
cd /Users/admin/builder/spi-builder-workspace/.swiftpm/xcode
builtin-SwiftPerFileCompile Interval.swift
SwiftCompile normal arm64_32 /Users/admin/builder/spi-builder-workspace/.dependencies/checkouts/WolfNumerics/Sources/WolfNumerics/IntervalCreationOperator.swift (in target 'WolfNumerics' from project 'WolfNumerics')
cd /Users/admin/builder/spi-builder-workspace/.swiftpm/xcode
builtin-SwiftPerFileCompile IntervalCreationOperator.swift
SwiftCompile normal arm64_32 Compiling\ RandomExtensions.swift /Users/admin/builder/spi-builder-workspace/.dependencies/checkouts/WolfNumerics/Sources/WolfNumerics/RandomExtensions.swift (in target 'WolfNumerics' from project 'WolfNumerics')
SwiftCompile normal arm64_32 /Users/admin/builder/spi-builder-workspace/.dependencies/checkouts/WolfNumerics/Sources/WolfNumerics/RandomExtensions.swift (in target 'WolfNumerics' from project 'WolfNumerics')
cd /Users/admin/builder/spi-builder-workspace/.swiftpm/xcode
builtin-SwiftPerFileCompile RandomExtensions.swift
SwiftCompile normal arm64_32 Compiling\ SecureRandomNumberGenerator.swift /Users/admin/builder/spi-builder-workspace/.dependencies/checkouts/WolfNumerics/Sources/WolfNumerics/SecureRandomNumberGenerator.swift (in target 'WolfNumerics' from project 'WolfNumerics')
SwiftCompile normal arm64_32 /Users/admin/builder/spi-builder-workspace/.dependencies/checkouts/WolfNumerics/Sources/WolfNumerics/SecureRandomNumberGenerator.swift (in target 'WolfNumerics' from project 'WolfNumerics')
cd /Users/admin/builder/spi-builder-workspace/.swiftpm/xcode
builtin-SwiftPerFileCompile SecureRandomNumberGenerator.swift
SwiftCompile normal arm64_32 Compiling\ Frac.swift,\ Interpolable.swift /Users/admin/builder/spi-builder-workspace/.dependencies/checkouts/WolfNumerics/Sources/WolfNumerics/Frac.swift /Users/admin/builder/spi-builder-workspace/.dependencies/checkouts/WolfNumerics/Sources/WolfNumerics/Interpolable.swift (in target 'WolfNumerics' from project 'WolfNumerics')
SwiftCompile normal arm64_32 /Users/admin/builder/spi-builder-workspace/.dependencies/checkouts/WolfNumerics/Sources/WolfNumerics/Frac.swift (in target 'WolfNumerics' from project 'WolfNumerics')
cd /Users/admin/builder/spi-builder-workspace/.swiftpm/xcode
builtin-SwiftPerFileCompile Frac.swift
SwiftCompile normal arm64_32 /Users/admin/builder/spi-builder-workspace/.dependencies/checkouts/WolfNumerics/Sources/WolfNumerics/Interpolable.swift (in target 'WolfNumerics' from project 'WolfNumerics')
cd /Users/admin/builder/spi-builder-workspace/.swiftpm/xcode
builtin-SwiftPerFileCompile Interpolable.swift
SwiftCompile normal arm64_32 Compiling\ Lerp.swift,\ NumericUtils.swift /Users/admin/builder/spi-builder-workspace/.dependencies/checkouts/WolfNumerics/Sources/WolfNumerics/Lerp.swift /Users/admin/builder/spi-builder-workspace/.dependencies/checkouts/WolfNumerics/Sources/WolfNumerics/NumericUtils.swift (in target 'WolfNumerics' from project 'WolfNumerics')
SwiftCompile normal arm64_32 /Users/admin/builder/spi-builder-workspace/.dependencies/checkouts/WolfNumerics/Sources/WolfNumerics/Lerp.swift (in target 'WolfNumerics' from project 'WolfNumerics')
cd /Users/admin/builder/spi-builder-workspace/.swiftpm/xcode
builtin-SwiftPerFileCompile Lerp.swift
SwiftCompile normal arm64_32 /Users/admin/builder/spi-builder-workspace/.dependencies/checkouts/WolfNumerics/Sources/WolfNumerics/NumericUtils.swift (in target 'WolfNumerics' from project 'WolfNumerics')
cd /Users/admin/builder/spi-builder-workspace/.swiftpm/xcode
builtin-SwiftPerFileCompile NumericUtils.swift
SwiftCompile normal arm64_32 Compiling\ PercentOperator.swift /Users/admin/builder/spi-builder-workspace/.dependencies/checkouts/WolfNumerics/Sources/WolfNumerics/PercentOperator.swift (in target 'WolfNumerics' from project 'WolfNumerics')
SwiftCompile normal arm64_32 /Users/admin/builder/spi-builder-workspace/.dependencies/checkouts/WolfNumerics/Sources/WolfNumerics/PercentOperator.swift (in target 'WolfNumerics' from project 'WolfNumerics')
cd /Users/admin/builder/spi-builder-workspace/.swiftpm/xcode
builtin-SwiftPerFileCompile PercentOperator.swift
SwiftCompile normal arm64_32 Compiling\ ApproximatelyEqualsOperator.swift,\ BinarySearch.swift /Users/admin/builder/spi-builder-workspace/.dependencies/checkouts/WolfNumerics/Sources/WolfNumerics/ApproximatelyEqualsOperator.swift /Users/admin/builder/spi-builder-workspace/.dependencies/checkouts/WolfNumerics/Sources/WolfNumerics/BinarySearch.swift (in target 'WolfNumerics' from project 'WolfNumerics')
SwiftCompile normal arm64_32 /Users/admin/builder/spi-builder-workspace/.dependencies/checkouts/WolfNumerics/Sources/WolfNumerics/ApproximatelyEqualsOperator.swift (in target 'WolfNumerics' from project 'WolfNumerics')
cd /Users/admin/builder/spi-builder-workspace/.swiftpm/xcode
builtin-SwiftPerFileCompile ApproximatelyEqualsOperator.swift
SwiftCompile normal arm64_32 /Users/admin/builder/spi-builder-workspace/.dependencies/checkouts/WolfNumerics/Sources/WolfNumerics/BinarySearch.swift (in target 'WolfNumerics' from project 'WolfNumerics')
cd /Users/admin/builder/spi-builder-workspace/.swiftpm/xcode
builtin-SwiftPerFileCompile BinarySearch.swift
SwiftEmitModule normal arm64_32 Emitting\ module\ for\ WolfNumerics (in target 'WolfNumerics' from project 'WolfNumerics')
/Users/admin/builder/spi-builder-workspace/.dependencies/checkouts/WolfNumerics/Sources/WolfNumerics/SeededRandomNumberGenerator.swift:30:25: error: cannot find type 'GKMersenneTwisterRandomSource' in scope
28 | @available(iOS 9.0, macOS 10.11, tvOS 9.0, *)
29 | public final class SeededRandomNumberGenerator: RandomNumberGenerator {
30 | private let source: GKMersenneTwisterRandomSource
| `- error: cannot find type 'GKMersenneTwisterRandomSource' in scope
31 | private let distribution: GKRandomDistribution
32 |
/Users/admin/builder/spi-builder-workspace/.dependencies/checkouts/WolfNumerics/Sources/WolfNumerics/SeededRandomNumberGenerator.swift:31:31: error: cannot find type 'GKRandomDistribution' in scope
29 | public final class SeededRandomNumberGenerator: RandomNumberGenerator {
30 | private let source: GKMersenneTwisterRandomSource
31 | private let distribution: GKRandomDistribution
| `- error: cannot find type 'GKRandomDistribution' in scope
32 |
33 | public init(seed: UInt64) {
Failed frontend command:
/Applications/Xcode-27.0.0-Release.Candidate.app/Contents/Developer/Toolchains/XcodeDefault.xctoolchain/usr/bin/swift-frontend -frontend -emit-module -experimental-skip-non-inlinable-function-bodies-without-types /Users/admin/builder/spi-builder-workspace/.dependencies/checkouts/WolfNumerics/Sources/WolfNumerics/ApproximatelyEqualsOperator.swift /Users/admin/builder/spi-builder-workspace/.dependencies/checkouts/WolfNumerics/Sources/WolfNumerics/BinarySearch.swift /Users/admin/builder/spi-builder-workspace/.dependencies/checkouts/WolfNumerics/Sources/WolfNumerics/Frac.swift /Users/admin/builder/spi-builder-workspace/.dependencies/checkouts/WolfNumerics/Sources/WolfNumerics/Interpolable.swift /Users/admin/builder/spi-builder-workspace/.dependencies/checkouts/WolfNumerics/Sources/WolfNumerics/Interval.swift /Users/admin/builder/spi-builder-workspace/.dependencies/checkouts/WolfNumerics/Sources/WolfNumerics/IntervalCreationOperator.swift /Users/admin/builder/spi-builder-workspace/.dependencies/checkouts/WolfNumerics/Sources/WolfNumerics/Lerp.swift /Users/admin/builder/spi-builder-workspace/.dependencies/checkouts/WolfNumerics/Sources/WolfNumerics/NumericUtils.swift /Users/admin/builder/spi-builder-workspace/.dependencies/checkouts/WolfNumerics/Sources/WolfNumerics/PercentOperator.swift /Users/admin/builder/spi-builder-workspace/.dependencies/checkouts/WolfNumerics/Sources/WolfNumerics/RandomExtensions.swift /Users/admin/builder/spi-builder-workspace/.dependencies/checkouts/WolfNumerics/Sources/WolfNumerics/RangeExtensions.swift /Users/admin/builder/spi-builder-workspace/.dependencies/checkouts/WolfNumerics/Sources/WolfNumerics/RunningAverage.swift /Users/admin/builder/spi-builder-workspace/.dependencies/checkouts/WolfNumerics/Sources/WolfNumerics/SecureRandomNumberGenerator.swift /Users/admin/builder/spi-builder-workspace/.dependencies/checkouts/WolfNumerics/Sources/WolfNumerics/SeededRandomNumberGenerator.swift -target arm64_32-apple-watchos9.0 -module-can-import-version CoreFoundation 2412 5027.0.69 -module-can-import-version CoreGraphics 2049 2049.0.0 -module-can-import-version Foundation 5027.0.69 5027.0.69 -module-can-import-version GameKit 821.0.25 821.0.25 -module-can-import-version Security 62460.4.1 62460.4.1 -disable-cross-import-overlay-search -load-resolved-plugin /Applications/Xcode-27.0.0-Release.Candidate.app/Contents/Developer/Platforms/WatchOS.platform/Developer/usr/lib/swift/host/plugins/libFoundationMacros.dylib\#/Applications/Xcode-27.0.0-Release.Candidate.app/Contents/Developer/Platforms/WatchOS.platform/Developer/usr/bin/swift-plugin-server\#FoundationMacros -load-resolved-plugin /Applications/Xcode-27.0.0-Release.Candidate.app/Contents/Developer/Platforms/WatchOS.platform/Developer/usr/lib/swift/host/plugins/libObservationMacros.dylib\#/Applications/Xcode-27.0.0-Release.Candidate.app/Contents/Developer/Platforms/WatchOS.platform/Developer/usr/bin/swift-plugin-server\#ObservationMacros -load-resolved-plugin /Applications/Xcode-27.0.0-Release.Candidate.app/Contents/Developer/Platforms/WatchOS.platform/Developer/usr/lib/swift/host/plugins/libSwiftMacros.dylib\#/Applications/Xcode-27.0.0-Release.Candidate.app/Contents/Developer/Platforms/WatchOS.platform/Developer/usr/bin/swift-plugin-server\#SwiftMacros -load-resolved-plugin /Applications/Xcode-27.0.0-Release.Candidate.app/Contents/Developer/Platforms/WatchOS.platform/Developer/usr/lib/swift/host/plugins/libSwiftUIMacros.dylib\#/Applications/Xcode-27.0.0-Release.Candidate.app/Contents/Developer/Platforms/WatchOS.platform/Developer/usr/bin/swift-plugin-server\#SwiftUIMacros -disable-implicit-swift-modules -Xcc -fno-implicit-modules -Xcc -fno-implicit-module-maps -explicit-swift-module-map-file /Users/admin/builder/spi-builder-workspace/.derivedData/Build/Intermediates.noindex/WolfNumerics.build/Debug-watchos/WolfNumerics-t.build/Objects-normal/arm64_32/WolfNumerics-dependencies-2.json -enable-objc-interop -sdk /Applications/Xcode-27.0.0-Release.Candidate.app/Contents/Developer/Platforms/WatchOS.platform/Developer/SDKs/WatchOS27.0.sdk -I /Users/admin/builder/spi-builder-workspace/.derivedData/Build/Products/Debug-watchos -Isystem /Applications/Xcode-27.0.0-Release.Candidate.app/Contents/Developer/Platforms/WatchOS.platform/Developer/usr/lib -F /Users/admin/builder/spi-builder-workspace/.derivedData/Build/Products/Debug-watchos -F /Applications/Xcode-27.0.0-Release.Candidate.app/Contents/Developer/Platforms/WatchOS.platform/Developer/Library/Frameworks -F /Applications/Xcode-27.0.0-Release.Candidate.app/Contents/Developer/Platforms/WatchOS.platform/Developer/SDKs/WatchOS27.0.sdk/Developer/Library/Frameworks -module-cache-path /Users/admin/builder/spi-builder-workspace/.derivedData/Build/Intermediates.noindex/SwiftExplicitPrecompiledModules -no-color-diagnostics -Xcc -fno-color-diagnostics -enable-testing -g -debug-info-format\=dwarf -dwarf-version\=4 -suppress-warnings -swift-version 5 -Onone -D SWIFT_PACKAGE -D DEBUG -D SWIFT_MODULE_RESOURCE_BUNDLE_UNAVAILABLE -D Xcode -serialize-debugging-options -enable-experimental-feature DebugDescriptionMacro -empty-abi-descriptor -validate-clang-modules-once -clang-build-session-file /Users/admin/builder/spi-builder-workspace/.derivedData/ModuleCache.noindex/Session.modulevalidation -Xcc -working-directory -Xcc /Users/admin/builder/spi-builder-workspace/.swiftpm/xcode -enable-anonymous-context-mangled-names -file-compilation-dir /Users/admin/builder/spi-builder-workspace/.swiftpm/xcode -Xcc -D_LIBCPP_HARDENING_MODE\=_LIBCPP_HARDENING_MODE_DEBUG -Xcc -ivfsstatcache -Xcc /Users/admin/builder/spi-builder-workspace/.derivedData/SDKStatCaches.noindex/watchos27.0-24R360-e829b21a6f8c9b70876ba0858053c04477534ef55a1706bf4c1112bbb242f0a2.sdkstatcache -Xcc -fmodules-prune-interval\=86400 -Xcc -fmodules-prune-after\=345600 -Xcc -I/Users/admin/builder/spi-builder-workspace/.derivedData/Build/Products/Debug-watchos/include -Xcc -I/Users/admin/builder/spi-builder-workspace/.derivedData/Build/Intermediates.noindex/WolfNumerics.build/Debug-watchos/WolfNumerics-t.build/DerivedSources-normal/arm64_32 -Xcc -I/Users/admin/builder/spi-builder-workspace/.derivedData/Build/Intermediates.noindex/WolfNumerics.build/Debug-watchos/WolfNumerics-t.build/DerivedSources/arm64_32 -Xcc -I/Users/admin/builder/spi-builder-workspace/.derivedData/Build/Intermediates.noindex/WolfNumerics.build/Debug-watchos/WolfNumerics-t.build/DerivedSources -Xcc -DSWIFT_PACKAGE -Xcc -DDEBUG\=1 -no-auto-bridging-header-chaining -module-name WolfNumerics -const-gather-protocols-file /Users/admin/builder/spi-builder-workspace/.derivedData/Build/Intermediates.noindex/WolfNumerics.build/Debug-watchos/WolfNumerics-t.build/Objects-normal/arm64_32/WolfNumerics_const_extract_protocols.json -disable-clang-spi -clang-target arm64_32-apple-watchos27.0 -target-sdk-version 27.0 -target-sdk-name watchos27.0 -in-process-plugin-server-path /Applications/Xcode-27.0.0-Release.Candidate.app/Contents/Developer/Toolchains/XcodeDefault.xctoolchain/usr/lib/swift/host/libSwiftInProcPluginServer.dylib -emit-module-doc-path /Users/admin/builder/spi-builder-workspace/.derivedData/Build/Intermediates.noindex/WolfNumerics.build/Debug-watchos/WolfNumerics-t.build/Objects-normal/arm64_32/WolfNumerics.swiftdoc -emit-module-source-info-path /Users/admin/builder/spi-builder-workspace/.derivedData/Build/Intermediates.noindex/WolfNumerics.build/Debug-watchos/WolfNumerics-t.build/Objects-normal/arm64_32/WolfNumerics.swiftsourceinfo -emit-objc-header-path /Users/admin/builder/spi-builder-workspace/.derivedData/Build/Intermediates.noindex/WolfNumerics.build/Debug-watchos/WolfNumerics-t.build/Objects-normal/arm64_32/WolfNumerics-Swift.h -serialize-diagnostics-path /Users/admin/builder/spi-builder-workspace/.derivedData/Build/Intermediates.noindex/WolfNumerics.build/Debug-watchos/WolfNumerics-t.build/Objects-normal/arm64_32/WolfNumerics-primary-emit-module.dia -emit-dependencies-path /Users/admin/builder/spi-builder-workspace/.derivedData/Build/Intermediates.noindex/WolfNumerics.build/Debug-watchos/WolfNumerics-t.build/Objects-normal/arm64_32/WolfNumerics-primary-emit-module.d -parse-as-library -o /Users/admin/builder/spi-builder-workspace/.derivedData/Build/Intermediates.noindex/WolfNumerics.build/Debug-watchos/WolfNumerics-t.build/Objects-normal/arm64_32/WolfNumerics.swiftmodule -emit-abi-descriptor-path /Users/admin/builder/spi-builder-workspace/.derivedData/Build/Intermediates.noindex/WolfNumerics.build/Debug-watchos/WolfNumerics-t.build/Objects-normal/arm64_32/WolfNumerics.abi.json
SwiftCompile normal arm64_32 (in target 'WolfNumerics' from project 'WolfNumerics')
cd /Users/admin/builder/spi-builder-workspace/.swiftpm/xcode
SwiftEmitModule normal arm64 Emitting\ module\ for\ WolfNumerics (in target 'WolfNumerics' from project 'WolfNumerics')
SwiftCompile normal arm64 (in target 'WolfNumerics' from project 'WolfNumerics')
cd /Users/admin/builder/spi-builder-workspace/.swiftpm/xcode
SwiftDriverJobDiscovery normal arm64_32 Compiling PercentOperator.swift (in target 'WolfNumerics' from project 'WolfNumerics')
SwiftCompile normal arm64 Compiling\ SecureRandomNumberGenerator.swift /Users/admin/builder/spi-builder-workspace/.dependencies/checkouts/WolfNumerics/Sources/WolfNumerics/SecureRandomNumberGenerator.swift (in target 'WolfNumerics' from project 'WolfNumerics')
SwiftCompile normal arm64 /Users/admin/builder/spi-builder-workspace/.dependencies/checkouts/WolfNumerics/Sources/WolfNumerics/SecureRandomNumberGenerator.swift (in target 'WolfNumerics' from project 'WolfNumerics')
cd /Users/admin/builder/spi-builder-workspace/.swiftpm/xcode
builtin-SwiftPerFileCompile SecureRandomNumberGenerator.swift
SwiftDriverJobDiscovery normal arm64_32 Compiling RunningAverage.swift (in target 'WolfNumerics' from project 'WolfNumerics')
SwiftCompile normal arm64 Compiling\ RunningAverage.swift /Users/admin/builder/spi-builder-workspace/.dependencies/checkouts/WolfNumerics/Sources/WolfNumerics/RunningAverage.swift (in target 'WolfNumerics' from project 'WolfNumerics')
SwiftCompile normal arm64 /Users/admin/builder/spi-builder-workspace/.dependencies/checkouts/WolfNumerics/Sources/WolfNumerics/RunningAverage.swift (in target 'WolfNumerics' from project 'WolfNumerics')
cd /Users/admin/builder/spi-builder-workspace/.swiftpm/xcode
builtin-SwiftPerFileCompile RunningAverage.swift
PruneExplicitPrecompiledModules /Users/admin/builder/spi-builder-workspace/.derivedData/Build/Intermediates.noindex/ExplicitPrecompiledModules
PruneExplicitPrecompiledModules /Users/admin/builder/spi-builder-workspace/.derivedData/SDKExplicitPrecompiledModules
PruneExplicitPrecompiledModules /Users/admin/builder/spi-builder-workspace/.derivedData/Build/Intermediates.noindex/SwiftExplicitPrecompiledModules
2026-09-16 13:42:34.315 xcodebuild[754:4590] [MT] IDERunDestination: Supported platforms for the buildables in the current scheme is empty.
** BUILD FAILED **
The following build commands failed:
SwiftEmitModule normal arm64_32 Emitting\ module\ for\ WolfNumerics (in target 'WolfNumerics' from project 'WolfNumerics')
SwiftCompile normal arm64_32 (in target 'WolfNumerics' from project 'WolfNumerics')
Building workspace WolfConcurrency with scheme WolfConcurrency
(3 failures)
Command line invocation:
/Applications/Xcode-27.0.0-Release.Candidate.app/Contents/Developer/usr/bin/xcodebuild -IDEClonedSourcePackagesDirPathOverride=/Users/admin/builder/spi-builder-workspace/.dependencies -resolvePackageDependencies
Resolve Package Graph
Resolved source packages:
WolfPipe: https://github.com/wolfmcnally/WolfPipe @ 2.0.2
WolfConcurrency: /Users/admin/builder/spi-builder-workspace
WolfFoundation: https://github.com/wolfmcnally/WolfFoundation @ 5.0.1
WolfNumerics: https://github.com/wolfmcnally/WolfNumerics @ 4.0.4
resolved source packages: WolfPipe, WolfConcurrency, WolfFoundation, WolfNumerics
2026-09-16 13:42:41.392 xcodebuild[983:5413] [MT] IDERunDestination: Supported platforms for the buildables in the current scheme is empty.
{
"dependencies" : [
{
"identity" : "wolfnumerics",
"requirement" : {
"range" : [
{
"lower_bound" : "4.0.0",
"upper_bound" : "5.0.0"
}
]
},
"type" : "sourceControl",
"url" : "https://github.com/wolfmcnally/WolfNumerics"
},
{
"identity" : "wolffoundation",
"requirement" : {
"range" : [
{
"lower_bound" : "5.0.0",
"upper_bound" : "6.0.0"
}
]
},
"type" : "sourceControl",
"url" : "https://github.com/wolfmcnally/WolfFoundation"
}
],
"manifest_display_name" : "WolfConcurrency",
"name" : "WolfConcurrency",
"path" : "/Users/admin/builder/spi-builder-workspace",
"platforms" : [
{
"name" : "ios",
"version" : "9.0"
},
{
"name" : "macos",
"version" : "10.13"
},
{
"name" : "tvos",
"version" : "11.0"
}
],
"products" : [
{
"name" : "WolfConcurrency",
"targets" : [
"WolfConcurrency"
],
"type" : {
"library" : [
"dynamic"
]
}
}
],
"targets" : [
{
"c99name" : "WolfConcurrency",
"module_type" : "SwiftTarget",
"name" : "WolfConcurrency",
"path" : "Sources/WolfConcurrency",
"product_dependencies" : [
"WolfNumerics",
"WolfFoundation"
],
"product_memberships" : [
"WolfConcurrency"
],
"sources" : [
"Asynchronizer.swift",
"Block.swift",
"Canceler.swift",
"Debouncer.swift",
"DispatchUtils.swift",
"Event.swift",
"Heartbeat.swift",
"Hysteresis.swift",
"Locker.swift",
"Paginator.swift",
"Promise.swift",
"PromiseOperators.swift",
"RunLoopUtils.swift",
"Serializer.swift",
"Stopwatch.swift",
"WolfConcurrencyError.swift"
],
"type" : "library"
}
],
"tools_version" : "5.1"
}
{
"workspace" : {
"name" : "WolfConcurrency",
"schemes" : [
"WolfConcurrency"
]
}
}
2026-09-16 13:42:42.605 xcodebuild[991:5481] [MT] IDERunDestination: Supported platforms for the buildables in the current scheme is empty.
Running build ...
env DEVELOPER_DIR=/Applications/Xcode-27.0.0-Release.Candidate.app xcrun xcodebuild -IDEClonedSourcePackagesDirPathOverride=$PWD/.dependencies -skipMacroValidation -skipPackagePluginValidation -derivedDataPath $PWD/.derivedData build -scheme WolfConcurrency -destination generic/platform=watchOS
Command line invocation:
/Applications/Xcode-27.0.0-Release.Candidate.app/Contents/Developer/usr/bin/xcodebuild -IDEClonedSourcePackagesDirPathOverride=/Users/admin/builder/spi-builder-workspace/.dependencies -skipMacroValidation -skipPackagePluginValidation -derivedDataPath /Users/admin/builder/spi-builder-workspace/.derivedData build -scheme WolfConcurrency -destination generic/platform=watchOS
Resolve Package Graph
Resolved source packages:
WolfNumerics: https://github.com/wolfmcnally/WolfNumerics @ 4.0.4
WolfConcurrency: /Users/admin/builder/spi-builder-workspace
WolfPipe: https://github.com/wolfmcnally/WolfPipe @ 2.0.2
WolfFoundation: https://github.com/wolfmcnally/WolfFoundation @ 5.0.1
ComputePackagePrebuildTargetDependencyGraph
Prepare packages
CreateBuildRequest
SendProjectDescription
CreateBuildOperation
ComputeTargetDependencyGraph
note: Building targets in dependency order
note: Target dependency graph (8 targets)
Target 'WolfConcurrency-product' in project 'WolfConcurrency'
➜ Explicit dependency on target 'WolfConcurrency' in project 'WolfConcurrency'
➜ Explicit dependency on target 'WolfNumerics-product' in project 'WolfNumerics'
➜ Explicit dependency on target 'WolfFoundation-product' in project 'WolfFoundation'
Target 'WolfConcurrency' in project 'WolfConcurrency'
➜ Explicit dependency on target 'WolfNumerics-product' in project 'WolfNumerics'
➜ Explicit dependency on target 'WolfFoundation-product' in project 'WolfFoundation'
Target 'WolfFoundation-product' in project 'WolfFoundation'
➜ Explicit dependency on target 'WolfFoundation' in project 'WolfFoundation'
➜ Explicit dependency on target 'WolfNumerics-product' in project 'WolfNumerics'
➜ Explicit dependency on target 'WolfPipe-product' in project 'WolfPipe'
Target 'WolfFoundation' in project 'WolfFoundation'
➜ Explicit dependency on target 'WolfNumerics-product' in project 'WolfNumerics'
➜ Explicit dependency on target 'WolfPipe-product' in project 'WolfPipe'
Target 'WolfPipe-product' in project 'WolfPipe'
➜ Explicit dependency on target 'WolfPipe' in project 'WolfPipe'
Target 'WolfPipe' in project 'WolfPipe' (no dependencies)
Target 'WolfNumerics-product' in project 'WolfNumerics'
➜ Explicit dependency on target 'WolfNumerics' in project 'WolfNumerics'
Target 'WolfNumerics' in project 'WolfNumerics' (no dependencies)
GatherProvisioningInputs
CreateBuildDescription
ClangStatCache /Applications/Xcode-27.0.0-Release.Candidate.app/Contents/Developer/Toolchains/XcodeDefault.xctoolchain/usr/bin/clang-stat-cache /Applications/Xcode-27.0.0-Release.Candidate.app/Contents/Developer/Platforms/WatchOS.platform/Developer/SDKs/WatchOS27.0.sdk /Users/admin/builder/spi-builder-workspace/.derivedData/SDKStatCaches.noindex/watchos27.0-24R360-e829b21a6f8c9b70876ba0858053c04477534ef55a1706bf4c1112bbb242f0a2.sdkstatcache
cd /Users/admin/builder/spi-builder-workspace/.swiftpm/xcode
/Applications/Xcode-27.0.0-Release.Candidate.app/Contents/Developer/Toolchains/XcodeDefault.xctoolchain/usr/bin/clang-stat-cache /Applications/Xcode-27.0.0-Release.Candidate.app/Contents/Developer/Platforms/WatchOS.platform/Developer/SDKs/WatchOS27.0.sdk -o /Users/admin/builder/spi-builder-workspace/.derivedData/SDKStatCaches.noindex/watchos27.0-24R360-e829b21a6f8c9b70876ba0858053c04477534ef55a1706bf4c1112bbb242f0a2.sdkstatcache
SwiftDriver WolfNumerics normal arm64 com.apple.xcode.tools.swift.compiler (in target 'WolfNumerics' from project 'WolfNumerics')
cd /Users/admin/builder/spi-builder-workspace/.swiftpm/xcode
builtin-SwiftDriver -- /Applications/Xcode-27.0.0-Release.Candidate.app/Contents/Developer/Toolchains/XcodeDefault.xctoolchain/usr/bin/swiftc -parse-as-library -module-name WolfNumerics -Onone @/Users/admin/builder/spi-builder-workspace/.derivedData/Build/Intermediates.noindex/WolfNumerics.build/Debug-watchos/WolfNumerics-t.build/Objects-normal/arm64/WolfNumerics.SwiftFileList -DSWIFT_PACKAGE -DDEBUG -DSWIFT_MODULE_RESOURCE_BUNDLE_UNAVAILABLE -DXcode -plugin-path /Applications/Xcode-27.0.0-Release.Candidate.app/Contents/Developer/Toolchains/XcodeDefault.xctoolchain/usr/lib/swift/host/plugins/testing -enable-experimental-feature DebugDescriptionMacro -sdk /Applications/Xcode-27.0.0-Release.Candidate.app/Contents/Developer/Platforms/WatchOS.platform/Developer/SDKs/WatchOS27.0.sdk -target arm64-apple-watchos9.0 -g -module-cache-path /Users/admin/builder/spi-builder-workspace/.derivedData/ModuleCache.noindex -Xfrontend -serialize-debugging-options -enable-testing -suppress-warnings -index-store-path /Users/admin/builder/spi-builder-workspace/.derivedData/Index.noindex/DataStore -Xcc -D_LIBCPP_HARDENING_MODE\=_LIBCPP_HARDENING_MODE_DEBUG -swift-version 5 -I /Users/admin/builder/spi-builder-workspace/.derivedData/Build/Products/Debug-watchos -Isystem /Applications/Xcode-27.0.0-Release.Candidate.app/Contents/Developer/Platforms/WatchOS.platform/Developer/usr/lib -F /Users/admin/builder/spi-builder-workspace/.derivedData/Build/Products/Debug-watchos -F /Applications/Xcode-27.0.0-Release.Candidate.app/Contents/Developer/Platforms/WatchOS.platform/Developer/Library/Frameworks -F /Applications/Xcode-27.0.0-Release.Candidate.app/Contents/Developer/Platforms/WatchOS.platform/Developer/SDKs/WatchOS27.0.sdk/Developer/Library/Frameworks -c -j10 -enable-batch-mode -incremental -Xcc -ivfsstatcache -Xcc /Users/admin/builder/spi-builder-workspace/.derivedData/SDKStatCaches.noindex/watchos27.0-24R360-e829b21a6f8c9b70876ba0858053c04477534ef55a1706bf4c1112bbb242f0a2.sdkstatcache -output-file-map /Users/admin/builder/spi-builder-workspace/.derivedData/Build/Intermediates.noindex/WolfNumerics.build/Debug-watchos/WolfNumerics-t.build/Objects-normal/arm64/WolfNumerics-OutputFileMap.json -save-temps -no-color-diagnostics -explicit-module-build -module-cache-path /Users/admin/builder/spi-builder-workspace/.derivedData/Build/Intermediates.noindex/SwiftExplicitPrecompiledModules -clang-scanner-module-cache-path /Users/admin/builder/spi-builder-workspace/.derivedData/ModuleCache.noindex -sdk-module-cache-path /Users/admin/builder/spi-builder-workspace/.derivedData/SDKExplicitPrecompiledModules -emit-dependencies -emit-module -emit-module-path /Users/admin/builder/spi-builder-workspace/.derivedData/Build/Intermediates.noindex/WolfNumerics.build/Debug-watchos/WolfNumerics-t.build/Objects-normal/arm64/WolfNumerics.swiftmodule -serialize-diagnostics -dependency-scan-serialize-diagnostics-path /Users/admin/builder/spi-builder-workspace/.derivedData/Build/Intermediates.noindex/WolfNumerics.build/Debug-watchos/WolfNumerics-t.build/Objects-normal/arm64/WolfNumerics-dependency-scan.dia -validate-clang-modules-once -clang-build-session-file /Users/admin/builder/spi-builder-workspace/.derivedData/ModuleCache.noindex/Session.modulevalidation -Xcc -fmodules-prune-interval\=86400 -Xcc -fmodules-prune-after\=345600 -emit-const-values -const-gather-protocols-list /Users/admin/builder/spi-builder-workspace/.derivedData/Build/Intermediates.noindex/WolfNumerics.build/Debug-watchos/WolfNumerics-t.build/Objects-normal/arm64/WolfNumerics_const_extract_protocols.json -Xcc -I/Users/admin/builder/spi-builder-workspace/.derivedData/Build/Products/Debug-watchos/include -Xcc -I/Users/admin/builder/spi-builder-workspace/.derivedData/Build/Intermediates.noindex/WolfNumerics.build/Debug-watchos/WolfNumerics-t.build/DerivedSources-normal/arm64 -Xcc -I/Users/admin/builder/spi-builder-workspace/.derivedData/Build/Intermediates.noindex/WolfNumerics.build/Debug-watchos/WolfNumerics-t.build/DerivedSources/arm64 -Xcc -I/Users/admin/builder/spi-builder-workspace/.derivedData/Build/Intermediates.noindex/WolfNumerics.build/Debug-watchos/WolfNumerics-t.build/DerivedSources -Xcc -DSWIFT_PACKAGE -Xcc -DDEBUG\=1 -emit-objc-header -emit-objc-header-path /Users/admin/builder/spi-builder-workspace/.derivedData/Build/Intermediates.noindex/WolfNumerics.build/Debug-watchos/WolfNumerics-t.build/Objects-normal/arm64/WolfNumerics-Swift.h -working-directory /Users/admin/builder/spi-builder-workspace/.swiftpm/xcode -experimental-emit-module-separately -disable-cmo
SwiftDriver WolfNumerics normal arm64_32 com.apple.xcode.tools.swift.compiler (in target 'WolfNumerics' from project 'WolfNumerics')
cd /Users/admin/builder/spi-builder-workspace/.swiftpm/xcode
builtin-SwiftDriver -- /Applications/Xcode-27.0.0-Release.Candidate.app/Contents/Developer/Toolchains/XcodeDefault.xctoolchain/usr/bin/swiftc -parse-as-library -module-name WolfNumerics -Onone @/Users/admin/builder/spi-builder-workspace/.derivedData/Build/Intermediates.noindex/WolfNumerics.build/Debug-watchos/WolfNumerics-t.build/Objects-normal/arm64_32/WolfNumerics.SwiftFileList -DSWIFT_PACKAGE -DDEBUG -DSWIFT_MODULE_RESOURCE_BUNDLE_UNAVAILABLE -DXcode -plugin-path /Applications/Xcode-27.0.0-Release.Candidate.app/Contents/Developer/Toolchains/XcodeDefault.xctoolchain/usr/lib/swift/host/plugins/testing -enable-experimental-feature DebugDescriptionMacro -sdk /Applications/Xcode-27.0.0-Release.Candidate.app/Contents/Developer/Platforms/WatchOS.platform/Developer/SDKs/WatchOS27.0.sdk -target arm64_32-apple-watchos9.0 -g -module-cache-path /Users/admin/builder/spi-builder-workspace/.derivedData/ModuleCache.noindex -Xfrontend -serialize-debugging-options -enable-testing -suppress-warnings -index-store-path /Users/admin/builder/spi-builder-workspace/.derivedData/Index.noindex/DataStore -Xcc -D_LIBCPP_HARDENING_MODE\=_LIBCPP_HARDENING_MODE_DEBUG -swift-version 5 -I /Users/admin/builder/spi-builder-workspace/.derivedData/Build/Products/Debug-watchos -Isystem /Applications/Xcode-27.0.0-Release.Candidate.app/Contents/Developer/Platforms/WatchOS.platform/Developer/usr/lib -F /Users/admin/builder/spi-builder-workspace/.derivedData/Build/Products/Debug-watchos -F /Applications/Xcode-27.0.0-Release.Candidate.app/Contents/Developer/Platforms/WatchOS.platform/Developer/Library/Frameworks -F /Applications/Xcode-27.0.0-Release.Candidate.app/Contents/Developer/Platforms/WatchOS.platform/Developer/SDKs/WatchOS27.0.sdk/Developer/Library/Frameworks -c -j10 -enable-batch-mode -incremental -Xcc -ivfsstatcache -Xcc /Users/admin/builder/spi-builder-workspace/.derivedData/SDKStatCaches.noindex/watchos27.0-24R360-e829b21a6f8c9b70876ba0858053c04477534ef55a1706bf4c1112bbb242f0a2.sdkstatcache -output-file-map /Users/admin/builder/spi-builder-workspace/.derivedData/Build/Intermediates.noindex/WolfNumerics.build/Debug-watchos/WolfNumerics-t.build/Objects-normal/arm64_32/WolfNumerics-OutputFileMap.json -save-temps -no-color-diagnostics -explicit-module-build -module-cache-path /Users/admin/builder/spi-builder-workspace/.derivedData/Build/Intermediates.noindex/SwiftExplicitPrecompiledModules -clang-scanner-module-cache-path /Users/admin/builder/spi-builder-workspace/.derivedData/ModuleCache.noindex -sdk-module-cache-path /Users/admin/builder/spi-builder-workspace/.derivedData/SDKExplicitPrecompiledModules -emit-dependencies -emit-module -emit-module-path /Users/admin/builder/spi-builder-workspace/.derivedData/Build/Intermediates.noindex/WolfNumerics.build/Debug-watchos/WolfNumerics-t.build/Objects-normal/arm64_32/WolfNumerics.swiftmodule -serialize-diagnostics -dependency-scan-serialize-diagnostics-path /Users/admin/builder/spi-builder-workspace/.derivedData/Build/Intermediates.noindex/WolfNumerics.build/Debug-watchos/WolfNumerics-t.build/Objects-normal/arm64_32/WolfNumerics-dependency-scan.dia -validate-clang-modules-once -clang-build-session-file /Users/admin/builder/spi-builder-workspace/.derivedData/ModuleCache.noindex/Session.modulevalidation -Xcc -fmodules-prune-interval\=86400 -Xcc -fmodules-prune-after\=345600 -emit-const-values -const-gather-protocols-list /Users/admin/builder/spi-builder-workspace/.derivedData/Build/Intermediates.noindex/WolfNumerics.build/Debug-watchos/WolfNumerics-t.build/Objects-normal/arm64_32/WolfNumerics_const_extract_protocols.json -Xcc -I/Users/admin/builder/spi-builder-workspace/.derivedData/Build/Products/Debug-watchos/include -Xcc -I/Users/admin/builder/spi-builder-workspace/.derivedData/Build/Intermediates.noindex/WolfNumerics.build/Debug-watchos/WolfNumerics-t.build/DerivedSources-normal/arm64_32 -Xcc -I/Users/admin/builder/spi-builder-workspace/.derivedData/Build/Intermediates.noindex/WolfNumerics.build/Debug-watchos/WolfNumerics-t.build/DerivedSources/arm64_32 -Xcc -I/Users/admin/builder/spi-builder-workspace/.derivedData/Build/Intermediates.noindex/WolfNumerics.build/Debug-watchos/WolfNumerics-t.build/DerivedSources -Xcc -DSWIFT_PACKAGE -Xcc -DDEBUG\=1 -emit-objc-header -emit-objc-header-path /Users/admin/builder/spi-builder-workspace/.derivedData/Build/Intermediates.noindex/WolfNumerics.build/Debug-watchos/WolfNumerics-t.build/Objects-normal/arm64_32/WolfNumerics-Swift.h -working-directory /Users/admin/builder/spi-builder-workspace/.swiftpm/xcode -experimental-emit-module-separately -disable-cmo
SwiftEmitModule normal arm64_32 Emitting\ module\ for\ WolfNumerics (in target 'WolfNumerics' from project 'WolfNumerics')
SwiftCompile normal arm64_32 (in target 'WolfNumerics' from project 'WolfNumerics')
cd /Users/admin/builder/spi-builder-workspace/.swiftpm/xcode
/Users/admin/builder/spi-builder-workspace/.dependencies/checkouts/WolfNumerics/Sources/WolfNumerics/SeededRandomNumberGenerator.swift:30:25: error: cannot find type 'GKMersenneTwisterRandomSource' in scope
28 | @available(iOS 9.0, macOS 10.11, tvOS 9.0, *)
29 | public final class SeededRandomNumberGenerator: RandomNumberGenerator {
30 | private let source: GKMersenneTwisterRandomSource
| `- error: cannot find type 'GKMersenneTwisterRandomSource' in scope
31 | private let distribution: GKRandomDistribution
32 |
/Users/admin/builder/spi-builder-workspace/.dependencies/checkouts/WolfNumerics/Sources/WolfNumerics/SeededRandomNumberGenerator.swift:31:31: error: cannot find type 'GKRandomDistribution' in scope
29 | public final class SeededRandomNumberGenerator: RandomNumberGenerator {
30 | private let source: GKMersenneTwisterRandomSource
31 | private let distribution: GKRandomDistribution
| `- error: cannot find type 'GKRandomDistribution' in scope
32 |
33 | public init(seed: UInt64) {
Failed frontend command:
/Applications/Xcode-27.0.0-Release.Candidate.app/Contents/Developer/Toolchains/XcodeDefault.xctoolchain/usr/bin/swift-frontend -frontend -emit-module -experimental-skip-non-inlinable-function-bodies-without-types /Users/admin/builder/spi-builder-workspace/.dependencies/checkouts/WolfNumerics/Sources/WolfNumerics/ApproximatelyEqualsOperator.swift /Users/admin/builder/spi-builder-workspace/.dependencies/checkouts/WolfNumerics/Sources/WolfNumerics/BinarySearch.swift /Users/admin/builder/spi-builder-workspace/.dependencies/checkouts/WolfNumerics/Sources/WolfNumerics/Frac.swift /Users/admin/builder/spi-builder-workspace/.dependencies/checkouts/WolfNumerics/Sources/WolfNumerics/Interpolable.swift /Users/admin/builder/spi-builder-workspace/.dependencies/checkouts/WolfNumerics/Sources/WolfNumerics/Interval.swift /Users/admin/builder/spi-builder-workspace/.dependencies/checkouts/WolfNumerics/Sources/WolfNumerics/IntervalCreationOperator.swift /Users/admin/builder/spi-builder-workspace/.dependencies/checkouts/WolfNumerics/Sources/WolfNumerics/Lerp.swift /Users/admin/builder/spi-builder-workspace/.dependencies/checkouts/WolfNumerics/Sources/WolfNumerics/NumericUtils.swift /Users/admin/builder/spi-builder-workspace/.dependencies/checkouts/WolfNumerics/Sources/WolfNumerics/PercentOperator.swift /Users/admin/builder/spi-builder-workspace/.dependencies/checkouts/WolfNumerics/Sources/WolfNumerics/RandomExtensions.swift /Users/admin/builder/spi-builder-workspace/.dependencies/checkouts/WolfNumerics/Sources/WolfNumerics/RangeExtensions.swift /Users/admin/builder/spi-builder-workspace/.dependencies/checkouts/WolfNumerics/Sources/WolfNumerics/RunningAverage.swift /Users/admin/builder/spi-builder-workspace/.dependencies/checkouts/WolfNumerics/Sources/WolfNumerics/SecureRandomNumberGenerator.swift /Users/admin/builder/spi-builder-workspace/.dependencies/checkouts/WolfNumerics/Sources/WolfNumerics/SeededRandomNumberGenerator.swift -target arm64_32-apple-watchos9.0 -module-can-import-version CoreFoundation 2412 5027.0.69 -module-can-import-version CoreGraphics 2049 2049.0.0 -module-can-import-version Foundation 5027.0.69 5027.0.69 -module-can-import-version GameKit 821.0.25 821.0.25 -module-can-import-version Security 62460.4.1 62460.4.1 -disable-cross-import-overlay-search -load-resolved-plugin /Applications/Xcode-27.0.0-Release.Candidate.app/Contents/Developer/Platforms/WatchOS.platform/Developer/usr/lib/swift/host/plugins/libFoundationMacros.dylib\#/Applications/Xcode-27.0.0-Release.Candidate.app/Contents/Developer/Platforms/WatchOS.platform/Developer/usr/bin/swift-plugin-server\#FoundationMacros -load-resolved-plugin /Applications/Xcode-27.0.0-Release.Candidate.app/Contents/Developer/Platforms/WatchOS.platform/Developer/usr/lib/swift/host/plugins/libObservationMacros.dylib\#/Applications/Xcode-27.0.0-Release.Candidate.app/Contents/Developer/Platforms/WatchOS.platform/Developer/usr/bin/swift-plugin-server\#ObservationMacros -load-resolved-plugin /Applications/Xcode-27.0.0-Release.Candidate.app/Contents/Developer/Platforms/WatchOS.platform/Developer/usr/lib/swift/host/plugins/libSwiftMacros.dylib\#/Applications/Xcode-27.0.0-Release.Candidate.app/Contents/Developer/Platforms/WatchOS.platform/Developer/usr/bin/swift-plugin-server\#SwiftMacros -load-resolved-plugin /Applications/Xcode-27.0.0-Release.Candidate.app/Contents/Developer/Platforms/WatchOS.platform/Developer/usr/lib/swift/host/plugins/libSwiftUIMacros.dylib\#/Applications/Xcode-27.0.0-Release.Candidate.app/Contents/Developer/Platforms/WatchOS.platform/Developer/usr/bin/swift-plugin-server\#SwiftUIMacros -disable-implicit-swift-modules -Xcc -fno-implicit-modules -Xcc -fno-implicit-module-maps -explicit-swift-module-map-file /Users/admin/builder/spi-builder-workspace/.derivedData/Build/Intermediates.noindex/WolfNumerics.build/Debug-watchos/WolfNumerics-t.build/Objects-normal/arm64_32/WolfNumerics-dependencies-1.json -enable-objc-interop -sdk /Applications/Xcode-27.0.0-Release.Candidate.app/Contents/Developer/Platforms/WatchOS.platform/Developer/SDKs/WatchOS27.0.sdk -I /Users/admin/builder/spi-builder-workspace/.derivedData/Build/Products/Debug-watchos -Isystem /Applications/Xcode-27.0.0-Release.Candidate.app/Contents/Developer/Platforms/WatchOS.platform/Developer/usr/lib -F /Users/admin/builder/spi-builder-workspace/.derivedData/Build/Products/Debug-watchos -F /Applications/Xcode-27.0.0-Release.Candidate.app/Contents/Developer/Platforms/WatchOS.platform/Developer/Library/Frameworks -F /Applications/Xcode-27.0.0-Release.Candidate.app/Contents/Developer/Platforms/WatchOS.platform/Developer/SDKs/WatchOS27.0.sdk/Developer/Library/Frameworks -module-cache-path /Users/admin/builder/spi-builder-workspace/.derivedData/Build/Intermediates.noindex/SwiftExplicitPrecompiledModules -no-color-diagnostics -Xcc -fno-color-diagnostics -enable-testing -g -debug-info-format\=dwarf -dwarf-version\=4 -suppress-warnings -swift-version 5 -Onone -D SWIFT_PACKAGE -D DEBUG -D SWIFT_MODULE_RESOURCE_BUNDLE_UNAVAILABLE -D Xcode -serialize-debugging-options -enable-experimental-feature DebugDescriptionMacro -empty-abi-descriptor -validate-clang-modules-once -clang-build-session-file /Users/admin/builder/spi-builder-workspace/.derivedData/ModuleCache.noindex/Session.modulevalidation -Xcc -working-directory -Xcc /Users/admin/builder/spi-builder-workspace/.swiftpm/xcode -enable-anonymous-context-mangled-names -file-compilation-dir /Users/admin/builder/spi-builder-workspace/.swiftpm/xcode -Xcc -D_LIBCPP_HARDENING_MODE\=_LIBCPP_HARDENING_MODE_DEBUG -Xcc -ivfsstatcache -Xcc /Users/admin/builder/spi-builder-workspace/.derivedData/SDKStatCaches.noindex/watchos27.0-24R360-e829b21a6f8c9b70876ba0858053c04477534ef55a1706bf4c1112bbb242f0a2.sdkstatcache -Xcc -fmodules-prune-interval\=86400 -Xcc -fmodules-prune-after\=345600 -Xcc -I/Users/admin/builder/spi-builder-workspace/.derivedData/Build/Products/Debug-watchos/include -Xcc -I/Users/admin/builder/spi-builder-workspace/.derivedData/Build/Intermediates.noindex/WolfNumerics.build/Debug-watchos/WolfNumerics-t.build/DerivedSources-normal/arm64_32 -Xcc -I/Users/admin/builder/spi-builder-workspace/.derivedData/Build/Intermediates.noindex/WolfNumerics.build/Debug-watchos/WolfNumerics-t.build/DerivedSources/arm64_32 -Xcc -I/Users/admin/builder/spi-builder-workspace/.derivedData/Build/Intermediates.noindex/WolfNumerics.build/Debug-watchos/WolfNumerics-t.build/DerivedSources -Xcc -DSWIFT_PACKAGE -Xcc -DDEBUG\=1 -no-auto-bridging-header-chaining -module-name WolfNumerics -const-gather-protocols-file /Users/admin/builder/spi-builder-workspace/.derivedData/Build/Intermediates.noindex/WolfNumerics.build/Debug-watchos/WolfNumerics-t.build/Objects-normal/arm64_32/WolfNumerics_const_extract_protocols.json -disable-clang-spi -clang-target arm64_32-apple-watchos27.0 -target-sdk-version 27.0 -target-sdk-name watchos27.0 -in-process-plugin-server-path /Applications/Xcode-27.0.0-Release.Candidate.app/Contents/Developer/Toolchains/XcodeDefault.xctoolchain/usr/lib/swift/host/libSwiftInProcPluginServer.dylib -emit-module-doc-path /Users/admin/builder/spi-builder-workspace/.derivedData/Build/Intermediates.noindex/WolfNumerics.build/Debug-watchos/WolfNumerics-t.build/Objects-normal/arm64_32/WolfNumerics.swiftdoc -emit-module-source-info-path /Users/admin/builder/spi-builder-workspace/.derivedData/Build/Intermediates.noindex/WolfNumerics.build/Debug-watchos/WolfNumerics-t.build/Objects-normal/arm64_32/WolfNumerics.swiftsourceinfo -emit-objc-header-path /Users/admin/builder/spi-builder-workspace/.derivedData/Build/Intermediates.noindex/WolfNumerics.build/Debug-watchos/WolfNumerics-t.build/Objects-normal/arm64_32/WolfNumerics-Swift.h -serialize-diagnostics-path /Users/admin/builder/spi-builder-workspace/.derivedData/Build/Intermediates.noindex/WolfNumerics.build/Debug-watchos/WolfNumerics-t.build/Objects-normal/arm64_32/WolfNumerics-primary-emit-module.dia -emit-dependencies-path /Users/admin/builder/spi-builder-workspace/.derivedData/Build/Intermediates.noindex/WolfNumerics.build/Debug-watchos/WolfNumerics-t.build/Objects-normal/arm64_32/WolfNumerics-primary-emit-module.d -parse-as-library -o /Users/admin/builder/spi-builder-workspace/.derivedData/Build/Intermediates.noindex/WolfNumerics.build/Debug-watchos/WolfNumerics-t.build/Objects-normal/arm64_32/WolfNumerics.swiftmodule -emit-abi-descriptor-path /Users/admin/builder/spi-builder-workspace/.derivedData/Build/Intermediates.noindex/WolfNumerics.build/Debug-watchos/WolfNumerics-t.build/Objects-normal/arm64_32/WolfNumerics.abi.json
SwiftCompile normal arm64_32 Compiling\ IntervalCreationOperator.swift /Users/admin/builder/spi-builder-workspace/.dependencies/checkouts/WolfNumerics/Sources/WolfNumerics/IntervalCreationOperator.swift (in target 'WolfNumerics' from project 'WolfNumerics')
SwiftCompile normal arm64_32 /Users/admin/builder/spi-builder-workspace/.dependencies/checkouts/WolfNumerics/Sources/WolfNumerics/IntervalCreationOperator.swift (in target 'WolfNumerics' from project 'WolfNumerics')
cd /Users/admin/builder/spi-builder-workspace/.swiftpm/xcode
builtin-SwiftPerFileCompile IntervalCreationOperator.swift
SwiftCompile normal arm64_32 Compiling\ ApproximatelyEqualsOperator.swift,\ BinarySearch.swift /Users/admin/builder/spi-builder-workspace/.dependencies/checkouts/WolfNumerics/Sources/WolfNumerics/ApproximatelyEqualsOperator.swift /Users/admin/builder/spi-builder-workspace/.dependencies/checkouts/WolfNumerics/Sources/WolfNumerics/BinarySearch.swift (in target 'WolfNumerics' from project 'WolfNumerics')
SwiftCompile normal arm64_32 /Users/admin/builder/spi-builder-workspace/.dependencies/checkouts/WolfNumerics/Sources/WolfNumerics/ApproximatelyEqualsOperator.swift (in target 'WolfNumerics' from project 'WolfNumerics')
cd /Users/admin/builder/spi-builder-workspace/.swiftpm/xcode
builtin-SwiftPerFileCompile ApproximatelyEqualsOperator.swift
SwiftCompile normal arm64_32 /Users/admin/builder/spi-builder-workspace/.dependencies/checkouts/WolfNumerics/Sources/WolfNumerics/BinarySearch.swift (in target 'WolfNumerics' from project 'WolfNumerics')
cd /Users/admin/builder/spi-builder-workspace/.swiftpm/xcode
builtin-SwiftPerFileCompile BinarySearch.swift
SwiftCompile normal arm64_32 Compiling\ Interval.swift /Users/admin/builder/spi-builder-workspace/.dependencies/checkouts/WolfNumerics/Sources/WolfNumerics/Interval.swift (in target 'WolfNumerics' from project 'WolfNumerics')
SwiftCompile normal arm64_32 /Users/admin/builder/spi-builder-workspace/.dependencies/checkouts/WolfNumerics/Sources/WolfNumerics/Interval.swift (in target 'WolfNumerics' from project 'WolfNumerics')
cd /Users/admin/builder/spi-builder-workspace/.swiftpm/xcode
builtin-SwiftPerFileCompile Interval.swift
SwiftCompile normal arm64_32 Compiling\ Frac.swift,\ Interpolable.swift /Users/admin/builder/spi-builder-workspace/.dependencies/checkouts/WolfNumerics/Sources/WolfNumerics/Frac.swift /Users/admin/builder/spi-builder-workspace/.dependencies/checkouts/WolfNumerics/Sources/WolfNumerics/Interpolable.swift (in target 'WolfNumerics' from project 'WolfNumerics')
SwiftCompile normal arm64_32 /Users/admin/builder/spi-builder-workspace/.dependencies/checkouts/WolfNumerics/Sources/WolfNumerics/Frac.swift (in target 'WolfNumerics' from project 'WolfNumerics')
cd /Users/admin/builder/spi-builder-workspace/.swiftpm/xcode
builtin-SwiftPerFileCompile Frac.swift
SwiftCompile normal arm64_32 /Users/admin/builder/spi-builder-workspace/.dependencies/checkouts/WolfNumerics/Sources/WolfNumerics/Interpolable.swift (in target 'WolfNumerics' from project 'WolfNumerics')
cd /Users/admin/builder/spi-builder-workspace/.swiftpm/xcode
builtin-SwiftPerFileCompile Interpolable.swift
SwiftCompile normal arm64_32 Compiling\ Lerp.swift /Users/admin/builder/spi-builder-workspace/.dependencies/checkouts/WolfNumerics/Sources/WolfNumerics/Lerp.swift (in target 'WolfNumerics' from project 'WolfNumerics')
SwiftCompile normal arm64_32 /Users/admin/builder/spi-builder-workspace/.dependencies/checkouts/WolfNumerics/Sources/WolfNumerics/Lerp.swift (in target 'WolfNumerics' from project 'WolfNumerics')
cd /Users/admin/builder/spi-builder-workspace/.swiftpm/xcode
builtin-SwiftPerFileCompile Lerp.swift
SwiftCompile normal arm64_32 Compiling\ SecureRandomNumberGenerator.swift /Users/admin/builder/spi-builder-workspace/.dependencies/checkouts/WolfNumerics/Sources/WolfNumerics/SecureRandomNumberGenerator.swift (in target 'WolfNumerics' from project 'WolfNumerics')
SwiftCompile normal arm64_32 /Users/admin/builder/spi-builder-workspace/.dependencies/checkouts/WolfNumerics/Sources/WolfNumerics/SecureRandomNumberGenerator.swift (in target 'WolfNumerics' from project 'WolfNumerics')
cd /Users/admin/builder/spi-builder-workspace/.swiftpm/xcode
builtin-SwiftPerFileCompile SecureRandomNumberGenerator.swift
SwiftEmitModule normal arm64 Emitting\ module\ for\ WolfNumerics (in target 'WolfNumerics' from project 'WolfNumerics')
SwiftCompile normal arm64 (in target 'WolfNumerics' from project 'WolfNumerics')
cd /Users/admin/builder/spi-builder-workspace/.swiftpm/xcode
SwiftCompile normal arm64_32 Compiling\ RangeExtensions.swift /Users/admin/builder/spi-builder-workspace/.dependencies/checkouts/WolfNumerics/Sources/WolfNumerics/RangeExtensions.swift (in target 'WolfNumerics' from project 'WolfNumerics')
SwiftCompile normal arm64_32 /Users/admin/builder/spi-builder-workspace/.dependencies/checkouts/WolfNumerics/Sources/WolfNumerics/RangeExtensions.swift (in target 'WolfNumerics' from project 'WolfNumerics')
cd /Users/admin/builder/spi-builder-workspace/.swiftpm/xcode
builtin-SwiftPerFileCompile RangeExtensions.swift
SwiftCompile normal arm64 Compiling\ RunningAverage.swift /Users/admin/builder/spi-builder-workspace/.dependencies/checkouts/WolfNumerics/Sources/WolfNumerics/RunningAverage.swift (in target 'WolfNumerics' from project 'WolfNumerics')
SwiftCompile normal arm64 /Users/admin/builder/spi-builder-workspace/.dependencies/checkouts/WolfNumerics/Sources/WolfNumerics/RunningAverage.swift (in target 'WolfNumerics' from project 'WolfNumerics')
cd /Users/admin/builder/spi-builder-workspace/.swiftpm/xcode
builtin-SwiftPerFileCompile RunningAverage.swift
SwiftCompile normal arm64 Compiling\ SecureRandomNumberGenerator.swift /Users/admin/builder/spi-builder-workspace/.dependencies/checkouts/WolfNumerics/Sources/WolfNumerics/SecureRandomNumberGenerator.swift (in target 'WolfNumerics' from project 'WolfNumerics')
SwiftCompile normal arm64 /Users/admin/builder/spi-builder-workspace/.dependencies/checkouts/WolfNumerics/Sources/WolfNumerics/SecureRandomNumberGenerator.swift (in target 'WolfNumerics' from project 'WolfNumerics')
cd /Users/admin/builder/spi-builder-workspace/.swiftpm/xcode
builtin-SwiftPerFileCompile SecureRandomNumberGenerator.swift
SwiftDriverJobDiscovery normal arm64_32 Compiling IntervalCreationOperator.swift (in target 'WolfNumerics' from project 'WolfNumerics')
SwiftCompile normal arm64 Compiling\ Frac.swift,\ Interpolable.swift /Users/admin/builder/spi-builder-workspace/.dependencies/checkouts/WolfNumerics/Sources/WolfNumerics/Frac.swift /Users/admin/builder/spi-builder-workspace/.dependencies/checkouts/WolfNumerics/Sources/WolfNumerics/Interpolable.swift (in target 'WolfNumerics' from project 'WolfNumerics')
SwiftCompile normal arm64 /Users/admin/builder/spi-builder-workspace/.dependencies/checkouts/WolfNumerics/Sources/WolfNumerics/Frac.swift (in target 'WolfNumerics' from project 'WolfNumerics')
cd /Users/admin/builder/spi-builder-workspace/.swiftpm/xcode
builtin-SwiftPerFileCompile Frac.swift
SwiftCompile normal arm64 /Users/admin/builder/spi-builder-workspace/.dependencies/checkouts/WolfNumerics/Sources/WolfNumerics/Interpolable.swift (in target 'WolfNumerics' from project 'WolfNumerics')
cd /Users/admin/builder/spi-builder-workspace/.swiftpm/xcode
builtin-SwiftPerFileCompile Interpolable.swift
PruneExplicitPrecompiledModules /Users/admin/builder/spi-builder-workspace/.derivedData/Build/Intermediates.noindex/SwiftExplicitPrecompiledModules
PruneExplicitPrecompiledModules /Users/admin/builder/spi-builder-workspace/.derivedData/Build/Intermediates.noindex/ExplicitPrecompiledModules
PruneExplicitPrecompiledModules /Users/admin/builder/spi-builder-workspace/.derivedData/SDKExplicitPrecompiledModules
2026-09-16 13:42:43.617 xcodebuild[992:5504] [MT] IDERunDestination: Supported platforms for the buildables in the current scheme is empty.
** BUILD FAILED **
The following build commands failed:
SwiftCompile normal arm64_32 (in target 'WolfNumerics' from project 'WolfNumerics')
SwiftEmitModule normal arm64_32 Emitting\ module\ for\ WolfNumerics (in target 'WolfNumerics' from project 'WolfNumerics')
Building workspace WolfConcurrency with scheme WolfConcurrency
(3 failures)
BUILD FAILURE 6.4 watchOS