The Swift Package Index logo.Swift Package Index

Track the adoption of Swift 6 strict concurrency checks for data race safety. How many packages are Ready for Swift 6?

Build Information

Failed to build Komondor with Swift 5.10 for tvOS using Xcode 15.4 at 1.1.4.

Build Command

env DEVELOPER_DIR=/Applications/Xcode-15.3.0-Beta.2.app xcrun xcodebuild -IDEClonedSourcePackagesDirPathOverride=$workDir/.dependencies -skipMacroValidation -skipPackagePluginValidation -derivedDataPath $workDir/.derivedData build -scheme Komondor -destination generic/platform=tvos

Build Log

SwiftDriver PackageConfig normal arm64 com.apple.xcode.tools.swift.compiler (in target 'PackageConfig' from project 'PackageConfig')
    cd /Users/builder/builds/UKfvDsi8u/1/finestructure/swiftpackageindex-builder/spi-builder-workspace/.dependencies/checkouts/PackageConfig
    builtin-SwiftDriver -- /Applications/Xcode-15.3.0-Beta.2.app/Contents/Developer/Toolchains/XcodeDefault.xctoolchain/usr/bin/swiftc -module-name PackageConfig -Onone -enforce-exclusivity\=checked @/Users/builder/builds/UKfvDsi8u/1/finestructure/swiftpackageindex-builder/spi-builder-workspace/.derivedData/Build/Intermediates.noindex/PackageConfig.build/Debug-appletvos/PackageConfig.build/Objects-normal/arm64/PackageConfig.SwiftFileList -DSWIFT_PACKAGE -DDEBUG -DXcode -sdk /Applications/Xcode-15.3.0-Beta.2.app/Contents/Developer/Platforms/AppleTVOS.platform/Developer/SDKs/AppleTVOS17.4.sdk -target arm64-apple-tvos12.0 -g -module-cache-path /Users/builder/builds/UKfvDsi8u/1/finestructure/swiftpackageindex-builder/spi-builder-workspace/.derivedData/ModuleCache.noindex -Xfrontend -serialize-debugging-options -enable-testing -suppress-warnings -index-store-path /Users/builder/builds/UKfvDsi8u/1/finestructure/swiftpackageindex-builder/spi-builder-workspace/.derivedData/Index.noindex/DataStore -swift-version 4.2 -I /Users/builder/builds/UKfvDsi8u/1/finestructure/swiftpackageindex-builder/spi-builder-workspace/.derivedData/Build/Products/Debug-appletvos -I /Applications/Xcode-15.3.0-Beta.2.app/Contents/Developer/Platforms/AppleTVOS.platform/Developer/usr/lib -F /Users/builder/builds/UKfvDsi8u/1/finestructure/swiftpackageindex-builder/spi-builder-workspace/.derivedData/Build/Products/Debug-appletvos -F /Applications/Xcode-15.3.0-Beta.2.app/Contents/Developer/Platforms/AppleTVOS.platform/Developer/Library/Frameworks -F /Applications/Xcode-15.3.0-Beta.2.app/Contents/Developer/Platforms/AppleTVOS.platform/Developer/SDKs/AppleTVOS17.4.sdk/Developer/Library/Frameworks -c -j8 -enable-batch-mode -incremental -Xcc -ivfsstatcache -Xcc /Users/builder/builds/UKfvDsi8u/1/finestructure/swiftpackageindex-builder/spi-builder-workspace/.derivedData/SDKStatCaches.noindex/appletvos17.4-21L5206e-a3897aa5c9b1d3e18efb168a98ac3602.sdkstatcache -output-file-map /Users/builder/builds/UKfvDsi8u/1/finestructure/swiftpackageindex-builder/spi-builder-workspace/.derivedData/Build/Intermediates.noindex/PackageConfig.build/Debug-appletvos/PackageConfig.build/Objects-normal/arm64/PackageConfig-OutputFileMap.json -use-frontend-parseable-output -save-temps -no-color-diagnostics -serialize-diagnostics -emit-dependencies -emit-module -emit-module-path /Users/builder/builds/UKfvDsi8u/1/finestructure/swiftpackageindex-builder/spi-builder-workspace/.derivedData/Build/Intermediates.noindex/PackageConfig.build/Debug-appletvos/PackageConfig.build/Objects-normal/arm64/PackageConfig.swiftmodule -validate-clang-modules-once -clang-build-session-file /Users/builder/builds/UKfvDsi8u/1/finestructure/swiftpackageindex-builder/spi-builder-workspace/.derivedData/ModuleCache.noindex/Session.modulevalidation -Xcc -I/Users/builder/builds/UKfvDsi8u/1/finestructure/swiftpackageindex-builder/spi-builder-workspace/.derivedData/Build/Intermediates.noindex/PackageConfig.build/Debug-appletvos/PackageConfig.build/swift-overrides.hmap -emit-const-values -Xfrontend -const-gather-protocols-file -Xfrontend /Users/builder/builds/UKfvDsi8u/1/finestructure/swiftpackageindex-builder/spi-builder-workspace/.derivedData/Build/Intermediates.noindex/PackageConfig.build/Debug-appletvos/PackageConfig.build/Objects-normal/arm64/PackageConfig_const_extract_protocols.json -Xcc -I/Users/builder/builds/UKfvDsi8u/1/finestructure/swiftpackageindex-builder/spi-builder-workspace/.derivedData/Build/Products/Debug-appletvos/include -Xcc -I/Users/builder/builds/UKfvDsi8u/1/finestructure/swiftpackageindex-builder/spi-builder-workspace/.derivedData/Build/Intermediates.noindex/PackageConfig.build/Debug-appletvos/PackageConfig.build/DerivedSources-normal/arm64 -Xcc -I/Users/builder/builds/UKfvDsi8u/1/finestructure/swiftpackageindex-builder/spi-builder-workspace/.derivedData/Build/Intermediates.noindex/PackageConfig.build/Debug-appletvos/PackageConfig.build/DerivedSources/arm64 -Xcc -I/Users/builder/builds/UKfvDsi8u/1/finestructure/swiftpackageindex-builder/spi-builder-workspace/.derivedData/Build/Intermediates.noindex/PackageConfig.build/Debug-appletvos/PackageConfig.build/DerivedSources -Xcc -DSWIFT_PACKAGE -Xcc -DDEBUG\=1 -emit-objc-header -emit-objc-header-path /Users/builder/builds/UKfvDsi8u/1/finestructure/swiftpackageindex-builder/spi-builder-workspace/.derivedData/Build/Intermediates.noindex/PackageConfig.build/Debug-appletvos/PackageConfig.build/Objects-normal/arm64/PackageConfig-Swift.h -working-directory /Users/builder/builds/UKfvDsi8u/1/finestructure/swiftpackageindex-builder/spi-builder-workspace/.dependencies/checkouts/PackageConfig -experimental-emit-module-separately -disable-cmo
SwiftEmitModule normal arm64 Emitting\ module\ for\ ShellOut (in target 'ShellOut' from project 'ShellOut')
    cd /Users/builder/builds/UKfvDsi8u/1/finestructure/swiftpackageindex-builder/spi-builder-workspace/.dependencies/checkouts/ShellOut
    builtin-swiftTaskExecution -- /Applications/Xcode-15.3.0-Beta.2.app/Contents/Developer/Toolchains/XcodeDefault.xctoolchain/usr/bin/swift-frontend -frontend -emit-module -experimental-skip-non-inlinable-function-bodies-without-types /Users/builder/builds/UKfvDsi8u/1/finestructure/swiftpackageindex-builder/spi-builder-workspace/.dependencies/checkouts/ShellOut/Sources/ShellOut.swift -target arm64-apple-tvos12.0 -Xllvm -aarch64-use-tbi -enable-objc-interop -sdk /Applications/Xcode-15.3.0-Beta.2.app/Contents/Developer/Platforms/AppleTVOS.platform/Developer/SDKs/AppleTVOS17.4.sdk -I /Users/builder/builds/UKfvDsi8u/1/finestructure/swiftpackageindex-builder/spi-builder-workspace/.derivedData/Build/Products/Debug-appletvos -I /Applications/Xcode-15.3.0-Beta.2.app/Contents/Developer/Platforms/AppleTVOS.platform/Developer/usr/lib -F /Users/builder/builds/UKfvDsi8u/1/finestructure/swiftpackageindex-builder/spi-builder-workspace/.derivedData/Build/Products/Debug-appletvos -F /Applications/Xcode-15.3.0-Beta.2.app/Contents/Developer/Platforms/AppleTVOS.platform/Developer/Library/Frameworks -F /Applications/Xcode-15.3.0-Beta.2.app/Contents/Developer/Platforms/AppleTVOS.platform/Developer/SDKs/AppleTVOS17.4.sdk/Developer/Library/Frameworks -no-color-diagnostics -enable-testing -g -module-cache-path /Users/builder/builds/UKfvDsi8u/1/finestructure/swiftpackageindex-builder/spi-builder-workspace/.derivedData/ModuleCache.noindex -suppress-warnings -swift-version 4.2 -enforce-exclusivity\=checked -Onone -D SWIFT_PACKAGE -D DEBUG -D Xcode -serialize-debugging-options -const-gather-protocols-file /Users/builder/builds/UKfvDsi8u/1/finestructure/swiftpackageindex-builder/spi-builder-workspace/.derivedData/Build/Intermediates.noindex/ShellOut.build/Debug-appletvos/ShellOut.build/Objects-normal/arm64/ShellOut_const_extract_protocols.json -empty-abi-descriptor -validate-clang-modules-once -clang-build-session-file /Users/builder/builds/UKfvDsi8u/1/finestructure/swiftpackageindex-builder/spi-builder-workspace/.derivedData/ModuleCache.noindex/Session.modulevalidation -Xcc -working-directory -Xcc /Users/builder/builds/UKfvDsi8u/1/finestructure/swiftpackageindex-builder/spi-builder-workspace/.dependencies/checkouts/ShellOut -resource-dir /Applications/Xcode-15.3.0-Beta.2.app/Contents/Developer/Toolchains/XcodeDefault.xctoolchain/usr/lib/swift -enable-anonymous-context-mangled-names -Xcc -ivfsstatcache -Xcc /Users/builder/builds/UKfvDsi8u/1/finestructure/swiftpackageindex-builder/spi-builder-workspace/.derivedData/SDKStatCaches.noindex/appletvos17.4-21L5206e-a3897aa5c9b1d3e18efb168a98ac3602.sdkstatcache -Xcc -I/Users/builder/builds/UKfvDsi8u/1/finestructure/swiftpackageindex-builder/spi-builder-workspace/.derivedData/Build/Intermediates.noindex/ShellOut.build/Debug-appletvos/ShellOut.build/swift-overrides.hmap -Xcc -I/Users/builder/builds/UKfvDsi8u/1/finestructure/swiftpackageindex-builder/spi-builder-workspace/.derivedData/Build/Products/Debug-appletvos/include -Xcc -I/Users/builder/builds/UKfvDsi8u/1/finestructure/swiftpackageindex-builder/spi-builder-workspace/.derivedData/Build/Intermediates.noindex/ShellOut.build/Debug-appletvos/ShellOut.build/DerivedSources-normal/arm64 -Xcc -I/Users/builder/builds/UKfvDsi8u/1/finestructure/swiftpackageindex-builder/spi-builder-workspace/.derivedData/Build/Intermediates.noindex/ShellOut.build/Debug-appletvos/ShellOut.build/DerivedSources/arm64 -Xcc -I/Users/builder/builds/UKfvDsi8u/1/finestructure/swiftpackageindex-builder/spi-builder-workspace/.derivedData/Build/Intermediates.noindex/ShellOut.build/Debug-appletvos/ShellOut.build/DerivedSources -Xcc -DSWIFT_PACKAGE -Xcc -DDEBUG\=1 -module-name ShellOut -disable-clang-spi -target-sdk-version 17.4 -target-sdk-name appletvos17.4 -external-plugin-path /Applications/Xcode-15.3.0-Beta.2.app/Contents/Developer/Platforms/AppleTVOS.platform/Developer/SDKs/AppleTVOS17.4.sdk/usr/lib/swift/host/plugins\#/Applications/Xcode-15.3.0-Beta.2.app/Contents/Developer/Platforms/AppleTVOS.platform/Developer/SDKs/AppleTVOS17.4.sdk/usr/bin/swift-plugin-server -external-plugin-path /Applications/Xcode-15.3.0-Beta.2.app/Contents/Developer/Platforms/AppleTVOS.platform/Developer/SDKs/AppleTVOS17.4.sdk/usr/local/lib/swift/host/plugins\#/Applications/Xcode-15.3.0-Beta.2.app/Contents/Developer/Platforms/AppleTVOS.platform/Developer/SDKs/AppleTVOS17.4.sdk/usr/bin/swift-plugin-server -external-plugin-path /Applications/Xcode-15.3.0-Beta.2.app/Contents/Developer/Platforms/AppleTVOS.platform/Developer/usr/lib/swift/host/plugins\#/Applications/Xcode-15.3.0-Beta.2.app/Contents/Developer/Platforms/AppleTVOS.platform/Developer/usr/bin/swift-plugin-server -external-plugin-path /Applications/Xcode-15.3.0-Beta.2.app/Contents/Developer/Platforms/AppleTVOS.platform/Developer/usr/local/lib/swift/host/plugins\#/Applications/Xcode-15.3.0-Beta.2.app/Contents/Developer/Platforms/AppleTVOS.platform/Developer/usr/bin/swift-plugin-server -plugin-path /Applications/Xcode-15.3.0-Beta.2.app/Contents/Developer/Toolchains/XcodeDefault.xctoolchain/usr/lib/swift/host/plugins -plugin-path /Applications/Xcode-15.3.0-Beta.2.app/Contents/Developer/Toolchains/XcodeDefault.xctoolchain/usr/local/lib/swift/host/plugins -emit-module-doc-path /Users/builder/builds/UKfvDsi8u/1/finestructure/swiftpackageindex-builder/spi-builder-workspace/.derivedData/Build/Intermediates.noindex/ShellOut.build/Debug-appletvos/ShellOut.build/Objects-normal/arm64/ShellOut.swiftdoc -emit-module-source-info-path /Users/builder/builds/UKfvDsi8u/1/finestructure/swiftpackageindex-builder/spi-builder-workspace/.derivedData/Build/Intermediates.noindex/ShellOut.build/Debug-appletvos/ShellOut.build/Objects-normal/arm64/ShellOut.swiftsourceinfo -emit-objc-header-path /Users/builder/builds/UKfvDsi8u/1/finestructure/swiftpackageindex-builder/spi-builder-workspace/.derivedData/Build/Intermediates.noindex/ShellOut.build/Debug-appletvos/ShellOut.build/Objects-normal/arm64/ShellOut-Swift.h -serialize-diagnostics-path /Users/builder/builds/UKfvDsi8u/1/finestructure/swiftpackageindex-builder/spi-builder-workspace/.derivedData/Build/Intermediates.noindex/ShellOut.build/Debug-appletvos/ShellOut.build/Objects-normal/arm64/ShellOut-master-emit-module.dia -emit-dependencies-path /Users/builder/builds/UKfvDsi8u/1/finestructure/swiftpackageindex-builder/spi-builder-workspace/.derivedData/Build/Intermediates.noindex/ShellOut.build/Debug-appletvos/ShellOut.build/Objects-normal/arm64/ShellOut-master-emit-module.d -parse-as-library -o /Users/builder/builds/UKfvDsi8u/1/finestructure/swiftpackageindex-builder/spi-builder-workspace/.derivedData/Build/Intermediates.noindex/ShellOut.build/Debug-appletvos/ShellOut.build/Objects-normal/arm64/ShellOut.swiftmodule -emit-abi-descriptor-path /Users/builder/builds/UKfvDsi8u/1/finestructure/swiftpackageindex-builder/spi-builder-workspace/.derivedData/Build/Intermediates.noindex/ShellOut.build/Debug-appletvos/ShellOut.build/Objects-normal/arm64/ShellOut.abi.json
/Users/builder/builds/UKfvDsi8u/1/finestructure/swiftpackageindex-builder/spi-builder-workspace/.dependencies/checkouts/ShellOut/Sources/ShellOut.swift:348:19: error: cannot find type 'Process' in scope
private extension Process {
                  ^~~~~~~
SwiftCompile normal arm64 Compiling\ ShellOut.swift /Users/builder/builds/UKfvDsi8u/1/finestructure/swiftpackageindex-builder/spi-builder-workspace/.dependencies/checkouts/ShellOut/Sources/ShellOut.swift (in target 'ShellOut' from project 'ShellOut')
    cd /Users/builder/builds/UKfvDsi8u/1/finestructure/swiftpackageindex-builder/spi-builder-workspace/.dependencies/checkouts/ShellOut
    builtin-swiftTaskExecution -- /Applications/Xcode-15.3.0-Beta.2.app/Contents/Developer/Toolchains/XcodeDefault.xctoolchain/usr/bin/swift-frontend -frontend -c -primary-file /Users/builder/builds/UKfvDsi8u/1/finestructure/swiftpackageindex-builder/spi-builder-workspace/.dependencies/checkouts/ShellOut/Sources/ShellOut.swift -emit-dependencies-path /Users/builder/builds/UKfvDsi8u/1/finestructure/swiftpackageindex-builder/spi-builder-workspace/.derivedData/Build/Intermediates.noindex/ShellOut.build/Debug-appletvos/ShellOut.build/Objects-normal/arm64/ShellOut.d -emit-const-values-path /Users/builder/builds/UKfvDsi8u/1/finestructure/swiftpackageindex-builder/spi-builder-workspace/.derivedData/Build/Intermediates.noindex/ShellOut.build/Debug-appletvos/ShellOut.build/Objects-normal/arm64/ShellOut.swiftconstvalues -emit-reference-dependencies-path /Users/builder/builds/UKfvDsi8u/1/finestructure/swiftpackageindex-builder/spi-builder-workspace/.derivedData/Build/Intermediates.noindex/ShellOut.build/Debug-appletvos/ShellOut.build/Objects-normal/arm64/ShellOut.swiftdeps -serialize-diagnostics-path /Users/builder/builds/UKfvDsi8u/1/finestructure/swiftpackageindex-builder/spi-builder-workspace/.derivedData/Build/Intermediates.noindex/ShellOut.build/Debug-appletvos/ShellOut.build/Objects-normal/arm64/ShellOut.dia -target arm64-apple-tvos12.0 -Xllvm -aarch64-use-tbi -enable-objc-interop -sdk /Applications/Xcode-15.3.0-Beta.2.app/Contents/Developer/Platforms/AppleTVOS.platform/Developer/SDKs/AppleTVOS17.4.sdk -I /Users/builder/builds/UKfvDsi8u/1/finestructure/swiftpackageindex-builder/spi-builder-workspace/.derivedData/Build/Products/Debug-appletvos -I /Applications/Xcode-15.3.0-Beta.2.app/Contents/Developer/Platforms/AppleTVOS.platform/Developer/usr/lib -F /Users/builder/builds/UKfvDsi8u/1/finestructure/swiftpackageindex-builder/spi-builder-workspace/.derivedData/Build/Products/Debug-appletvos -F /Applications/Xcode-15.3.0-Beta.2.app/Contents/Developer/Platforms/AppleTVOS.platform/Developer/Library/Frameworks -F /Applications/Xcode-15.3.0-Beta.2.app/Contents/Developer/Platforms/AppleTVOS.platform/Developer/SDKs/AppleTVOS17.4.sdk/Developer/Library/Frameworks -no-color-diagnostics -enable-testing -g -module-cache-path /Users/builder/builds/UKfvDsi8u/1/finestructure/swiftpackageindex-builder/spi-builder-workspace/.derivedData/ModuleCache.noindex -suppress-warnings -swift-version 4.2 -enforce-exclusivity\=checked -Onone -D SWIFT_PACKAGE -D DEBUG -D Xcode -serialize-debugging-options -const-gather-protocols-file /Users/builder/builds/UKfvDsi8u/1/finestructure/swiftpackageindex-builder/spi-builder-workspace/.derivedData/Build/Intermediates.noindex/ShellOut.build/Debug-appletvos/ShellOut.build/Objects-normal/arm64/ShellOut_const_extract_protocols.json -empty-abi-descriptor -validate-clang-modules-once -clang-build-session-file /Users/builder/builds/UKfvDsi8u/1/finestructure/swiftpackageindex-builder/spi-builder-workspace/.derivedData/ModuleCache.noindex/Session.modulevalidation -Xcc -working-directory -Xcc /Users/builder/builds/UKfvDsi8u/1/finestructure/swiftpackageindex-builder/spi-builder-workspace/.dependencies/checkouts/ShellOut -resource-dir /Applications/Xcode-15.3.0-Beta.2.app/Contents/Developer/Toolchains/XcodeDefault.xctoolchain/usr/lib/swift -enable-anonymous-context-mangled-names -Xcc -ivfsstatcache -Xcc /Users/builder/builds/UKfvDsi8u/1/finestructure/swiftpackageindex-builder/spi-builder-workspace/.derivedData/SDKStatCaches.noindex/appletvos17.4-21L5206e-a3897aa5c9b1d3e18efb168a98ac3602.sdkstatcache -Xcc -I/Users/builder/builds/UKfvDsi8u/1/finestructure/swiftpackageindex-builder/spi-builder-workspace/.derivedData/Build/Intermediates.noindex/ShellOut.build/Debug-appletvos/ShellOut.build/swift-overrides.hmap -Xcc -I/Users/builder/builds/UKfvDsi8u/1/finestructure/swiftpackageindex-builder/spi-builder-workspace/.derivedData/Build/Products/Debug-appletvos/include -Xcc -I/Users/builder/builds/UKfvDsi8u/1/finestructure/swiftpackageindex-builder/spi-builder-workspace/.derivedData/Build/Intermediates.noindex/ShellOut.build/Debug-appletvos/ShellOut.build/DerivedSources-normal/arm64 -Xcc -I/Users/builder/builds/UKfvDsi8u/1/finestructure/swiftpackageindex-builder/spi-builder-workspace/.derivedData/Build/Intermediates.noindex/ShellOut.build/Debug-appletvos/ShellOut.build/DerivedSources/arm64 -Xcc -I/Users/builder/builds/UKfvDsi8u/1/finestructure/swiftpackageindex-builder/spi-builder-workspace/.derivedData/Build/Intermediates.noindex/ShellOut.build/Debug-appletvos/ShellOut.build/DerivedSources -Xcc -DSWIFT_PACKAGE -Xcc -DDEBUG\=1 -module-name ShellOut -frontend-parseable-output -disable-clang-spi -target-sdk-version 17.4 -target-sdk-name appletvos17.4 -external-plugin-path /Applications/Xcode-15.3.0-Beta.2.app/Contents/Developer/Platforms/AppleTVOS.platform/Developer/SDKs/AppleTVOS17.4.sdk/usr/lib/swift/host/plugins\#/Applications/Xcode-15.3.0-Beta.2.app/Contents/Developer/Platforms/AppleTVOS.platform/Developer/SDKs/AppleTVOS17.4.sdk/usr/bin/swift-plugin-server -external-plugin-path /Applications/Xcode-15.3.0-Beta.2.app/Contents/Developer/Platforms/AppleTVOS.platform/Developer/SDKs/AppleTVOS17.4.sdk/usr/local/lib/swift/host/plugins\#/Applications/Xcode-15.3.0-Beta.2.app/Contents/Developer/Platforms/AppleTVOS.platform/Developer/SDKs/AppleTVOS17.4.sdk/usr/bin/swift-plugin-server -external-plugin-path /Applications/Xcode-15.3.0-Beta.2.app/Contents/Developer/Platforms/AppleTVOS.platform/Developer/usr/lib/swift/host/plugins\#/Applications/Xcode-15.3.0-Beta.2.app/Contents/Developer/Platforms/AppleTVOS.platform/Developer/usr/bin/swift-plugin-server -external-plugin-path /Applications/Xcode-15.3.0-Beta.2.app/Contents/Developer/Platforms/AppleTVOS.platform/Developer/usr/local/lib/swift/host/plugins\#/Applications/Xcode-15.3.0-Beta.2.app/Contents/Developer/Platforms/AppleTVOS.platform/Developer/usr/bin/swift-plugin-server -plugin-path /Applications/Xcode-15.3.0-Beta.2.app/Contents/Developer/Toolchains/XcodeDefault.xctoolchain/usr/lib/swift/host/plugins -plugin-path /Applications/Xcode-15.3.0-Beta.2.app/Contents/Developer/Toolchains/XcodeDefault.xctoolchain/usr/local/lib/swift/host/plugins -parse-as-library -o /Users/builder/builds/UKfvDsi8u/1/finestructure/swiftpackageindex-builder/spi-builder-workspace/.derivedData/Build/Intermediates.noindex/ShellOut.build/Debug-appletvos/ShellOut.build/Objects-normal/arm64/ShellOut.o -index-unit-output-path /ShellOut.build/Debug-appletvos/ShellOut.build/Objects-normal/arm64/ShellOut.o -index-store-path /Users/builder/builds/UKfvDsi8u/1/finestructure/swiftpackageindex-builder/spi-builder-workspace/.derivedData/Index.noindex/DataStore -index-system-modules
SwiftCompile normal arm64 /Users/builder/builds/UKfvDsi8u/1/finestructure/swiftpackageindex-builder/spi-builder-workspace/.dependencies/checkouts/ShellOut/Sources/ShellOut.swift (in target 'ShellOut' from project 'ShellOut')
    cd /Users/builder/builds/UKfvDsi8u/1/finestructure/swiftpackageindex-builder/spi-builder-workspace/.dependencies/checkouts/ShellOut
    /Applications/Xcode-15.3.0-Beta.2.app/Contents/Developer/Toolchains/XcodeDefault.xctoolchain/usr/bin/swift-frontend -c -primary-file /Users/builder/builds/UKfvDsi8u/1/finestructure/swiftpackageindex-builder/spi-builder-workspace/.dependencies/checkouts/ShellOut/Sources/ShellOut.swift -emit-dependencies-path /Users/builder/builds/UKfvDsi8u/1/finestructure/swiftpackageindex-builder/spi-builder-workspace/.derivedData/Build/Intermediates.noindex/ShellOut.build/Debug-appletvos/ShellOut.build/Objects-normal/arm64/ShellOut.d -emit-const-values-path /Users/builder/builds/UKfvDsi8u/1/finestructure/swiftpackageindex-builder/spi-builder-workspace/.derivedData/Build/Intermediates.noindex/ShellOut.build/Debug-appletvos/ShellOut.build/Objects-normal/arm64/ShellOut.swiftconstvalues -emit-reference-dependencies-path /Users/builder/builds/UKfvDsi8u/1/finestructure/swiftpackageindex-builder/spi-builder-workspace/.derivedData/Build/Intermediates.noindex/ShellOut.build/Debug-appletvos/ShellOut.build/Objects-normal/arm64/ShellOut.swiftdeps -serialize-diagnostics-path /Users/builder/builds/UKfvDsi8u/1/finestructure/swiftpackageindex-builder/spi-builder-workspace/.derivedData/Build/Intermediates.noindex/ShellOut.build/Debug-appletvos/ShellOut.build/Objects-normal/arm64/ShellOut.dia -target arm64-apple-tvos12.0 -Xllvm -aarch64-use-tbi -enable-objc-interop -sdk /Applications/Xcode-15.3.0-Beta.2.app/Contents/Developer/Platforms/AppleTVOS.platform/Developer/SDKs/AppleTVOS17.4.sdk -I /Users/builder/builds/UKfvDsi8u/1/finestructure/swiftpackageindex-builder/spi-builder-workspace/.derivedData/Build/Products/Debug-appletvos -I /Applications/Xcode-15.3.0-Beta.2.app/Contents/Developer/Platforms/AppleTVOS.platform/Developer/usr/lib -F /Users/builder/builds/UKfvDsi8u/1/finestructure/swiftpackageindex-builder/spi-builder-workspace/.derivedData/Build/Products/Debug-appletvos -F /Applications/Xcode-15.3.0-Beta.2.app/Contents/Developer/Platforms/AppleTVOS.platform/Developer/Library/Frameworks -F /Applications/Xcode-15.3.0-Beta.2.app/Contents/Developer/Platforms/AppleTVOS.platform/Developer/SDKs/AppleTVOS17.4.sdk/Developer/Library/Frameworks -no-color-diagnostics -enable-testing -g -module-cache-path /Users/builder/builds/UKfvDsi8u/1/finestructure/swiftpackageindex-builder/spi-builder-workspace/.derivedData/ModuleCache.noindex -suppress-warnings -swift-version 4.2 -enforce-exclusivity\=checked -Onone -D SWIFT_PACKAGE -D DEBUG -D Xcode -serialize-debugging-options -const-gather-protocols-file /Users/builder/builds/UKfvDsi8u/1/finestructure/swiftpackageindex-builder/spi-builder-workspace/.derivedData/Build/Intermediates.noindex/ShellOut.build/Debug-appletvos/ShellOut.build/Objects-normal/arm64/ShellOut_const_extract_protocols.json -empty-abi-descriptor -validate-clang-modules-once -clang-build-session-file /Users/builder/builds/UKfvDsi8u/1/finestructure/swiftpackageindex-builder/spi-builder-workspace/.derivedData/ModuleCache.noindex/Session.modulevalidation -Xcc -working-directory -Xcc /Users/builder/builds/UKfvDsi8u/1/finestructure/swiftpackageindex-builder/spi-builder-workspace/.dependencies/checkouts/ShellOut -resource-dir /Applications/Xcode-15.3.0-Beta.2.app/Contents/Developer/Toolchains/XcodeDefault.xctoolchain/usr/lib/swift -enable-anonymous-context-mangled-names -Xcc -ivfsstatcache -Xcc /Users/builder/builds/UKfvDsi8u/1/finestructure/swiftpackageindex-builder/spi-builder-workspace/.derivedData/SDKStatCaches.noindex/appletvos17.4-21L5206e-a3897aa5c9b1d3e18efb168a98ac3602.sdkstatcache -Xcc -I/Users/builder/builds/UKfvDsi8u/1/finestructure/swiftpackageindex-builder/spi-builder-workspace/.derivedData/Build/Intermediates.noindex/ShellOut.build/Debug-appletvos/ShellOut.build/swift-overrides.hmap -Xcc -I/Users/builder/builds/UKfvDsi8u/1/finestructure/swiftpackageindex-builder/spi-builder-workspace/.derivedData/Build/Products/Debug-appletvos/include -Xcc -I/Users/builder/builds/UKfvDsi8u/1/finestructure/swiftpackageindex-builder/spi-builder-workspace/.derivedData/Build/Intermediates.noindex/ShellOut.build/Debug-appletvos/ShellOut.build/DerivedSources-normal/arm64 -Xcc -I/Users/builder/builds/UKfvDsi8u/1/finestructure/swiftpackageindex-builder/spi-builder-workspace/.derivedData/Build/Intermediates.noindex/ShellOut.build/Debug-appletvos/ShellOut.build/DerivedSources/arm64 -Xcc -I/Users/builder/builds/UKfvDsi8u/1/finestructure/swiftpackageindex-builder/spi-builder-workspace/.derivedData/Build/Intermediates.noindex/ShellOut.build/Debug-appletvos/ShellOut.build/DerivedSources -Xcc -DSWIFT_PACKAGE -Xcc -DDEBUG\=1 -module-name ShellOut -frontend-parseable-output -disable-clang-spi -target-sdk-version 17.4 -target-sdk-name appletvos17.4 -external-plugin-path /Applications/Xcode-15.3.0-Beta.2.app/Contents/Developer/Platforms/AppleTVOS.platform/Developer/SDKs/AppleTVOS17.4.sdk/usr/lib/swift/host/plugins\#/Applications/Xcode-15.3.0-Beta.2.app/Contents/Developer/Platforms/AppleTVOS.platform/Developer/SDKs/AppleTVOS17.4.sdk/usr/bin/swift-plugin-server -external-plugin-path /Applications/Xcode-15.3.0-Beta.2.app/Contents/Developer/Platforms/AppleTVOS.platform/Developer/SDKs/AppleTVOS17.4.sdk/usr/local/lib/swift/host/plugins\#/Applications/Xcode-15.3.0-Beta.2.app/Contents/Developer/Platforms/AppleTVOS.platform/Developer/SDKs/AppleTVOS17.4.sdk/usr/bin/swift-plugin-server -external-plugin-path /Applications/Xcode-15.3.0-Beta.2.app/Contents/Developer/Platforms/AppleTVOS.platform/Developer/usr/lib/swift/host/plugins\#/Applications/Xcode-15.3.0-Beta.2.app/Contents/Developer/Platforms/AppleTVOS.platform/Developer/usr/bin/swift-plugin-server -external-plugin-path /Applications/Xcode-15.3.0-Beta.2.app/Contents/Developer/Platforms/AppleTVOS.platform/Developer/usr/local/lib/swift/host/plugins\#/Applications/Xcode-15.3.0-Beta.2.app/Contents/Developer/Platforms/AppleTVOS.platform/Developer/usr/bin/swift-plugin-server -plugin-path /Applications/Xcode-15.3.0-Beta.2.app/Contents/Developer/Toolchains/XcodeDefault.xctoolchain/usr/lib/swift/host/plugins -plugin-path /Applications/Xcode-15.3.0-Beta.2.app/Contents/Developer/Toolchains/XcodeDefault.xctoolchain/usr/local/lib/swift/host/plugins -parse-as-library -o /Users/builder/builds/UKfvDsi8u/1/finestructure/swiftpackageindex-builder/spi-builder-workspace/.derivedData/Build/Intermediates.noindex/ShellOut.build/Debug-appletvos/ShellOut.build/Objects-normal/arm64/ShellOut.o -index-unit-output-path /ShellOut.build/Debug-appletvos/ShellOut.build/Objects-normal/arm64/ShellOut.o -index-store-path /Users/builder/builds/UKfvDsi8u/1/finestructure/swiftpackageindex-builder/spi-builder-workspace/.derivedData/Index.noindex/DataStore -index-system-modules
SwiftEmitModule normal arm64 Emitting\ module\ for\ PackageConfig (in target 'PackageConfig' from project 'PackageConfig')
    cd /Users/builder/builds/UKfvDsi8u/1/finestructure/swiftpackageindex-builder/spi-builder-workspace/.dependencies/checkouts/PackageConfig
    builtin-swiftTaskExecution -- /Applications/Xcode-15.3.0-Beta.2.app/Contents/Developer/Toolchains/XcodeDefault.xctoolchain/usr/bin/swift-frontend -frontend -emit-module -experimental-skip-non-inlinable-function-bodies-without-types /Users/builder/builds/UKfvDsi8u/1/finestructure/swiftpackageindex-builder/spi-builder-workspace/.dependencies/checkouts/PackageConfig/Sources/PackageConfig/DynamicLibraries.swift /Users/builder/builds/UKfvDsi8u/1/finestructure/swiftpackageindex-builder/spi-builder-workspace/.dependencies/checkouts/PackageConfig/Sources/PackageConfig/Error.swift /Users/builder/builds/UKfvDsi8u/1/finestructure/swiftpackageindex-builder/spi-builder-workspace/.dependencies/checkouts/PackageConfig/Sources/PackageConfig/Loader.swift /Users/builder/builds/UKfvDsi8u/1/finestructure/swiftpackageindex-builder/spi-builder-workspace/.dependencies/checkouts/PackageConfig/Sources/PackageConfig/Package.swift /Users/builder/builds/UKfvDsi8u/1/finestructure/swiftpackageindex-builder/spi-builder-workspace/.dependencies/checkouts/PackageConfig/Sources/PackageConfig/PackageConfig.swift /Users/builder/builds/UKfvDsi8u/1/finestructure/swiftpackageindex-builder/spi-builder-workspace/.dependencies/checkouts/PackageConfig/Sources/PackageConfig/PackageConfiguration.swift /Users/builder/builds/UKfvDsi8u/1/finestructure/swiftpackageindex-builder/spi-builder-workspace/.dependencies/checkouts/PackageConfig/Sources/PackageConfig/Writer.swift -target arm64-apple-tvos12.0 -Xllvm -aarch64-use-tbi -enable-objc-interop -sdk /Applications/Xcode-15.3.0-Beta.2.app/Contents/Developer/Platforms/AppleTVOS.platform/Developer/SDKs/AppleTVOS17.4.sdk -I /Users/builder/builds/UKfvDsi8u/1/finestructure/swiftpackageindex-builder/spi-builder-workspace/.derivedData/Build/Products/Debug-appletvos -I /Applications/Xcode-15.3.0-Beta.2.app/Contents/Developer/Platforms/AppleTVOS.platform/Developer/usr/lib -F /Users/builder/builds/UKfvDsi8u/1/finestructure/swiftpackageindex-builder/spi-builder-workspace/.derivedData/Build/Products/Debug-appletvos -F /Applications/Xcode-15.3.0-Beta.2.app/Contents/Developer/Platforms/AppleTVOS.platform/Developer/Library/Frameworks -F /Applications/Xcode-15.3.0-Beta.2.app/Contents/Developer/Platforms/AppleTVOS.platform/Developer/SDKs/AppleTVOS17.4.sdk/Developer/Library/Frameworks -no-color-diagnostics -enable-testing -g -module-cache-path /Users/builder/builds/UKfvDsi8u/1/finestructure/swiftpackageindex-builder/spi-builder-workspace/.derivedData/ModuleCache.noindex -suppress-warnings -swift-version 4.2 -enforce-exclusivity\=checked -Onone -D SWIFT_PACKAGE -D DEBUG -D Xcode -serialize-debugging-options -const-gather-protocols-file /Users/builder/builds/UKfvDsi8u/1/finestructure/swiftpackageindex-builder/spi-builder-workspace/.derivedData/Build/Intermediates.noindex/PackageConfig.build/Debug-appletvos/PackageConfig.build/Objects-normal/arm64/PackageConfig_const_extract_protocols.json -empty-abi-descriptor -validate-clang-modules-once -clang-build-session-file /Users/builder/builds/UKfvDsi8u/1/finestructure/swiftpackageindex-builder/spi-builder-workspace/.derivedData/ModuleCache.noindex/Session.modulevalidation -Xcc -working-directory -Xcc /Users/builder/builds/UKfvDsi8u/1/finestructure/swiftpackageindex-builder/spi-builder-workspace/.dependencies/checkouts/PackageConfig -resource-dir /Applications/Xcode-15.3.0-Beta.2.app/Contents/Developer/Toolchains/XcodeDefault.xctoolchain/usr/lib/swift -enable-anonymous-context-mangled-names -Xcc -ivfsstatcache -Xcc /Users/builder/builds/UKfvDsi8u/1/finestructure/swiftpackageindex-builder/spi-builder-workspace/.derivedData/SDKStatCaches.noindex/appletvos17.4-21L5206e-a3897aa5c9b1d3e18efb168a98ac3602.sdkstatcache -Xcc -I/Users/builder/builds/UKfvDsi8u/1/finestructure/swiftpackageindex-builder/spi-builder-workspace/.derivedData/Build/Intermediates.noindex/PackageConfig.build/Debug-appletvos/PackageConfig.build/swift-overrides.hmap -Xcc -I/Users/builder/builds/UKfvDsi8u/1/finestructure/swiftpackageindex-builder/spi-builder-workspace/.derivedData/Build/Products/Debug-appletvos/include -Xcc -I/Users/builder/builds/UKfvDsi8u/1/finestructure/swiftpackageindex-builder/spi-builder-workspace/.derivedData/Build/Intermediates.noindex/PackageConfig.build/Debug-appletvos/PackageConfig.build/DerivedSources-normal/arm64 -Xcc -I/Users/builder/builds/UKfvDsi8u/1/finestructure/swiftpackageindex-builder/spi-builder-workspace/.derivedData/Build/Intermediates.noindex/PackageConfig.build/Debug-appletvos/PackageConfig.build/DerivedSources/arm64 -Xcc -I/Users/builder/builds/UKfvDsi8u/1/finestructure/swiftpackageindex-builder/spi-builder-workspace/.derivedData/Build/Intermediates.noindex/PackageConfig.build/Debug-appletvos/PackageConfig.build/DerivedSources -Xcc -DSWIFT_PACKAGE -Xcc -DDEBUG\=1 -module-name PackageConfig -disable-clang-spi -target-sdk-version 17.4 -target-sdk-name appletvos17.4 -external-plugin-path /Applications/Xcode-15.3.0-Beta.2.app/Contents/Developer/Platforms/AppleTVOS.platform/Developer/SDKs/AppleTVOS17.4.sdk/usr/lib/swift/host/plugins\#/Applications/Xcode-15.3.0-Beta.2.app/Contents/Developer/Platforms/AppleTVOS.platform/Developer/SDKs/AppleTVOS17.4.sdk/usr/bin/swift-plugin-server -external-plugin-path /Applications/Xcode-15.3.0-Beta.2.app/Contents/Developer/Platforms/AppleTVOS.platform/Developer/SDKs/AppleTVOS17.4.sdk/usr/local/lib/swift/host/plugins\#/Applications/Xcode-15.3.0-Beta.2.app/Contents/Developer/Platforms/AppleTVOS.platform/Developer/SDKs/AppleTVOS17.4.sdk/usr/bin/swift-plugin-server -external-plugin-path /Applications/Xcode-15.3.0-Beta.2.app/Contents/Developer/Platforms/AppleTVOS.platform/Developer/usr/lib/swift/host/plugins\#/Applications/Xcode-15.3.0-Beta.2.app/Contents/Developer/Platforms/AppleTVOS.platform/Developer/usr/bin/swift-plugin-server -external-plugin-path /Applications/Xcode-15.3.0-Beta.2.app/Contents/Developer/Platforms/AppleTVOS.platform/Developer/usr/local/lib/swift/host/plugins\#/Applications/Xcode-15.3.0-Beta.2.app/Contents/Developer/Platforms/AppleTVOS.platform/Developer/usr/bin/swift-plugin-server -plugin-path /Applications/Xcode-15.3.0-Beta.2.app/Contents/Developer/Toolchains/XcodeDefault.xctoolchain/usr/lib/swift/host/plugins -plugin-path /Applications/Xcode-15.3.0-Beta.2.app/Contents/Developer/Toolchains/XcodeDefault.xctoolchain/usr/local/lib/swift/host/plugins -emit-module-doc-path /Users/builder/builds/UKfvDsi8u/1/finestructure/swiftpackageindex-builder/spi-builder-workspace/.derivedData/Build/Intermediates.noindex/PackageConfig.build/Debug-appletvos/PackageConfig.build/Objects-normal/arm64/PackageConfig.swiftdoc -emit-module-source-info-path /Users/builder/builds/UKfvDsi8u/1/finestructure/swiftpackageindex-builder/spi-builder-workspace/.derivedData/Build/Intermediates.noindex/PackageConfig.build/Debug-appletvos/PackageConfig.build/Objects-normal/arm64/PackageConfig.swiftsourceinfo -emit-objc-header-path /Users/builder/builds/UKfvDsi8u/1/finestructure/swiftpackageindex-builder/spi-builder-workspace/.derivedData/Build/Intermediates.noindex/PackageConfig.build/Debug-appletvos/PackageConfig.build/Objects-normal/arm64/PackageConfig-Swift.h -serialize-diagnostics-path /Users/builder/builds/UKfvDsi8u/1/finestructure/swiftpackageindex-builder/spi-builder-workspace/.derivedData/Build/Intermediates.noindex/PackageConfig.build/Debug-appletvos/PackageConfig.build/Objects-normal/arm64/PackageConfig-master-emit-module.dia -emit-dependencies-path /Users/builder/builds/UKfvDsi8u/1/finestructure/swiftpackageindex-builder/spi-builder-workspace/.derivedData/Build/Intermediates.noindex/PackageConfig.build/Debug-appletvos/PackageConfig.build/Objects-normal/arm64/PackageConfig-master-emit-module.d -o /Users/builder/builds/UKfvDsi8u/1/finestructure/swiftpackageindex-builder/spi-builder-workspace/.derivedData/Build/Intermediates.noindex/PackageConfig.build/Debug-appletvos/PackageConfig.build/Objects-normal/arm64/PackageConfig.swiftmodule -emit-abi-descriptor-path /Users/builder/builds/UKfvDsi8u/1/finestructure/swiftpackageindex-builder/spi-builder-workspace/.derivedData/Build/Intermediates.noindex/PackageConfig.build/Debug-appletvos/PackageConfig.build/Objects-normal/arm64/PackageConfig.abi.json
/Users/builder/builds/UKfvDsi8u/1/finestructure/swiftpackageindex-builder/spi-builder-workspace/.dependencies/checkouts/PackageConfig/Sources/PackageConfig/DynamicLibraries.swift:2:14: error: class 'Process' does not exist in module 'Foundation'
import class Foundation.Process
             ^          ~~~~~~~
SwiftCompile normal arm64 Compiling\ Package.swift /Users/builder/builds/UKfvDsi8u/1/finestructure/swiftpackageindex-builder/spi-builder-workspace/.dependencies/checkouts/PackageConfig/Sources/PackageConfig/Package.swift (in target 'PackageConfig' from project 'PackageConfig')
    cd /Users/builder/builds/UKfvDsi8u/1/finestructure/swiftpackageindex-builder/spi-builder-workspace/.dependencies/checkouts/PackageConfig
    builtin-swiftTaskExecution -- /Applications/Xcode-15.3.0-Beta.2.app/Contents/Developer/Toolchains/XcodeDefault.xctoolchain/usr/bin/swift-frontend -frontend -c /Users/builder/builds/UKfvDsi8u/1/finestructure/swiftpackageindex-builder/spi-builder-workspace/.dependencies/checkouts/PackageConfig/Sources/PackageConfig/DynamicLibraries.swift /Users/builder/builds/UKfvDsi8u/1/finestructure/swiftpackageindex-builder/spi-builder-workspace/.dependencies/checkouts/PackageConfig/Sources/PackageConfig/Error.swift /Users/builder/builds/UKfvDsi8u/1/finestructure/swiftpackageindex-builder/spi-builder-workspace/.dependencies/checkouts/PackageConfig/Sources/PackageConfig/Loader.swift -primary-file /Users/builder/builds/UKfvDsi8u/1/finestructure/swiftpackageindex-builder/spi-builder-workspace/.dependencies/checkouts/PackageConfig/Sources/PackageConfig/Package.swift /Users/builder/builds/UKfvDsi8u/1/finestructure/swiftpackageindex-builder/spi-builder-workspace/.dependencies/checkouts/PackageConfig/Sources/PackageConfig/PackageConfig.swift /Users/builder/builds/UKfvDsi8u/1/finestructure/swiftpackageindex-builder/spi-builder-workspace/.dependencies/checkouts/PackageConfig/Sources/PackageConfig/PackageConfiguration.swift /Users/builder/builds/UKfvDsi8u/1/finestructure/swiftpackageindex-builder/spi-builder-workspace/.dependencies/checkouts/PackageConfig/Sources/PackageConfig/Writer.swift -emit-dependencies-path /Users/builder/builds/UKfvDsi8u/1/finestructure/swiftpackageindex-builder/spi-builder-workspace/.derivedData/Build/Intermediates.noindex/PackageConfig.build/Debug-appletvos/PackageConfig.build/Objects-normal/arm64/Package.d -emit-const-values-path /Users/builder/builds/UKfvDsi8u/1/finestructure/swiftpackageindex-builder/spi-builder-workspace/.derivedData/Build/Intermediates.noindex/PackageConfig.build/Debug-appletvos/PackageConfig.build/Objects-normal/arm64/Package.swiftconstvalues -emit-reference-dependencies-path /Users/builder/builds/UKfvDsi8u/1/finestructure/swiftpackageindex-builder/spi-builder-workspace/.derivedData/Build/Intermediates.noindex/PackageConfig.build/Debug-appletvos/PackageConfig.build/Objects-normal/arm64/Package.swiftdeps -serialize-diagnostics-path /Users/builder/builds/UKfvDsi8u/1/finestructure/swiftpackageindex-builder/spi-builder-workspace/.derivedData/Build/Intermediates.noindex/PackageConfig.build/Debug-appletvos/PackageConfig.build/Objects-normal/arm64/Package.dia -target arm64-apple-tvos12.0 -Xllvm -aarch64-use-tbi -enable-objc-interop -sdk /Applications/Xcode-15.3.0-Beta.2.app/Contents/Developer/Platforms/AppleTVOS.platform/Developer/SDKs/AppleTVOS17.4.sdk -I /Users/builder/builds/UKfvDsi8u/1/finestructure/swiftpackageindex-builder/spi-builder-workspace/.derivedData/Build/Products/Debug-appletvos -I /Applications/Xcode-15.3.0-Beta.2.app/Contents/Developer/Platforms/AppleTVOS.platform/Developer/usr/lib -F /Users/builder/builds/UKfvDsi8u/1/finestructure/swiftpackageindex-builder/spi-builder-workspace/.derivedData/Build/Products/Debug-appletvos -F /Applications/Xcode-15.3.0-Beta.2.app/Contents/Developer/Platforms/AppleTVOS.platform/Developer/Library/Frameworks -F /Applications/Xcode-15.3.0-Beta.2.app/Contents/Developer/Platforms/AppleTVOS.platform/Developer/SDKs/AppleTVOS17.4.sdk/Developer/Library/Frameworks -no-color-diagnostics -enable-testing -g -module-cache-path /Users/builder/builds/UKfvDsi8u/1/finestructure/swiftpackageindex-builder/spi-builder-workspace/.derivedData/ModuleCache.noindex -suppress-warnings -swift-version 4.2 -enforce-exclusivity\=checked -Onone -D SWIFT_PACKAGE -D DEBUG -D Xcode -serialize-debugging-options -const-gather-protocols-file /Users/builder/builds/UKfvDsi8u/1/finestructure/swiftpackageindex-builder/spi-builder-workspace/.derivedData/Build/Intermediates.noindex/PackageConfig.build/Debug-appletvos/PackageConfig.build/Objects-normal/arm64/PackageConfig_const_extract_protocols.json -empty-abi-descriptor -validate-clang-modules-once -clang-build-session-file /Users/builder/builds/UKfvDsi8u/1/finestructure/swiftpackageindex-builder/spi-builder-workspace/.derivedData/ModuleCache.noindex/Session.modulevalidation -Xcc -working-directory -Xcc /Users/builder/builds/UKfvDsi8u/1/finestructure/swiftpackageindex-builder/spi-builder-workspace/.dependencies/checkouts/PackageConfig -resource-dir /Applications/Xcode-15.3.0-Beta.2.app/Contents/Developer/Toolchains/XcodeDefault.xctoolchain/usr/lib/swift -enable-anonymous-context-mangled-names -Xcc -ivfsstatcache -Xcc /Users/builder/builds/UKfvDsi8u/1/finestructure/swiftpackageindex-builder/spi-builder-workspace/.derivedData/SDKStatCaches.noindex/appletvos17.4-21L5206e-a3897aa5c9b1d3e18efb168a98ac3602.sdkstatcache -Xcc -I/Users/builder/builds/UKfvDsi8u/1/finestructure/swiftpackageindex-builder/spi-builder-workspace/.derivedData/Build/Intermediates.noindex/PackageConfig.build/Debug-appletvos/PackageConfig.build/swift-overrides.hmap -Xcc -I/Users/builder/builds/UKfvDsi8u/1/finestructure/swiftpackageindex-builder/spi-builder-workspace/.derivedData/Build/Products/Debug-appletvos/include -Xcc -I/Users/builder/builds/UKfvDsi8u/1/finestructure/swiftpackageindex-builder/spi-builder-workspace/.derivedData/Build/Intermediates.noindex/PackageConfig.build/Debug-appletvos/PackageConfig.build/DerivedSources-normal/arm64 -Xcc -I/Users/builder/builds/UKfvDsi8u/1/finestructure/swiftpackageindex-builder/spi-builder-workspace/.derivedData/Build/Intermediates.noindex/PackageConfig.build/Debug-appletvos/PackageConfig.build/DerivedSources/arm64 -Xcc -I/Users/builder/builds/UKfvDsi8u/1/finestructure/swiftpackageindex-builder/spi-builder-workspace/.derivedData/Build/Intermediates.noindex/PackageConfig.build/Debug-appletvos/PackageConfig.build/DerivedSources -Xcc -DSWIFT_PACKAGE -Xcc -DDEBUG\=1 -module-name PackageConfig -frontend-parseable-output -disable-clang-spi -target-sdk-version 17.4 -target-sdk-name appletvos17.4 -external-plugin-path /Applications/Xcode-15.3.0-Beta.2.app/Contents/Developer/Platforms/AppleTVOS.platform/Developer/SDKs/AppleTVOS17.4.sdk/usr/lib/swift/host/plugins\#/Applications/Xcode-15.3.0-Beta.2.app/Contents/Developer/Platforms/AppleTVOS.platform/Developer/SDKs/AppleTVOS17.4.sdk/usr/bin/swift-plugin-server -external-plugin-path /Applications/Xcode-15.3.0-Beta.2.app/Contents/Developer/Platforms/AppleTVOS.platform/Developer/SDKs/AppleTVOS17.4.sdk/usr/local/lib/swift/host/plugins\#/Applications/Xcode-15.3.0-Beta.2.app/Contents/Developer/Platforms/AppleTVOS.platform/Developer/SDKs/AppleTVOS17.4.sdk/usr/bin/swift-plugin-server -external-plugin-path /Applications/Xcode-15.3.0-Beta.2.app/Contents/Developer/Platforms/AppleTVOS.platform/Developer/usr/lib/swift/host/plugins\#/Applications/Xcode-15.3.0-Beta.2.app/Contents/Developer/Platforms/AppleTVOS.platform/Developer/usr/bin/swift-plugin-server -external-plugin-path /Applications/Xcode-15.3.0-Beta.2.app/Contents/Developer/Platforms/AppleTVOS.platform/Developer/usr/local/lib/swift/host/plugins\#/Applications/Xcode-15.3.0-Beta.2.app/Contents/Developer/Platforms/AppleTVOS.platform/Developer/usr/bin/swift-plugin-server -plugin-path /Applications/Xcode-15.3.0-Beta.2.app/Contents/Developer/Toolchains/XcodeDefault.xctoolchain/usr/lib/swift/host/plugins -plugin-path /Applications/Xcode-15.3.0-Beta.2.app/Contents/Developer/Toolchains/XcodeDefault.xctoolchain/usr/local/lib/swift/host/plugins -o /Users/builder/builds/UKfvDsi8u/1/finestructure/swiftpackageindex-builder/spi-builder-workspace/.derivedData/Build/Intermediates.noindex/PackageConfig.build/Debug-appletvos/PackageConfig.build/Objects-normal/arm64/Package.o -index-unit-output-path /PackageConfig.build/Debug-appletvos/PackageConfig.build/Objects-normal/arm64/Package.o -index-store-path /Users/builder/builds/UKfvDsi8u/1/finestructure/swiftpackageindex-builder/spi-builder-workspace/.derivedData/Index.noindex/DataStore -index-system-modules
SwiftCompile normal arm64 /Users/builder/builds/UKfvDsi8u/1/finestructure/swiftpackageindex-builder/spi-builder-workspace/.dependencies/checkouts/PackageConfig/Sources/PackageConfig/Package.swift (in target 'PackageConfig' from project 'PackageConfig')
    cd /Users/builder/builds/UKfvDsi8u/1/finestructure/swiftpackageindex-builder/spi-builder-workspace/.dependencies/checkouts/PackageConfig
    /Applications/Xcode-15.3.0-Beta.2.app/Contents/Developer/Toolchains/XcodeDefault.xctoolchain/usr/bin/swift-frontend -c /Users/builder/builds/UKfvDsi8u/1/finestructure/swiftpackageindex-builder/spi-builder-workspace/.dependencies/checkouts/PackageConfig/Sources/PackageConfig/DynamicLibraries.swift /Users/builder/builds/UKfvDsi8u/1/finestructure/swiftpackageindex-builder/spi-builder-workspace/.dependencies/checkouts/PackageConfig/Sources/PackageConfig/Error.swift /Users/builder/builds/UKfvDsi8u/1/finestructure/swiftpackageindex-builder/spi-builder-workspace/.dependencies/checkouts/PackageConfig/Sources/PackageConfig/Loader.swift -primary-file /Users/builder/builds/UKfvDsi8u/1/finestructure/swiftpackageindex-builder/spi-builder-workspace/.dependencies/checkouts/PackageConfig/Sources/PackageConfig/Package.swift /Users/builder/builds/UKfvDsi8u/1/finestructure/swiftpackageindex-builder/spi-builder-workspace/.dependencies/checkouts/PackageConfig/Sources/PackageConfig/PackageConfig.swift /Users/builder/builds/UKfvDsi8u/1/finestructure/swiftpackageindex-builder/spi-builder-workspace/.dependencies/checkouts/PackageConfig/Sources/PackageConfig/PackageConfiguration.swift /Users/builder/builds/UKfvDsi8u/1/finestructure/swiftpackageindex-builder/spi-builder-workspace/.dependencies/checkouts/PackageConfig/Sources/PackageConfig/Writer.swift -emit-dependencies-path /Users/builder/builds/UKfvDsi8u/1/finestructure/swiftpackageindex-builder/spi-builder-workspace/.derivedData/Build/Intermediates.noindex/PackageConfig.build/Debug-appletvos/PackageConfig.build/Objects-normal/arm64/Package.d -emit-const-values-path /Users/builder/builds/UKfvDsi8u/1/finestructure/swiftpackageindex-builder/spi-builder-workspace/.derivedData/Build/Intermediates.noindex/PackageConfig.build/Debug-appletvos/PackageConfig.build/Objects-normal/arm64/Package.swiftconstvalues -emit-reference-dependencies-path /Users/builder/builds/UKfvDsi8u/1/finestructure/swiftpackageindex-builder/spi-builder-workspace/.derivedData/Build/Intermediates.noindex/PackageConfig.build/Debug-appletvos/PackageConfig.build/Objects-normal/arm64/Package.swiftdeps -serialize-diagnostics-path /Users/builder/builds/UKfvDsi8u/1/finestructure/swiftpackageindex-builder/spi-builder-workspace/.derivedData/Build/Intermediates.noindex/PackageConfig.build/Debug-appletvos/PackageConfig.build/Objects-normal/arm64/Package.dia -target arm64-apple-tvos12.0 -Xllvm -aarch64-use-tbi -enable-objc-interop -sdk /Applications/Xcode-15.3.0-Beta.2.app/Contents/Developer/Platforms/AppleTVOS.platform/Developer/SDKs/AppleTVOS17.4.sdk -I /Users/builder/builds/UKfvDsi8u/1/finestructure/swiftpackageindex-builder/spi-builder-workspace/.derivedData/Build/Products/Debug-appletvos -I /Applications/Xcode-15.3.0-Beta.2.app/Contents/Developer/Platforms/AppleTVOS.platform/Developer/usr/lib -F /Users/builder/builds/UKfvDsi8u/1/finestructure/swiftpackageindex-builder/spi-builder-workspace/.derivedData/Build/Products/Debug-appletvos -F /Applications/Xcode-15.3.0-Beta.2.app/Contents/Developer/Platforms/AppleTVOS.platform/Developer/Library/Frameworks -F /Applications/Xcode-15.3.0-Beta.2.app/Contents/Developer/Platforms/AppleTVOS.platform/Developer/SDKs/AppleTVOS17.4.sdk/Developer/Library/Frameworks -no-color-diagnostics -enable-testing -g -module-cache-path /Users/builder/builds/UKfvDsi8u/1/finestructure/swiftpackageindex-builder/spi-builder-workspace/.derivedData/ModuleCache.noindex -suppress-warnings -swift-version 4.2 -enforce-exclusivity\=checked -Onone -D SWIFT_PACKAGE -D DEBUG -D Xcode -serialize-debugging-options -const-gather-protocols-file /Users/builder/builds/UKfvDsi8u/1/finestructure/swiftpackageindex-builder/spi-builder-workspace/.derivedData/Build/Intermediates.noindex/PackageConfig.build/Debug-appletvos/PackageConfig.build/Objects-normal/arm64/PackageConfig_const_extract_protocols.json -empty-abi-descriptor -validate-clang-modules-once -clang-build-session-file /Users/builder/builds/UKfvDsi8u/1/finestructure/swiftpackageindex-builder/spi-builder-workspace/.derivedData/ModuleCache.noindex/Session.modulevalidation -Xcc -working-directory -Xcc /Users/builder/builds/UKfvDsi8u/1/finestructure/swiftpackageindex-builder/spi-builder-workspace/.dependencies/checkouts/PackageConfig -resource-dir /Applications/Xcode-15.3.0-Beta.2.app/Contents/Developer/Toolchains/XcodeDefault.xctoolchain/usr/lib/swift -enable-anonymous-context-mangled-names -Xcc -ivfsstatcache -Xcc /Users/builder/builds/UKfvDsi8u/1/finestructure/swiftpackageindex-builder/spi-builder-workspace/.derivedData/SDKStatCaches.noindex/appletvos17.4-21L5206e-a3897aa5c9b1d3e18efb168a98ac3602.sdkstatcache -Xcc -I/Users/builder/builds/UKfvDsi8u/1/finestructure/swiftpackageindex-builder/spi-builder-workspace/.derivedData/Build/Intermediates.noindex/PackageConfig.build/Debug-appletvos/PackageConfig.build/swift-overrides.hmap -Xcc -I/Users/builder/builds/UKfvDsi8u/1/finestructure/swiftpackageindex-builder/spi-builder-workspace/.derivedData/Build/Products/Debug-appletvos/include -Xcc -I/Users/builder/builds/UKfvDsi8u/1/finestructure/swiftpackageindex-builder/spi-builder-workspace/.derivedData/Build/Intermediates.noindex/PackageConfig.build/Debug-appletvos/PackageConfig.build/DerivedSources-normal/arm64 -Xcc -I/Users/builder/builds/UKfvDsi8u/1/finestructure/swiftpackageindex-builder/spi-builder-workspace/.derivedData/Build/Intermediates.noindex/PackageConfig.build/Debug-appletvos/PackageConfig.build/DerivedSources/arm64 -Xcc -I/Users/builder/builds/UKfvDsi8u/1/finestructure/swiftpackageindex-builder/spi-builder-workspace/.derivedData/Build/Intermediates.noindex/PackageConfig.build/Debug-appletvos/PackageConfig.build/DerivedSources -Xcc -DSWIFT_PACKAGE -Xcc -DDEBUG\=1 -module-name PackageConfig -frontend-parseable-output -disable-clang-spi -target-sdk-version 17.4 -target-sdk-name appletvos17.4 -external-plugin-path /Applications/Xcode-15.3.0-Beta.2.app/Contents/Developer/Platforms/AppleTVOS.platform/Developer/SDKs/AppleTVOS17.4.sdk/usr/lib/swift/host/plugins\#/Applications/Xcode-15.3.0-Beta.2.app/Contents/Developer/Platforms/AppleTVOS.platform/Developer/SDKs/AppleTVOS17.4.sdk/usr/bin/swift-plugin-server -external-plugin-path /Applications/Xcode-15.3.0-Beta.2.app/Contents/Developer/Platforms/AppleTVOS.platform/Developer/SDKs/AppleTVOS17.4.sdk/usr/local/lib/swift/host/plugins\#/Applications/Xcode-15.3.0-Beta.2.app/Contents/Developer/Platforms/AppleTVOS.platform/Developer/SDKs/AppleTVOS17.4.sdk/usr/bin/swift-plugin-server -external-plugin-path /Applications/Xcode-15.3.0-Beta.2.app/Contents/Developer/Platforms/AppleTVOS.platform/Developer/usr/lib/swift/host/plugins\#/Applications/Xcode-15.3.0-Beta.2.app/Contents/Developer/Platforms/AppleTVOS.platform/Developer/usr/bin/swift-plugin-server -external-plugin-path /Applications/Xcode-15.3.0-Beta.2.app/Contents/Developer/Platforms/AppleTVOS.platform/Developer/usr/local/lib/swift/host/plugins\#/Applications/Xcode-15.3.0-Beta.2.app/Contents/Developer/Platforms/AppleTVOS.platform/Developer/usr/bin/swift-plugin-server -plugin-path /Applications/Xcode-15.3.0-Beta.2.app/Contents/Developer/Toolchains/XcodeDefault.xctoolchain/usr/lib/swift/host/plugins -plugin-path /Applications/Xcode-15.3.0-Beta.2.app/Contents/Developer/Toolchains/XcodeDefault.xctoolchain/usr/local/lib/swift/host/plugins -o /Users/builder/builds/UKfvDsi8u/1/finestructure/swiftpackageindex-builder/spi-builder-workspace/.derivedData/Build/Intermediates.noindex/PackageConfig.build/Debug-appletvos/PackageConfig.build/Objects-normal/arm64/Package.o -index-unit-output-path /PackageConfig.build/Debug-appletvos/PackageConfig.build/Objects-normal/arm64/Package.o -index-store-path /Users/builder/builds/UKfvDsi8u/1/finestructure/swiftpackageindex-builder/spi-builder-workspace/.derivedData/Index.noindex/DataStore -index-system-modules
SwiftCompile normal arm64 Compiling\ Loader.swift /Users/builder/builds/UKfvDsi8u/1/finestructure/swiftpackageindex-builder/spi-builder-workspace/.dependencies/checkouts/PackageConfig/Sources/PackageConfig/Loader.swift (in target 'PackageConfig' from project 'PackageConfig')
    cd /Users/builder/builds/UKfvDsi8u/1/finestructure/swiftpackageindex-builder/spi-builder-workspace/.dependencies/checkouts/PackageConfig
    builtin-swiftTaskExecution -- /Applications/Xcode-15.3.0-Beta.2.app/Contents/Developer/Toolchains/XcodeDefault.xctoolchain/usr/bin/swift-frontend -frontend -c /Users/builder/builds/UKfvDsi8u/1/finestructure/swiftpackageindex-builder/spi-builder-workspace/.dependencies/checkouts/PackageConfig/Sources/PackageConfig/DynamicLibraries.swift /Users/builder/builds/UKfvDsi8u/1/finestructure/swiftpackageindex-builder/spi-builder-workspace/.dependencies/checkouts/PackageConfig/Sources/PackageConfig/Error.swift -primary-file /Users/builder/builds/UKfvDsi8u/1/finestructure/swiftpackageindex-builder/spi-builder-workspace/.dependencies/checkouts/PackageConfig/Sources/PackageConfig/Loader.swift /Users/builder/builds/UKfvDsi8u/1/finestructure/swiftpackageindex-builder/spi-builder-workspace/.dependencies/checkouts/PackageConfig/Sources/PackageConfig/Package.swift /Users/builder/builds/UKfvDsi8u/1/finestructure/swiftpackageindex-builder/spi-builder-workspace/.dependencies/checkouts/PackageConfig/Sources/PackageConfig/PackageConfig.swift /Users/builder/builds/UKfvDsi8u/1/finestructure/swiftpackageindex-builder/spi-builder-workspace/.dependencies/checkouts/PackageConfig/Sources/PackageConfig/PackageConfiguration.swift /Users/builder/builds/UKfvDsi8u/1/finestructure/swiftpackageindex-builder/spi-builder-workspace/.dependencies/checkouts/PackageConfig/Sources/PackageConfig/Writer.swift -emit-dependencies-path /Users/builder/builds/UKfvDsi8u/1/finestructure/swiftpackageindex-builder/spi-builder-workspace/.derivedData/Build/Intermediates.noindex/PackageConfig.build/Debug-appletvos/PackageConfig.build/Objects-normal/arm64/Loader.d -emit-const-values-path /Users/builder/builds/UKfvDsi8u/1/finestructure/swiftpackageindex-builder/spi-builder-workspace/.derivedData/Build/Intermediates.noindex/PackageConfig.build/Debug-appletvos/PackageConfig.build/Objects-normal/arm64/Loader.swiftconstvalues -emit-reference-dependencies-path /Users/builder/builds/UKfvDsi8u/1/finestructure/swiftpackageindex-builder/spi-builder-workspace/.derivedData/Build/Intermediates.noindex/PackageConfig.build/Debug-appletvos/PackageConfig.build/Objects-normal/arm64/Loader.swiftdeps -serialize-diagnostics-path /Users/builder/builds/UKfvDsi8u/1/finestructure/swiftpackageindex-builder/spi-builder-workspace/.derivedData/Build/Intermediates.noindex/PackageConfig.build/Debug-appletvos/PackageConfig.build/Objects-normal/arm64/Loader.dia -target arm64-apple-tvos12.0 -Xllvm -aarch64-use-tbi -enable-objc-interop -sdk /Applications/Xcode-15.3.0-Beta.2.app/Contents/Developer/Platforms/AppleTVOS.platform/Developer/SDKs/AppleTVOS17.4.sdk -I /Users/builder/builds/UKfvDsi8u/1/finestructure/swiftpackageindex-builder/spi-builder-workspace/.derivedData/Build/Products/Debug-appletvos -I /Applications/Xcode-15.3.0-Beta.2.app/Contents/Developer/Platforms/AppleTVOS.platform/Developer/usr/lib -F /Users/builder/builds/UKfvDsi8u/1/finestructure/swiftpackageindex-builder/spi-builder-workspace/.derivedData/Build/Products/Debug-appletvos -F /Applications/Xcode-15.3.0-Beta.2.app/Contents/Developer/Platforms/AppleTVOS.platform/Developer/Library/Frameworks -F /Applications/Xcode-15.3.0-Beta.2.app/Contents/Developer/Platforms/AppleTVOS.platform/Developer/SDKs/AppleTVOS17.4.sdk/Developer/Library/Frameworks -no-color-diagnostics -enable-testing -g -module-cache-path /Users/builder/builds/UKfvDsi8u/1/finestructure/swiftpackageindex-builder/spi-builder-workspace/.derivedData/ModuleCache.noindex -suppress-warnings -swift-version 4.2 -enforce-exclusivity\=checked -Onone -D SWIFT_PACKAGE -D DEBUG -D Xcode -serialize-debugging-options -const-gather-protocols-file /Users/builder/builds/UKfvDsi8u/1/finestructure/swiftpackageindex-builder/spi-builder-workspace/.derivedData/Build/Intermediates.noindex/PackageConfig.build/Debug-appletvos/PackageConfig.build/Objects-normal/arm64/PackageConfig_const_extract_protocols.json -empty-abi-descriptor -validate-clang-modules-once -clang-build-session-file /Users/builder/builds/UKfvDsi8u/1/finestructure/swiftpackageindex-builder/spi-builder-workspace/.derivedData/ModuleCache.noindex/Session.modulevalidation -Xcc -working-directory -Xcc /Users/builder/builds/UKfvDsi8u/1/finestructure/swiftpackageindex-builder/spi-builder-workspace/.dependencies/checkouts/PackageConfig -resource-dir /Applications/Xcode-15.3.0-Beta.2.app/Contents/Developer/Toolchains/XcodeDefault.xctoolchain/usr/lib/swift -enable-anonymous-context-mangled-names -Xcc -ivfsstatcache -Xcc /Users/builder/builds/UKfvDsi8u/1/finestructure/swiftpackageindex-builder/spi-builder-workspace/.derivedData/SDKStatCaches.noindex/appletvos17.4-21L5206e-a3897aa5c9b1d3e18efb168a98ac3602.sdkstatcache -Xcc -I/Users/builder/builds/UKfvDsi8u/1/finestructure/swiftpackageindex-builder/spi-builder-workspace/.derivedData/Build/Intermediates.noindex/PackageConfig.build/Debug-appletvos/PackageConfig.build/swift-overrides.hmap -Xcc -I/Users/builder/builds/UKfvDsi8u/1/finestructure/swiftpackageindex-builder/spi-builder-workspace/.derivedData/Build/Products/Debug-appletvos/include -Xcc -I/Users/builder/builds/UKfvDsi8u/1/finestructure/swiftpackageindex-builder/spi-builder-workspace/.derivedData/Build/Intermediates.noindex/PackageConfig.build/Debug-appletvos/PackageConfig.build/DerivedSources-normal/arm64 -Xcc -I/Users/builder/builds/UKfvDsi8u/1/finestructure/swiftpackageindex-builder/spi-builder-workspace/.derivedData/Build/Intermediates.noindex/PackageConfig.build/Debug-appletvos/PackageConfig.build/DerivedSources/arm64 -Xcc -I/Users/builder/builds/UKfvDsi8u/1/finestructure/swiftpackageindex-builder/spi-builder-workspace/.derivedData/Build/Intermediates.noindex/PackageConfig.build/Debug-appletvos/PackageConfig.build/DerivedSources -Xcc -DSWIFT_PACKAGE -Xcc -DDEBUG\=1 -module-name PackageConfig -frontend-parseable-output -disable-clang-spi -target-sdk-version 17.4 -target-sdk-name appletvos17.4 -external-plugin-path /Applications/Xcode-15.3.0-Beta.2.app/Contents/Developer/Platforms/AppleTVOS.platform/Developer/SDKs/AppleTVOS17.4.sdk/usr/lib/swift/host/plugins\#/Applications/Xcode-15.3.0-Beta.2.app/Contents/Developer/Platforms/AppleTVOS.platform/Developer/SDKs/AppleTVOS17.4.sdk/usr/bin/swift-plugin-server -external-plugin-path /Applications/Xcode-15.3.0-Beta.2.app/Contents/Developer/Platforms/AppleTVOS.platform/Developer/SDKs/AppleTVOS17.4.sdk/usr/local/lib/swift/host/plugins\#/Applications/Xcode-15.3.0-Beta.2.app/Contents/Developer/Platforms/AppleTVOS.platform/Developer/SDKs/AppleTVOS17.4.sdk/usr/bin/swift-plugin-server -external-plugin-path /Applications/Xcode-15.3.0-Beta.2.app/Contents/Developer/Platforms/AppleTVOS.platform/Developer/usr/lib/swift/host/plugins\#/Applications/Xcode-15.3.0-Beta.2.app/Contents/Developer/Platforms/AppleTVOS.platform/Developer/usr/bin/swift-plugin-server -external-plugin-path /Applications/Xcode-15.3.0-Beta.2.app/Contents/Developer/Platforms/AppleTVOS.platform/Developer/usr/local/lib/swift/host/plugins\#/Applications/Xcode-15.3.0-Beta.2.app/Contents/Developer/Platforms/AppleTVOS.platform/Developer/usr/bin/swift-plugin-server -plugin-path /Applications/Xcode-15.3.0-Beta.2.app/Contents/Developer/Toolchains/XcodeDefault.xctoolchain/usr/lib/swift/host/plugins -plugin-path /Applications/Xcode-15.3.0-Beta.2.app/Contents/Developer/Toolchains/XcodeDefault.xctoolchain/usr/local/lib/swift/host/plugins -o /Users/builder/builds/UKfvDsi8u/1/finestructure/swiftpackageindex-builder/spi-builder-workspace/.derivedData/Build/Intermediates.noindex/PackageConfig.build/Debug-appletvos/PackageConfig.build/Objects-normal/arm64/Loader.o -index-unit-output-path /PackageConfig.build/Debug-appletvos/PackageConfig.build/Objects-normal/arm64/Loader.o -index-store-path /Users/builder/builds/UKfvDsi8u/1/finestructure/swiftpackageindex-builder/spi-builder-workspace/.derivedData/Index.noindex/DataStore -index-system-modules
SwiftCompile normal arm64 /Users/builder/builds/UKfvDsi8u/1/finestructure/swiftpackageindex-builder/spi-builder-workspace/.dependencies/checkouts/PackageConfig/Sources/PackageConfig/Loader.swift (in target 'PackageConfig' from project 'PackageConfig')
    cd /Users/builder/builds/UKfvDsi8u/1/finestructure/swiftpackageindex-builder/spi-builder-workspace/.dependencies/checkouts/PackageConfig
    /Applications/Xcode-15.3.0-Beta.2.app/Contents/Developer/Toolchains/XcodeDefault.xctoolchain/usr/bin/swift-frontend -c /Users/builder/builds/UKfvDsi8u/1/finestructure/swiftpackageindex-builder/spi-builder-workspace/.dependencies/checkouts/PackageConfig/Sources/PackageConfig/DynamicLibraries.swift /Users/builder/builds/UKfvDsi8u/1/finestructure/swiftpackageindex-builder/spi-builder-workspace/.dependencies/checkouts/PackageConfig/Sources/PackageConfig/Error.swift -primary-file /Users/builder/builds/UKfvDsi8u/1/finestructure/swiftpackageindex-builder/spi-builder-workspace/.dependencies/checkouts/PackageConfig/Sources/PackageConfig/Loader.swift /Users/builder/builds/UKfvDsi8u/1/finestructure/swiftpackageindex-builder/spi-builder-workspace/.dependencies/checkouts/PackageConfig/Sources/PackageConfig/Package.swift /Users/builder/builds/UKfvDsi8u/1/finestructure/swiftpackageindex-builder/spi-builder-workspace/.dependencies/checkouts/PackageConfig/Sources/PackageConfig/PackageConfig.swift /Users/builder/builds/UKfvDsi8u/1/finestructure/swiftpackageindex-builder/spi-builder-workspace/.dependencies/checkouts/PackageConfig/Sources/PackageConfig/PackageConfiguration.swift /Users/builder/builds/UKfvDsi8u/1/finestructure/swiftpackageindex-builder/spi-builder-workspace/.dependencies/checkouts/PackageConfig/Sources/PackageConfig/Writer.swift -emit-dependencies-path /Users/builder/builds/UKfvDsi8u/1/finestructure/swiftpackageindex-builder/spi-builder-workspace/.derivedData/Build/Intermediates.noindex/PackageConfig.build/Debug-appletvos/PackageConfig.build/Objects-normal/arm64/Loader.d -emit-const-values-path /Users/builder/builds/UKfvDsi8u/1/finestructure/swiftpackageindex-builder/spi-builder-workspace/.derivedData/Build/Intermediates.noindex/PackageConfig.build/Debug-appletvos/PackageConfig.build/Objects-normal/arm64/Loader.swiftconstvalues -emit-reference-dependencies-path /Users/builder/builds/UKfvDsi8u/1/finestructure/swiftpackageindex-builder/spi-builder-workspace/.derivedData/Build/Intermediates.noindex/PackageConfig.build/Debug-appletvos/PackageConfig.build/Objects-normal/arm64/Loader.swiftdeps -serialize-diagnostics-path /Users/builder/builds/UKfvDsi8u/1/finestructure/swiftpackageindex-builder/spi-builder-workspace/.derivedData/Build/Intermediates.noindex/PackageConfig.build/Debug-appletvos/PackageConfig.build/Objects-normal/arm64/Loader.dia -target arm64-apple-tvos12.0 -Xllvm -aarch64-use-tbi -enable-objc-interop -sdk /Applications/Xcode-15.3.0-Beta.2.app/Contents/Developer/Platforms/AppleTVOS.platform/Developer/SDKs/AppleTVOS17.4.sdk -I /Users/builder/builds/UKfvDsi8u/1/finestructure/swiftpackageindex-builder/spi-builder-workspace/.derivedData/Build/Products/Debug-appletvos -I /Applications/Xcode-15.3.0-Beta.2.app/Contents/Developer/Platforms/AppleTVOS.platform/Developer/usr/lib -F /Users/builder/builds/UKfvDsi8u/1/finestructure/swiftpackageindex-builder/spi-builder-workspace/.derivedData/Build/Products/Debug-appletvos -F /Applications/Xcode-15.3.0-Beta.2.app/Contents/Developer/Platforms/AppleTVOS.platform/Developer/Library/Frameworks -F /Applications/Xcode-15.3.0-Beta.2.app/Contents/Developer/Platforms/AppleTVOS.platform/Developer/SDKs/AppleTVOS17.4.sdk/Developer/Library/Frameworks -no-color-diagnostics -enable-testing -g -module-cache-path /Users/builder/builds/UKfvDsi8u/1/finestructure/swiftpackageindex-builder/spi-builder-workspace/.derivedData/ModuleCache.noindex -suppress-warnings -swift-version 4.2 -enforce-exclusivity\=checked -Onone -D SWIFT_PACKAGE -D DEBUG -D Xcode -serialize-debugging-options -const-gather-protocols-file /Users/builder/builds/UKfvDsi8u/1/finestructure/swiftpackageindex-builder/spi-builder-workspace/.derivedData/Build/Intermediates.noindex/PackageConfig.build/Debug-appletvos/PackageConfig.build/Objects-normal/arm64/PackageConfig_const_extract_protocols.json -empty-abi-descriptor -validate-clang-modules-once -clang-build-session-file /Users/builder/builds/UKfvDsi8u/1/finestructure/swiftpackageindex-builder/spi-builder-workspace/.derivedData/ModuleCache.noindex/Session.modulevalidation -Xcc -working-directory -Xcc /Users/builder/builds/UKfvDsi8u/1/finestructure/swiftpackageindex-builder/spi-builder-workspace/.dependencies/checkouts/PackageConfig -resource-dir /Applications/Xcode-15.3.0-Beta.2.app/Contents/Developer/Toolchains/XcodeDefault.xctoolchain/usr/lib/swift -enable-anonymous-context-mangled-names -Xcc -ivfsstatcache -Xcc /Users/builder/builds/UKfvDsi8u/1/finestructure/swiftpackageindex-builder/spi-builder-workspace/.derivedData/SDKStatCaches.noindex/appletvos17.4-21L5206e-a3897aa5c9b1d3e18efb168a98ac3602.sdkstatcache -Xcc -I/Users/builder/builds/UKfvDsi8u/1/finestructure/swiftpackageindex-builder/spi-builder-workspace/.derivedData/Build/Intermediates.noindex/PackageConfig.build/Debug-appletvos/PackageConfig.build/swift-overrides.hmap -Xcc -I/Users/builder/builds/UKfvDsi8u/1/finestructure/swiftpackageindex-builder/spi-builder-workspace/.derivedData/Build/Products/Debug-appletvos/include -Xcc -I/Users/builder/builds/UKfvDsi8u/1/finestructure/swiftpackageindex-builder/spi-builder-workspace/.derivedData/Build/Intermediates.noindex/PackageConfig.build/Debug-appletvos/PackageConfig.build/DerivedSources-normal/arm64 -Xcc -I/Users/builder/builds/UKfvDsi8u/1/finestructure/swiftpackageindex-builder/spi-builder-workspace/.derivedData/Build/Intermediates.noindex/PackageConfig.build/Debug-appletvos/PackageConfig.build/DerivedSources/arm64 -Xcc -I/Users/builder/builds/UKfvDsi8u/1/finestructure/swiftpackageindex-builder/spi-builder-workspace/.derivedData/Build/Intermediates.noindex/PackageConfig.build/Debug-appletvos/PackageConfig.build/DerivedSources -Xcc -DSWIFT_PACKAGE -Xcc -DDEBUG\=1 -module-name PackageConfig -frontend-parseable-output -disable-clang-spi -target-sdk-version 17.4 -target-sdk-name appletvos17.4 -external-plugin-path /Applications/Xcode-15.3.0-Beta.2.app/Contents/Developer/Platforms/AppleTVOS.platform/Developer/SDKs/AppleTVOS17.4.sdk/usr/lib/swift/host/plugins\#/Applications/Xcode-15.3.0-Beta.2.app/Contents/Developer/Platforms/AppleTVOS.platform/Developer/SDKs/AppleTVOS17.4.sdk/usr/bin/swift-plugin-server -external-plugin-path /Applications/Xcode-15.3.0-Beta.2.app/Contents/Developer/Platforms/AppleTVOS.platform/Developer/SDKs/AppleTVOS17.4.sdk/usr/local/lib/swift/host/plugins\#/Applications/Xcode-15.3.0-Beta.2.app/Contents/Developer/Platforms/AppleTVOS.platform/Developer/SDKs/AppleTVOS17.4.sdk/usr/bin/swift-plugin-server -external-plugin-path /Applications/Xcode-15.3.0-Beta.2.app/Contents/Developer/Platforms/AppleTVOS.platform/Developer/usr/lib/swift/host/plugins\#/Applications/Xcode-15.3.0-Beta.2.app/Contents/Developer/Platforms/AppleTVOS.platform/Developer/usr/bin/swift-plugin-server -external-plugin-path /Applications/Xcode-15.3.0-Beta.2.app/Contents/Developer/Platforms/AppleTVOS.platform/Developer/usr/local/lib/swift/host/plugins\#/Applications/Xcode-15.3.0-Beta.2.app/Contents/Developer/Platforms/AppleTVOS.platform/Developer/usr/bin/swift-plugin-server -plugin-path /Applications/Xcode-15.3.0-Beta.2.app/Contents/Developer/Toolchains/XcodeDefault.xctoolchain/usr/lib/swift/host/plugins -plugin-path /Applications/Xcode-15.3.0-Beta.2.app/Contents/Developer/Toolchains/XcodeDefault.xctoolchain/usr/local/lib/swift/host/plugins -o /Users/builder/builds/UKfvDsi8u/1/finestructure/swiftpackageindex-builder/spi-builder-workspace/.derivedData/Build/Intermediates.noindex/PackageConfig.build/Debug-appletvos/PackageConfig.build/Objects-normal/arm64/Loader.o -index-unit-output-path /PackageConfig.build/Debug-appletvos/PackageConfig.build/Objects-normal/arm64/Loader.o -index-store-path /Users/builder/builds/UKfvDsi8u/1/finestructure/swiftpackageindex-builder/spi-builder-workspace/.derivedData/Index.noindex/DataStore -index-system-modules
SwiftCompile normal arm64 Compiling\ Error.swift /Users/builder/builds/UKfvDsi8u/1/finestructure/swiftpackageindex-builder/spi-builder-workspace/.dependencies/checkouts/PackageConfig/Sources/PackageConfig/Error.swift (in target 'PackageConfig' from project 'PackageConfig')
    cd /Users/builder/builds/UKfvDsi8u/1/finestructure/swiftpackageindex-builder/spi-builder-workspace/.dependencies/checkouts/PackageConfig
    builtin-swiftTaskExecution -- /Applications/Xcode-15.3.0-Beta.2.app/Contents/Developer/Toolchains/XcodeDefault.xctoolchain/usr/bin/swift-frontend -frontend -c /Users/builder/builds/UKfvDsi8u/1/finestructure/swiftpackageindex-builder/spi-builder-workspace/.dependencies/checkouts/PackageConfig/Sources/PackageConfig/DynamicLibraries.swift -primary-file /Users/builder/builds/UKfvDsi8u/1/finestructure/swiftpackageindex-builder/spi-builder-workspace/.dependencies/checkouts/PackageConfig/Sources/PackageConfig/Error.swift /Users/builder/builds/UKfvDsi8u/1/finestructure/swiftpackageindex-builder/spi-builder-workspace/.dependencies/checkouts/PackageConfig/Sources/PackageConfig/Loader.swift /Users/builder/builds/UKfvDsi8u/1/finestructure/swiftpackageindex-builder/spi-builder-workspace/.dependencies/checkouts/PackageConfig/Sources/PackageConfig/Package.swift /Users/builder/builds/UKfvDsi8u/1/finestructure/swiftpackageindex-builder/spi-builder-workspace/.dependencies/checkouts/PackageConfig/Sources/PackageConfig/PackageConfig.swift /Users/builder/builds/UKfvDsi8u/1/finestructure/swiftpackageindex-builder/spi-builder-workspace/.dependencies/checkouts/PackageConfig/Sources/PackageConfig/PackageConfiguration.swift /Users/builder/builds/UKfvDsi8u/1/finestructure/swiftpackageindex-builder/spi-builder-workspace/.dependencies/checkouts/PackageConfig/Sources/PackageConfig/Writer.swift -emit-dependencies-path /Users/builder/builds/UKfvDsi8u/1/finestructure/swiftpackageindex-builder/spi-builder-workspace/.derivedData/Build/Intermediates.noindex/PackageConfig.build/Debug-appletvos/PackageConfig.build/Objects-normal/arm64/Error.d -emit-const-values-path /Users/builder/builds/UKfvDsi8u/1/finestructure/swiftpackageindex-builder/spi-builder-workspace/.derivedData/Build/Intermediates.noindex/PackageConfig.build/Debug-appletvos/PackageConfig.build/Objects-normal/arm64/Error.swiftconstvalues -emit-reference-dependencies-path /Users/builder/builds/UKfvDsi8u/1/finestructure/swiftpackageindex-builder/spi-builder-workspace/.derivedData/Build/Intermediates.noindex/PackageConfig.build/Debug-appletvos/PackageConfig.build/Objects-normal/arm64/Error.swiftdeps -serialize-diagnostics-path /Users/builder/builds/UKfvDsi8u/1/finestructure/swiftpackageindex-builder/spi-builder-workspace/.derivedData/Build/Intermediates.noindex/PackageConfig.build/Debug-appletvos/PackageConfig.build/Objects-normal/arm64/Error.dia -target arm64-apple-tvos12.0 -Xllvm -aarch64-use-tbi -enable-objc-interop -sdk /Applications/Xcode-15.3.0-Beta.2.app/Contents/Developer/Platforms/AppleTVOS.platform/Developer/SDKs/AppleTVOS17.4.sdk -I /Users/builder/builds/UKfvDsi8u/1/finestructure/swiftpackageindex-builder/spi-builder-workspace/.derivedData/Build/Products/Debug-appletvos -I /Applications/Xcode-15.3.0-Beta.2.app/Contents/Developer/Platforms/AppleTVOS.platform/Developer/usr/lib -F /Users/builder/builds/UKfvDsi8u/1/finestructure/swiftpackageindex-builder/spi-builder-workspace/.derivedData/Build/Products/Debug-appletvos -F /Applications/Xcode-15.3.0-Beta.2.app/Contents/Developer/Platforms/AppleTVOS.platform/Developer/Library/Frameworks -F /Applications/Xcode-15.3.0-Beta.2.app/Contents/Developer/Platforms/AppleTVOS.platform/Developer/SDKs/AppleTVOS17.4.sdk/Developer/Library/Frameworks -no-color-diagnostics -enable-testing -g -module-cache-path /Users/builder/builds/UKfvDsi8u/1/finestructure/swiftpackageindex-builder/spi-builder-workspace/.derivedData/ModuleCache.noindex -suppress-warnings -swift-version 4.2 -enforce-exclusivity\=checked -Onone -D SWIFT_PACKAGE -D DEBUG -D Xcode -serialize-debugging-options -const-gather-protocols-file /Users/builder/builds/UKfvDsi8u/1/finestructure/swiftpackageindex-builder/spi-builder-workspace/.derivedData/Build/Intermediates.noindex/PackageConfig.build/Debug-appletvos/PackageConfig.build/Objects-normal/arm64/PackageConfig_const_extract_protocols.json -empty-abi-descriptor -validate-clang-modules-once -clang-build-session-file /Users/builder/builds/UKfvDsi8u/1/finestructure/swiftpackageindex-builder/spi-builder-workspace/.derivedData/ModuleCache.noindex/Session.modulevalidation -Xcc -working-directory -Xcc /Users/builder/builds/UKfvDsi8u/1/finestructure/swiftpackageindex-builder/spi-builder-workspace/.dependencies/checkouts/PackageConfig -resource-dir /Applications/Xcode-15.3.0-Beta.2.app/Contents/Developer/Toolchains/XcodeDefault.xctoolchain/usr/lib/swift -enable-anonymous-context-mangled-names -Xcc -ivfsstatcache -Xcc /Users/builder/builds/UKfvDsi8u/1/finestructure/swiftpackageindex-builder/spi-builder-workspace/.derivedData/SDKStatCaches.noindex/appletvos17.4-21L5206e-a3897aa5c9b1d3e18efb168a98ac3602.sdkstatcache -Xcc -I/Users/builder/builds/UKfvDsi8u/1/finestructure/swiftpackageindex-builder/spi-builder-workspace/.derivedData/Build/Intermediates.noindex/PackageConfig.build/Debug-appletvos/PackageConfig.build/swift-overrides.hmap -Xcc -I/Users/builder/builds/UKfvDsi8u/1/finestructure/swiftpackageindex-builder/spi-builder-workspace/.derivedData/Build/Products/Debug-appletvos/include -Xcc -I/Users/builder/builds/UKfvDsi8u/1/finestructure/swiftpackageindex-builder/spi-builder-workspace/.derivedData/Build/Intermediates.noindex/PackageConfig.build/Debug-appletvos/PackageConfig.build/DerivedSources-normal/arm64 -Xcc -I/Users/builder/builds/UKfvDsi8u/1/finestructure/swiftpackageindex-builder/spi-builder-workspace/.derivedData/Build/Intermediates.noindex/PackageConfig.build/Debug-appletvos/PackageConfig.build/DerivedSources/arm64 -Xcc -I/Users/builder/builds/UKfvDsi8u/1/finestructure/swiftpackageindex-builder/spi-builder-workspace/.derivedData/Build/Intermediates.noindex/PackageConfig.build/Debug-appletvos/PackageConfig.build/DerivedSources -Xcc -DSWIFT_PACKAGE -Xcc -DDEBUG\=1 -module-name PackageConfig -frontend-parseable-output -disable-clang-spi -target-sdk-version 17.4 -target-sdk-name appletvos17.4 -external-plugin-path /Applications/Xcode-15.3.0-Beta.2.app/Contents/Developer/Platforms/AppleTVOS.platform/Developer/SDKs/AppleTVOS17.4.sdk/usr/lib/swift/host/plugins\#/Applications/Xcode-15.3.0-Beta.2.app/Contents/Developer/Platforms/AppleTVOS.platform/Developer/SDKs/AppleTVOS17.4.sdk/usr/bin/swift-plugin-server -external-plugin-path /Applications/Xcode-15.3.0-Beta.2.app/Contents/Developer/Platforms/AppleTVOS.platform/Developer/SDKs/AppleTVOS17.4.sdk/usr/local/lib/swift/host/plugins\#/Applications/Xcode-15.3.0-Beta.2.app/Contents/Developer/Platforms/AppleTVOS.platform/Developer/SDKs/AppleTVOS17.4.sdk/usr/bin/swift-plugin-server -external-plugin-path /Applications/Xcode-15.3.0-Beta.2.app/Contents/Developer/Platforms/AppleTVOS.platform/Developer/usr/lib/swift/host/plugins\#/Applications/Xcode-15.3.0-Beta.2.app/Contents/Developer/Platforms/AppleTVOS.platform/Developer/usr/bin/swift-plugin-server -external-plugin-path /Applications/Xcode-15.3.0-Beta.2.app/Contents/Developer/Platforms/AppleTVOS.platform/Developer/usr/local/lib/swift/host/plugins\#/Applications/Xcode-15.3.0-Beta.2.app/Contents/Developer/Platforms/AppleTVOS.platform/Developer/usr/bin/swift-plugin-server -plugin-path /Applications/Xcode-15.3.0-Beta.2.app/Contents/Developer/Toolchains/XcodeDefault.xctoolchain/usr/lib/swift/host/plugins -plugin-path /Applications/Xcode-15.3.0-Beta.2.app/Contents/Developer/Toolchains/XcodeDefault.xctoolchain/usr/local/lib/swift/host/plugins -o /Users/builder/builds/UKfvDsi8u/1/finestructure/swiftpackageindex-builder/spi-builder-workspace/.derivedData/Build/Intermediates.noindex/PackageConfig.build/Debug-appletvos/PackageConfig.build/Objects-normal/arm64/Error.o -index-unit-output-path /PackageConfig.build/Debug-appletvos/PackageConfig.build/Objects-normal/arm64/Error.o -index-store-path /Users/builder/builds/UKfvDsi8u/1/finestructure/swiftpackageindex-builder/spi-builder-workspace/.derivedData/Index.noindex/DataStore -index-system-modules
SwiftCompile normal arm64 /Users/builder/builds/UKfvDsi8u/1/finestructure/swiftpackageindex-builder/spi-builder-workspace/.dependencies/checkouts/PackageConfig/Sources/PackageConfig/Error.swift (in target 'PackageConfig' from project 'PackageConfig')
    cd /Users/builder/builds/UKfvDsi8u/1/finestructure/swiftpackageindex-builder/spi-builder-workspace/.dependencies/checkouts/PackageConfig
    /Applications/Xcode-15.3.0-Beta.2.app/Contents/Developer/Toolchains/XcodeDefault.xctoolchain/usr/bin/swift-frontend -c /Users/builder/builds/UKfvDsi8u/1/finestructure/swiftpackageindex-builder/spi-builder-workspace/.dependencies/checkouts/PackageConfig/Sources/PackageConfig/DynamicLibraries.swift -primary-file /Users/builder/builds/UKfvDsi8u/1/finestructure/swiftpackageindex-builder/spi-builder-workspace/.dependencies/checkouts/PackageConfig/Sources/PackageConfig/Error.swift /Users/builder/builds/UKfvDsi8u/1/finestructure/swiftpackageindex-builder/spi-builder-workspace/.dependencies/checkouts/PackageConfig/Sources/PackageConfig/Loader.swift /Users/builder/builds/UKfvDsi8u/1/finestructure/swiftpackageindex-builder/spi-builder-workspace/.dependencies/checkouts/PackageConfig/Sources/PackageConfig/Package.swift /Users/builder/builds/UKfvDsi8u/1/finestructure/swiftpackageindex-builder/spi-builder-workspace/.dependencies/checkouts/PackageConfig/Sources/PackageConfig/PackageConfig.swift /Users/builder/builds/UKfvDsi8u/1/finestructure/swiftpackageindex-builder/spi-builder-workspace/.dependencies/checkouts/PackageConfig/Sources/PackageConfig/PackageConfiguration.swift /Users/builder/builds/UKfvDsi8u/1/finestructure/swiftpackageindex-builder/spi-builder-workspace/.dependencies/checkouts/PackageConfig/Sources/PackageConfig/Writer.swift -emit-dependencies-path /Users/builder/builds/UKfvDsi8u/1/finestructure/swiftpackageindex-builder/spi-builder-workspace/.derivedData/Build/Intermediates.noindex/PackageConfig.build/Debug-appletvos/PackageConfig.build/Objects-normal/arm64/Error.d -emit-const-values-path /Users/builder/builds/UKfvDsi8u/1/finestructure/swiftpackageindex-builder/spi-builder-workspace/.derivedData/Build/Intermediates.noindex/PackageConfig.build/Debug-appletvos/PackageConfig.build/Objects-normal/arm64/Error.swiftconstvalues -emit-reference-dependencies-path /Users/builder/builds/UKfvDsi8u/1/finestructure/swiftpackageindex-builder/spi-builder-workspace/.derivedData/Build/Intermediates.noindex/PackageConfig.build/Debug-appletvos/PackageConfig.build/Objects-normal/arm64/Error.swiftdeps -serialize-diagnostics-path /Users/builder/builds/UKfvDsi8u/1/finestructure/swiftpackageindex-builder/spi-builder-workspace/.derivedData/Build/Intermediates.noindex/PackageConfig.build/Debug-appletvos/PackageConfig.build/Objects-normal/arm64/Error.dia -target arm64-apple-tvos12.0 -Xllvm -aarch64-use-tbi -enable-objc-interop -sdk /Applications/Xcode-15.3.0-Beta.2.app/Contents/Developer/Platforms/AppleTVOS.platform/Developer/SDKs/AppleTVOS17.4.sdk -I /Users/builder/builds/UKfvDsi8u/1/finestructure/swiftpackageindex-builder/spi-builder-workspace/.derivedData/Build/Products/Debug-appletvos -I /Applications/Xcode-15.3.0-Beta.2.app/Contents/Developer/Platforms/AppleTVOS.platform/Developer/usr/lib -F /Users/builder/builds/UKfvDsi8u/1/finestructure/swiftpackageindex-builder/spi-builder-workspace/.derivedData/Build/Products/Debug-appletvos -F /Applications/Xcode-15.3.0-Beta.2.app/Contents/Developer/Platforms/AppleTVOS.platform/Developer/Library/Frameworks -F /Applications/Xcode-15.3.0-Beta.2.app/Contents/Developer/Platforms/AppleTVOS.platform/Developer/SDKs/AppleTVOS17.4.sdk/Developer/Library/Frameworks -no-color-diagnostics -enable-testing -g -module-cache-path /Users/builder/builds/UKfvDsi8u/1/finestructure/swiftpackageindex-builder/spi-builder-workspace/.derivedData/ModuleCache.noindex -suppress-warnings -swift-version 4.2 -enforce-exclusivity\=checked -Onone -D SWIFT_PACKAGE -D DEBUG -D Xcode -serialize-debugging-options -const-gather-protocols-file /Users/builder/builds/UKfvDsi8u/1/finestructure/swiftpackageindex-builder/spi-builder-workspace/.derivedData/Build/Intermediates.noindex/PackageConfig.build/Debug-appletvos/PackageConfig.build/Objects-normal/arm64/PackageConfig_const_extract_protocols.json -empty-abi-descriptor -validate-clang-modules-once -clang-build-session-file /Users/builder/builds/UKfvDsi8u/1/finestructure/swiftpackageindex-builder/spi-builder-workspace/.derivedData/ModuleCache.noindex/Session.modulevalidation -Xcc -working-directory -Xcc /Users/builder/builds/UKfvDsi8u/1/finestructure/swiftpackageindex-builder/spi-builder-workspace/.dependencies/checkouts/PackageConfig -resource-dir /Applications/Xcode-15.3.0-Beta.2.app/Contents/Developer/Toolchains/XcodeDefault.xctoolchain/usr/lib/swift -enable-anonymous-context-mangled-names -Xcc -ivfsstatcache -Xcc /Users/builder/builds/UKfvDsi8u/1/finestructure/swiftpackageindex-builder/spi-builder-workspace/.derivedData/SDKStatCaches.noindex/appletvos17.4-21L5206e-a3897aa5c9b1d3e18efb168a98ac3602.sdkstatcache -Xcc -I/Users/builder/builds/UKfvDsi8u/1/finestructure/swiftpackageindex-builder/spi-builder-workspace/.derivedData/Build/Intermediates.noindex/PackageConfig.build/Debug-appletvos/PackageConfig.build/swift-overrides.hmap -Xcc -I/Users/builder/builds/UKfvDsi8u/1/finestructure/swiftpackageindex-builder/spi-builder-workspace/.derivedData/Build/Products/Debug-appletvos/include -Xcc -I/Users/builder/builds/UKfvDsi8u/1/finestructure/swiftpackageindex-builder/spi-builder-workspace/.derivedData/Build/Intermediates.noindex/PackageConfig.build/Debug-appletvos/PackageConfig.build/DerivedSources-normal/arm64 -Xcc -I/Users/builder/builds/UKfvDsi8u/1/finestructure/swiftpackageindex-builder/spi-builder-workspace/.derivedData/Build/Intermediates.noindex/PackageConfig.build/Debug-appletvos/PackageConfig.build/DerivedSources/arm64 -Xcc -I/Users/builder/builds/UKfvDsi8u/1/finestructure/swiftpackageindex-builder/spi-builder-workspace/.derivedData/Build/Intermediates.noindex/PackageConfig.build/Debug-appletvos/PackageConfig.build/DerivedSources -Xcc -DSWIFT_PACKAGE -Xcc -DDEBUG\=1 -module-name PackageConfig -frontend-parseable-output -disable-clang-spi -target-sdk-version 17.4 -target-sdk-name appletvos17.4 -external-plugin-path /Applications/Xcode-15.3.0-Beta.2.app/Contents/Developer/Platforms/AppleTVOS.platform/Developer/SDKs/AppleTVOS17.4.sdk/usr/lib/swift/host/plugins\#/Applications/Xcode-15.3.0-Beta.2.app/Contents/Developer/Platforms/AppleTVOS.platform/Developer/SDKs/AppleTVOS17.4.sdk/usr/bin/swift-plugin-server -external-plugin-path /Applications/Xcode-15.3.0-Beta.2.app/Contents/Developer/Platforms/AppleTVOS.platform/Developer/SDKs/AppleTVOS17.4.sdk/usr/local/lib/swift/host/plugins\#/Applications/Xcode-15.3.0-Beta.2.app/Contents/Developer/Platforms/AppleTVOS.platform/Developer/SDKs/AppleTVOS17.4.sdk/usr/bin/swift-plugin-server -external-plugin-path /Applications/Xcode-15.3.0-Beta.2.app/Contents/Developer/Platforms/AppleTVOS.platform/Developer/usr/lib/swift/host/plugins\#/Applications/Xcode-15.3.0-Beta.2.app/Contents/Developer/Platforms/AppleTVOS.platform/Developer/usr/bin/swift-plugin-server -external-plugin-path /Applications/Xcode-15.3.0-Beta.2.app/Contents/Developer/Platforms/AppleTVOS.platform/Developer/usr/local/lib/swift/host/plugins\#/Applications/Xcode-15.3.0-Beta.2.app/Contents/Developer/Platforms/AppleTVOS.platform/Developer/usr/bin/swift-plugin-server -plugin-path /Applications/Xcode-15.3.0-Beta.2.app/Contents/Developer/Toolchains/XcodeDefault.xctoolchain/usr/lib/swift/host/plugins -plugin-path /Applications/Xcode-15.3.0-Beta.2.app/Contents/Developer/Toolchains/XcodeDefault.xctoolchain/usr/local/lib/swift/host/plugins -o /Users/builder/builds/UKfvDsi8u/1/finestructure/swiftpackageindex-builder/spi-builder-workspace/.derivedData/Build/Intermediates.noindex/PackageConfig.build/Debug-appletvos/PackageConfig.build/Objects-normal/arm64/Error.o -index-unit-output-path /PackageConfig.build/Debug-appletvos/PackageConfig.build/Objects-normal/arm64/Error.o -index-store-path /Users/builder/builds/UKfvDsi8u/1/finestructure/swiftpackageindex-builder/spi-builder-workspace/.derivedData/Index.noindex/DataStore -index-system-modules
SwiftCompile normal arm64 Compiling\ PackageConfig.swift /Users/builder/builds/UKfvDsi8u/1/finestructure/swiftpackageindex-builder/spi-builder-workspace/.dependencies/checkouts/PackageConfig/Sources/PackageConfig/PackageConfig.swift (in target 'PackageConfig' from project 'PackageConfig')
    cd /Users/builder/builds/UKfvDsi8u/1/finestructure/swiftpackageindex-builder/spi-builder-workspace/.dependencies/checkouts/PackageConfig
    builtin-swiftTaskExecution -- /Applications/Xcode-15.3.0-Beta.2.app/Contents/Developer/Toolchains/XcodeDefault.xctoolchain/usr/bin/swift-frontend -frontend -c /Users/builder/builds/UKfvDsi8u/1/finestructure/swiftpackageindex-builder/spi-builder-workspace/.dependencies/checkouts/PackageConfig/Sources/PackageConfig/DynamicLibraries.swift /Users/builder/builds/UKfvDsi8u/1/finestructure/swiftpackageindex-builder/spi-builder-workspace/.dependencies/checkouts/PackageConfig/Sources/PackageConfig/Error.swift /Users/builder/builds/UKfvDsi8u/1/finestructure/swiftpackageindex-builder/spi-builder-workspace/.dependencies/checkouts/PackageConfig/Sources/PackageConfig/Loader.swift /Users/builder/builds/UKfvDsi8u/1/finestructure/swiftpackageindex-builder/spi-builder-workspace/.dependencies/checkouts/PackageConfig/Sources/PackageConfig/Package.swift -primary-file /Users/builder/builds/UKfvDsi8u/1/finestructure/swiftpackageindex-builder/spi-builder-workspace/.dependencies/checkouts/PackageConfig/Sources/PackageConfig/PackageConfig.swift /Users/builder/builds/UKfvDsi8u/1/finestructure/swiftpackageindex-builder/spi-builder-workspace/.dependencies/checkouts/PackageConfig/Sources/PackageConfig/PackageConfiguration.swift /Users/builder/builds/UKfvDsi8u/1/finestructure/swiftpackageindex-builder/spi-builder-workspace/.dependencies/checkouts/PackageConfig/Sources/PackageConfig/Writer.swift -emit-dependencies-path /Users/builder/builds/UKfvDsi8u/1/finestructure/swiftpackageindex-builder/spi-builder-workspace/.derivedData/Build/Intermediates.noindex/PackageConfig.build/Debug-appletvos/PackageConfig.build/Objects-normal/arm64/PackageConfig.d -emit-const-values-path /Users/builder/builds/UKfvDsi8u/1/finestructure/swiftpackageindex-builder/spi-builder-workspace/.derivedData/Build/Intermediates.noindex/PackageConfig.build/Debug-appletvos/PackageConfig.build/Objects-normal/arm64/PackageConfig.swiftconstvalues -emit-reference-dependencies-path /Users/builder/builds/UKfvDsi8u/1/finestructure/swiftpackageindex-builder/spi-builder-workspace/.derivedData/Build/Intermediates.noindex/PackageConfig.build/Debug-appletvos/PackageConfig.build/Objects-normal/arm64/PackageConfig.swiftdeps -serialize-diagnostics-path /Users/builder/builds/UKfvDsi8u/1/finestructure/swiftpackageindex-builder/spi-builder-workspace/.derivedData/Build/Intermediates.noindex/PackageConfig.build/Debug-appletvos/PackageConfig.build/Objects-normal/arm64/PackageConfig.dia -target arm64-apple-tvos12.0 -Xllvm -aarch64-use-tbi -enable-objc-interop -sdk /Applications/Xcode-15.3.0-Beta.2.app/Contents/Developer/Platforms/AppleTVOS.platform/Developer/SDKs/AppleTVOS17.4.sdk -I /Users/builder/builds/UKfvDsi8u/1/finestructure/swiftpackageindex-builder/spi-builder-workspace/.derivedData/Build/Products/Debug-appletvos -I /Applications/Xcode-15.3.0-Beta.2.app/Contents/Developer/Platforms/AppleTVOS.platform/Developer/usr/lib -F /Users/builder/builds/UKfvDsi8u/1/finestructure/swiftpackageindex-builder/spi-builder-workspace/.derivedData/Build/Products/Debug-appletvos -F /Applications/Xcode-15.3.0-Beta.2.app/Contents/Developer/Platforms/AppleTVOS.platform/Developer/Library/Frameworks -F /Applications/Xcode-15.3.0-Beta.2.app/Contents/Developer/Platforms/AppleTVOS.platform/Developer/SDKs/AppleTVOS17.4.sdk/Developer/Library/Frameworks -no-color-diagnostics -enable-testing -g -module-cache-path /Users/builder/builds/UKfvDsi8u/1/finestructure/swiftpackageindex-builder/spi-builder-workspace/.derivedData/ModuleCache.noindex -suppress-warnings -swift-version 4.2 -enforce-exclusivity\=checked -Onone -D SWIFT_PACKAGE -D DEBUG -D Xcode -serialize-debugging-options -const-gather-protocols-file /Users/builder/builds/UKfvDsi8u/1/finestructure/swiftpackageindex-builder/spi-builder-workspace/.derivedData/Build/Intermediates.noindex/PackageConfig.build/Debug-appletvos/PackageConfig.build/Objects-normal/arm64/PackageConfig_const_extract_protocols.json -empty-abi-descriptor -validate-clang-modules-once -clang-build-session-file /Users/builder/builds/UKfvDsi8u/1/finestructure/swiftpackageindex-builder/spi-builder-workspace/.derivedData/ModuleCache.noindex/Session.modulevalidation -Xcc -working-directory -Xcc /Users/builder/builds/UKfvDsi8u/1/finestructure/swiftpackageindex-builder/spi-builder-workspace/.dependencies/checkouts/PackageConfig -resource-dir /Applications/Xcode-15.3.0-Beta.2.app/Contents/Developer/Toolchains/XcodeDefault.xctoolchain/usr/lib/swift -enable-anonymous-context-mangled-names -Xcc -ivfsstatcache -Xcc /Users/builder/builds/UKfvDsi8u/1/finestructure/swiftpackageindex-builder/spi-builder-workspace/.derivedData/SDKStatCaches.noindex/appletvos17.4-21L5206e-a3897aa5c9b1d3e18efb168a98ac3602.sdkstatcache -Xcc -I/Users/builder/builds/UKfvDsi8u/1/finestructure/swiftpackageindex-builder/spi-builder-workspace/.derivedData/Build/Intermediates.noindex/PackageConfig.build/Debug-appletvos/PackageConfig.build/swift-overrides.hmap -Xcc -I/Users/builder/builds/UKfvDsi8u/1/finestructure/swiftpackageindex-builder/spi-builder-workspace/.derivedData/Build/Products/Debug-appletvos/include -Xcc -I/Users/builder/builds/UKfvDsi8u/1/finestructure/swiftpackageindex-builder/spi-builder-workspace/.derivedData/Build/Intermediates.noindex/PackageConfig.build/Debug-appletvos/PackageConfig.build/DerivedSources-normal/arm64 -Xcc -I/Users/builder/builds/UKfvDsi8u/1/finestructure/swiftpackageindex-builder/spi-builder-workspace/.derivedData/Build/Intermediates.noindex/PackageConfig.build/Debug-appletvos/PackageConfig.build/DerivedSources/arm64 -Xcc -I/Users/builder/builds/UKfvDsi8u/1/finestructure/swiftpackageindex-builder/spi-builder-workspace/.derivedData/Build/Intermediates.noindex/PackageConfig.build/Debug-appletvos/PackageConfig.build/DerivedSources -Xcc -DSWIFT_PACKAGE -Xcc -DDEBUG\=1 -module-name PackageConfig -frontend-parseable-output -disable-clang-spi -target-sdk-version 17.4 -target-sdk-name appletvos17.4 -external-plugin-path /Applications/Xcode-15.3.0-Beta.2.app/Contents/Developer/Platforms/AppleTVOS.platform/Developer/SDKs/AppleTVOS17.4.sdk/usr/lib/swift/host/plugins\#/Applications/Xcode-15.3.0-Beta.2.app/Contents/Developer/Platforms/AppleTVOS.platform/Developer/SDKs/AppleTVOS17.4.sdk/usr/bin/swift-plugin-server -external-plugin-path /Applications/Xcode-15.3.0-Beta.2.app/Contents/Developer/Platforms/AppleTVOS.platform/Developer/SDKs/AppleTVOS17.4.sdk/usr/local/lib/swift/host/plugins\#/Applications/Xcode-15.3.0-Beta.2.app/Contents/Developer/Platforms/AppleTVOS.platform/Developer/SDKs/AppleTVOS17.4.sdk/usr/bin/swift-plugin-server -external-plugin-path /Applications/Xcode-15.3.0-Beta.2.app/Contents/Developer/Platforms/AppleTVOS.platform/Developer/usr/lib/swift/host/plugins\#/Applications/Xcode-15.3.0-Beta.2.app/Contents/Developer/Platforms/AppleTVOS.platform/Developer/usr/bin/swift-plugin-server -external-plugin-path /Applications/Xcode-15.3.0-Beta.2.app/Contents/Developer/Platforms/AppleTVOS.platform/Developer/usr/local/lib/swift/host/plugins\#/Applications/Xcode-15.3.0-Beta.2.app/Contents/Developer/Platforms/AppleTVOS.platform/Developer/usr/bin/swift-plugin-server -plugin-path /Applications/Xcode-15.3.0-Beta.2.app/Contents/Developer/Toolchains/XcodeDefault.xctoolchain/usr/lib/swift/host/plugins -plugin-path /Applications/Xcode-15.3.0-Beta.2.app/Contents/Developer/Toolchains/XcodeDefault.xctoolchain/usr/local/lib/swift/host/plugins -o /Users/builder/builds/UKfvDsi8u/1/finestructure/swiftpackageindex-builder/spi-builder-workspace/.derivedData/Build/Intermediates.noindex/PackageConfig.build/Debug-appletvos/PackageConfig.build/Objects-normal/arm64/PackageConfig.o -index-unit-output-path /PackageConfig.build/Debug-appletvos/PackageConfig.build/Objects-normal/arm64/PackageConfig.o -index-store-path /Users/builder/builds/UKfvDsi8u/1/finestructure/swiftpackageindex-builder/spi-builder-workspace/.derivedData/Index.noindex/DataStore -index-system-modules
SwiftCompile normal arm64 /Users/builder/builds/UKfvDsi8u/1/finestructure/swiftpackageindex-builder/spi-builder-workspace/.dependencies/checkouts/PackageConfig/Sources/PackageConfig/PackageConfig.swift (in target 'PackageConfig' from project 'PackageConfig')
    cd /Users/builder/builds/UKfvDsi8u/1/finestructure/swiftpackageindex-builder/spi-builder-workspace/.dependencies/checkouts/PackageConfig
    /Applications/Xcode-15.3.0-Beta.2.app/Contents/Developer/Toolchains/XcodeDefault.xctoolchain/usr/bin/swift-frontend -c /Users/builder/builds/UKfvDsi8u/1/finestructure/swiftpackageindex-builder/spi-builder-workspace/.dependencies/checkouts/PackageConfig/Sources/PackageConfig/DynamicLibraries.swift /Users/builder/builds/UKfvDsi8u/1/finestructure/swiftpackageindex-builder/spi-builder-workspace/.dependencies/checkouts/PackageConfig/Sources/PackageConfig/Error.swift /Users/builder/builds/UKfvDsi8u/1/finestructure/swiftpackageindex-builder/spi-builder-workspace/.dependencies/checkouts/PackageConfig/Sources/PackageConfig/Loader.swift /Users/builder/builds/UKfvDsi8u/1/finestructure/swiftpackageindex-builder/spi-builder-workspace/.dependencies/checkouts/PackageConfig/Sources/PackageConfig/Package.swift -primary-file /Users/builder/builds/UKfvDsi8u/1/finestructure/swiftpackageindex-builder/spi-builder-workspace/.dependencies/checkouts/PackageConfig/Sources/PackageConfig/PackageConfig.swift /Users/builder/builds/UKfvDsi8u/1/finestructure/swiftpackageindex-builder/spi-builder-workspace/.dependencies/checkouts/PackageConfig/Sources/PackageConfig/PackageConfiguration.swift /Users/builder/builds/UKfvDsi8u/1/finestructure/swiftpackageindex-builder/spi-builder-workspace/.dependencies/checkouts/PackageConfig/Sources/PackageConfig/Writer.swift -emit-dependencies-path /Users/builder/builds/UKfvDsi8u/1/finestructure/swiftpackageindex-builder/spi-builder-workspace/.derivedData/Build/Intermediates.noindex/PackageConfig.build/Debug-appletvos/PackageConfig.build/Objects-normal/arm64/PackageConfig.d -emit-const-values-path /Users/builder/builds/UKfvDsi8u/1/finestructure/swiftpackageindex-builder/spi-builder-workspace/.derivedData/Build/Intermediates.noindex/PackageConfig.build/Debug-appletvos/PackageConfig.build/Objects-normal/arm64/PackageConfig.swiftconstvalues -emit-reference-dependencies-path /Users/builder/builds/UKfvDsi8u/1/finestructure/swiftpackageindex-builder/spi-builder-workspace/.derivedData/Build/Intermediates.noindex/PackageConfig.build/Debug-appletvos/PackageConfig.build/Objects-normal/arm64/PackageConfig.swiftdeps -serialize-diagnostics-path /Users/builder/builds/UKfvDsi8u/1/finestructure/swiftpackageindex-builder/spi-builder-workspace/.derivedData/Build/Intermediates.noindex/PackageConfig.build/Debug-appletvos/PackageConfig.build/Objects-normal/arm64/PackageConfig.dia -target arm64-apple-tvos12.0 -Xllvm -aarch64-use-tbi -enable-objc-interop -sdk /Applications/Xcode-15.3.0-Beta.2.app/Contents/Developer/Platforms/AppleTVOS.platform/Developer/SDKs/AppleTVOS17.4.sdk -I /Users/builder/builds/UKfvDsi8u/1/finestructure/swiftpackageindex-builder/spi-builder-workspace/.derivedData/Build/Products/Debug-appletvos -I /Applications/Xcode-15.3.0-Beta.2.app/Contents/Developer/Platforms/AppleTVOS.platform/Developer/usr/lib -F /Users/builder/builds/UKfvDsi8u/1/finestructure/swiftpackageindex-builder/spi-builder-workspace/.derivedData/Build/Products/Debug-appletvos -F /Applications/Xcode-15.3.0-Beta.2.app/Contents/Developer/Platforms/AppleTVOS.platform/Developer/Library/Frameworks -F /Applications/Xcode-15.3.0-Beta.2.app/Contents/Developer/Platforms/AppleTVOS.platform/Developer/SDKs/AppleTVOS17.4.sdk/Developer/Library/Frameworks -no-color-diagnostics -enable-testing -g -module-cache-path /Users/builder/builds/UKfvDsi8u/1/finestructure/swiftpackageindex-builder/spi-builder-workspace/.derivedData/ModuleCache.noindex -suppress-warnings -swift-version 4.2 -enforce-exclusivity\=checked -Onone -D SWIFT_PACKAGE -D DEBUG -D Xcode -serialize-debugging-options -const-gather-protocols-file /Users/builder/builds/UKfvDsi8u/1/finestructure/swiftpackageindex-builder/spi-builder-workspace/.derivedData/Build/Intermediates.noindex/PackageConfig.build/Debug-appletvos/PackageConfig.build/Objects-normal/arm64/PackageConfig_const_extract_protocols.json -empty-abi-descriptor -validate-clang-modules-once -clang-build-session-file /Users/builder/builds/UKfvDsi8u/1/finestructure/swiftpackageindex-builder/spi-builder-workspace/.derivedData/ModuleCache.noindex/Session.modulevalidation -Xcc -working-directory -Xcc /Users/builder/builds/UKfvDsi8u/1/finestructure/swiftpackageindex-builder/spi-builder-workspace/.dependencies/checkouts/PackageConfig -resource-dir /Applications/Xcode-15.3.0-Beta.2.app/Contents/Developer/Toolchains/XcodeDefault.xctoolchain/usr/lib/swift -enable-anonymous-context-mangled-names -Xcc -ivfsstatcache -Xcc /Users/builder/builds/UKfvDsi8u/1/finestructure/swiftpackageindex-builder/spi-builder-workspace/.derivedData/SDKStatCaches.noindex/appletvos17.4-21L5206e-a3897aa5c9b1d3e18efb168a98ac3602.sdkstatcache -Xcc -I/Users/builder/builds/UKfvDsi8u/1/finestructure/swiftpackageindex-builder/spi-builder-workspace/.derivedData/Build/Intermediates.noindex/PackageConfig.build/Debug-appletvos/PackageConfig.build/swift-overrides.hmap -Xcc -I/Users/builder/builds/UKfvDsi8u/1/finestructure/swiftpackageindex-builder/spi-builder-workspace/.derivedData/Build/Products/Debug-appletvos/include -Xcc -I/Users/builder/builds/UKfvDsi8u/1/finestructure/swiftpackageindex-builder/spi-builder-workspace/.derivedData/Build/Intermediates.noindex/PackageConfig.build/Debug-appletvos/PackageConfig.build/DerivedSources-normal/arm64 -Xcc -I/Users/builder/builds/UKfvDsi8u/1/finestructure/swiftpackageindex-builder/spi-builder-workspace/.derivedData/Build/Intermediates.noindex/PackageConfig.build/Debug-appletvos/PackageConfig.build/DerivedSources/arm64 -Xcc -I/Users/builder/builds/UKfvDsi8u/1/finestructure/swiftpackageindex-builder/spi-builder-workspace/.derivedData/Build/Intermediates.noindex/PackageConfig.build/Debug-appletvos/PackageConfig.build/DerivedSources -Xcc -DSWIFT_PACKAGE -Xcc -DDEBUG\=1 -module-name PackageConfig -frontend-parseable-output -disable-clang-spi -target-sdk-version 17.4 -target-sdk-name appletvos17.4 -external-plugin-path /Applications/Xcode-15.3.0-Beta.2.app/Contents/Developer/Platforms/AppleTVOS.platform/Developer/SDKs/AppleTVOS17.4.sdk/usr/lib/swift/host/plugins\#/Applications/Xcode-15.3.0-Beta.2.app/Contents/Developer/Platforms/AppleTVOS.platform/Developer/SDKs/AppleTVOS17.4.sdk/usr/bin/swift-plugin-server -external-plugin-path /Applications/Xcode-15.3.0-Beta.2.app/Contents/Developer/Platforms/AppleTVOS.platform/Developer/SDKs/AppleTVOS17.4.sdk/usr/local/lib/swift/host/plugins\#/Applications/Xcode-15.3.0-Beta.2.app/Contents/Developer/Platforms/AppleTVOS.platform/Developer/SDKs/AppleTVOS17.4.sdk/usr/bin/swift-plugin-server -external-plugin-path /Applications/Xcode-15.3.0-Beta.2.app/Contents/Developer/Platforms/AppleTVOS.platform/Developer/usr/lib/swift/host/plugins\#/Applications/Xcode-15.3.0-Beta.2.app/Contents/Developer/Platforms/AppleTVOS.platform/Developer/usr/bin/swift-plugin-server -external-plugin-path /Applications/Xcode-15.3.0-Beta.2.app/Contents/Developer/Platforms/AppleTVOS.platform/Developer/usr/local/lib/swift/host/plugins\#/Applications/Xcode-15.3.0-Beta.2.app/Contents/Developer/Platforms/AppleTVOS.platform/Developer/usr/bin/swift-plugin-server -plugin-path /Applications/Xcode-15.3.0-Beta.2.app/Contents/Developer/Toolchains/XcodeDefault.xctoolchain/usr/lib/swift/host/plugins -plugin-path /Applications/Xcode-15.3.0-Beta.2.app/Contents/Developer/Toolchains/XcodeDefault.xctoolchain/usr/local/lib/swift/host/plugins -o /Users/builder/builds/UKfvDsi8u/1/finestructure/swiftpackageindex-builder/spi-builder-workspace/.derivedData/Build/Intermediates.noindex/PackageConfig.build/Debug-appletvos/PackageConfig.build/Objects-normal/arm64/PackageConfig.o -index-unit-output-path /PackageConfig.build/Debug-appletvos/PackageConfig.build/Objects-normal/arm64/PackageConfig.o -index-store-path /Users/builder/builds/UKfvDsi8u/1/finestructure/swiftpackageindex-builder/spi-builder-workspace/.derivedData/Index.noindex/DataStore -index-system-modules
SwiftCompile normal arm64 Compiling\ DynamicLibraries.swift /Users/builder/builds/UKfvDsi8u/1/finestructure/swiftpackageindex-builder/spi-builder-workspace/.dependencies/checkouts/PackageConfig/Sources/PackageConfig/DynamicLibraries.swift (in target 'PackageConfig' from project 'PackageConfig')
    cd /Users/builder/builds/UKfvDsi8u/1/finestructure/swiftpackageindex-builder/spi-builder-workspace/.dependencies/checkouts/PackageConfig
    builtin-swiftTaskExecution -- /Applications/Xcode-15.3.0-Beta.2.app/Contents/Developer/Toolchains/XcodeDefault.xctoolchain/usr/bin/swift-frontend -frontend -c -primary-file /Users/builder/builds/UKfvDsi8u/1/finestructure/swiftpackageindex-builder/spi-builder-workspace/.dependencies/checkouts/PackageConfig/Sources/PackageConfig/DynamicLibraries.swift /Users/builder/builds/UKfvDsi8u/1/finestructure/swiftpackageindex-builder/spi-builder-workspace/.dependencies/checkouts/PackageConfig/Sources/PackageConfig/Error.swift /Users/builder/builds/UKfvDsi8u/1/finestructure/swiftpackageindex-builder/spi-builder-workspace/.dependencies/checkouts/PackageConfig/Sources/PackageConfig/Loader.swift /Users/builder/builds/UKfvDsi8u/1/finestructure/swiftpackageindex-builder/spi-builder-workspace/.dependencies/checkouts/PackageConfig/Sources/PackageConfig/Package.swift /Users/builder/builds/UKfvDsi8u/1/finestructure/swiftpackageindex-builder/spi-builder-workspace/.dependencies/checkouts/PackageConfig/Sources/PackageConfig/PackageConfig.swift /Users/builder/builds/UKfvDsi8u/1/finestructure/swiftpackageindex-builder/spi-builder-workspace/.dependencies/checkouts/PackageConfig/Sources/PackageConfig/PackageConfiguration.swift /Users/builder/builds/UKfvDsi8u/1/finestructure/swiftpackageindex-builder/spi-builder-workspace/.dependencies/checkouts/PackageConfig/Sources/PackageConfig/Writer.swift -emit-dependencies-path /Users/builder/builds/UKfvDsi8u/1/finestructure/swiftpackageindex-builder/spi-builder-workspace/.derivedData/Build/Intermediates.noindex/PackageConfig.build/Debug-appletvos/PackageConfig.build/Objects-normal/arm64/DynamicLibraries.d -emit-const-values-path /Users/builder/builds/UKfvDsi8u/1/finestructure/swiftpackageindex-builder/spi-builder-workspace/.derivedData/Build/Intermediates.noindex/PackageConfig.build/Debug-appletvos/PackageConfig.build/Objects-normal/arm64/DynamicLibraries.swiftconstvalues -emit-reference-dependencies-path /Users/builder/builds/UKfvDsi8u/1/finestructure/swiftpackageindex-builder/spi-builder-workspace/.derivedData/Build/Intermediates.noindex/PackageConfig.build/Debug-appletvos/PackageConfig.build/Objects-normal/arm64/DynamicLibraries.swiftdeps -serialize-diagnostics-path /Users/builder/builds/UKfvDsi8u/1/finestructure/swiftpackageindex-builder/spi-builder-workspace/.derivedData/Build/Intermediates.noindex/PackageConfig.build/Debug-appletvos/PackageConfig.build/Objects-normal/arm64/DynamicLibraries.dia -target arm64-apple-tvos12.0 -Xllvm -aarch64-use-tbi -enable-objc-interop -sdk /Applications/Xcode-15.3.0-Beta.2.app/Contents/Developer/Platforms/AppleTVOS.platform/Developer/SDKs/AppleTVOS17.4.sdk -I /Users/builder/builds/UKfvDsi8u/1/finestructure/swiftpackageindex-builder/spi-builder-workspace/.derivedData/Build/Products/Debug-appletvos -I /Applications/Xcode-15.3.0-Beta.2.app/Contents/Developer/Platforms/AppleTVOS.platform/Developer/usr/lib -F /Users/builder/builds/UKfvDsi8u/1/finestructure/swiftpackageindex-builder/spi-builder-workspace/.derivedData/Build/Products/Debug-appletvos -F /Applications/Xcode-15.3.0-Beta.2.app/Contents/Developer/Platforms/AppleTVOS.platform/Developer/Library/Frameworks -F /Applications/Xcode-15.3.0-Beta.2.app/Contents/Developer/Platforms/AppleTVOS.platform/Developer/SDKs/AppleTVOS17.4.sdk/Developer/Library/Frameworks -no-color-diagnostics -enable-testing -g -module-cache-path /Users/builder/builds/UKfvDsi8u/1/finestructure/swiftpackageindex-builder/spi-builder-workspace/.derivedData/ModuleCache.noindex -suppress-warnings -swift-version 4.2 -enforce-exclusivity\=checked -Onone -D SWIFT_PACKAGE -D DEBUG -D Xcode -serialize-debugging-options -const-gather-protocols-file /Users/builder/builds/UKfvDsi8u/1/finestructure/swiftpackageindex-builder/spi-builder-workspace/.derivedData/Build/Intermediates.noindex/PackageConfig.build/Debug-appletvos/PackageConfig.build/Objects-normal/arm64/PackageConfig_const_extract_protocols.json -empty-abi-descriptor -validate-clang-modules-once -clang-build-session-file /Users/builder/builds/UKfvDsi8u/1/finestructure/swiftpackageindex-builder/spi-builder-workspace/.derivedData/ModuleCache.noindex/Session.modulevalidation -Xcc -working-directory -Xcc /Users/builder/builds/UKfvDsi8u/1/finestructure/swiftpackageindex-builder/spi-builder-workspace/.dependencies/checkouts/PackageConfig -resource-dir /Applications/Xcode-15.3.0-Beta.2.app/Contents/Developer/Toolchains/XcodeDefault.xctoolchain/usr/lib/swift -enable-anonymous-context-mangled-names -Xcc -ivfsstatcache -Xcc /Users/builder/builds/UKfvDsi8u/1/finestructure/swiftpackageindex-builder/spi-builder-workspace/.derivedData/SDKStatCaches.noindex/appletvos17.4-21L5206e-a3897aa5c9b1d3e18efb168a98ac3602.sdkstatcache -Xcc -I/Users/builder/builds/UKfvDsi8u/1/finestructure/swiftpackageindex-builder/spi-builder-workspace/.derivedData/Build/Intermediates.noindex/PackageConfig.build/Debug-appletvos/PackageConfig.build/swift-overrides.hmap -Xcc -I/Users/builder/builds/UKfvDsi8u/1/finestructure/swiftpackageindex-builder/spi-builder-workspace/.derivedData/Build/Products/Debug-appletvos/include -Xcc -I/Users/builder/builds/UKfvDsi8u/1/finestructure/swiftpackageindex-builder/spi-builder-workspace/.derivedData/Build/Intermediates.noindex/PackageConfig.build/Debug-appletvos/PackageConfig.build/DerivedSources-normal/arm64 -Xcc -I/Users/builder/builds/UKfvDsi8u/1/finestructure/swiftpackageindex-builder/spi-builder-workspace/.derivedData/Build/Intermediates.noindex/PackageConfig.build/Debug-appletvos/PackageConfig.build/DerivedSources/arm64 -Xcc -I/Users/builder/builds/UKfvDsi8u/1/finestructure/swiftpackageindex-builder/spi-builder-workspace/.derivedData/Build/Intermediates.noindex/PackageConfig.build/Debug-appletvos/PackageConfig.build/DerivedSources -Xcc -DSWIFT_PACKAGE -Xcc -DDEBUG\=1 -module-name PackageConfig -frontend-parseable-output -disable-clang-spi -target-sdk-version 17.4 -target-sdk-name appletvos17.4 -external-plugin-path /Applications/Xcode-15.3.0-Beta.2.app/Contents/Developer/Platforms/AppleTVOS.platform/Developer/SDKs/AppleTVOS17.4.sdk/usr/lib/swift/host/plugins\#/Applications/Xcode-15.3.0-Beta.2.app/Contents/Developer/Platforms/AppleTVOS.platform/Developer/SDKs/AppleTVOS17.4.sdk/usr/bin/swift-plugin-server -external-plugin-path /Applications/Xcode-15.3.0-Beta.2.app/Contents/Developer/Platforms/AppleTVOS.platform/Developer/SDKs/AppleTVOS17.4.sdk/usr/local/lib/swift/host/plugins\#/Applications/Xcode-15.3.0-Beta.2.app/Contents/Developer/Platforms/AppleTVOS.platform/Developer/SDKs/AppleTVOS17.4.sdk/usr/bin/swift-plugin-server -external-plugin-path /Applications/Xcode-15.3.0-Beta.2.app/Contents/Developer/Platforms/AppleTVOS.platform/Developer/usr/lib/swift/host/plugins\#/Applications/Xcode-15.3.0-Beta.2.app/Contents/Developer/Platforms/AppleTVOS.platform/Developer/usr/bin/swift-plugin-server -external-plugin-path /Applications/Xcode-15.3.0-Beta.2.app/Contents/Developer/Platforms/AppleTVOS.platform/Developer/usr/local/lib/swift/host/plugins\#/Applications/Xcode-15.3.0-Beta.2.app/Contents/Developer/Platforms/AppleTVOS.platform/Developer/usr/bin/swift-plugin-server -plugin-path /Applications/Xcode-15.3.0-Beta.2.app/Contents/Developer/Toolchains/XcodeDefault.xctoolchain/usr/lib/swift/host/plugins -plugin-path /Applications/Xcode-15.3.0-Beta.2.app/Contents/Developer/Toolchains/XcodeDefault.xctoolchain/usr/local/lib/swift/host/plugins -o /Users/builder/builds/UKfvDsi8u/1/finestructure/swiftpackageindex-builder/spi-builder-workspace/.derivedData/Build/Intermediates.noindex/PackageConfig.build/Debug-appletvos/PackageConfig.build/Objects-normal/arm64/DynamicLibraries.o -index-unit-output-path /PackageConfig.build/Debug-appletvos/PackageConfig.build/Objects-normal/arm64/DynamicLibraries.o -index-store-path /Users/builder/builds/UKfvDsi8u/1/finestructure/swiftpackageindex-builder/spi-builder-workspace/.derivedData/Index.noindex/DataStore -index-system-modules
2024-02-15 12:59:33.367 xcodebuild[69762:15278501] Requested but did not find extension point with identifier Xcode.DVTDeviceFoundation.Aspect for extension Xcode.IDEiOSSupportCore.Aspect.NBDD of plug-in com.apple.dt.IDE.IDEiOSSupportCore
2024-02-15 12:59:34.442 xcodebuild[69762:15278501] [MT] DVTPlugInQuery: Requested but did not find extension point with identifier 'Xcode.DVTDeviceFoundation.CompatibleDeviceFamilyPair'. This is programmer error; code should only request extension points that are defined by itself or its dependencies.
** BUILD FAILED **
The following build commands failed:
	SwiftEmitModule normal arm64 Emitting\ module\ for\ ShellOut (in target 'ShellOut' from project 'ShellOut')
	SwiftEmitModule normal arm64 Emitting\ module\ for\ PackageConfig (in target 'PackageConfig' from project 'PackageConfig')
(2 failures)
Command line invocation:
    /Applications/Xcode-15.3.0-Beta.2.app/Contents/Developer/usr/bin/xcodebuild -IDEClonedSourcePackagesDirPathOverride=/Users/builder/builds/UKfvDsi8u/1/finestructure/swiftpackageindex-builder/spi-builder-workspace/.dependencies -skipMacroValidation -skipPackagePluginValidation -derivedDataPath /Users/builder/builds/UKfvDsi8u/1/finestructure/swiftpackageindex-builder/spi-builder-workspace/.derivedData build -scheme Komondor -destination generic/platform=tvos
User defaults from command line:
    IDEClonedSourcePackagesDirPathOverride = /Users/builder/builds/UKfvDsi8u/1/finestructure/swiftpackageindex-builder/spi-builder-workspace/.dependencies
    IDEDerivedDataPathOverride = /Users/builder/builds/UKfvDsi8u/1/finestructure/swiftpackageindex-builder/spi-builder-workspace/.derivedData
    IDEPackageSupportUseBuiltinSCM = YES
Resolve Package Graph
Resolved source packages:
  SwiftyTextTable: https://github.com/scottrhoyt/SwiftyTextTable.git @ 0.9.0
  Logger: https://github.com/shibapm/Logger @ 0.2.3
  SourceKitten: https://github.com/jpsim/SourceKitten.git @ 0.31.0
  SwiftShell: https://github.com/kareman/SwiftShell @ 5.1.0-beta.1
  SwiftLint: https://github.com/Realm/SwiftLint.git @ 0.44.0
  Komondor: /Users/builder/builds/UKfvDsi8u/1/finestructure/swiftpackageindex-builder/spi-builder-workspace
  swift-argument-parser: https://github.com/apple/swift-argument-parser.git @ 0.3.2
  Yams: https://github.com/jpsim/Yams @ 4.0.6
  Rocket: https://github.com/f-meloni/Rocket @ 1.2.1
  ShellOut: https://github.com/JohnSundell/ShellOut.git @ 2.2.0
  SwiftFormat: https://github.com/nicklockwood/SwiftFormat.git @ 0.40.8
  SWXMLHash: https://github.com/drmohundro/SWXMLHash.git @ 5.0.2
  PackageConfig: https://github.com/shibapm/PackageConfig.git @ 1.1.2
Prepare packages
ComputeTargetDependencyGraph
note: Building targets in dependency order
note: Target dependency graph (5 targets)
    Target 'komondor' in project 'Komondor'
        ➜ Explicit dependency on target 'PackageConfig' in project 'PackageConfig'
        ➜ Explicit dependency on target 'ShellOut' in project 'ShellOut'
    Target 'ShellOut' in project 'ShellOut'
        ➜ Explicit dependency on target 'ShellOut' in project 'ShellOut'
    Target 'ShellOut' in project 'ShellOut' (no dependencies)
    Target 'PackageConfig' in project 'PackageConfig'
        ➜ Explicit dependency on target 'PackageConfig' in project 'PackageConfig'
    Target 'PackageConfig' in project 'PackageConfig' (no dependencies)
GatherProvisioningInputs
CreateBuildDescription
ClangStatCache /Applications/Xcode-15.3.0-Beta.2.app/Contents/Developer/Toolchains/XcodeDefault.xctoolchain/usr/bin/clang-stat-cache /Applications/Xcode-15.3.0-Beta.2.app/Contents/Developer/Platforms/AppleTVOS.platform/Developer/SDKs/AppleTVOS17.4.sdk /Users/builder/builds/UKfvDsi8u/1/finestructure/swiftpackageindex-builder/spi-builder-workspace/.derivedData/SDKStatCaches.noindex/appletvos17.4-21L5206e-a3897aa5c9b1d3e18efb168a98ac3602.sdkstatcache
    cd /Users/builder/builds/UKfvDsi8u/1/finestructure/swiftpackageindex-builder/spi-builder-workspace/.swiftpm/xcode
    /Applications/Xcode-15.3.0-Beta.2.app/Contents/Developer/Toolchains/XcodeDefault.xctoolchain/usr/bin/clang-stat-cache /Applications/Xcode-15.3.0-Beta.2.app/Contents/Developer/Platforms/AppleTVOS.platform/Developer/SDKs/AppleTVOS17.4.sdk -o /Users/builder/builds/UKfvDsi8u/1/finestructure/swiftpackageindex-builder/spi-builder-workspace/.derivedData/SDKStatCaches.noindex/appletvos17.4-21L5206e-a3897aa5c9b1d3e18efb168a98ac3602.sdkstatcache
SwiftDriver ShellOut normal arm64 com.apple.xcode.tools.swift.compiler (in target 'ShellOut' from project 'ShellOut')
    cd /Users/builder/builds/UKfvDsi8u/1/finestructure/swiftpackageindex-builder/spi-builder-workspace/.dependencies/checkouts/ShellOut
    builtin-SwiftDriver -- /Applications/Xcode-15.3.0-Beta.2.app/Contents/Developer/Toolchains/XcodeDefault.xctoolchain/usr/bin/swiftc -module-name ShellOut -Onone -enforce-exclusivity\=checked @/Users/builder/builds/UKfvDsi8u/1/finestructure/swiftpackageindex-builder/spi-builder-workspace/.derivedData/Build/Intermediates.noindex/ShellOut.build/Debug-appletvos/ShellOut.build/Objects-normal/arm64/ShellOut.SwiftFileList -DSWIFT_PACKAGE -DDEBUG -DXcode -sdk /Applications/Xcode-15.3.0-Beta.2.app/Contents/Developer/Platforms/AppleTVOS.platform/Developer/SDKs/AppleTVOS17.4.sdk -target arm64-apple-tvos12.0 -g -module-cache-path /Users/builder/builds/UKfvDsi8u/1/finestructure/swiftpackageindex-builder/spi-builder-workspace/.derivedData/ModuleCache.noindex -Xfrontend -serialize-debugging-options -enable-testing -suppress-warnings -index-store-path /Users/builder/builds/UKfvDsi8u/1/finestructure/swiftpackageindex-builder/spi-builder-workspace/.derivedData/Index.noindex/DataStore -swift-version 4.2 -I /Users/builder/builds/UKfvDsi8u/1/finestructure/swiftpackageindex-builder/spi-builder-workspace/.derivedData/Build/Products/Debug-appletvos -I /Applications/Xcode-15.3.0-Beta.2.app/Contents/Developer/Platforms/AppleTVOS.platform/Developer/usr/lib -F /Users/builder/builds/UKfvDsi8u/1/finestructure/swiftpackageindex-builder/spi-builder-workspace/.derivedData/Build/Products/Debug-appletvos -F /Applications/Xcode-15.3.0-Beta.2.app/Contents/Developer/Platforms/AppleTVOS.platform/Developer/Library/Frameworks -F /Applications/Xcode-15.3.0-Beta.2.app/Contents/Developer/Platforms/AppleTVOS.platform/Developer/SDKs/AppleTVOS17.4.sdk/Developer/Library/Frameworks -parse-as-library -c -j8 -enable-batch-mode -incremental -Xcc -ivfsstatcache -Xcc /Users/builder/builds/UKfvDsi8u/1/finestructure/swiftpackageindex-builder/spi-builder-workspace/.derivedData/SDKStatCaches.noindex/appletvos17.4-21L5206e-a3897aa5c9b1d3e18efb168a98ac3602.sdkstatcache -output-file-map /Users/builder/builds/UKfvDsi8u/1/finestructure/swiftpackageindex-builder/spi-builder-workspace/.derivedData/Build/Intermediates.noindex/ShellOut.build/Debug-appletvos/ShellOut.build/Objects-normal/arm64/ShellOut-OutputFileMap.json -use-frontend-parseable-output -save-temps -no-color-diagnostics -serialize-diagnostics -emit-dependencies -emit-module -emit-module-path /Users/builder/builds/UKfvDsi8u/1/finestructure/swiftpackageindex-builder/spi-builder-workspace/.derivedData/Build/Intermediates.noindex/ShellOut.build/Debug-appletvos/ShellOut.build/Objects-normal/arm64/ShellOut.swiftmodule -validate-clang-modules-once -clang-build-session-file /Users/builder/builds/UKfvDsi8u/1/finestructure/swiftpackageindex-builder/spi-builder-workspace/.derivedData/ModuleCache.noindex/Session.modulevalidation -Xcc -I/Users/builder/builds/UKfvDsi8u/1/finestructure/swiftpackageindex-builder/spi-builder-workspace/.derivedData/Build/Intermediates.noindex/ShellOut.build/Debug-appletvos/ShellOut.build/swift-overrides.hmap -emit-const-values -Xfrontend -const-gather-protocols-file -Xfrontend /Users/builder/builds/UKfvDsi8u/1/finestructure/swiftpackageindex-builder/spi-builder-workspace/.derivedData/Build/Intermediates.noindex/ShellOut.build/Debug-appletvos/ShellOut.build/Objects-normal/arm64/ShellOut_const_extract_protocols.json -Xcc -I/Users/builder/builds/UKfvDsi8u/1/finestructure/swiftpackageindex-builder/spi-builder-workspace/.derivedData/Build/Products/Debug-appletvos/include -Xcc -I/Users/builder/builds/UKfvDsi8u/1/finestructure/swiftpackageindex-builder/spi-builder-workspace/.derivedData/Build/Intermediates.noindex/ShellOut.build/Debug-appletvos/ShellOut.build/DerivedSources-normal/arm64 -Xcc -I/Users/builder/builds/UKfvDsi8u/1/finestructure/swiftpackageindex-builder/spi-builder-workspace/.derivedData/Build/Intermediates.noindex/ShellOut.build/Debug-appletvos/ShellOut.build/DerivedSources/arm64 -Xcc -I/Users/builder/builds/UKfvDsi8u/1/finestructure/swiftpackageindex-builder/spi-builder-workspace/.derivedData/Build/Intermediates.noindex/ShellOut.build/Debug-appletvos/ShellOut.build/DerivedSources -Xcc -DSWIFT_PACKAGE -Xcc -DDEBUG\=1 -emit-objc-header -emit-objc-header-path /Users/builder/builds/UKfvDsi8u/1/finestructure/swiftpackageindex-builder/spi-builder-workspace/.derivedData/Build/Intermediates.noindex/ShellOut.build/Debug-appletvos/ShellOut.build/Objects-normal/arm64/ShellOut-Swift.h -working-directory /Users/builder/builds/UKfvDsi8u/1/finestructure/swiftpackageindex-builder/spi-builder-workspace/.dependencies/checkouts/ShellOut -experimental-emit-module-separately -disable-cmo
SwiftDriver PackageConfig normal arm64 com.apple.xcode.tools.swift.compiler (in target 'PackageConfig' from project 'PackageConfig')
    cd /Users/builder/builds/UKfvDsi8u/1/finestructure/swiftpackageindex-builder/spi-builder-workspace/.dependencies/checkouts/PackageConfig
    builtin-SwiftDriver -- /Applications/Xcode-15.3.0-Beta.2.app/Contents/Developer/Toolchains/XcodeDefault.xctoolchain/usr/bin/swiftc -module-name PackageConfig -Onone -enforce-exclusivity\=checked @/Users/builder/builds/UKfvDsi8u/1/finestructure/swiftpackageindex-builder/spi-builder-workspace/.derivedData/Build/Intermediates.noindex/PackageConfig.build/Debug-appletvos/PackageConfig.build/Objects-normal/arm64/PackageConfig.SwiftFileList -DSWIFT_PACKAGE -DDEBUG -DXcode -sdk /Applications/Xcode-15.3.0-Beta.2.app/Contents/Developer/Platforms/AppleTVOS.platform/Developer/SDKs/AppleTVOS17.4.sdk -target arm64-apple-tvos12.0 -g -module-cache-path /Users/builder/builds/UKfvDsi8u/1/finestructure/swiftpackageindex-builder/spi-builder-workspace/.derivedData/ModuleCache.noindex -Xfrontend -serialize-debugging-options -enable-testing -suppress-warnings -index-store-path /Users/builder/builds/UKfvDsi8u/1/finestructure/swiftpackageindex-builder/spi-builder-workspace/.derivedData/Index.noindex/DataStore -swift-version 4.2 -I /Users/builder/builds/UKfvDsi8u/1/finestructure/swiftpackageindex-builder/spi-builder-workspace/.derivedData/Build/Products/Debug-appletvos -I /Applications/Xcode-15.3.0-Beta.2.app/Contents/Developer/Platforms/AppleTVOS.platform/Developer/usr/lib -F /Users/builder/builds/UKfvDsi8u/1/finestructure/swiftpackageindex-builder/spi-builder-workspace/.derivedData/Build/Products/Debug-appletvos -F /Applications/Xcode-15.3.0-Beta.2.app/Contents/Developer/Platforms/AppleTVOS.platform/Developer/Library/Frameworks -F /Applications/Xcode-15.3.0-Beta.2.app/Contents/Developer/Platforms/AppleTVOS.platform/Developer/SDKs/AppleTVOS17.4.sdk/Developer/Library/Frameworks -c -j8 -enable-batch-mode -incremental -Xcc -ivfsstatcache -Xcc /Users/builder/builds/UKfvDsi8u/1/finestructure/swiftpackageindex-builder/spi-builder-workspace/.derivedData/SDKStatCaches.noindex/appletvos17.4-21L5206e-a3897aa5c9b1d3e18efb168a98ac3602.sdkstatcache -output-file-map /Users/builder/builds/UKfvDsi8u/1/finestructure/swiftpackageindex-builder/spi-builder-workspace/.derivedData/Build/Intermediates.noindex/PackageConfig.build/Debug-appletvos/PackageConfig.build/Objects-normal/arm64/PackageConfig-OutputFileMap.json -use-frontend-parseable-output -save-temps -no-color-diagnostics -serialize-diagnostics -emit-dependencies -emit-module -emit-module-path /Users/builder/builds/UKfvDsi8u/1/finestructure/swiftpackageindex-builder/spi-builder-workspace/.derivedData/Build/Intermediates.noindex/PackageConfig.build/Debug-appletvos/PackageConfig.build/Objects-normal/arm64/PackageConfig.swiftmodule -validate-clang-modules-once -clang-build-session-file /Users/builder/builds/UKfvDsi8u/1/finestructure/swiftpackageindex-builder/spi-builder-workspace/.derivedData/ModuleCache.noindex/Session.modulevalidation -Xcc -I/Users/builder/builds/UKfvDsi8u/1/finestructure/swiftpackageindex-builder/spi-builder-workspace/.derivedData/Build/Intermediates.noindex/PackageConfig.build/Debug-appletvos/PackageConfig.build/swift-overrides.hmap -emit-const-values -Xfrontend -const-gather-protocols-file -Xfrontend /Users/builder/builds/UKfvDsi8u/1/finestructure/swiftpackageindex-builder/spi-builder-workspace/.derivedData/Build/Intermediates.noindex/PackageConfig.build/Debug-appletvos/PackageConfig.build/Objects-normal/arm64/PackageConfig_const_extract_protocols.json -Xcc -I/Users/builder/builds/UKfvDsi8u/1/finestructure/swiftpackageindex-builder/spi-builder-workspace/.derivedData/Build/Products/Debug-appletvos/include -Xcc -I/Users/builder/builds/UKfvDsi8u/1/finestructure/swiftpackageindex-builder/spi-builder-workspace/.derivedData/Build/Intermediates.noindex/PackageConfig.build/Debug-appletvos/PackageConfig.build/DerivedSources-normal/arm64 -Xcc -I/Users/builder/builds/UKfvDsi8u/1/finestructure/swiftpackageindex-builder/spi-builder-workspace/.derivedData/Build/Intermediates.noindex/PackageConfig.build/Debug-appletvos/PackageConfig.build/DerivedSources/arm64 -Xcc -I/Users/builder/builds/UKfvDsi8u/1/finestructure/swiftpackageindex-builder/spi-builder-workspace/.derivedData/Build/Intermediates.noindex/PackageConfig.build/Debug-appletvos/PackageConfig.build/DerivedSources -Xcc -DSWIFT_PACKAGE -Xcc -DDEBUG\=1 -emit-objc-header -emit-objc-header-path /Users/builder/builds/UKfvDsi8u/1/finestructure/swiftpackageindex-builder/spi-builder-workspace/.derivedData/Build/Intermediates.noindex/PackageConfig.build/Debug-appletvos/PackageConfig.build/Objects-normal/arm64/PackageConfig-Swift.h -working-directory /Users/builder/builds/UKfvDsi8u/1/finestructure/swiftpackageindex-builder/spi-builder-workspace/.dependencies/checkouts/PackageConfig -experimental-emit-module-separately -disable-cmo
SwiftEmitModule normal arm64 Emitting\ module\ for\ ShellOut (in target 'ShellOut' from project 'ShellOut')
    cd /Users/builder/builds/UKfvDsi8u/1/finestructure/swiftpackageindex-builder/spi-builder-workspace/.dependencies/checkouts/ShellOut
    builtin-swiftTaskExecution -- /Applications/Xcode-15.3.0-Beta.2.app/Contents/Developer/Toolchains/XcodeDefault.xctoolchain/usr/bin/swift-frontend -frontend -emit-module -experimental-skip-non-inlinable-function-bodies-without-types /Users/builder/builds/UKfvDsi8u/1/finestructure/swiftpackageindex-builder/spi-builder-workspace/.dependencies/checkouts/ShellOut/Sources/ShellOut.swift -target arm64-apple-tvos12.0 -Xllvm -aarch64-use-tbi -enable-objc-interop -sdk /Applications/Xcode-15.3.0-Beta.2.app/Contents/Developer/Platforms/AppleTVOS.platform/Developer/SDKs/AppleTVOS17.4.sdk -I /Users/builder/builds/UKfvDsi8u/1/finestructure/swiftpackageindex-builder/spi-builder-workspace/.derivedData/Build/Products/Debug-appletvos -I /Applications/Xcode-15.3.0-Beta.2.app/Contents/Developer/Platforms/AppleTVOS.platform/Developer/usr/lib -F /Users/builder/builds/UKfvDsi8u/1/finestructure/swiftpackageindex-builder/spi-builder-workspace/.derivedData/Build/Products/Debug-appletvos -F /Applications/Xcode-15.3.0-Beta.2.app/Contents/Developer/Platforms/AppleTVOS.platform/Developer/Library/Frameworks -F /Applications/Xcode-15.3.0-Beta.2.app/Contents/Developer/Platforms/AppleTVOS.platform/Developer/SDKs/AppleTVOS17.4.sdk/Developer/Library/Frameworks -no-color-diagnostics -enable-testing -g -module-cache-path /Users/builder/builds/UKfvDsi8u/1/finestructure/swiftpackageindex-builder/spi-builder-workspace/.derivedData/ModuleCache.noindex -suppress-warnings -swift-version 4.2 -enforce-exclusivity\=checked -Onone -D SWIFT_PACKAGE -D DEBUG -D Xcode -serialize-debugging-options -const-gather-protocols-file /Users/builder/builds/UKfvDsi8u/1/finestructure/swiftpackageindex-builder/spi-builder-workspace/.derivedData/Build/Intermediates.noindex/ShellOut.build/Debug-appletvos/ShellOut.build/Objects-normal/arm64/ShellOut_const_extract_protocols.json -empty-abi-descriptor -validate-clang-modules-once -clang-build-session-file /Users/builder/builds/UKfvDsi8u/1/finestructure/swiftpackageindex-builder/spi-builder-workspace/.derivedData/ModuleCache.noindex/Session.modulevalidation -Xcc -working-directory -Xcc /Users/builder/builds/UKfvDsi8u/1/finestructure/swiftpackageindex-builder/spi-builder-workspace/.dependencies/checkouts/ShellOut -resource-dir /Applications/Xcode-15.3.0-Beta.2.app/Contents/Developer/Toolchains/XcodeDefault.xctoolchain/usr/lib/swift -enable-anonymous-context-mangled-names -Xcc -ivfsstatcache -Xcc /Users/builder/builds/UKfvDsi8u/1/finestructure/swiftpackageindex-builder/spi-builder-workspace/.derivedData/SDKStatCaches.noindex/appletvos17.4-21L5206e-a3897aa5c9b1d3e18efb168a98ac3602.sdkstatcache -Xcc -I/Users/builder/builds/UKfvDsi8u/1/finestructure/swiftpackageindex-builder/spi-builder-workspace/.derivedData/Build/Intermediates.noindex/ShellOut.build/Debug-appletvos/ShellOut.build/swift-overrides.hmap -Xcc -I/Users/builder/builds/UKfvDsi8u/1/finestructure/swiftpackageindex-builder/spi-builder-workspace/.derivedData/Build/Products/Debug-appletvos/include -Xcc -I/Users/builder/builds/UKfvDsi8u/1/finestructure/swiftpackageindex-builder/spi-builder-workspace/.derivedData/Build/Intermediates.noindex/ShellOut.build/Debug-appletvos/ShellOut.build/DerivedSources-normal/arm64 -Xcc -I/Users/builder/builds/UKfvDsi8u/1/finestructure/swiftpackageindex-builder/spi-builder-workspace/.derivedData/Build/Intermediates.noindex/ShellOut.build/Debug-appletvos/ShellOut.build/DerivedSources/arm64 -Xcc -I/Users/builder/builds/UKfvDsi8u/1/finestructure/swiftpackageindex-builder/spi-builder-workspace/.derivedData/Build/Intermediates.noindex/ShellOut.build/Debug-appletvos/ShellOut.build/DerivedSources -Xcc -DSWIFT_PACKAGE -Xcc -DDEBUG\=1 -module-name ShellOut -disable-clang-spi -target-sdk-version 17.4 -target-sdk-name appletvos17.4 -external-plugin-path /Applications/Xcode-15.3.0-Beta.2.app/Contents/Developer/Platforms/AppleTVOS.platform/Developer/SDKs/AppleTVOS17.4.sdk/usr/lib/swift/host/plugins\#/Applications/Xcode-15.3.0-Beta.2.app/Contents/Developer/Platforms/AppleTVOS.platform/Developer/SDKs/AppleTVOS17.4.sdk/usr/bin/swift-plugin-server -external-plugin-path /Applications/Xcode-15.3.0-Beta.2.app/Contents/Developer/Platforms/AppleTVOS.platform/Developer/SDKs/AppleTVOS17.4.sdk/usr/local/lib/swift/host/plugins\#/Applications/Xcode-15.3.0-Beta.2.app/Contents/Developer/Platforms/AppleTVOS.platform/Developer/SDKs/AppleTVOS17.4.sdk/usr/bin/swift-plugin-server -external-plugin-path /Applications/Xcode-15.3.0-Beta.2.app/Contents/Developer/Platforms/AppleTVOS.platform/Developer/usr/lib/swift/host/plugins\#/Applications/Xcode-15.3.0-Beta.2.app/Contents/Developer/Platforms/AppleTVOS.platform/Developer/usr/bin/swift-plugin-server -external-plugin-path /Applications/Xcode-15.3.0-Beta.2.app/Contents/Developer/Platforms/AppleTVOS.platform/Developer/usr/local/lib/swift/host/plugins\#/Applications/Xcode-15.3.0-Beta.2.app/Contents/Developer/Platforms/AppleTVOS.platform/Developer/usr/bin/swift-plugin-server -plugin-path /Applications/Xcode-15.3.0-Beta.2.app/Contents/Developer/Toolchains/XcodeDefault.xctoolchain/usr/lib/swift/host/plugins -plugin-path /Applications/Xcode-15.3.0-Beta.2.app/Contents/Developer/Toolchains/XcodeDefault.xctoolchain/usr/local/lib/swift/host/plugins -emit-module-doc-path /Users/builder/builds/UKfvDsi8u/1/finestructure/swiftpackageindex-builder/spi-builder-workspace/.derivedData/Build/Intermediates.noindex/ShellOut.build/Debug-appletvos/ShellOut.build/Objects-normal/arm64/ShellOut.swiftdoc -emit-module-source-info-path /Users/builder/builds/UKfvDsi8u/1/finestructure/swiftpackageindex-builder/spi-builder-workspace/.derivedData/Build/Intermediates.noindex/ShellOut.build/Debug-appletvos/ShellOut.build/Objects-normal/arm64/ShellOut.swiftsourceinfo -emit-objc-header-path /Users/builder/builds/UKfvDsi8u/1/finestructure/swiftpackageindex-builder/spi-builder-workspace/.derivedData/Build/Intermediates.noindex/ShellOut.build/Debug-appletvos/ShellOut.build/Objects-normal/arm64/ShellOut-Swift.h -serialize-diagnostics-path /Users/builder/builds/UKfvDsi8u/1/finestructure/swiftpackageindex-builder/spi-builder-workspace/.derivedData/Build/Intermediates.noindex/ShellOut.build/Debug-appletvos/ShellOut.build/Objects-normal/arm64/ShellOut-master-emit-module.dia -emit-dependencies-path /Users/builder/builds/UKfvDsi8u/1/finestructure/swiftpackageindex-builder/spi-builder-workspace/.derivedData/Build/Intermediates.noindex/ShellOut.build/Debug-appletvos/ShellOut.build/Objects-normal/arm64/ShellOut-master-emit-module.d -parse-as-library -o /Users/builder/builds/UKfvDsi8u/1/finestructure/swiftpackageindex-builder/spi-builder-workspace/.derivedData/Build/Intermediates.noindex/ShellOut.build/Debug-appletvos/ShellOut.build/Objects-normal/arm64/ShellOut.swiftmodule -emit-abi-descriptor-path /Users/builder/builds/UKfvDsi8u/1/finestructure/swiftpackageindex-builder/spi-builder-workspace/.derivedData/Build/Intermediates.noindex/ShellOut.build/Debug-appletvos/ShellOut.build/Objects-normal/arm64/ShellOut.abi.json
/Users/builder/builds/UKfvDsi8u/1/finestructure/swiftpackageindex-builder/spi-builder-workspace/.dependencies/checkouts/ShellOut/Sources/ShellOut.swift:348:19: error: cannot find type 'Process' in scope
private extension Process {
                  ^~~~~~~
SwiftCompile normal arm64 Compiling\ ShellOut.swift /Users/builder/builds/UKfvDsi8u/1/finestructure/swiftpackageindex-builder/spi-builder-workspace/.dependencies/checkouts/ShellOut/Sources/ShellOut.swift (in target 'ShellOut' from project 'ShellOut')
    cd /Users/builder/builds/UKfvDsi8u/1/finestructure/swiftpackageindex-builder/spi-builder-workspace/.dependencies/checkouts/ShellOut
    builtin-swiftTaskExecution -- /Applications/Xcode-15.3.0-Beta.2.app/Contents/Developer/Toolchains/XcodeDefault.xctoolchain/usr/bin/swift-frontend -frontend -c -primary-file /Users/builder/builds/UKfvDsi8u/1/finestructure/swiftpackageindex-builder/spi-builder-workspace/.dependencies/checkouts/ShellOut/Sources/ShellOut.swift -emit-dependencies-path /Users/builder/builds/UKfvDsi8u/1/finestructure/swiftpackageindex-builder/spi-builder-workspace/.derivedData/Build/Intermediates.noindex/ShellOut.build/Debug-appletvos/ShellOut.build/Objects-normal/arm64/ShellOut.d -emit-const-values-path /Users/builder/builds/UKfvDsi8u/1/finestructure/swiftpackageindex-builder/spi-builder-workspace/.derivedData/Build/Intermediates.noindex/ShellOut.build/Debug-appletvos/ShellOut.build/Objects-normal/arm64/ShellOut.swiftconstvalues -emit-reference-dependencies-path /Users/builder/builds/UKfvDsi8u/1/finestructure/swiftpackageindex-builder/spi-builder-workspace/.derivedData/Build/Intermediates.noindex/ShellOut.build/Debug-appletvos/ShellOut.build/Objects-normal/arm64/ShellOut.swiftdeps -serialize-diagnostics-path /Users/builder/builds/UKfvDsi8u/1/finestructure/swiftpackageindex-builder/spi-builder-workspace/.derivedData/Build/Intermediates.noindex/ShellOut.build/Debug-appletvos/ShellOut.build/Objects-normal/arm64/ShellOut.dia -target arm64-apple-tvos12.0 -Xllvm -aarch64-use-tbi -enable-objc-interop -sdk /Applications/Xcode-15.3.0-Beta.2.app/Contents/Developer/Platforms/AppleTVOS.platform/Developer/SDKs/AppleTVOS17.4.sdk -I /Users/builder/builds/UKfvDsi8u/1/finestructure/swiftpackageindex-builder/spi-builder-workspace/.derivedData/Build/Products/Debug-appletvos -I /Applications/Xcode-15.3.0-Beta.2.app/Contents/Developer/Platforms/AppleTVOS.platform/Developer/usr/lib -F /Users/builder/builds/UKfvDsi8u/1/finestructure/swiftpackageindex-builder/spi-builder-workspace/.derivedData/Build/Products/Debug-appletvos -F /Applications/Xcode-15.3.0-Beta.2.app/Contents/Developer/Platforms/AppleTVOS.platform/Developer/Library/Frameworks -F /Applications/Xcode-15.3.0-Beta.2.app/Contents/Developer/Platforms/AppleTVOS.platform/Developer/SDKs/AppleTVOS17.4.sdk/Developer/Library/Frameworks -no-color-diagnostics -enable-testing -g -module-cache-path /Users/builder/builds/UKfvDsi8u/1/finestructure/swiftpackageindex-builder/spi-builder-workspace/.derivedData/ModuleCache.noindex -suppress-warnings -swift-version 4.2 -enforce-exclusivity\=checked -Onone -D SWIFT_PACKAGE -D DEBUG -D Xcode -serialize-debugging-options -const-gather-protocols-file /Users/builder/builds/UKfvDsi8u/1/finestructure/swiftpackageindex-builder/spi-builder-workspace/.derivedData/Build/Intermediates.noindex/ShellOut.build/Debug-appletvos/ShellOut.build/Objects-normal/arm64/ShellOut_const_extract_protocols.json -empty-abi-descriptor -validate-clang-modules-once -clang-build-session-file /Users/builder/builds/UKfvDsi8u/1/finestructure/swiftpackageindex-builder/spi-builder-workspace/.derivedData/ModuleCache.noindex/Session.modulevalidation -Xcc -working-directory -Xcc /Users/builder/builds/UKfvDsi8u/1/finestructure/swiftpackageindex-builder/spi-builder-workspace/.dependencies/checkouts/ShellOut -resource-dir /Applications/Xcode-15.3.0-Beta.2.app/Contents/Developer/Toolchains/XcodeDefault.xctoolchain/usr/lib/swift -enable-anonymous-context-mangled-names -Xcc -ivfsstatcache -Xcc /Users/builder/builds/UKfvDsi8u/1/finestructure/swiftpackageindex-builder/spi-builder-workspace/.derivedData/SDKStatCaches.noindex/appletvos17.4-21L5206e-a3897aa5c9b1d3e18efb168a98ac3602.sdkstatcache -Xcc -I/Users/builder/builds/UKfvDsi8u/1/finestructure/swiftpackageindex-builder/spi-builder-workspace/.derivedData/Build/Intermediates.noindex/ShellOut.build/Debug-appletvos/ShellOut.build/swift-overrides.hmap -Xcc -I/Users/builder/builds/UKfvDsi8u/1/finestructure/swiftpackageindex-builder/spi-builder-workspace/.derivedData/Build/Products/Debug-appletvos/include -Xcc -I/Users/builder/builds/UKfvDsi8u/1/finestructure/swiftpackageindex-builder/spi-builder-workspace/.derivedData/Build/Intermediates.noindex/ShellOut.build/Debug-appletvos/ShellOut.build/DerivedSources-normal/arm64 -Xcc -I/Users/builder/builds/UKfvDsi8u/1/finestructure/swiftpackageindex-builder/spi-builder-workspace/.derivedData/Build/Intermediates.noindex/ShellOut.build/Debug-appletvos/ShellOut.build/DerivedSources/arm64 -Xcc -I/Users/builder/builds/UKfvDsi8u/1/finestructure/swiftpackageindex-builder/spi-builder-workspace/.derivedData/Build/Intermediates.noindex/ShellOut.build/Debug-appletvos/ShellOut.build/DerivedSources -Xcc -DSWIFT_PACKAGE -Xcc -DDEBUG\=1 -module-name ShellOut -frontend-parseable-output -disable-clang-spi -target-sdk-version 17.4 -target-sdk-name appletvos17.4 -external-plugin-path /Applications/Xcode-15.3.0-Beta.2.app/Contents/Developer/Platforms/AppleTVOS.platform/Developer/SDKs/AppleTVOS17.4.sdk/usr/lib/swift/host/plugins\#/Applications/Xcode-15.3.0-Beta.2.app/Contents/Developer/Platforms/AppleTVOS.platform/Developer/SDKs/AppleTVOS17.4.sdk/usr/bin/swift-plugin-server -external-plugin-path /Applications/Xcode-15.3.0-Beta.2.app/Contents/Developer/Platforms/AppleTVOS.platform/Developer/SDKs/AppleTVOS17.4.sdk/usr/local/lib/swift/host/plugins\#/Applications/Xcode-15.3.0-Beta.2.app/Contents/Developer/Platforms/AppleTVOS.platform/Developer/SDKs/AppleTVOS17.4.sdk/usr/bin/swift-plugin-server -external-plugin-path /Applications/Xcode-15.3.0-Beta.2.app/Contents/Developer/Platforms/AppleTVOS.platform/Developer/usr/lib/swift/host/plugins\#/Applications/Xcode-15.3.0-Beta.2.app/Contents/Developer/Platforms/AppleTVOS.platform/Developer/usr/bin/swift-plugin-server -external-plugin-path /Applications/Xcode-15.3.0-Beta.2.app/Contents/Developer/Platforms/AppleTVOS.platform/Developer/usr/local/lib/swift/host/plugins\#/Applications/Xcode-15.3.0-Beta.2.app/Contents/Developer/Platforms/AppleTVOS.platform/Developer/usr/bin/swift-plugin-server -plugin-path /Applications/Xcode-15.3.0-Beta.2.app/Contents/Developer/Toolchains/XcodeDefault.xctoolchain/usr/lib/swift/host/plugins -plugin-path /Applications/Xcode-15.3.0-Beta.2.app/Contents/Developer/Toolchains/XcodeDefault.xctoolchain/usr/local/lib/swift/host/plugins -parse-as-library -o /Users/builder/builds/UKfvDsi8u/1/finestructure/swiftpackageindex-builder/spi-builder-workspace/.derivedData/Build/Intermediates.noindex/ShellOut.build/Debug-appletvos/ShellOut.build/Objects-normal/arm64/ShellOut.o -index-unit-output-path /ShellOut.build/Debug-appletvos/ShellOut.build/Objects-normal/arm64/ShellOut.o -index-store-path /Users/builder/builds/UKfvDsi8u/1/finestructure/swiftpackageindex-builder/spi-builder-workspace/.derivedData/Index.noindex/DataStore -index-system-modules
SwiftEmitModule normal arm64 Emitting\ module\ for\ PackageConfig (in target 'PackageConfig' from project 'PackageConfig')
    cd /Users/builder/builds/UKfvDsi8u/1/finestructure/swiftpackageindex-builder/spi-builder-workspace/.dependencies/checkouts/PackageConfig
    builtin-swiftTaskExecution -- /Applications/Xcode-15.3.0-Beta.2.app/Contents/Developer/Toolchains/XcodeDefault.xctoolchain/usr/bin/swift-frontend -frontend -emit-module -experimental-skip-non-inlinable-function-bodies-without-types /Users/builder/builds/UKfvDsi8u/1/finestructure/swiftpackageindex-builder/spi-builder-workspace/.dependencies/checkouts/PackageConfig/Sources/PackageConfig/DynamicLibraries.swift /Users/builder/builds/UKfvDsi8u/1/finestructure/swiftpackageindex-builder/spi-builder-workspace/.dependencies/checkouts/PackageConfig/Sources/PackageConfig/Error.swift /Users/builder/builds/UKfvDsi8u/1/finestructure/swiftpackageindex-builder/spi-builder-workspace/.dependencies/checkouts/PackageConfig/Sources/PackageConfig/Loader.swift /Users/builder/builds/UKfvDsi8u/1/finestructure/swiftpackageindex-builder/spi-builder-workspace/.dependencies/checkouts/PackageConfig/Sources/PackageConfig/Package.swift /Users/builder/builds/UKfvDsi8u/1/finestructure/swiftpackageindex-builder/spi-builder-workspace/.dependencies/checkouts/PackageConfig/Sources/PackageConfig/PackageConfig.swift /Users/builder/builds/UKfvDsi8u/1/finestructure/swiftpackageindex-builder/spi-builder-workspace/.dependencies/checkouts/PackageConfig/Sources/PackageConfig/PackageConfiguration.swift /Users/builder/builds/UKfvDsi8u/1/finestructure/swiftpackageindex-builder/spi-builder-workspace/.dependencies/checkouts/PackageConfig/Sources/PackageConfig/Writer.swift -target arm64-apple-tvos12.0 -Xllvm -aarch64-use-tbi -enable-objc-interop -sdk /Applications/Xcode-15.3.0-Beta.2.app/Contents/Developer/Platforms/AppleTVOS.platform/Developer/SDKs/AppleTVOS17.4.sdk -I /Users/builder/builds/UKfvDsi8u/1/finestructure/swiftpackageindex-builder/spi-builder-workspace/.derivedData/Build/Products/Debug-appletvos -I /Applications/Xcode-15.3.0-Beta.2.app/Contents/Developer/Platforms/AppleTVOS.platform/Developer/usr/lib -F /Users/builder/builds/UKfvDsi8u/1/finestructure/swiftpackageindex-builder/spi-builder-workspace/.derivedData/Build/Products/Debug-appletvos -F /Applications/Xcode-15.3.0-Beta.2.app/Contents/Developer/Platforms/AppleTVOS.platform/Developer/Library/Frameworks -F /Applications/Xcode-15.3.0-Beta.2.app/Contents/Developer/Platforms/AppleTVOS.platform/Developer/SDKs/AppleTVOS17.4.sdk/Developer/Library/Frameworks -no-color-diagnostics -enable-testing -g -module-cache-path /Users/builder/builds/UKfvDsi8u/1/finestructure/swiftpackageindex-builder/spi-builder-workspace/.derivedData/ModuleCache.noindex -suppress-warnings -swift-version 4.2 -enforce-exclusivity\=checked -Onone -D SWIFT_PACKAGE -D DEBUG -D Xcode -serialize-debugging-options -const-gather-protocols-file /Users/builder/builds/UKfvDsi8u/1/finestructure/swiftpackageindex-builder/spi-builder-workspace/.derivedData/Build/Intermediates.noindex/PackageConfig.build/Debug-appletvos/PackageConfig.build/Objects-normal/arm64/PackageConfig_const_extract_protocols.json -empty-abi-descriptor -validate-clang-modules-once -clang-build-session-file /Users/builder/builds/UKfvDsi8u/1/finestructure/swiftpackageindex-builder/spi-builder-workspace/.derivedData/ModuleCache.noindex/Session.modulevalidation -Xcc -working-directory -Xcc /Users/builder/builds/UKfvDsi8u/1/finestructure/swiftpackageindex-builder/spi-builder-workspace/.dependencies/checkouts/PackageConfig -resource-dir /Applications/Xcode-15.3.0-Beta.2.app/Contents/Developer/Toolchains/XcodeDefault.xctoolchain/usr/lib/swift -enable-anonymous-context-mangled-names -Xcc -ivfsstatcache -Xcc /Users/builder/builds/UKfvDsi8u/1/finestructure/swiftpackageindex-builder/spi-builder-workspace/.derivedData/SDKStatCaches.noindex/appletvos17.4-21L5206e-a3897aa5c9b1d3e18efb168a98ac3602.sdkstatcache -Xcc -I/Users/builder/builds/UKfvDsi8u/1/finestructure/swiftpackageindex-builder/spi-builder-workspace/.derivedData/Build/Intermediates.noindex/PackageConfig.build/Debug-appletvos/PackageConfig.build/swift-overrides.hmap -Xcc -I/Users/builder/builds/UKfvDsi8u/1/finestructure/swiftpackageindex-builder/spi-builder-workspace/.derivedData/Build/Products/Debug-appletvos/include -Xcc -I/Users/builder/builds/UKfvDsi8u/1/finestructure/swiftpackageindex-builder/spi-builder-workspace/.derivedData/Build/Intermediates.noindex/PackageConfig.build/Debug-appletvos/PackageConfig.build/DerivedSources-normal/arm64 -Xcc -I/Users/builder/builds/UKfvDsi8u/1/finestructure/swiftpackageindex-builder/spi-builder-workspace/.derivedData/Build/Intermediates.noindex/PackageConfig.build/Debug-appletvos/PackageConfig.build/DerivedSources/arm64 -Xcc -I/Users/builder/builds/UKfvDsi8u/1/finestructure/swiftpackageindex-builder/spi-builder-workspace/.derivedData/Build/Intermediates.noindex/PackageConfig.build/Debug-appletvos/PackageConfig.build/DerivedSources -Xcc -DSWIFT_PACKAGE -Xcc -DDEBUG\=1 -module-name PackageConfig -disable-clang-spi -target-sdk-version 17.4 -target-sdk-name appletvos17.4 -external-plugin-path /Applications/Xcode-15.3.0-Beta.2.app/Contents/Developer/Platforms/AppleTVOS.platform/Developer/SDKs/AppleTVOS17.4.sdk/usr/lib/swift/host/plugins\#/Applications/Xcode-15.3.0-Beta.2.app/Contents/Developer/Platforms/AppleTVOS.platform/Developer/SDKs/AppleTVOS17.4.sdk/usr/bin/swift-plugin-server -external-plugin-path /Applications/Xcode-15.3.0-Beta.2.app/Contents/Developer/Platforms/AppleTVOS.platform/Developer/SDKs/AppleTVOS17.4.sdk/usr/local/lib/swift/host/plugins\#/Applications/Xcode-15.3.0-Beta.2.app/Contents/Developer/Platforms/AppleTVOS.platform/Developer/SDKs/AppleTVOS17.4.sdk/usr/bin/swift-plugin-server -external-plugin-path /Applications/Xcode-15.3.0-Beta.2.app/Contents/Developer/Platforms/AppleTVOS.platform/Developer/usr/lib/swift/host/plugins\#/Applications/Xcode-15.3.0-Beta.2.app/Contents/Developer/Platforms/AppleTVOS.platform/Developer/usr/bin/swift-plugin-server -external-plugin-path /Applications/Xcode-15.3.0-Beta.2.app/Contents/Developer/Platforms/AppleTVOS.platform/Developer/usr/local/lib/swift/host/plugins\#/Applications/Xcode-15.3.0-Beta.2.app/Contents/Developer/Platforms/AppleTVOS.platform/Developer/usr/bin/swift-plugin-server -plugin-path /Applications/Xcode-15.3.0-Beta.2.app/Contents/Developer/Toolchains/XcodeDefault.xctoolchain/usr/lib/swift/host/plugins -plugin-path /Applications/Xcode-15.3.0-Beta.2.app/Contents/Developer/Toolchains/XcodeDefault.xctoolchain/usr/local/lib/swift/host/plugins -emit-module-doc-path /Users/builder/builds/UKfvDsi8u/1/finestructure/swiftpackageindex-builder/spi-builder-workspace/.derivedData/Build/Intermediates.noindex/PackageConfig.build/Debug-appletvos/PackageConfig.build/Objects-normal/arm64/PackageConfig.swiftdoc -emit-module-source-info-path /Users/builder/builds/UKfvDsi8u/1/finestructure/swiftpackageindex-builder/spi-builder-workspace/.derivedData/Build/Intermediates.noindex/PackageConfig.build/Debug-appletvos/PackageConfig.build/Objects-normal/arm64/PackageConfig.swiftsourceinfo -emit-objc-header-path /Users/builder/builds/UKfvDsi8u/1/finestructure/swiftpackageindex-builder/spi-builder-workspace/.derivedData/Build/Intermediates.noindex/PackageConfig.build/Debug-appletvos/PackageConfig.build/Objects-normal/arm64/PackageConfig-Swift.h -serialize-diagnostics-path /Users/builder/builds/UKfvDsi8u/1/finestructure/swiftpackageindex-builder/spi-builder-workspace/.derivedData/Build/Intermediates.noindex/PackageConfig.build/Debug-appletvos/PackageConfig.build/Objects-normal/arm64/PackageConfig-master-emit-module.dia -emit-dependencies-path /Users/builder/builds/UKfvDsi8u/1/finestructure/swiftpackageindex-builder/spi-builder-workspace/.derivedData/Build/Intermediates.noindex/PackageConfig.build/Debug-appletvos/PackageConfig.build/Objects-normal/arm64/PackageConfig-master-emit-module.d -o /Users/builder/builds/UKfvDsi8u/1/finestructure/swiftpackageindex-builder/spi-builder-workspace/.derivedData/Build/Intermediates.noindex/PackageConfig.build/Debug-appletvos/PackageConfig.build/Objects-normal/arm64/PackageConfig.swiftmodule -emit-abi-descriptor-path /Users/builder/builds/UKfvDsi8u/1/finestructure/swiftpackageindex-builder/spi-builder-workspace/.derivedData/Build/Intermediates.noindex/PackageConfig.build/Debug-appletvos/PackageConfig.build/Objects-normal/arm64/PackageConfig.abi.json
SwiftCompile normal arm64 Compiling\ Writer.swift /Users/builder/builds/UKfvDsi8u/1/finestructure/swiftpackageindex-builder/spi-builder-workspace/.dependencies/checkouts/PackageConfig/Sources/PackageConfig/Writer.swift (in target 'PackageConfig' from project 'PackageConfig')
    cd /Users/builder/builds/UKfvDsi8u/1/finestructure/swiftpackageindex-builder/spi-builder-workspace/.dependencies/checkouts/PackageConfig
    builtin-swiftTaskExecution -- /Applications/Xcode-15.3.0-Beta.2.app/Contents/Developer/Toolchains/XcodeDefault.xctoolchain/usr/bin/swift-frontend -frontend -c /Users/builder/builds/UKfvDsi8u/1/finestructure/swiftpackageindex-builder/spi-builder-workspace/.dependencies/checkouts/PackageConfig/Sources/PackageConfig/DynamicLibraries.swift /Users/builder/builds/UKfvDsi8u/1/finestructure/swiftpackageindex-builder/spi-builder-workspace/.dependencies/checkouts/PackageConfig/Sources/PackageConfig/Error.swift /Users/builder/builds/UKfvDsi8u/1/finestructure/swiftpackageindex-builder/spi-builder-workspace/.dependencies/checkouts/PackageConfig/Sources/PackageConfig/Loader.swift /Users/builder/builds/UKfvDsi8u/1/finestructure/swiftpackageindex-builder/spi-builder-workspace/.dependencies/checkouts/PackageConfig/Sources/PackageConfig/Package.swift /Users/builder/builds/UKfvDsi8u/1/finestructure/swiftpackageindex-builder/spi-builder-workspace/.dependencies/checkouts/PackageConfig/Sources/PackageConfig/PackageConfig.swift /Users/builder/builds/UKfvDsi8u/1/finestructure/swiftpackageindex-builder/spi-builder-workspace/.dependencies/checkouts/PackageConfig/Sources/PackageConfig/PackageConfiguration.swift -primary-file /Users/builder/builds/UKfvDsi8u/1/finestructure/swiftpackageindex-builder/spi-builder-workspace/.dependencies/checkouts/PackageConfig/Sources/PackageConfig/Writer.swift -emit-dependencies-path /Users/builder/builds/UKfvDsi8u/1/finestructure/swiftpackageindex-builder/spi-builder-workspace/.derivedData/Build/Intermediates.noindex/PackageConfig.build/Debug-appletvos/PackageConfig.build/Objects-normal/arm64/Writer.d -emit-const-values-path /Users/builder/builds/UKfvDsi8u/1/finestructure/swiftpackageindex-builder/spi-builder-workspace/.derivedData/Build/Intermediates.noindex/PackageConfig.build/Debug-appletvos/PackageConfig.build/Objects-normal/arm64/Writer.swiftconstvalues -emit-reference-dependencies-path /Users/builder/builds/UKfvDsi8u/1/finestructure/swiftpackageindex-builder/spi-builder-workspace/.derivedData/Build/Intermediates.noindex/PackageConfig.build/Debug-appletvos/PackageConfig.build/Objects-normal/arm64/Writer.swiftdeps -serialize-diagnostics-path /Users/builder/builds/UKfvDsi8u/1/finestructure/swiftpackageindex-builder/spi-builder-workspace/.derivedData/Build/Intermediates.noindex/PackageConfig.build/Debug-appletvos/PackageConfig.build/Objects-normal/arm64/Writer.dia -target arm64-apple-tvos12.0 -Xllvm -aarch64-use-tbi -enable-objc-interop -sdk /Applications/Xcode-15.3.0-Beta.2.app/Contents/Developer/Platforms/AppleTVOS.platform/Developer/SDKs/AppleTVOS17.4.sdk -I /Users/builder/builds/UKfvDsi8u/1/finestructure/swiftpackageindex-builder/spi-builder-workspace/.derivedData/Build/Products/Debug-appletvos -I /Applications/Xcode-15.3.0-Beta.2.app/Contents/Developer/Platforms/AppleTVOS.platform/Developer/usr/lib -F /Users/builder/builds/UKfvDsi8u/1/finestructure/swiftpackageindex-builder/spi-builder-workspace/.derivedData/Build/Products/Debug-appletvos -F /Applications/Xcode-15.3.0-Beta.2.app/Contents/Developer/Platforms/AppleTVOS.platform/Developer/Library/Frameworks -F /Applications/Xcode-15.3.0-Beta.2.app/Contents/Developer/Platforms/AppleTVOS.platform/Developer/SDKs/AppleTVOS17.4.sdk/Developer/Library/Frameworks -no-color-diagnostics -enable-testing -g -module-cache-path /Users/builder/builds/UKfvDsi8u/1/finestructure/swiftpackageindex-builder/spi-builder-workspace/.derivedData/ModuleCache.noindex -suppress-warnings -swift-version 4.2 -enforce-exclusivity\=checked -Onone -D SWIFT_PACKAGE -D DEBUG -D Xcode -serialize-debugging-options -const-gather-protocols-file /Users/builder/builds/UKfvDsi8u/1/finestructure/swiftpackageindex-builder/spi-builder-workspace/.derivedData/Build/Intermediates.noindex/PackageConfig.build/Debug-appletvos/PackageConfig.build/Objects-normal/arm64/PackageConfig_const_extract_protocols.json -empty-abi-descriptor -validate-clang-modules-once -clang-build-session-file /Users/builder/builds/UKfvDsi8u/1/finestructure/swiftpackageindex-builder/spi-builder-workspace/.derivedData/ModuleCache.noindex/Session.modulevalidation -Xcc -working-directory -Xcc /Users/builder/builds/UKfvDsi8u/1/finestructure/swiftpackageindex-builder/spi-builder-workspace/.dependencies/checkouts/PackageConfig -resource-dir /Applications/Xcode-15.3.0-Beta.2.app/Contents/Developer/Toolchains/XcodeDefault.xctoolchain/usr/lib/swift -enable-anonymous-context-mangled-names -Xcc -ivfsstatcache -Xcc /Users/builder/builds/UKfvDsi8u/1/finestructure/swiftpackageindex-builder/spi-builder-workspace/.derivedData/SDKStatCaches.noindex/appletvos17.4-21L5206e-a3897aa5c9b1d3e18efb168a98ac3602.sdkstatcache -Xcc -I/Users/builder/builds/UKfvDsi8u/1/finestructure/swiftpackageindex-builder/spi-builder-workspace/.derivedData/Build/Intermediates.noindex/PackageConfig.build/Debug-appletvos/PackageConfig.build/swift-overrides.hmap -Xcc -I/Users/builder/builds/UKfvDsi8u/1/finestructure/swiftpackageindex-builder/spi-builder-workspace/.derivedData/Build/Products/Debug-appletvos/include -Xcc -I/Users/builder/builds/UKfvDsi8u/1/finestructure/swiftpackageindex-builder/spi-builder-workspace/.derivedData/Build/Intermediates.noindex/PackageConfig.build/Debug-appletvos/PackageConfig.build/DerivedSources-normal/arm64 -Xcc -I/Users/builder/builds/UKfvDsi8u/1/finestructure/swiftpackageindex-builder/spi-builder-workspace/.derivedData/Build/Intermediates.noindex/PackageConfig.build/Debug-appletvos/PackageConfig.build/DerivedSources/arm64 -Xcc -I/Users/builder/builds/UKfvDsi8u/1/finestructure/swiftpackageindex-builder/spi-builder-workspace/.derivedData/Build/Intermediates.noindex/PackageConfig.build/Debug-appletvos/PackageConfig.build/DerivedSources -Xcc -DSWIFT_PACKAGE -Xcc -DDEBUG\=1 -module-name PackageConfig -frontend-parseable-output -disable-clang-spi -target-sdk-version 17.4 -target-sdk-name appletvos17.4 -external-plugin-path /Applications/Xcode-15.3.0-Beta.2.app/Contents/Developer/Platforms/AppleTVOS.platform/Developer/SDKs/AppleTVOS17.4.sdk/usr/lib/swift/host/plugins\#/Applications/Xcode-15.3.0-Beta.2.app/Contents/Developer/Platforms/AppleTVOS.platform/Developer/SDKs/AppleTVOS17.4.sdk/usr/bin/swift-plugin-server -external-plugin-path /Applications/Xcode-15.3.0-Beta.2.app/Contents/Developer/Platforms/AppleTVOS.platform/Developer/SDKs/AppleTVOS17.4.sdk/usr/local/lib/swift/host/plugins\#/Applications/Xcode-15.3.0-Beta.2.app/Contents/Developer/Platforms/AppleTVOS.platform/Developer/SDKs/AppleTVOS17.4.sdk/usr/bin/swift-plugin-server -external-plugin-path /Applications/Xcode-15.3.0-Beta.2.app/Contents/Developer/Platforms/AppleTVOS.platform/Developer/usr/lib/swift/host/plugins\#/Applications/Xcode-15.3.0-Beta.2.app/Contents/Developer/Platforms/AppleTVOS.platform/Developer/usr/bin/swift-plugin-server -external-plugin-path /Applications/Xcode-15.3.0-Beta.2.app/Contents/Developer/Platforms/AppleTVOS.platform/Developer/usr/local/lib/swift/host/plugins\#/Applications/Xcode-15.3.0-Beta.2.app/Contents/Developer/Platforms/AppleTVOS.platform/Developer/usr/bin/swift-plugin-server -plugin-path /Applications/Xcode-15.3.0-Beta.2.app/Contents/Developer/Toolchains/XcodeDefault.xctoolchain/usr/lib/swift/host/plugins -plugin-path /Applications/Xcode-15.3.0-Beta.2.app/Contents/Developer/Toolchains/XcodeDefault.xctoolchain/usr/local/lib/swift/host/plugins -o /Users/builder/builds/UKfvDsi8u/1/finestructure/swiftpackageindex-builder/spi-builder-workspace/.derivedData/Build/Intermediates.noindex/PackageConfig.build/Debug-appletvos/PackageConfig.build/Objects-normal/arm64/Writer.o -index-unit-output-path /PackageConfig.build/Debug-appletvos/PackageConfig.build/Objects-normal/arm64/Writer.o -index-store-path /Users/builder/builds/UKfvDsi8u/1/finestructure/swiftpackageindex-builder/spi-builder-workspace/.derivedData/Index.noindex/DataStore -index-system-modules
Command SwiftCompile failed with a nonzero exit code
SwiftCompile normal arm64 Compiling\ PackageConfiguration.swift /Users/builder/builds/UKfvDsi8u/1/finestructure/swiftpackageindex-builder/spi-builder-workspace/.dependencies/checkouts/PackageConfig/Sources/PackageConfig/PackageConfiguration.swift (in target 'PackageConfig' from project 'PackageConfig')
    cd /Users/builder/builds/UKfvDsi8u/1/finestructure/swiftpackageindex-builder/spi-builder-workspace/.dependencies/checkouts/PackageConfig
    builtin-swiftTaskExecution -- /Applications/Xcode-15.3.0-Beta.2.app/Contents/Developer/Toolchains/XcodeDefault.xctoolchain/usr/bin/swift-frontend -frontend -c /Users/builder/builds/UKfvDsi8u/1/finestructure/swiftpackageindex-builder/spi-builder-workspace/.dependencies/checkouts/PackageConfig/Sources/PackageConfig/DynamicLibraries.swift /Users/builder/builds/UKfvDsi8u/1/finestructure/swiftpackageindex-builder/spi-builder-workspace/.dependencies/checkouts/PackageConfig/Sources/PackageConfig/Error.swift /Users/builder/builds/UKfvDsi8u/1/finestructure/swiftpackageindex-builder/spi-builder-workspace/.dependencies/checkouts/PackageConfig/Sources/PackageConfig/Loader.swift /Users/builder/builds/UKfvDsi8u/1/finestructure/swiftpackageindex-builder/spi-builder-workspace/.dependencies/checkouts/PackageConfig/Sources/PackageConfig/Package.swift /Users/builder/builds/UKfvDsi8u/1/finestructure/swiftpackageindex-builder/spi-builder-workspace/.dependencies/checkouts/PackageConfig/Sources/PackageConfig/PackageConfig.swift -primary-file /Users/builder/builds/UKfvDsi8u/1/finestructure/swiftpackageindex-builder/spi-builder-workspace/.dependencies/checkouts/PackageConfig/Sources/PackageConfig/PackageConfiguration.swift /Users/builder/builds/UKfvDsi8u/1/finestructure/swiftpackageindex-builder/spi-builder-workspace/.dependencies/checkouts/PackageConfig/Sources/PackageConfig/Writer.swift -emit-dependencies-path /Users/builder/builds/UKfvDsi8u/1/finestructure/swiftpackageindex-builder/spi-builder-workspace/.derivedData/Build/Intermediates.noindex/PackageConfig.build/Debug-appletvos/PackageConfig.build/Objects-normal/arm64/PackageConfiguration.d -emit-const-values-path /Users/builder/builds/UKfvDsi8u/1/finestructure/swiftpackageindex-builder/spi-builder-workspace/.derivedData/Build/Intermediates.noindex/PackageConfig.build/Debug-appletvos/PackageConfig.build/Objects-normal/arm64/PackageConfiguration.swiftconstvalues -emit-reference-dependencies-path /Users/builder/builds/UKfvDsi8u/1/finestructure/swiftpackageindex-builder/spi-builder-workspace/.derivedData/Build/Intermediates.noindex/PackageConfig.build/Debug-appletvos/PackageConfig.build/Objects-normal/arm64/PackageConfiguration.swiftdeps -serialize-diagnostics-path /Users/builder/builds/UKfvDsi8u/1/finestructure/swiftpackageindex-builder/spi-builder-workspace/.derivedData/Build/Intermediates.noindex/PackageConfig.build/Debug-appletvos/PackageConfig.build/Objects-normal/arm64/PackageConfiguration.dia -target arm64-apple-tvos12.0 -Xllvm -aarch64-use-tbi -enable-objc-interop -sdk /Applications/Xcode-15.3.0-Beta.2.app/Contents/Developer/Platforms/AppleTVOS.platform/Developer/SDKs/AppleTVOS17.4.sdk -I /Users/builder/builds/UKfvDsi8u/1/finestructure/swiftpackageindex-builder/spi-builder-workspace/.derivedData/Build/Products/Debug-appletvos -I /Applications/Xcode-15.3.0-Beta.2.app/Contents/Developer/Platforms/AppleTVOS.platform/Developer/usr/lib -F /Users/builder/builds/UKfvDsi8u/1/finestructure/swiftpackageindex-builder/spi-builder-workspace/.derivedData/Build/Products/Debug-appletvos -F /Applications/Xcode-15.3.0-Beta.2.app/Contents/Developer/Platforms/AppleTVOS.platform/Developer/Library/Frameworks -F /Applications/Xcode-15.3.0-Beta.2.app/Contents/Developer/Platforms/AppleTVOS.platform/Developer/SDKs/AppleTVOS17.4.sdk/Developer/Library/Frameworks -no-color-diagnostics -enable-testing -g -module-cache-path /Users/builder/builds/UKfvDsi8u/1/finestructure/swiftpackageindex-builder/spi-builder-workspace/.derivedData/ModuleCache.noindex -suppress-warnings -swift-version 4.2 -enforce-exclusivity\=checked -Onone -D SWIFT_PACKAGE -D DEBUG -D Xcode -serialize-debugging-options -const-gather-protocols-file /Users/builder/builds/UKfvDsi8u/1/finestructure/swiftpackageindex-builder/spi-builder-workspace/.derivedData/Build/Intermediates.noindex/PackageConfig.build/Debug-appletvos/PackageConfig.build/Objects-normal/arm64/PackageConfig_const_extract_protocols.json -empty-abi-descriptor -validate-clang-modules-once -clang-build-session-file /Users/builder/builds/UKfvDsi8u/1/finestructure/swiftpackageindex-builder/spi-builder-workspace/.derivedData/ModuleCache.noindex/Session.modulevalidation -Xcc -working-directory -Xcc /Users/builder/builds/UKfvDsi8u/1/finestructure/swiftpackageindex-builder/spi-builder-workspace/.dependencies/checkouts/PackageConfig -resource-dir /Applications/Xcode-15.3.0-Beta.2.app/Contents/Developer/Toolchains/XcodeDefault.xctoolchain/usr/lib/swift -enable-anonymous-context-mangled-names -Xcc -ivfsstatcache -Xcc /Users/builder/builds/UKfvDsi8u/1/finestructure/swiftpackageindex-builder/spi-builder-workspace/.derivedData/SDKStatCaches.noindex/appletvos17.4-21L5206e-a3897aa5c9b1d3e18efb168a98ac3602.sdkstatcache -Xcc -I/Users/builder/builds/UKfvDsi8u/1/finestructure/swiftpackageindex-builder/spi-builder-workspace/.derivedData/Build/Intermediates.noindex/PackageConfig.build/Debug-appletvos/PackageConfig.build/swift-overrides.hmap -Xcc -I/Users/builder/builds/UKfvDsi8u/1/finestructure/swiftpackageindex-builder/spi-builder-workspace/.derivedData/Build/Products/Debug-appletvos/include -Xcc -I/Users/builder/builds/UKfvDsi8u/1/finestructure/swiftpackageindex-builder/spi-builder-workspace/.derivedData/Build/Intermediates.noindex/PackageConfig.build/Debug-appletvos/PackageConfig.build/DerivedSources-normal/arm64 -Xcc -I/Users/builder/builds/UKfvDsi8u/1/finestructure/swiftpackageindex-builder/spi-builder-workspace/.derivedData/Build/Intermediates.noindex/PackageConfig.build/Debug-appletvos/PackageConfig.build/DerivedSources/arm64 -Xcc -I/Users/builder/builds/UKfvDsi8u/1/finestructure/swiftpackageindex-builder/spi-builder-workspace/.derivedData/Build/Intermediates.noindex/PackageConfig.build/Debug-appletvos/PackageConfig.build/DerivedSources -Xcc -DSWIFT_PACKAGE -Xcc -DDEBUG\=1 -module-name PackageConfig -frontend-parseable-output -disable-clang-spi -target-sdk-version 17.4 -target-sdk-name appletvos17.4 -external-plugin-path /Applications/Xcode-15.3.0-Beta.2.app/Contents/Developer/Platforms/AppleTVOS.platform/Developer/SDKs/AppleTVOS17.4.sdk/usr/lib/swift/host/plugins\#/Applications/Xcode-15.3.0-Beta.2.app/Contents/Developer/Platforms/AppleTVOS.platform/Developer/SDKs/AppleTVOS17.4.sdk/usr/bin/swift-plugin-server -external-plugin-path /Applications/Xcode-15.3.0-Beta.2.app/Contents/Developer/Platforms/AppleTVOS.platform/Developer/SDKs/AppleTVOS17.4.sdk/usr/local/lib/swift/host/plugins\#/Applications/Xcode-15.3.0-Beta.2.app/Contents/Developer/Platforms/AppleTVOS.platform/Developer/SDKs/AppleTVOS17.4.sdk/usr/bin/swift-plugin-server -external-plugin-path /Applications/Xcode-15.3.0-Beta.2.app/Contents/Developer/Platforms/AppleTVOS.platform/Developer/usr/lib/swift/host/plugins\#/Applications/Xcode-15.3.0-Beta.2.app/Contents/Developer/Platforms/AppleTVOS.platform/Developer/usr/bin/swift-plugin-server -external-plugin-path /Applications/Xcode-15.3.0-Beta.2.app/Contents/Developer/Platforms/AppleTVOS.platform/Developer/usr/local/lib/swift/host/plugins\#/Applications/Xcode-15.3.0-Beta.2.app/Contents/Developer/Platforms/AppleTVOS.platform/Developer/usr/bin/swift-plugin-server -plugin-path /Applications/Xcode-15.3.0-Beta.2.app/Contents/Developer/Toolchains/XcodeDefault.xctoolchain/usr/lib/swift/host/plugins -plugin-path /Applications/Xcode-15.3.0-Beta.2.app/Contents/Developer/Toolchains/XcodeDefault.xctoolchain/usr/local/lib/swift/host/plugins -o /Users/builder/builds/UKfvDsi8u/1/finestructure/swiftpackageindex-builder/spi-builder-workspace/.derivedData/Build/Intermediates.noindex/PackageConfig.build/Debug-appletvos/PackageConfig.build/Objects-normal/arm64/PackageConfiguration.o -index-unit-output-path /PackageConfig.build/Debug-appletvos/PackageConfig.build/Objects-normal/arm64/PackageConfiguration.o -index-store-path /Users/builder/builds/UKfvDsi8u/1/finestructure/swiftpackageindex-builder/spi-builder-workspace/.derivedData/Index.noindex/DataStore -index-system-modules
Command SwiftCompile failed with a nonzero exit code
SwiftCompile normal arm64 Compiling\ PackageConfig.swift /Users/builder/builds/UKfvDsi8u/1/finestructure/swiftpackageindex-builder/spi-builder-workspace/.dependencies/checkouts/PackageConfig/Sources/PackageConfig/PackageConfig.swift (in target 'PackageConfig' from project 'PackageConfig')
    cd /Users/builder/builds/UKfvDsi8u/1/finestructure/swiftpackageindex-builder/spi-builder-workspace/.dependencies/checkouts/PackageConfig
    builtin-swiftTaskExecution -- /Applications/Xcode-15.3.0-Beta.2.app/Contents/Developer/Toolchains/XcodeDefault.xctoolchain/usr/bin/swift-frontend -frontend -c /Users/builder/builds/UKfvDsi8u/1/finestructure/swiftpackageindex-builder/spi-builder-workspace/.dependencies/checkouts/PackageConfig/Sources/PackageConfig/DynamicLibraries.swift /Users/builder/builds/UKfvDsi8u/1/finestructure/swiftpackageindex-builder/spi-builder-workspace/.dependencies/checkouts/PackageConfig/Sources/PackageConfig/Error.swift /Users/builder/builds/UKfvDsi8u/1/finestructure/swiftpackageindex-builder/spi-builder-workspace/.dependencies/checkouts/PackageConfig/Sources/PackageConfig/Loader.swift /Users/builder/builds/UKfvDsi8u/1/finestructure/swiftpackageindex-builder/spi-builder-workspace/.dependencies/checkouts/PackageConfig/Sources/PackageConfig/Package.swift -primary-file /Users/builder/builds/UKfvDsi8u/1/finestructure/swiftpackageindex-builder/spi-builder-workspace/.dependencies/checkouts/PackageConfig/Sources/PackageConfig/PackageConfig.swift /Users/builder/builds/UKfvDsi8u/1/finestructure/swiftpackageindex-builder/spi-builder-workspace/.dependencies/checkouts/PackageConfig/Sources/PackageConfig/PackageConfiguration.swift /Users/builder/builds/UKfvDsi8u/1/finestructure/swiftpackageindex-builder/spi-builder-workspace/.dependencies/checkouts/PackageConfig/Sources/PackageConfig/Writer.swift -emit-dependencies-path /Users/builder/builds/UKfvDsi8u/1/finestructure/swiftpackageindex-builder/spi-builder-workspace/.derivedData/Build/Intermediates.noindex/PackageConfig.build/Debug-appletvos/PackageConfig.build/Objects-normal/arm64/PackageConfig.d -emit-const-values-path /Users/builder/builds/UKfvDsi8u/1/finestructure/swiftpackageindex-builder/spi-builder-workspace/.derivedData/Build/Intermediates.noindex/PackageConfig.build/Debug-appletvos/PackageConfig.build/Objects-normal/arm64/PackageConfig.swiftconstvalues -emit-reference-dependencies-path /Users/builder/builds/UKfvDsi8u/1/finestructure/swiftpackageindex-builder/spi-builder-workspace/.derivedData/Build/Intermediates.noindex/PackageConfig.build/Debug-appletvos/PackageConfig.build/Objects-normal/arm64/PackageConfig.swiftdeps -serialize-diagnostics-path /Users/builder/builds/UKfvDsi8u/1/finestructure/swiftpackageindex-builder/spi-builder-workspace/.derivedData/Build/Intermediates.noindex/PackageConfig.build/Debug-appletvos/PackageConfig.build/Objects-normal/arm64/PackageConfig.dia -target arm64-apple-tvos12.0 -Xllvm -aarch64-use-tbi -enable-objc-interop -sdk /Applications/Xcode-15.3.0-Beta.2.app/Contents/Developer/Platforms/AppleTVOS.platform/Developer/SDKs/AppleTVOS17.4.sdk -I /Users/builder/builds/UKfvDsi8u/1/finestructure/swiftpackageindex-builder/spi-builder-workspace/.derivedData/Build/Products/Debug-appletvos -I /Applications/Xcode-15.3.0-Beta.2.app/Contents/Developer/Platforms/AppleTVOS.platform/Developer/usr/lib -F /Users/builder/builds/UKfvDsi8u/1/finestructure/swiftpackageindex-builder/spi-builder-workspace/.derivedData/Build/Products/Debug-appletvos -F /Applications/Xcode-15.3.0-Beta.2.app/Contents/Developer/Platforms/AppleTVOS.platform/Developer/Library/Frameworks -F /Applications/Xcode-15.3.0-Beta.2.app/Contents/Developer/Platforms/AppleTVOS.platform/Developer/SDKs/AppleTVOS17.4.sdk/Developer/Library/Frameworks -no-color-diagnostics -enable-testing -g -module-cache-path /Users/builder/builds/UKfvDsi8u/1/finestructure/swiftpackageindex-builder/spi-builder-workspace/.derivedData/ModuleCache.noindex -suppress-warnings -swift-version 4.2 -enforce-exclusivity\=checked -Onone -D SWIFT_PACKAGE -D DEBUG -D Xcode -serialize-debugging-options -const-gather-protocols-file /Users/builder/builds/UKfvDsi8u/1/finestructure/swiftpackageindex-builder/spi-builder-workspace/.derivedData/Build/Intermediates.noindex/PackageConfig.build/Debug-appletvos/PackageConfig.build/Objects-normal/arm64/PackageConfig_const_extract_protocols.json -empty-abi-descriptor -validate-clang-modules-once -clang-build-session-file /Users/builder/builds/UKfvDsi8u/1/finestructure/swiftpackageindex-builder/spi-builder-workspace/.derivedData/ModuleCache.noindex/Session.modulevalidation -Xcc -working-directory -Xcc /Users/builder/builds/UKfvDsi8u/1/finestructure/swiftpackageindex-builder/spi-builder-workspace/.dependencies/checkouts/PackageConfig -resource-dir /Applications/Xcode-15.3.0-Beta.2.app/Contents/Developer/Toolchains/XcodeDefault.xctoolchain/usr/lib/swift -enable-anonymous-context-mangled-names -Xcc -ivfsstatcache -Xcc /Users/builder/builds/UKfvDsi8u/1/finestructure/swiftpackageindex-builder/spi-builder-workspace/.derivedData/SDKStatCaches.noindex/appletvos17.4-21L5206e-a3897aa5c9b1d3e18efb168a98ac3602.sdkstatcache -Xcc -I/Users/builder/builds/UKfvDsi8u/1/finestructure/swiftpackageindex-builder/spi-builder-workspace/.derivedData/Build/Intermediates.noindex/PackageConfig.build/Debug-appletvos/PackageConfig.build/swift-overrides.hmap -Xcc -I/Users/builder/builds/UKfvDsi8u/1/finestructure/swiftpackageindex-builder/spi-builder-workspace/.derivedData/Build/Products/Debug-appletvos/include -Xcc -I/Users/builder/builds/UKfvDsi8u/1/finestructure/swiftpackageindex-builder/spi-builder-workspace/.derivedData/Build/Intermediates.noindex/PackageConfig.build/Debug-appletvos/PackageConfig.build/DerivedSources-normal/arm64 -Xcc -I/Users/builder/builds/UKfvDsi8u/1/finestructure/swiftpackageindex-builder/spi-builder-workspace/.derivedData/Build/Intermediates.noindex/PackageConfig.build/Debug-appletvos/PackageConfig.build/DerivedSources/arm64 -Xcc -I/Users/builder/builds/UKfvDsi8u/1/finestructure/swiftpackageindex-builder/spi-builder-workspace/.derivedData/Build/Intermediates.noindex/PackageConfig.build/Debug-appletvos/PackageConfig.build/DerivedSources -Xcc -DSWIFT_PACKAGE -Xcc -DDEBUG\=1 -module-name PackageConfig -frontend-parseable-output -disable-clang-spi -target-sdk-version 17.4 -target-sdk-name appletvos17.4 -external-plugin-path /Applications/Xcode-15.3.0-Beta.2.app/Contents/Developer/Platforms/AppleTVOS.platform/Developer/SDKs/AppleTVOS17.4.sdk/usr/lib/swift/host/plugins\#/Applications/Xcode-15.3.0-Beta.2.app/Contents/Developer/Platforms/AppleTVOS.platform/Developer/SDKs/AppleTVOS17.4.sdk/usr/bin/swift-plugin-server -external-plugin-path /Applications/Xcode-15.3.0-Beta.2.app/Contents/Developer/Platforms/AppleTVOS.platform/Developer/SDKs/AppleTVOS17.4.sdk/usr/local/lib/swift/host/plugins\#/Applications/Xcode-15.3.0-Beta.2.app/Contents/Developer/Platforms/AppleTVOS.platform/Developer/SDKs/AppleTVOS17.4.sdk/usr/bin/swift-plugin-server -external-plugin-path /Applications/Xcode-15.3.0-Beta.2.app/Contents/Developer/Platforms/AppleTVOS.platform/Developer/usr/lib/swift/host/plugins\#/Applications/Xcode-15.3.0-Beta.2.app/Contents/Developer/Platforms/AppleTVOS.platform/Developer/usr/bin/swift-plugin-server -external-plugin-path /Applications/Xcode-15.3.0-Beta.2.app/Contents/Developer/Platforms/AppleTVOS.platform/Developer/usr/local/lib/swift/host/plugins\#/Applications/Xcode-15.3.0-Beta.2.app/Contents/Developer/Platforms/AppleTVOS.platform/Developer/usr/bin/swift-plugin-server -plugin-path /Applications/Xcode-15.3.0-Beta.2.app/Contents/Developer/Toolchains/XcodeDefault.xctoolchain/usr/lib/swift/host/plugins -plugin-path /Applications/Xcode-15.3.0-Beta.2.app/Contents/Developer/Toolchains/XcodeDefault.xctoolchain/usr/local/lib/swift/host/plugins -o /Users/builder/builds/UKfvDsi8u/1/finestructure/swiftpackageindex-builder/spi-builder-workspace/.derivedData/Build/Intermediates.noindex/PackageConfig.build/Debug-appletvos/PackageConfig.build/Objects-normal/arm64/PackageConfig.o -index-unit-output-path /PackageConfig.build/Debug-appletvos/PackageConfig.build/Objects-normal/arm64/PackageConfig.o -index-store-path /Users/builder/builds/UKfvDsi8u/1/finestructure/swiftpackageindex-builder/spi-builder-workspace/.derivedData/Index.noindex/DataStore -index-system-modules
Command SwiftCompile failed with a nonzero exit code
SwiftCompile normal arm64 Compiling\ Error.swift /Users/builder/builds/UKfvDsi8u/1/finestructure/swiftpackageindex-builder/spi-builder-workspace/.dependencies/checkouts/PackageConfig/Sources/PackageConfig/Error.swift (in target 'PackageConfig' from project 'PackageConfig')
    cd /Users/builder/builds/UKfvDsi8u/1/finestructure/swiftpackageindex-builder/spi-builder-workspace/.dependencies/checkouts/PackageConfig
    builtin-swiftTaskExecution -- /Applications/Xcode-15.3.0-Beta.2.app/Contents/Developer/Toolchains/XcodeDefault.xctoolchain/usr/bin/swift-frontend -frontend -c /Users/builder/builds/UKfvDsi8u/1/finestructure/swiftpackageindex-builder/spi-builder-workspace/.dependencies/checkouts/PackageConfig/Sources/PackageConfig/DynamicLibraries.swift -primary-file /Users/builder/builds/UKfvDsi8u/1/finestructure/swiftpackageindex-builder/spi-builder-workspace/.dependencies/checkouts/PackageConfig/Sources/PackageConfig/Error.swift /Users/builder/builds/UKfvDsi8u/1/finestructure/swiftpackageindex-builder/spi-builder-workspace/.dependencies/checkouts/PackageConfig/Sources/PackageConfig/Loader.swift /Users/builder/builds/UKfvDsi8u/1/finestructure/swiftpackageindex-builder/spi-builder-workspace/.dependencies/checkouts/PackageConfig/Sources/PackageConfig/Package.swift /Users/builder/builds/UKfvDsi8u/1/finestructure/swiftpackageindex-builder/spi-builder-workspace/.dependencies/checkouts/PackageConfig/Sources/PackageConfig/PackageConfig.swift /Users/builder/builds/UKfvDsi8u/1/finestructure/swiftpackageindex-builder/spi-builder-workspace/.dependencies/checkouts/PackageConfig/Sources/PackageConfig/PackageConfiguration.swift /Users/builder/builds/UKfvDsi8u/1/finestructure/swiftpackageindex-builder/spi-builder-workspace/.dependencies/checkouts/PackageConfig/Sources/PackageConfig/Writer.swift -emit-dependencies-path /Users/builder/builds/UKfvDsi8u/1/finestructure/swiftpackageindex-builder/spi-builder-workspace/.derivedData/Build/Intermediates.noindex/PackageConfig.build/Debug-appletvos/PackageConfig.build/Objects-normal/arm64/Error.d -emit-const-values-path /Users/builder/builds/UKfvDsi8u/1/finestructure/swiftpackageindex-builder/spi-builder-workspace/.derivedData/Build/Intermediates.noindex/PackageConfig.build/Debug-appletvos/PackageConfig.build/Objects-normal/arm64/Error.swiftconstvalues -emit-reference-dependencies-path /Users/builder/builds/UKfvDsi8u/1/finestructure/swiftpackageindex-builder/spi-builder-workspace/.derivedData/Build/Intermediates.noindex/PackageConfig.build/Debug-appletvos/PackageConfig.build/Objects-normal/arm64/Error.swiftdeps -serialize-diagnostics-path /Users/builder/builds/UKfvDsi8u/1/finestructure/swiftpackageindex-builder/spi-builder-workspace/.derivedData/Build/Intermediates.noindex/PackageConfig.build/Debug-appletvos/PackageConfig.build/Objects-normal/arm64/Error.dia -target arm64-apple-tvos12.0 -Xllvm -aarch64-use-tbi -enable-objc-interop -sdk /Applications/Xcode-15.3.0-Beta.2.app/Contents/Developer/Platforms/AppleTVOS.platform/Developer/SDKs/AppleTVOS17.4.sdk -I /Users/builder/builds/UKfvDsi8u/1/finestructure/swiftpackageindex-builder/spi-builder-workspace/.derivedData/Build/Products/Debug-appletvos -I /Applications/Xcode-15.3.0-Beta.2.app/Contents/Developer/Platforms/AppleTVOS.platform/Developer/usr/lib -F /Users/builder/builds/UKfvDsi8u/1/finestructure/swiftpackageindex-builder/spi-builder-workspace/.derivedData/Build/Products/Debug-appletvos -F /Applications/Xcode-15.3.0-Beta.2.app/Contents/Developer/Platforms/AppleTVOS.platform/Developer/Library/Frameworks -F /Applications/Xcode-15.3.0-Beta.2.app/Contents/Developer/Platforms/AppleTVOS.platform/Developer/SDKs/AppleTVOS17.4.sdk/Developer/Library/Frameworks -no-color-diagnostics -enable-testing -g -module-cache-path /Users/builder/builds/UKfvDsi8u/1/finestructure/swiftpackageindex-builder/spi-builder-workspace/.derivedData/ModuleCache.noindex -suppress-warnings -swift-version 4.2 -enforce-exclusivity\=checked -Onone -D SWIFT_PACKAGE -D DEBUG -D Xcode -serialize-debugging-options -const-gather-protocols-file /Users/builder/builds/UKfvDsi8u/1/finestructure/swiftpackageindex-builder/spi-builder-workspace/.derivedData/Build/Intermediates.noindex/PackageConfig.build/Debug-appletvos/PackageConfig.build/Objects-normal/arm64/PackageConfig_const_extract_protocols.json -empty-abi-descriptor -validate-clang-modules-once -clang-build-session-file /Users/builder/builds/UKfvDsi8u/1/finestructure/swiftpackageindex-builder/spi-builder-workspace/.derivedData/ModuleCache.noindex/Session.modulevalidation -Xcc -working-directory -Xcc /Users/builder/builds/UKfvDsi8u/1/finestructure/swiftpackageindex-builder/spi-builder-workspace/.dependencies/checkouts/PackageConfig -resource-dir /Applications/Xcode-15.3.0-Beta.2.app/Contents/Developer/Toolchains/XcodeDefault.xctoolchain/usr/lib/swift -enable-anonymous-context-mangled-names -Xcc -ivfsstatcache -Xcc /Users/builder/builds/UKfvDsi8u/1/finestructure/swiftpackageindex-builder/spi-builder-workspace/.derivedData/SDKStatCaches.noindex/appletvos17.4-21L5206e-a3897aa5c9b1d3e18efb168a98ac3602.sdkstatcache -Xcc -I/Users/builder/builds/UKfvDsi8u/1/finestructure/swiftpackageindex-builder/spi-builder-workspace/.derivedData/Build/Intermediates.noindex/PackageConfig.build/Debug-appletvos/PackageConfig.build/swift-overrides.hmap -Xcc -I/Users/builder/builds/UKfvDsi8u/1/finestructure/swiftpackageindex-builder/spi-builder-workspace/.derivedData/Build/Products/Debug-appletvos/include -Xcc -I/Users/builder/builds/UKfvDsi8u/1/finestructure/swiftpackageindex-builder/spi-builder-workspace/.derivedData/Build/Intermediates.noindex/PackageConfig.build/Debug-appletvos/PackageConfig.build/DerivedSources-normal/arm64 -Xcc -I/Users/builder/builds/UKfvDsi8u/1/finestructure/swiftpackageindex-builder/spi-builder-workspace/.derivedData/Build/Intermediates.noindex/PackageConfig.build/Debug-appletvos/PackageConfig.build/DerivedSources/arm64 -Xcc -I/Users/builder/builds/UKfvDsi8u/1/finestructure/swiftpackageindex-builder/spi-builder-workspace/.derivedData/Build/Intermediates.noindex/PackageConfig.build/Debug-appletvos/PackageConfig.build/DerivedSources -Xcc -DSWIFT_PACKAGE -Xcc -DDEBUG\=1 -module-name PackageConfig -frontend-parseable-output -disable-clang-spi -target-sdk-version 17.4 -target-sdk-name appletvos17.4 -external-plugin-path /Applications/Xcode-15.3.0-Beta.2.app/Contents/Developer/Platforms/AppleTVOS.platform/Developer/SDKs/AppleTVOS17.4.sdk/usr/lib/swift/host/plugins\#/Applications/Xcode-15.3.0-Beta.2.app/Contents/Developer/Platforms/AppleTVOS.platform/Developer/SDKs/AppleTVOS17.4.sdk/usr/bin/swift-plugin-server -external-plugin-path /Applications/Xcode-15.3.0-Beta.2.app/Contents/Developer/Platforms/AppleTVOS.platform/Developer/SDKs/AppleTVOS17.4.sdk/usr/local/lib/swift/host/plugins\#/Applications/Xcode-15.3.0-Beta.2.app/Contents/Developer/Platforms/AppleTVOS.platform/Developer/SDKs/AppleTVOS17.4.sdk/usr/bin/swift-plugin-server -external-plugin-path /Applications/Xcode-15.3.0-Beta.2.app/Contents/Developer/Platforms/AppleTVOS.platform/Developer/usr/lib/swift/host/plugins\#/Applications/Xcode-15.3.0-Beta.2.app/Contents/Developer/Platforms/AppleTVOS.platform/Developer/usr/bin/swift-plugin-server -external-plugin-path /Applications/Xcode-15.3.0-Beta.2.app/Contents/Developer/Platforms/AppleTVOS.platform/Developer/usr/local/lib/swift/host/plugins\#/Applications/Xcode-15.3.0-Beta.2.app/Contents/Developer/Platforms/AppleTVOS.platform/Developer/usr/bin/swift-plugin-server -plugin-path /Applications/Xcode-15.3.0-Beta.2.app/Contents/Developer/Toolchains/XcodeDefault.xctoolchain/usr/lib/swift/host/plugins -plugin-path /Applications/Xcode-15.3.0-Beta.2.app/Contents/Developer/Toolchains/XcodeDefault.xctoolchain/usr/local/lib/swift/host/plugins -o /Users/builder/builds/UKfvDsi8u/1/finestructure/swiftpackageindex-builder/spi-builder-workspace/.derivedData/Build/Intermediates.noindex/PackageConfig.build/Debug-appletvos/PackageConfig.build/Objects-normal/arm64/Error.o -index-unit-output-path /PackageConfig.build/Debug-appletvos/PackageConfig.build/Objects-normal/arm64/Error.o -index-store-path /Users/builder/builds/UKfvDsi8u/1/finestructure/swiftpackageindex-builder/spi-builder-workspace/.derivedData/Index.noindex/DataStore -index-system-modules
Command SwiftCompile failed with a nonzero exit code
SwiftCompile normal arm64 Compiling\ DynamicLibraries.swift /Users/builder/builds/UKfvDsi8u/1/finestructure/swiftpackageindex-builder/spi-builder-workspace/.dependencies/checkouts/PackageConfig/Sources/PackageConfig/DynamicLibraries.swift (in target 'PackageConfig' from project 'PackageConfig')
    cd /Users/builder/builds/UKfvDsi8u/1/finestructure/swiftpackageindex-builder/spi-builder-workspace/.dependencies/checkouts/PackageConfig
    builtin-swiftTaskExecution -- /Applications/Xcode-15.3.0-Beta.2.app/Contents/Developer/Toolchains/XcodeDefault.xctoolchain/usr/bin/swift-frontend -frontend -c -primary-file /Users/builder/builds/UKfvDsi8u/1/finestructure/swiftpackageindex-builder/spi-builder-workspace/.dependencies/checkouts/PackageConfig/Sources/PackageConfig/DynamicLibraries.swift /Users/builder/builds/UKfvDsi8u/1/finestructure/swiftpackageindex-builder/spi-builder-workspace/.dependencies/checkouts/PackageConfig/Sources/PackageConfig/Error.swift /Users/builder/builds/UKfvDsi8u/1/finestructure/swiftpackageindex-builder/spi-builder-workspace/.dependencies/checkouts/PackageConfig/Sources/PackageConfig/Loader.swift /Users/builder/builds/UKfvDsi8u/1/finestructure/swiftpackageindex-builder/spi-builder-workspace/.dependencies/checkouts/PackageConfig/Sources/PackageConfig/Package.swift /Users/builder/builds/UKfvDsi8u/1/finestructure/swiftpackageindex-builder/spi-builder-workspace/.dependencies/checkouts/PackageConfig/Sources/PackageConfig/PackageConfig.swift /Users/builder/builds/UKfvDsi8u/1/finestructure/swiftpackageindex-builder/spi-builder-workspace/.dependencies/checkouts/PackageConfig/Sources/PackageConfig/PackageConfiguration.swift /Users/builder/builds/UKfvDsi8u/1/finestructure/swiftpackageindex-builder/spi-builder-workspace/.dependencies/checkouts/PackageConfig/Sources/PackageConfig/Writer.swift -emit-dependencies-path /Users/builder/builds/UKfvDsi8u/1/finestructure/swiftpackageindex-builder/spi-builder-workspace/.derivedData/Build/Intermediates.noindex/PackageConfig.build/Debug-appletvos/PackageConfig.build/Objects-normal/arm64/DynamicLibraries.d -emit-const-values-path /Users/builder/builds/UKfvDsi8u/1/finestructure/swiftpackageindex-builder/spi-builder-workspace/.derivedData/Build/Intermediates.noindex/PackageConfig.build/Debug-appletvos/PackageConfig.build/Objects-normal/arm64/DynamicLibraries.swiftconstvalues -emit-reference-dependencies-path /Users/builder/builds/UKfvDsi8u/1/finestructure/swiftpackageindex-builder/spi-builder-workspace/.derivedData/Build/Intermediates.noindex/PackageConfig.build/Debug-appletvos/PackageConfig.build/Objects-normal/arm64/DynamicLibraries.swiftdeps -serialize-diagnostics-path /Users/builder/builds/UKfvDsi8u/1/finestructure/swiftpackageindex-builder/spi-builder-workspace/.derivedData/Build/Intermediates.noindex/PackageConfig.build/Debug-appletvos/PackageConfig.build/Objects-normal/arm64/DynamicLibraries.dia -target arm64-apple-tvos12.0 -Xllvm -aarch64-use-tbi -enable-objc-interop -sdk /Applications/Xcode-15.3.0-Beta.2.app/Contents/Developer/Platforms/AppleTVOS.platform/Developer/SDKs/AppleTVOS17.4.sdk -I /Users/builder/builds/UKfvDsi8u/1/finestructure/swiftpackageindex-builder/spi-builder-workspace/.derivedData/Build/Products/Debug-appletvos -I /Applications/Xcode-15.3.0-Beta.2.app/Contents/Developer/Platforms/AppleTVOS.platform/Developer/usr/lib -F /Users/builder/builds/UKfvDsi8u/1/finestructure/swiftpackageindex-builder/spi-builder-workspace/.derivedData/Build/Products/Debug-appletvos -F /Applications/Xcode-15.3.0-Beta.2.app/Contents/Developer/Platforms/AppleTVOS.platform/Developer/Library/Frameworks -F /Applications/Xcode-15.3.0-Beta.2.app/Contents/Developer/Platforms/AppleTVOS.platform/Developer/SDKs/AppleTVOS17.4.sdk/Developer/Library/Frameworks -no-color-diagnostics -enable-testing -g -module-cache-path /Users/builder/builds/UKfvDsi8u/1/finestructure/swiftpackageindex-builder/spi-builder-workspace/.derivedData/ModuleCache.noindex -suppress-warnings -swift-version 4.2 -enforce-exclusivity\=checked -Onone -D SWIFT_PACKAGE -D DEBUG -D Xcode -serialize-debugging-options -const-gather-protocols-file /Users/builder/builds/UKfvDsi8u/1/finestructure/swiftpackageindex-builder/spi-builder-workspace/.derivedData/Build/Intermediates.noindex/PackageConfig.build/Debug-appletvos/PackageConfig.build/Objects-normal/arm64/PackageConfig_const_extract_protocols.json -empty-abi-descriptor -validate-clang-modules-once -clang-build-session-file /Users/builder/builds/UKfvDsi8u/1/finestructure/swiftpackageindex-builder/spi-builder-workspace/.derivedData/ModuleCache.noindex/Session.modulevalidation -Xcc -working-directory -Xcc /Users/builder/builds/UKfvDsi8u/1/finestructure/swiftpackageindex-builder/spi-builder-workspace/.dependencies/checkouts/PackageConfig -resource-dir /Applications/Xcode-15.3.0-Beta.2.app/Contents/Developer/Toolchains/XcodeDefault.xctoolchain/usr/lib/swift -enable-anonymous-context-mangled-names -Xcc -ivfsstatcache -Xcc /Users/builder/builds/UKfvDsi8u/1/finestructure/swiftpackageindex-builder/spi-builder-workspace/.derivedData/SDKStatCaches.noindex/appletvos17.4-21L5206e-a3897aa5c9b1d3e18efb168a98ac3602.sdkstatcache -Xcc -I/Users/builder/builds/UKfvDsi8u/1/finestructure/swiftpackageindex-builder/spi-builder-workspace/.derivedData/Build/Intermediates.noindex/PackageConfig.build/Debug-appletvos/PackageConfig.build/swift-overrides.hmap -Xcc -I/Users/builder/builds/UKfvDsi8u/1/finestructure/swiftpackageindex-builder/spi-builder-workspace/.derivedData/Build/Products/Debug-appletvos/include -Xcc -I/Users/builder/builds/UKfvDsi8u/1/finestructure/swiftpackageindex-builder/spi-builder-workspace/.derivedData/Build/Intermediates.noindex/PackageConfig.build/Debug-appletvos/PackageConfig.build/DerivedSources-normal/arm64 -Xcc -I/Users/builder/builds/UKfvDsi8u/1/finestructure/swiftpackageindex-builder/spi-builder-workspace/.derivedData/Build/Intermediates.noindex/PackageConfig.build/Debug-appletvos/PackageConfig.build/DerivedSources/arm64 -Xcc -I/Users/builder/builds/UKfvDsi8u/1/finestructure/swiftpackageindex-builder/spi-builder-workspace/.derivedData/Build/Intermediates.noindex/PackageConfig.build/Debug-appletvos/PackageConfig.build/DerivedSources -Xcc -DSWIFT_PACKAGE -Xcc -DDEBUG\=1 -module-name PackageConfig -frontend-parseable-output -disable-clang-spi -target-sdk-version 17.4 -target-sdk-name appletvos17.4 -external-plugin-path /Applications/Xcode-15.3.0-Beta.2.app/Contents/Developer/Platforms/AppleTVOS.platform/Developer/SDKs/AppleTVOS17.4.sdk/usr/lib/swift/host/plugins\#/Applications/Xcode-15.3.0-Beta.2.app/Contents/Developer/Platforms/AppleTVOS.platform/Developer/SDKs/AppleTVOS17.4.sdk/usr/bin/swift-plugin-server -external-plugin-path /Applications/Xcode-15.3.0-Beta.2.app/Contents/Developer/Platforms/AppleTVOS.platform/Developer/SDKs/AppleTVOS17.4.sdk/usr/local/lib/swift/host/plugins\#/Applications/Xcode-15.3.0-Beta.2.app/Contents/Developer/Platforms/AppleTVOS.platform/Developer/SDKs/AppleTVOS17.4.sdk/usr/bin/swift-plugin-server -external-plugin-path /Applications/Xcode-15.3.0-Beta.2.app/Contents/Developer/Platforms/AppleTVOS.platform/Developer/usr/lib/swift/host/plugins\#/Applications/Xcode-15.3.0-Beta.2.app/Contents/Developer/Platforms/AppleTVOS.platform/Developer/usr/bin/swift-plugin-server -external-plugin-path /Applications/Xcode-15.3.0-Beta.2.app/Contents/Developer/Platforms/AppleTVOS.platform/Developer/usr/local/lib/swift/host/plugins\#/Applications/Xcode-15.3.0-Beta.2.app/Contents/Developer/Platforms/AppleTVOS.platform/Developer/usr/bin/swift-plugin-server -plugin-path /Applications/Xcode-15.3.0-Beta.2.app/Contents/Developer/Toolchains/XcodeDefault.xctoolchain/usr/lib/swift/host/plugins -plugin-path /Applications/Xcode-15.3.0-Beta.2.app/Contents/Developer/Toolchains/XcodeDefault.xctoolchain/usr/local/lib/swift/host/plugins -o /Users/builder/builds/UKfvDsi8u/1/finestructure/swiftpackageindex-builder/spi-builder-workspace/.derivedData/Build/Intermediates.noindex/PackageConfig.build/Debug-appletvos/PackageConfig.build/Objects-normal/arm64/DynamicLibraries.o -index-unit-output-path /PackageConfig.build/Debug-appletvos/PackageConfig.build/Objects-normal/arm64/DynamicLibraries.o -index-store-path /Users/builder/builds/UKfvDsi8u/1/finestructure/swiftpackageindex-builder/spi-builder-workspace/.derivedData/Index.noindex/DataStore -index-system-modules
Command SwiftCompile failed with a nonzero exit code
SwiftCompile normal arm64 Compiling\ Package.swift /Users/builder/builds/UKfvDsi8u/1/finestructure/swiftpackageindex-builder/spi-builder-workspace/.dependencies/checkouts/PackageConfig/Sources/PackageConfig/Package.swift (in target 'PackageConfig' from project 'PackageConfig')
    cd /Users/builder/builds/UKfvDsi8u/1/finestructure/swiftpackageindex-builder/spi-builder-workspace/.dependencies/checkouts/PackageConfig
    builtin-swiftTaskExecution -- /Applications/Xcode-15.3.0-Beta.2.app/Contents/Developer/Toolchains/XcodeDefault.xctoolchain/usr/bin/swift-frontend -frontend -c /Users/builder/builds/UKfvDsi8u/1/finestructure/swiftpackageindex-builder/spi-builder-workspace/.dependencies/checkouts/PackageConfig/Sources/PackageConfig/DynamicLibraries.swift /Users/builder/builds/UKfvDsi8u/1/finestructure/swiftpackageindex-builder/spi-builder-workspace/.dependencies/checkouts/PackageConfig/Sources/PackageConfig/Error.swift /Users/builder/builds/UKfvDsi8u/1/finestructure/swiftpackageindex-builder/spi-builder-workspace/.dependencies/checkouts/PackageConfig/Sources/PackageConfig/Loader.swift -primary-file /Users/builder/builds/UKfvDsi8u/1/finestructure/swiftpackageindex-builder/spi-builder-workspace/.dependencies/checkouts/PackageConfig/Sources/PackageConfig/Package.swift /Users/builder/builds/UKfvDsi8u/1/finestructure/swiftpackageindex-builder/spi-builder-workspace/.dependencies/checkouts/PackageConfig/Sources/PackageConfig/PackageConfig.swift /Users/builder/builds/UKfvDsi8u/1/finestructure/swiftpackageindex-builder/spi-builder-workspace/.dependencies/checkouts/PackageConfig/Sources/PackageConfig/PackageConfiguration.swift /Users/builder/builds/UKfvDsi8u/1/finestructure/swiftpackageindex-builder/spi-builder-workspace/.dependencies/checkouts/PackageConfig/Sources/PackageConfig/Writer.swift -emit-dependencies-path /Users/builder/builds/UKfvDsi8u/1/finestructure/swiftpackageindex-builder/spi-builder-workspace/.derivedData/Build/Intermediates.noindex/PackageConfig.build/Debug-appletvos/PackageConfig.build/Objects-normal/arm64/Package.d -emit-const-values-path /Users/builder/builds/UKfvDsi8u/1/finestructure/swiftpackageindex-builder/spi-builder-workspace/.derivedData/Build/Intermediates.noindex/PackageConfig.build/Debug-appletvos/PackageConfig.build/Objects-normal/arm64/Package.swiftconstvalues -emit-reference-dependencies-path /Users/builder/builds/UKfvDsi8u/1/finestructure/swiftpackageindex-builder/spi-builder-workspace/.derivedData/Build/Intermediates.noindex/PackageConfig.build/Debug-appletvos/PackageConfig.build/Objects-normal/arm64/Package.swiftdeps -serialize-diagnostics-path /Users/builder/builds/UKfvDsi8u/1/finestructure/swiftpackageindex-builder/spi-builder-workspace/.derivedData/Build/Intermediates.noindex/PackageConfig.build/Debug-appletvos/PackageConfig.build/Objects-normal/arm64/Package.dia -target arm64-apple-tvos12.0 -Xllvm -aarch64-use-tbi -enable-objc-interop -sdk /Applications/Xcode-15.3.0-Beta.2.app/Contents/Developer/Platforms/AppleTVOS.platform/Developer/SDKs/AppleTVOS17.4.sdk -I /Users/builder/builds/UKfvDsi8u/1/finestructure/swiftpackageindex-builder/spi-builder-workspace/.derivedData/Build/Products/Debug-appletvos -I /Applications/Xcode-15.3.0-Beta.2.app/Contents/Developer/Platforms/AppleTVOS.platform/Developer/usr/lib -F /Users/builder/builds/UKfvDsi8u/1/finestructure/swiftpackageindex-builder/spi-builder-workspace/.derivedData/Build/Products/Debug-appletvos -F /Applications/Xcode-15.3.0-Beta.2.app/Contents/Developer/Platforms/AppleTVOS.platform/Developer/Library/Frameworks -F /Applications/Xcode-15.3.0-Beta.2.app/Contents/Developer/Platforms/AppleTVOS.platform/Developer/SDKs/AppleTVOS17.4.sdk/Developer/Library/Frameworks -no-color-diagnostics -enable-testing -g -module-cache-path /Users/builder/builds/UKfvDsi8u/1/finestructure/swiftpackageindex-builder/spi-builder-workspace/.derivedData/ModuleCache.noindex -suppress-warnings -swift-version 4.2 -enforce-exclusivity\=checked -Onone -D SWIFT_PACKAGE -D DEBUG -D Xcode -serialize-debugging-options -const-gather-protocols-file /Users/builder/builds/UKfvDsi8u/1/finestructure/swiftpackageindex-builder/spi-builder-workspace/.derivedData/Build/Intermediates.noindex/PackageConfig.build/Debug-appletvos/PackageConfig.build/Objects-normal/arm64/PackageConfig_const_extract_protocols.json -empty-abi-descriptor -validate-clang-modules-once -clang-build-session-file /Users/builder/builds/UKfvDsi8u/1/finestructure/swiftpackageindex-builder/spi-builder-workspace/.derivedData/ModuleCache.noindex/Session.modulevalidation -Xcc -working-directory -Xcc /Users/builder/builds/UKfvDsi8u/1/finestructure/swiftpackageindex-builder/spi-builder-workspace/.dependencies/checkouts/PackageConfig -resource-dir /Applications/Xcode-15.3.0-Beta.2.app/Contents/Developer/Toolchains/XcodeDefault.xctoolchain/usr/lib/swift -enable-anonymous-context-mangled-names -Xcc -ivfsstatcache -Xcc /Users/builder/builds/UKfvDsi8u/1/finestructure/swiftpackageindex-builder/spi-builder-workspace/.derivedData/SDKStatCaches.noindex/appletvos17.4-21L5206e-a3897aa5c9b1d3e18efb168a98ac3602.sdkstatcache -Xcc -I/Users/builder/builds/UKfvDsi8u/1/finestructure/swiftpackageindex-builder/spi-builder-workspace/.derivedData/Build/Intermediates.noindex/PackageConfig.build/Debug-appletvos/PackageConfig.build/swift-overrides.hmap -Xcc -I/Users/builder/builds/UKfvDsi8u/1/finestructure/swiftpackageindex-builder/spi-builder-workspace/.derivedData/Build/Products/Debug-appletvos/include -Xcc -I/Users/builder/builds/UKfvDsi8u/1/finestructure/swiftpackageindex-builder/spi-builder-workspace/.derivedData/Build/Intermediates.noindex/PackageConfig.build/Debug-appletvos/PackageConfig.build/DerivedSources-normal/arm64 -Xcc -I/Users/builder/builds/UKfvDsi8u/1/finestructure/swiftpackageindex-builder/spi-builder-workspace/.derivedData/Build/Intermediates.noindex/PackageConfig.build/Debug-appletvos/PackageConfig.build/DerivedSources/arm64 -Xcc -I/Users/builder/builds/UKfvDsi8u/1/finestructure/swiftpackageindex-builder/spi-builder-workspace/.derivedData/Build/Intermediates.noindex/PackageConfig.build/Debug-appletvos/PackageConfig.build/DerivedSources -Xcc -DSWIFT_PACKAGE -Xcc -DDEBUG\=1 -module-name PackageConfig -frontend-parseable-output -disable-clang-spi -target-sdk-version 17.4 -target-sdk-name appletvos17.4 -external-plugin-path /Applications/Xcode-15.3.0-Beta.2.app/Contents/Developer/Platforms/AppleTVOS.platform/Developer/SDKs/AppleTVOS17.4.sdk/usr/lib/swift/host/plugins\#/Applications/Xcode-15.3.0-Beta.2.app/Contents/Developer/Platforms/AppleTVOS.platform/Developer/SDKs/AppleTVOS17.4.sdk/usr/bin/swift-plugin-server -external-plugin-path /Applications/Xcode-15.3.0-Beta.2.app/Contents/Developer/Platforms/AppleTVOS.platform/Developer/SDKs/AppleTVOS17.4.sdk/usr/local/lib/swift/host/plugins\#/Applications/Xcode-15.3.0-Beta.2.app/Contents/Developer/Platforms/AppleTVOS.platform/Developer/SDKs/AppleTVOS17.4.sdk/usr/bin/swift-plugin-server -external-plugin-path /Applications/Xcode-15.3.0-Beta.2.app/Contents/Developer/Platforms/AppleTVOS.platform/Developer/usr/lib/swift/host/plugins\#/Applications/Xcode-15.3.0-Beta.2.app/Contents/Developer/Platforms/AppleTVOS.platform/Developer/usr/bin/swift-plugin-server -external-plugin-path /Applications/Xcode-15.3.0-Beta.2.app/Contents/Developer/Platforms/AppleTVOS.platform/Developer/usr/local/lib/swift/host/plugins\#/Applications/Xcode-15.3.0-Beta.2.app/Contents/Developer/Platforms/AppleTVOS.platform/Developer/usr/bin/swift-plugin-server -plugin-path /Applications/Xcode-15.3.0-Beta.2.app/Contents/Developer/Toolchains/XcodeDefault.xctoolchain/usr/lib/swift/host/plugins -plugin-path /Applications/Xcode-15.3.0-Beta.2.app/Contents/Developer/Toolchains/XcodeDefault.xctoolchain/usr/local/lib/swift/host/plugins -o /Users/builder/builds/UKfvDsi8u/1/finestructure/swiftpackageindex-builder/spi-builder-workspace/.derivedData/Build/Intermediates.noindex/PackageConfig.build/Debug-appletvos/PackageConfig.build/Objects-normal/arm64/Package.o -index-unit-output-path /PackageConfig.build/Debug-appletvos/PackageConfig.build/Objects-normal/arm64/Package.o -index-store-path /Users/builder/builds/UKfvDsi8u/1/finestructure/swiftpackageindex-builder/spi-builder-workspace/.derivedData/Index.noindex/DataStore -index-system-modules
Command SwiftCompile failed with a nonzero exit code
2024-02-15 12:59:36.472 xcodebuild[69931:15279113] Requested but did not find extension point with identifier Xcode.DVTDeviceFoundation.Aspect for extension Xcode.IDEiOSSupportCore.Aspect.NBDD of plug-in com.apple.dt.IDE.IDEiOSSupportCore
2024-02-15 12:59:36.978 xcodebuild[69931:15279113] [MT] DVTPlugInQuery: Requested but did not find extension point with identifier 'Xcode.DVTDeviceFoundation.CompatibleDeviceFamilyPair'. This is programmer error; code should only request extension points that are defined by itself or its dependencies.
** BUILD FAILED **
The following build commands failed:
	SwiftEmitModule normal arm64 Emitting\ module\ for\ ShellOut (in target 'ShellOut' from project 'ShellOut')
	SwiftEmitModule normal arm64 Emitting\ module\ for\ PackageConfig (in target 'PackageConfig' from project 'PackageConfig')
	SwiftCompile normal arm64 Compiling\ Writer.swift /Users/builder/builds/UKfvDsi8u/1/finestructure/swiftpackageindex-builder/spi-builder-workspace/.dependencies/checkouts/PackageConfig/Sources/PackageConfig/Writer.swift (in target 'PackageConfig' from project 'PackageConfig')
	SwiftCompile normal arm64 Compiling\ PackageConfiguration.swift /Users/builder/builds/UKfvDsi8u/1/finestructure/swiftpackageindex-builder/spi-builder-workspace/.dependencies/checkouts/PackageConfig/Sources/PackageConfig/PackageConfiguration.swift (in target 'PackageConfig' from project 'PackageConfig')
	SwiftCompile normal arm64 Compiling\ PackageConfig.swift /Users/builder/builds/UKfvDsi8u/1/finestructure/swiftpackageindex-builder/spi-builder-workspace/.dependencies/checkouts/PackageConfig/Sources/PackageConfig/PackageConfig.swift (in target 'PackageConfig' from project 'PackageConfig')
	SwiftCompile normal arm64 Compiling\ Error.swift /Users/builder/builds/UKfvDsi8u/1/finestructure/swiftpackageindex-builder/spi-builder-workspace/.dependencies/checkouts/PackageConfig/Sources/PackageConfig/Error.swift (in target 'PackageConfig' from project 'PackageConfig')
	SwiftCompile normal arm64 Compiling\ DynamicLibraries.swift /Users/builder/builds/UKfvDsi8u/1/finestructure/swiftpackageindex-builder/spi-builder-workspace/.dependencies/checkouts/PackageConfig/Sources/PackageConfig/DynamicLibraries.swift (in target 'PackageConfig' from project 'PackageConfig')
	SwiftCompile normal arm64 Compiling\ Package.swift /Users/builder/builds/UKfvDsi8u/1/finestructure/swiftpackageindex-builder/spi-builder-workspace/.dependencies/checkouts/PackageConfig/Sources/PackageConfig/Package.swift (in target 'PackageConfig' from project 'PackageConfig')
(8 failures)
BUILD FAILURE 5.10 tvOS

Build Machine: Mac 7