The Swift Package Index logo.Swift Package Index

Build Information

Failed to build KountDataCollectorPackage, reference 6.0.0 (dd27df), with Swift 6.2 for watchOS using Xcode 26.3 on 30 Sep 2026 03:40:59 UTC.

Build Command

env DEVELOPER_DIR=/Applications/Xcode-26.3.0.app xcrun xcodebuild -IDEClonedSourcePackagesDirPathOverride=$PWD/.dependencies -skipMacroValidation -skipPackagePluginValidation -derivedDataPath $PWD/.derivedData build -scheme KountDataCollectorPackage -destination generic/platform=watchOS

Build Log

========================================
RunAll
========================================
Builder version: 5.1.0
Interrupt handler set up.
========================================
Checkout
========================================
Clone URL: https://github.com/Kount/kount-ios-swift-package.git
Reference: 6.0.0
Initialized empty Git repository in /Users/admin/builder/spi-builder-workspace/.git/
From https://github.com/Kount/kount-ios-swift-package
 * tag               6.0.0      -> FETCH_HEAD
HEAD is now at dd27dfa Merge pull request #12 from Kount/release-6.0.0
Cloned https://github.com/Kount/kount-ios-swift-package.git
Revision (git rev-parse @):
dd27dfa91b53dbdccfdda97d78f8cb41f5f107c0
SUCCESS checkout https://github.com/Kount/kount-ios-swift-package.git at 6.0.0
========================================
Build
========================================
Selected platform:         watchOS
Swift version:             6.2
Building package at path:  $PWD
https://github.com/Kount/kount-ios-swift-package.git
Command line invocation:
    /Applications/Xcode-26.3.0.app/Contents/Developer/usr/bin/xcodebuild -IDEClonedSourcePackagesDirPathOverride=/Users/admin/builder/spi-builder-workspace/.dependencies -resolvePackageDependencies
Resolve Package Graph
Resolve Package Graph
Resolved source packages:
  KountDataCollectorPackage: /Users/admin/builder/spi-builder-workspace
resolved source packages: KountDataCollectorPackage
2026-09-29 23:40:32.787 xcodebuild[537:3108] [MT] IDERunDestination: Supported platforms for the buildables in the current scheme is empty.
{
  "dependencies" : [
  ],
  "manifest_display_name" : "KountDataCollectorPackage",
  "name" : "KountDataCollectorPackage",
  "path" : "/Users/admin/builder/spi-builder-workspace",
  "platforms" : [
  ],
  "products" : [
    {
      "name" : "KountDataCollectorPackage",
      "targets" : [
        "KountDataCollectorPackage",
        "KountSDK"
      ],
      "type" : {
        "library" : [
          "automatic"
        ]
      }
    }
  ],
  "targets" : [
    {
      "c99name" : "KountSDK",
      "module_type" : "BinaryTarget",
      "name" : "KountSDK",
      "path" : "Sources/KountSDK.xcframework",
      "product_memberships" : [
        "KountDataCollectorPackage"
      ],
      "sources" : [
      ],
      "type" : "binary"
    },
    {
      "c99name" : "KountDataCollectorPackageTests",
      "module_type" : "SwiftTarget",
      "name" : "KountDataCollectorPackageTests",
      "path" : "Tests/KountDataCollectorPackageTests",
      "sources" : [
        "KountDataCollectorPackageTests.swift"
      ],
      "target_dependencies" : [
        "KountDataCollectorPackage"
      ],
      "type" : "test"
    },
    {
      "c99name" : "KountDataCollectorPackage",
      "module_type" : "SwiftTarget",
      "name" : "KountDataCollectorPackage",
      "path" : "Sources",
      "product_memberships" : [
        "KountDataCollectorPackage"
      ],
      "resources" : [
        {
          "path" : "/Users/admin/builder/spi-builder-workspace/Sources/Resources/PrivacyInfo.xcprivacy",
          "rule" : {
            "process" : {
            }
          }
        }
      ],
      "sources" : [
        "KountDataCollectorPackage/KountDataCollectorPackage.swift"
      ],
      "target_dependencies" : [
        "KountSDK"
      ],
      "type" : "library"
    }
  ],
  "tools_version" : "5.3"
}
{
  "workspace" : {
    "name" : "spi-builder-workspace",
    "schemes" : [
      "KountDataCollectorPackage"
    ]
  }
}
2026-09-29 23:40:53.461 xcodebuild[678:4294] [MT] IDERunDestination: Supported platforms for the buildables in the current scheme is empty.
Running build ...
env DEVELOPER_DIR=/Applications/Xcode-26.3.0.app xcrun xcodebuild -IDEClonedSourcePackagesDirPathOverride=$PWD/.dependencies -skipMacroValidation -skipPackagePluginValidation -derivedDataPath $PWD/.derivedData build -scheme KountDataCollectorPackage -destination generic/platform=watchOS
Command line invocation:
    /Applications/Xcode-26.3.0.app/Contents/Developer/usr/bin/xcodebuild -IDEClonedSourcePackagesDirPathOverride=/Users/admin/builder/spi-builder-workspace/.dependencies -skipMacroValidation -skipPackagePluginValidation -derivedDataPath /Users/admin/builder/spi-builder-workspace/.derivedData build -scheme KountDataCollectorPackage -destination generic/platform=watchOS
Resolve Package Graph
Resolved source packages:
  KountDataCollectorPackage: /Users/admin/builder/spi-builder-workspace
ComputePackagePrebuildTargetDependencyGraph
Prepare packages
CreateBuildRequest
SendProjectDescription
CreateBuildOperation
ComputeTargetDependencyGraph
note: Building targets in dependency order
note: Target dependency graph (3 targets)
    Target 'KountDataCollectorPackage' in project 'KountDataCollectorPackage'
        ➜ Explicit dependency on target 'KountDataCollectorPackage' in project 'KountDataCollectorPackage'
        ➜ Explicit dependency on target 'KountDataCollectorPackage_KountDataCollectorPackage' in project 'KountDataCollectorPackage'
    Target 'KountDataCollectorPackage' in project 'KountDataCollectorPackage'
        ➜ Explicit dependency on target 'KountDataCollectorPackage_KountDataCollectorPackage' in project 'KountDataCollectorPackage'
    Target 'KountDataCollectorPackage_KountDataCollectorPackage' in project 'KountDataCollectorPackage' (no dependencies)
GatherProvisioningInputs
CreateBuildDescription
ExecuteExternalTool /Applications/Xcode-26.3.0.app/Contents/Developer/Toolchains/XcodeDefault.xctoolchain/usr/bin/clang -v -E -dM -isysroot /Applications/Xcode-26.3.0.app/Contents/Developer/Platforms/WatchOS.platform/Developer/SDKs/WatchOS26.2.sdk -x c -c /dev/null
ExecuteExternalTool /Applications/Xcode-26.3.0.app/Contents/Developer/Toolchains/XcodeDefault.xctoolchain/usr/bin/swiftc --version
ExecuteExternalTool /Applications/Xcode-26.3.0.app/Contents/Developer/Toolchains/XcodeDefault.xctoolchain/usr/bin/ld -version_details
Build description signature: 3efab423485d77388f64b3a30f34e4d1
Build description path: /Users/admin/builder/spi-builder-workspace/.derivedData/Build/Intermediates.noindex/XCBuildData/3efab423485d77388f64b3a30f34e4d1.xcbuilddata
/Users/admin/builder/spi-builder-workspace/Sources/KountSDK.xcframework:1:1: error: While building for watchOS, no library for this platform was found in '/Users/admin/builder/spi-builder-workspace/Sources/KountSDK.xcframework'. (in target 'KountDataCollectorPackage' from project 'KountDataCollectorPackage')
/Users/admin/builder/spi-builder-workspace/Sources/KountSDK.xcframework:1:1: error: While building for watchOS, no library for this platform was found in '/Users/admin/builder/spi-builder-workspace/Sources/KountSDK.xcframework'. (in target 'KountDataCollectorPackage' from project 'KountDataCollectorPackage')
/Users/admin/builder/spi-builder-workspace/Sources/KountSDK.xcframework:1:1: error: While building for watchOS, no library for this platform was found in '/Users/admin/builder/spi-builder-workspace/Sources/KountSDK.xcframework'. (in target 'KountDataCollectorPackage' from project 'KountDataCollectorPackage')
2026-09-29 23:40:54.904 xcodebuild[680:4344] [MT] IDERunDestination: Supported platforms for the buildables in the current scheme is empty.
** BUILD FAILED **
The following build commands failed:
	Building workspace spi-builder-workspace with scheme KountDataCollectorPackage
(1 failure)
Command line invocation:
    /Applications/Xcode-26.3.0.app/Contents/Developer/usr/bin/xcodebuild -IDEClonedSourcePackagesDirPathOverride=/Users/admin/builder/spi-builder-workspace/.dependencies -resolvePackageDependencies
Resolve Package Graph
Resolved source packages:
  KountDataCollectorPackage: /Users/admin/builder/spi-builder-workspace
resolved source packages: KountDataCollectorPackage
2026-09-29 23:40:57.358 xcodebuild[695:4459] [MT] IDERunDestination: Supported platforms for the buildables in the current scheme is empty.
{
  "dependencies" : [
  ],
  "manifest_display_name" : "KountDataCollectorPackage",
  "name" : "KountDataCollectorPackage",
  "path" : "/Users/admin/builder/spi-builder-workspace",
  "platforms" : [
  ],
  "products" : [
    {
      "name" : "KountDataCollectorPackage",
      "targets" : [
        "KountDataCollectorPackage",
        "KountSDK"
      ],
      "type" : {
        "library" : [
          "automatic"
        ]
      }
    }
  ],
  "targets" : [
    {
      "c99name" : "KountSDK",
      "module_type" : "BinaryTarget",
      "name" : "KountSDK",
      "path" : "Sources/KountSDK.xcframework",
      "product_memberships" : [
        "KountDataCollectorPackage"
      ],
      "sources" : [
      ],
      "type" : "binary"
    },
    {
      "c99name" : "KountDataCollectorPackageTests",
      "module_type" : "SwiftTarget",
      "name" : "KountDataCollectorPackageTests",
      "path" : "Tests/KountDataCollectorPackageTests",
      "sources" : [
        "KountDataCollectorPackageTests.swift"
      ],
      "target_dependencies" : [
        "KountDataCollectorPackage"
      ],
      "type" : "test"
    },
    {
      "c99name" : "KountDataCollectorPackage",
      "module_type" : "SwiftTarget",
      "name" : "KountDataCollectorPackage",
      "path" : "Sources",
      "product_memberships" : [
        "KountDataCollectorPackage"
      ],
      "resources" : [
        {
          "path" : "/Users/admin/builder/spi-builder-workspace/Sources/Resources/PrivacyInfo.xcprivacy",
          "rule" : {
            "process" : {
            }
          }
        }
      ],
      "sources" : [
        "KountDataCollectorPackage/KountDataCollectorPackage.swift"
      ],
      "target_dependencies" : [
        "KountSDK"
      ],
      "type" : "library"
    }
  ],
  "tools_version" : "5.3"
}
{
  "workspace" : {
    "name" : "spi-builder-workspace",
    "schemes" : [
      "KountDataCollectorPackage"
    ]
  }
}
2026-09-29 23:40:58.453 xcodebuild[703:4522] [MT] IDERunDestination: Supported platforms for the buildables in the current scheme is empty.
Running build ...
env DEVELOPER_DIR=/Applications/Xcode-26.3.0.app xcrun xcodebuild -IDEClonedSourcePackagesDirPathOverride=$PWD/.dependencies -skipMacroValidation -skipPackagePluginValidation -derivedDataPath $PWD/.derivedData build -scheme KountDataCollectorPackage -destination generic/platform=watchOS
Command line invocation:
    /Applications/Xcode-26.3.0.app/Contents/Developer/usr/bin/xcodebuild -IDEClonedSourcePackagesDirPathOverride=/Users/admin/builder/spi-builder-workspace/.dependencies -skipMacroValidation -skipPackagePluginValidation -derivedDataPath /Users/admin/builder/spi-builder-workspace/.derivedData build -scheme KountDataCollectorPackage -destination generic/platform=watchOS
Resolve Package Graph
Resolved source packages:
  KountDataCollectorPackage: /Users/admin/builder/spi-builder-workspace
ComputePackagePrebuildTargetDependencyGraph
Prepare packages
CreateBuildRequest
SendProjectDescription
CreateBuildOperation
ComputeTargetDependencyGraph
note: Building targets in dependency order
note: Target dependency graph (3 targets)
    Target 'KountDataCollectorPackage' in project 'KountDataCollectorPackage'
        ➜ Explicit dependency on target 'KountDataCollectorPackage' in project 'KountDataCollectorPackage'
        ➜ Explicit dependency on target 'KountDataCollectorPackage_KountDataCollectorPackage' in project 'KountDataCollectorPackage'
    Target 'KountDataCollectorPackage' in project 'KountDataCollectorPackage'
        ➜ Explicit dependency on target 'KountDataCollectorPackage_KountDataCollectorPackage' in project 'KountDataCollectorPackage'
    Target 'KountDataCollectorPackage_KountDataCollectorPackage' in project 'KountDataCollectorPackage' (no dependencies)
GatherProvisioningInputs
CreateBuildDescription
ExecuteExternalTool /Applications/Xcode-26.3.0.app/Contents/Developer/Toolchains/XcodeDefault.xctoolchain/usr/bin/clang -v -E -dM -isysroot /Applications/Xcode-26.3.0.app/Contents/Developer/Platforms/WatchOS.platform/Developer/SDKs/WatchOS26.2.sdk -x c -c /dev/null
ExecuteExternalTool /Applications/Xcode-26.3.0.app/Contents/Developer/Toolchains/XcodeDefault.xctoolchain/usr/bin/swiftc --version
ExecuteExternalTool /Applications/Xcode-26.3.0.app/Contents/Developer/Toolchains/XcodeDefault.xctoolchain/usr/bin/ld -version_details
Build description signature: 3efab423485d77388f64b3a30f34e4d1
Build description path: /Users/admin/builder/spi-builder-workspace/.derivedData/Build/Intermediates.noindex/XCBuildData/3efab423485d77388f64b3a30f34e4d1.xcbuilddata
/Users/admin/builder/spi-builder-workspace/Sources/KountSDK.xcframework:1:1: error: While building for watchOS, no library for this platform was found in '/Users/admin/builder/spi-builder-workspace/Sources/KountSDK.xcframework'. (in target 'KountDataCollectorPackage' from project 'KountDataCollectorPackage')
/Users/admin/builder/spi-builder-workspace/Sources/KountSDK.xcframework:1:1: error: While building for watchOS, no library for this platform was found in '/Users/admin/builder/spi-builder-workspace/Sources/KountSDK.xcframework'. (in target 'KountDataCollectorPackage' from project 'KountDataCollectorPackage')
/Users/admin/builder/spi-builder-workspace/Sources/KountSDK.xcframework:1:1: error: While building for watchOS, no library for this platform was found in '/Users/admin/builder/spi-builder-workspace/Sources/KountSDK.xcframework'. (in target 'KountDataCollectorPackage' from project 'KountDataCollectorPackage')
2026-09-29 23:40:59.299 xcodebuild[705:4551] [MT] IDERunDestination: Supported platforms for the buildables in the current scheme is empty.
** BUILD FAILED **
The following build commands failed:
	Building workspace spi-builder-workspace with scheme KountDataCollectorPackage
(1 failure)
BUILD FAILURE 6.2 watchOS