The Swift Package Index logo.Swift Package Index

Build Information

Failed to build Concurrency, reference 0.3.1 (8e1178), with Swift 6.4 for Wasm on 23 Sep 2026 15:20:03 UTC.

Build Command

bash -c docker run --pull=always --rm -v "checkouts-53886770-0":/host -w "$PWD" -e JAVA_HOME="/root/.sdkman/candidates/java/current" -e SPI_BUILD="1" -e SPI_PROCESSING="1" registry.gitlab.com/saguaro1/spi-images:wasm-6.4-latest swift build --swift-sdk swift-6.4.x-DEVELOPMENT-SNAPSHOT-2026-09-04-a_wasm 2>&1

Build Log

========================================
RunAll
========================================
Builder version: 5.1.0
Interrupt handler set up.
========================================
Checkout
========================================
Clone URL: https://github.com/space-code/concurrency.git
Reference: 0.3.1
Initialized empty Git repository in /host/spi-builder-workspace/.git/
hint: Using 'master' as the name for the initial branch. This default branch name
hint: is subject to change. To configure the initial branch name to use in all
hint: of your new repositories, which will suppress this warning, call:
hint:
hint: 	git config --global init.defaultBranch <name>
hint:
hint: Names commonly chosen instead of 'master' are 'main', 'trunk' and
hint: 'development'. The just-created branch can be renamed via this command:
hint:
hint: 	git branch -m <name>
From https://github.com/space-code/concurrency
 * tag               0.3.1      -> FETCH_HEAD
HEAD is now at 8e1178a [Release] Concurrency 0.3.1
Cloned https://github.com/space-code/concurrency.git
Revision (git rev-parse @):
8e1178aa7b052b7bef6fb3dba18b3b021721ac73
SUCCESS checkout https://github.com/space-code/concurrency.git at 0.3.1
========================================
Build
========================================
Selected platform:         wasm
Swift version:             6.4
Building package at path:  $PWD
https://github.com/space-code/concurrency.git
Running build ...
bash -c docker run --pull=always --rm -v "checkouts-53886770-0":/host -w "$PWD" -e JAVA_HOME="/root/.sdkman/candidates/java/current" -e SPI_BUILD="1" -e SPI_PROCESSING="1" registry.gitlab.com/saguaro1/spi-images:wasm-6.4-latest swift build --swift-sdk swift-6.4.x-DEVELOPMENT-SNAPSHOT-2026-09-04-a_wasm 2>&1
wasm-6.4-latest: Pulling from saguaro1/spi-images
Digest: sha256:4328fdb43c680d205c1d6761b1e3267aa38277eefdda9ddfb17b6a0f1a77857a
Status: Image is up to date for registry.gitlab.com/saguaro1/spi-images:wasm-6.4-latest
Building for debugging...
[Pre-planning 1 / 124]
[18 / 39] TestConcurrency-product
error: SwiftCompile normal wasm32 failed with a nonzero exit code. Command line:     cd /host

/host/spi-builder-workspace/Sources/Concurrency/DispatchQueue/DispatchQueue+IDispatchQueue.swift:8:11: error: cannot find type 'DispatchQueue' in scope
 6 | import Foundation
 7 |
 8 | extension DispatchQueue: IDispatchQueue {
   |           `- error: cannot find type 'DispatchQueue' in scope
 9 |     #if swift(>=5.9)
10 |         public func async(
/host/spi-builder-workspace/Sources/Concurrency/DispatchQueue/IDispatchQueue.swift:30:23: error: cannot find type 'DispatchTime' in scope
 28 |     #if swift(>=5.9)
 29 |         func asyncAfter(
 30 |             deadline: DispatchTime,
    |                       `- error: cannot find type 'DispatchTime' in scope
 31 |             qos: DispatchQoS,
 32 |             flags: DispatchWorkItemFlags,
/host/spi-builder-workspace/Sources/Concurrency/DispatchQueue/IDispatchQueue.swift:31:18: error: cannot find type 'DispatchQoS' in scope
 29 |         func asyncAfter(
 30 |             deadline: DispatchTime,
 31 |             qos: DispatchQoS,
    |                  `- error: cannot find type 'DispatchQoS' in scope
 32 |             flags: DispatchWorkItemFlags,
 33 |             execute work: @escaping @Sendable @convention(block) () -> Void
/host/spi-builder-workspace/Sources/Concurrency/DispatchQueue/IDispatchQueue.swift:32:20: error: cannot find type 'DispatchWorkItemFlags' in scope
 30 |             deadline: DispatchTime,
 31 |             qos: DispatchQoS,
 32 |             flags: DispatchWorkItemFlags,
    |                    `- error: cannot find type 'DispatchWorkItemFlags' in scope
 33 |             execute work: @escaping @Sendable @convention(block) () -> Void
 34 |         )
/host/spi-builder-workspace/Sources/Concurrency/DispatchQueue/IDispatchQueue.swift:60:18: error: cannot find type 'DispatchQoS' in scope
 58 |     #if swift(>=5.9)
 59 |         func async(
 60 |             qos: DispatchQoS,
    |                  `- error: cannot find type 'DispatchQoS' in scope
 61 |             flags: DispatchWorkItemFlags,
 62 |             execute work: @escaping @Sendable @convention(block) () -> Void
/host/spi-builder-workspace/Sources/Concurrency/DispatchQueue/IDispatchQueue.swift:61:20: error: cannot find type 'DispatchWorkItemFlags' in scope
 59 |         func async(
 60 |             qos: DispatchQoS,
 61 |             flags: DispatchWorkItemFlags,
    |                    `- error: cannot find type 'DispatchWorkItemFlags' in scope
 62 |             execute work: @escaping @Sendable @convention(block) () -> Void
 63 |         )
/host/spi-builder-workspace/Sources/Concurrency/DispatchQueue/IDispatchQueue.swift:99:34: error: cannot find type 'DispatchWorkItem' in scope
 97 |     /// - Parameter execute: The work item containing the task to execute.
 98 |     /// For information on how to create this work item.
 99 |     func async(execute workItem: DispatchWorkItem)
    |                                  `- error: cannot find type 'DispatchWorkItem' in scope
100 |
101 |     /// Submits a block for synchronous execution on this queue.
/host/spi-builder-workspace/Sources/Concurrency/DispatchQueue/IDispatchQueue.swift:104:33: error: cannot find type 'DispatchWorkItem' in scope
102 |     ///
103 |     /// - Parameter workItem: The work item to be invoked on the queue.
104 |     func sync(execute workItem: DispatchWorkItem)
    |                                 `- error: cannot find type 'DispatchWorkItem' in scope
105 |
106 |     ///
/host/spi-builder-workspace/Sources/Concurrency/DispatchQueue/IDispatchQueue.swift:116:31: error: cannot find type 'DispatchTime' in scope
114 |     /// - SeeAlso: `DispatchTime`
115 |     ///
116 |     func asyncAfter(deadline: DispatchTime, execute: DispatchWorkItem)
    |                               `- error: cannot find type 'DispatchTime' in scope
117 | }
118 |
/host/spi-builder-workspace/Sources/Concurrency/DispatchQueue/IDispatchQueue.swift:116:54: error: cannot find type 'DispatchWorkItem' in scope
114 |     /// - SeeAlso: `DispatchTime`
115 |     ///
116 |     func asyncAfter(deadline: DispatchTime, execute: DispatchWorkItem)
    |                                                      `- error: cannot find type 'DispatchWorkItem' in scope
117 | }
118 |
/host/spi-builder-workspace/Sources/Concurrency/DispatchQueue/IDispatchQueue.swift:122:23: error: cannot find type 'DispatchTime' in scope
120 |     #if swift(>=5.9)
121 |         func asyncAfter(
122 |             deadline: DispatchTime,
    |                       `- error: cannot find type 'DispatchTime' in scope
123 |             qos: DispatchQoS = .unspecified,
124 |             flags: DispatchWorkItemFlags = [],
/host/spi-builder-workspace/Sources/Concurrency/DispatchQueue/IDispatchQueue.swift:123:18: error: cannot find type 'DispatchQoS' in scope
121 |         func asyncAfter(
122 |             deadline: DispatchTime,
123 |             qos: DispatchQoS = .unspecified,
    |                  `- error: cannot find type 'DispatchQoS' in scope
124 |             flags: DispatchWorkItemFlags = [],
125 |             execute work: @escaping @Sendable @convention(block) () -> Void
/host/spi-builder-workspace/Sources/Concurrency/DispatchQueue/IDispatchQueue.swift:124:20: error: cannot find type 'DispatchWorkItemFlags' in scope
122 |             deadline: DispatchTime,
123 |             qos: DispatchQoS = .unspecified,
124 |             flags: DispatchWorkItemFlags = [],
    |                    `- error: cannot find type 'DispatchWorkItemFlags' in scope
125 |             execute work: @escaping @Sendable @convention(block) () -> Void
126 |         ) {
/host/spi-builder-workspace/Sources/Concurrency/DispatchQueueFactory/DispatchQueueFactory.swift:19:29: error: cannot find type 'DispatchQoS' in scope
17 |     }
18 |
19 |     public func global(qos: DispatchQoS.QoSClass) -> IDispatchQueue {
   |                             `- error: cannot find type 'DispatchQoS' in scope
20 |         DispatchQueue.global(qos: qos)
21 |     }
/host/spi-builder-workspace/Sources/Concurrency/DispatchQueueFactory/DispatchQueueFactory.swift:25:14: error: cannot find type 'DispatchQoS' in scope
23 |     public func privateQueue(
24 |         label: String,
25 |         qos: DispatchQoS,
   |              `- error: cannot find type 'DispatchQoS' in scope
26 |         attributes: DispatchQueue.Attributes,
27 |         autoreleaseFrequency: DispatchQueue.AutoreleaseFrequency,
/host/spi-builder-workspace/Sources/Concurrency/DispatchQueueFactory/DispatchQueueFactory.swift:26:21: error: cannot find type 'DispatchQueue' in scope
24 |         label: String,
25 |         qos: DispatchQoS,
26 |         attributes: DispatchQueue.Attributes,
   |                     `- error: cannot find type 'DispatchQueue' in scope
27 |         autoreleaseFrequency: DispatchQueue.AutoreleaseFrequency,
28 |         target: DispatchQueue?
/host/spi-builder-workspace/Sources/Concurrency/DispatchQueueFactory/DispatchQueueFactory.swift:27:31: error: cannot find type 'DispatchQueue' in scope
25 |         qos: DispatchQoS,
26 |         attributes: DispatchQueue.Attributes,
27 |         autoreleaseFrequency: DispatchQueue.AutoreleaseFrequency,
   |                               `- error: cannot find type 'DispatchQueue' in scope
28 |         target: DispatchQueue?
29 |     ) -> IDispatchQueue {
/host/spi-builder-workspace/Sources/Concurrency/DispatchQueueFactory/DispatchQueueFactory.swift:28:17: error: cannot find type 'DispatchQueue' in scope
26 |         attributes: DispatchQueue.Attributes,
27 |         autoreleaseFrequency: DispatchQueue.AutoreleaseFrequency,
28 |         target: DispatchQueue?
   |                 `- error: cannot find type 'DispatchQueue' in scope
29 |     ) -> IDispatchQueue {
30 |         DispatchQueue(label: label, qos: qos, attributes: attributes, autoreleaseFrequency: autoreleaseFrequency, target: target)
/host/spi-builder-workspace/Sources/Concurrency/DispatchQueueFactory/IDispatchQueueFactory.swift:15:22: error: cannot find type 'DispatchQoS' in scope
13 |
14 |     /// Returns the global system queue with the specified quality-of-service class.
15 |     func global(qos: DispatchQoS.QoSClass) -> IDispatchQueue
   |                      `- error: cannot find type 'DispatchQoS' in scope
16 |
17 |     /// An object that manages the execution of tasks serially or concurrently on your
/host/spi-builder-workspace/Sources/Concurrency/DispatchQueueFactory/IDispatchQueueFactory.swift:21:14: error: cannot find type 'DispatchQoS' in scope
19 |     func privateQueue(
20 |         label: String,
21 |         qos: DispatchQoS,
   |              `- error: cannot find type 'DispatchQoS' in scope
22 |         attributes: DispatchQueue.Attributes,
23 |         autoreleaseFrequency: DispatchQueue.AutoreleaseFrequency,
/host/spi-builder-workspace/Sources/Concurrency/DispatchQueueFactory/IDispatchQueueFactory.swift:22:21: error: cannot find type 'DispatchQueue' in scope
20 |         label: String,
21 |         qos: DispatchQoS,
22 |         attributes: DispatchQueue.Attributes,
   |                     `- error: cannot find type 'DispatchQueue' in scope
23 |         autoreleaseFrequency: DispatchQueue.AutoreleaseFrequency,
24 |         target: DispatchQueue?
/host/spi-builder-workspace/Sources/Concurrency/DispatchQueueFactory/IDispatchQueueFactory.swift:23:31: error: cannot find type 'DispatchQueue' in scope
21 |         qos: DispatchQoS,
22 |         attributes: DispatchQueue.Attributes,
23 |         autoreleaseFrequency: DispatchQueue.AutoreleaseFrequency,
   |                               `- error: cannot find type 'DispatchQueue' in scope
24 |         target: DispatchQueue?
25 |     ) -> IDispatchQueue
/host/spi-builder-workspace/Sources/Concurrency/DispatchQueueFactory/IDispatchQueueFactory.swift:24:17: error: cannot find type 'DispatchQueue' in scope
22 |         attributes: DispatchQueue.Attributes,
23 |         autoreleaseFrequency: DispatchQueue.AutoreleaseFrequency,
24 |         target: DispatchQueue?
   |                 `- error: cannot find type 'DispatchQueue' in scope
25 |     ) -> IDispatchQueue
26 | }
Failed frontend command:
/usr/bin/swift-frontend -frontend -emit-module -experimental-skip-non-inlinable-function-bodies-without-types /host/spi-builder-workspace/Sources/Concurrency/DispatchQueue/DispatchQueue+IDispatchQueue.swift /host/spi-builder-workspace/Sources/Concurrency/DispatchQueue/IDispatchQueue.swift /host/spi-builder-workspace/Sources/Concurrency/DispatchQueueFactory/DispatchQueueFactory.swift /host/spi-builder-workspace/Sources/Concurrency/DispatchQueueFactory/IDispatchQueueFactory.swift /host/spi-builder-workspace/Sources/Concurrency/TaskFactory/ITaskFactory.swift /host/spi-builder-workspace/Sources/Concurrency/TaskFactory/TaskFactory.swift -target wasm32-unknown-wasip1 -disable-objc-interop -sdk /root/.swiftpm/swift-sdks/swift-6.4.x-DEVELOPMENT-SNAPSHOT-2026-09-04-a_wasm.artifactbundle/swift-6.4.x-DEVELOPMENT-SNAPSHOT-2026-09-04-a_wasm/wasm32-unknown-wasip1/WASI.sdk -sysroot /root/.swiftpm/swift-sdks/swift-6.4.x-DEVELOPMENT-SNAPSHOT-2026-09-04-a_wasm.artifactbundle/swift-6.4.x-DEVELOPMENT-SNAPSHOT-2026-09-04-a_wasm/wasm32-unknown-wasip1/WASI.sdk -I /host/spi-builder-workspace/.build/out/Products/Debug-webassembly-wasm32 -module-cache-path /host/spi-builder-workspace/.build/out/ModuleCache.noindex -color-diagnostics -Xcc -fcolor-diagnostics -enable-testing -g -debug-info-format\=dwarf -dwarf-version\=4 -swift-version 6 -Onone -D SWIFT_PACKAGE -D DEBUG -D SWIFT_MODULE_RESOURCE_BUNDLE_UNAVAILABLE -D Xcode -serialize-debugging-options -enable-experimental-feature DebugDescriptionMacro -empty-abi-descriptor -external-plugin-path /usr/lib/swift/host/plugins/testing\#/usr/bin/swift-plugin-server -validate-clang-modules-once -clang-build-session-file /host/spi-builder-workspace/.build/out/ModuleCache.noindex/Session.modulevalidation -Xcc -working-directory -Xcc /host -resource-dir /root/.swiftpm/swift-sdks/swift-6.4.x-DEVELOPMENT-SNAPSHOT-2026-09-04-a_wasm.artifactbundle/swift-6.4.x-DEVELOPMENT-SNAPSHOT-2026-09-04-a_wasm/wasm32-unknown-wasip1/swift.xctoolchain/usr/lib/swift_static -use-static-resource-dir -enable-anonymous-context-mangled-names -file-compilation-dir /host -Xcc -resource-dir -Xcc /root/.swiftpm/swift-sdks/swift-6.4.x-DEVELOPMENT-SNAPSHOT-2026-09-04-a_wasm.artifactbundle/swift-6.4.x-DEVELOPMENT-SNAPSHOT-2026-09-04-a_wasm/wasm32-unknown-wasip1/swift.xctoolchain/usr/lib/swift_static/clang -Xcc -D_LIBCPP_HARDENING_MODE\=_LIBCPP_HARDENING_MODE_DEBUG -Xcc -fmodules-prune-interval\=86400 -Xcc -fmodules-prune-after\=345600 -Xcc -I/host/spi-builder-workspace/.build/out/Products/Debug-webassembly-wasm32/include -Xcc -I/host/spi-builder-workspace/.build/out/Intermediates.noindex/Concurrency.build/Debug-webassembly-wasm32/Concurrency-t.build/DerivedSources-normal/wasm32 -Xcc -I/host/spi-builder-workspace/.build/out/Intermediates.noindex/Concurrency.build/Debug-webassembly-wasm32/Concurrency-t.build/DerivedSources/wasm32 -Xcc -I/host/spi-builder-workspace/.build/out/Intermediates.noindex/Concurrency.build/Debug-webassembly-wasm32/Concurrency-t.build/DerivedSources -Xcc -DSWIFT_PACKAGE -Xcc -DDEBUG\=1 -no-auto-bridging-header-chaining -module-name Concurrency -package-name spi_builder_workspace -const-gather-protocols-file /host/spi-builder-workspace/.build/out/Intermediates.noindex/Concurrency.build/Debug-webassembly-wasm32/Concurrency-t.build/Objects-normal/wasm32/Concurrency_const_extract_protocols.json -in-process-plugin-server-path /usr/lib/swift/host/libSwiftInProcPluginServer.so -plugin-path /usr/lib/swift/host/plugins -plugin-path /usr/local/lib/swift/host/plugins -emit-module-doc-path /host/spi-builder-workspace/.build/out/Intermediates.noindex/Concurrency.build/Debug-webassembly-wasm32/Concurrency-t.build/Objects-normal/wasm32/Modules/Concurrency.swiftdoc -emit-module-source-info-path /host/spi-builder-workspace/.build/out/Intermediates.noindex/Concurrency.build/Debug-webassembly-wasm32/Concurrency-t.build/Objects-normal/wasm32/Modules/Concurrency.swiftsourceinfo -emit-objc-header-path /host/spi-builder-workspace/.build/out/Intermediates.noindex/Concurrency.build/Debug-webassembly-wasm32/Concurrency-t.build/Objects-normal/wasm32/Concurrency-Swift.h -serialize-diagnostics-path /host/spi-builder-workspace/.build/out/Intermediates.noindex/Concurrency.build/Debug-webassembly-wasm32/Concurrency-t.build/Objects-normal/wasm32/Concurrency-primary-emit-module.dia -emit-dependencies-path /host/spi-builder-workspace/.build/out/Intermediates.noindex/Concurrency.build/Debug-webassembly-wasm32/Concurrency-t.build/Objects-normal/wasm32/Concurrency-primary-emit-module.d -parse-as-library -o /host/spi-builder-workspace/.build/out/Intermediates.noindex/Concurrency.build/Debug-webassembly-wasm32/Concurrency-t.build/Objects-normal/wasm32/Modules/Concurrency.swiftmodule
error: Build failed
BUILD FAILURE 6.4 wasm