The Swift Package Index logo.Swift Package Index

Build Information

Failed to build swift-api-client, reference main (264dca), with Swift 6.1 for watchOS using Xcode 16.3 on 24 Oct 2026 23:39:33 UTC.

Build Command

env DEVELOPER_DIR=/Applications/Xcode-16.3.0.app xcrun xcodebuild -IDEClonedSourcePackagesDirPathOverride=$PWD/.dependencies -skipMacroValidation -skipPackagePluginValidation -derivedDataPath $PWD/.derivedData build -scheme swift-api-client-Package -destination generic/platform=watchOS

Build Log

    cd /Users/admin/builder/spi-builder-workspace/.swiftpm/xcode
    builtin-Swift-Compilation -- /Applications/Xcode-16.3.0.app/Contents/Developer/Toolchains/XcodeDefault.xctoolchain/usr/bin/swiftc -module-name HTTPTypesFoundation -Onone -enforce-exclusivity\=checked @/Users/admin/builder/spi-builder-workspace/.derivedData/Build/Intermediates.noindex/swift-http-types.build/Debug-watchos/HTTPTypesFoundation.build/Objects-normal/armv7k/HTTPTypesFoundation.SwiftFileList -DSWIFT_PACKAGE -DDEBUG -DFoundationURL -DXcode -enable-upcoming-feature InternalImportsByDefault -enable-experimental-feature AvailabilityMacro\=HTTPTypes\ 1.0:\ macOS\ 10.0 -enable-experimental-feature AvailabilityMacro\=HTTPTypes\ 1.1:\ macOS\ 10.0 -enable-experimental-feature AvailabilityMacro\=HTTPTypes\ 1.2:\ macOS\ 10.0 -enable-experimental-feature AvailabilityMacro\=HTTPTypes\ 1.3:\ macOS\ 10.0 -enable-experimental-feature AvailabilityMacro\=HTTPTypes\ 1.6:\ macOS\ 10.0 -enable-experimental-feature AvailabilityMacro\=HTTPTypes\ 1.7:\ macOS\ 10.0 -enable-upcoming-feature MemberImportVisibility -plugin-path /Applications/Xcode-16.3.0.app/Contents/Developer/Toolchains/XcodeDefault.xctoolchain/usr/lib/swift/host/plugins/testing -enable-experimental-feature DebugDescriptionMacro -sdk /Applications/Xcode-16.3.0.app/Contents/Developer/Platforms/WatchOS.platform/Developer/SDKs/WatchOS11.4.sdk -target armv7k-apple-watchos5.0 -g -module-cache-path /Users/admin/builder/spi-builder-workspace/.derivedData/ModuleCache.noindex -Xfrontend -serialize-debugging-options -profile-coverage-mapping -profile-generate -enable-testing -suppress-warnings -index-store-path /Users/admin/builder/spi-builder-workspace/.derivedData/Index.noindex/DataStore -swift-version 6 -I /Users/admin/builder/spi-builder-workspace/.derivedData/Build/Products/Debug-watchos -I /Applications/Xcode-16.3.0.app/Contents/Developer/Platforms/WatchOS.platform/Developer/usr/lib -F /Users/admin/builder/spi-builder-workspace/.derivedData/Build/Products/Debug-watchos/PackageFrameworks -F /Users/admin/builder/spi-builder-workspace/.derivedData/Build/Products/Debug-watchos -F /Applications/Xcode-16.3.0.app/Contents/Developer/Platforms/WatchOS.platform/Developer/Library/Frameworks -F /Applications/Xcode-16.3.0.app/Contents/Developer/Platforms/WatchOS.platform/Developer/SDKs/WatchOS11.4.sdk/Developer/Library/Frameworks -c -j10 -enable-batch-mode -incremental -Xcc -ivfsstatcache -Xcc /Users/admin/builder/spi-builder-workspace/.derivedData/SDKStatCaches.noindex/watchos11.4-22T246-43efb940ff07ba2497b70ec94253f576.sdkstatcache -output-file-map /Users/admin/builder/spi-builder-workspace/.derivedData/Build/Intermediates.noindex/swift-http-types.build/Debug-watchos/HTTPTypesFoundation.build/Objects-normal/armv7k/HTTPTypesFoundation-OutputFileMap.json -use-frontend-parseable-output -save-temps -no-color-diagnostics -serialize-diagnostics -emit-dependencies -emit-module -emit-module-path /Users/admin/builder/spi-builder-workspace/.derivedData/Build/Intermediates.noindex/swift-http-types.build/Debug-watchos/HTTPTypesFoundation.build/Objects-normal/armv7k/HTTPTypesFoundation.swiftmodule -user-module-version 1.8.0 -validate-clang-modules-once -clang-build-session-file /Users/admin/builder/spi-builder-workspace/.derivedData/ModuleCache.noindex/Session.modulevalidation -package-name swift_http_types -Xcc -I/Users/admin/builder/spi-builder-workspace/.derivedData/Build/Intermediates.noindex/swift-http-types.build/Debug-watchos/HTTPTypesFoundation.build/swift-overrides.hmap -emit-const-values -Xfrontend -const-gather-protocols-file -Xfrontend /Users/admin/builder/spi-builder-workspace/.derivedData/Build/Intermediates.noindex/swift-http-types.build/Debug-watchos/HTTPTypesFoundation.build/Objects-normal/armv7k/HTTPTypesFoundation_const_extract_protocols.json -Xcc -I/Users/admin/builder/spi-builder-workspace/.derivedData/Build/Products/Debug-watchos/include -Xcc -I/Users/admin/builder/spi-builder-workspace/.derivedData/Build/Intermediates.noindex/swift-http-types.build/Debug-watchos/HTTPTypesFoundation.build/DerivedSources-normal/armv7k -Xcc -I/Users/admin/builder/spi-builder-workspace/.derivedData/Build/Intermediates.noindex/swift-http-types.build/Debug-watchos/HTTPTypesFoundation.build/DerivedSources/armv7k -Xcc -I/Users/admin/builder/spi-builder-workspace/.derivedData/Build/Intermediates.noindex/swift-http-types.build/Debug-watchos/HTTPTypesFoundation.build/DerivedSources -Xcc -DSWIFT_PACKAGE -Xcc -DDEBUG\=1 -emit-objc-header -emit-objc-header-path /Users/admin/builder/spi-builder-workspace/.derivedData/Build/Intermediates.noindex/swift-http-types.build/Debug-watchos/HTTPTypesFoundation.build/Objects-normal/armv7k/HTTPTypesFoundation-Swift.h -working-directory /Users/admin/builder/spi-builder-workspace/.swiftpm/xcode -experimental-emit-module-separately -disable-cmo
SwiftDriverJobDiscovery normal arm64_32 Compiling URLRequest+HTTPTypes.swift (in target 'HTTPTypesFoundation' from project 'swift-http-types')
SwiftCompile normal arm64 Compiling\ HTTPFields.swift /Users/admin/builder/spi-builder-workspace/.dependencies/checkouts/swift-http-types/Sources/HTTPTypes/HTTPFields.swift (in target 'HTTPTypes' from project 'swift-http-types')
SwiftCompile normal arm64 /Users/admin/builder/spi-builder-workspace/.dependencies/checkouts/swift-http-types/Sources/HTTPTypes/HTTPFields.swift (in target 'HTTPTypes' from project 'swift-http-types')
    cd /Users/admin/builder/spi-builder-workspace/.swiftpm/xcode

SwiftCompile normal arm64 Compiling\ HTTPResponse.swift /Users/admin/builder/spi-builder-workspace/.dependencies/checkouts/swift-http-types/Sources/HTTPTypes/HTTPResponse.swift (in target 'HTTPTypes' from project 'swift-http-types')
SwiftCompile normal arm64 /Users/admin/builder/spi-builder-workspace/.dependencies/checkouts/swift-http-types/Sources/HTTPTypes/HTTPResponse.swift (in target 'HTTPTypes' from project 'swift-http-types')
    cd /Users/admin/builder/spi-builder-workspace/.swiftpm/xcode

SwiftDriverJobDiscovery normal arm64_32 Compiling URLResponse+HTTPTypes.swift (in target 'HTTPTypesFoundation' from project 'swift-http-types')
SwiftDriver\ Compilation HTTPTypesFoundation normal arm64_32 com.apple.xcode.tools.swift.compiler (in target 'HTTPTypesFoundation' from project 'swift-http-types')
    cd /Users/admin/builder/spi-builder-workspace/.swiftpm/xcode
    builtin-Swift-Compilation -- /Applications/Xcode-16.3.0.app/Contents/Developer/Toolchains/XcodeDefault.xctoolchain/usr/bin/swiftc -module-name HTTPTypesFoundation -Onone -enforce-exclusivity\=checked @/Users/admin/builder/spi-builder-workspace/.derivedData/Build/Intermediates.noindex/swift-http-types.build/Debug-watchos/HTTPTypesFoundation.build/Objects-normal/arm64_32/HTTPTypesFoundation.SwiftFileList -DSWIFT_PACKAGE -DDEBUG -DFoundationURL -DXcode -enable-upcoming-feature InternalImportsByDefault -enable-experimental-feature AvailabilityMacro\=HTTPTypes\ 1.0:\ macOS\ 10.0 -enable-experimental-feature AvailabilityMacro\=HTTPTypes\ 1.1:\ macOS\ 10.0 -enable-experimental-feature AvailabilityMacro\=HTTPTypes\ 1.2:\ macOS\ 10.0 -enable-experimental-feature AvailabilityMacro\=HTTPTypes\ 1.3:\ macOS\ 10.0 -enable-experimental-feature AvailabilityMacro\=HTTPTypes\ 1.6:\ macOS\ 10.0 -enable-experimental-feature AvailabilityMacro\=HTTPTypes\ 1.7:\ macOS\ 10.0 -enable-upcoming-feature MemberImportVisibility -plugin-path /Applications/Xcode-16.3.0.app/Contents/Developer/Toolchains/XcodeDefault.xctoolchain/usr/lib/swift/host/plugins/testing -enable-experimental-feature DebugDescriptionMacro -sdk /Applications/Xcode-16.3.0.app/Contents/Developer/Platforms/WatchOS.platform/Developer/SDKs/WatchOS11.4.sdk -target arm64_32-apple-watchos5.0 -g -module-cache-path /Users/admin/builder/spi-builder-workspace/.derivedData/ModuleCache.noindex -Xfrontend -serialize-debugging-options -profile-coverage-mapping -profile-generate -enable-testing -suppress-warnings -index-store-path /Users/admin/builder/spi-builder-workspace/.derivedData/Index.noindex/DataStore -swift-version 6 -I /Users/admin/builder/spi-builder-workspace/.derivedData/Build/Products/Debug-watchos -I /Applications/Xcode-16.3.0.app/Contents/Developer/Platforms/WatchOS.platform/Developer/usr/lib -F /Users/admin/builder/spi-builder-workspace/.derivedData/Build/Products/Debug-watchos/PackageFrameworks -F /Users/admin/builder/spi-builder-workspace/.derivedData/Build/Products/Debug-watchos -F /Applications/Xcode-16.3.0.app/Contents/Developer/Platforms/WatchOS.platform/Developer/Library/Frameworks -F /Applications/Xcode-16.3.0.app/Contents/Developer/Platforms/WatchOS.platform/Developer/SDKs/WatchOS11.4.sdk/Developer/Library/Frameworks -c -j10 -enable-batch-mode -incremental -Xcc -ivfsstatcache -Xcc /Users/admin/builder/spi-builder-workspace/.derivedData/SDKStatCaches.noindex/watchos11.4-22T246-43efb940ff07ba2497b70ec94253f576.sdkstatcache -output-file-map /Users/admin/builder/spi-builder-workspace/.derivedData/Build/Intermediates.noindex/swift-http-types.build/Debug-watchos/HTTPTypesFoundation.build/Objects-normal/arm64_32/HTTPTypesFoundation-OutputFileMap.json -use-frontend-parseable-output -save-temps -no-color-diagnostics -serialize-diagnostics -emit-dependencies -emit-module -emit-module-path /Users/admin/builder/spi-builder-workspace/.derivedData/Build/Intermediates.noindex/swift-http-types.build/Debug-watchos/HTTPTypesFoundation.build/Objects-normal/arm64_32/HTTPTypesFoundation.swiftmodule -user-module-version 1.8.0 -validate-clang-modules-once -clang-build-session-file /Users/admin/builder/spi-builder-workspace/.derivedData/ModuleCache.noindex/Session.modulevalidation -package-name swift_http_types -Xcc -I/Users/admin/builder/spi-builder-workspace/.derivedData/Build/Intermediates.noindex/swift-http-types.build/Debug-watchos/HTTPTypesFoundation.build/swift-overrides.hmap -emit-const-values -Xfrontend -const-gather-protocols-file -Xfrontend /Users/admin/builder/spi-builder-workspace/.derivedData/Build/Intermediates.noindex/swift-http-types.build/Debug-watchos/HTTPTypesFoundation.build/Objects-normal/arm64_32/HTTPTypesFoundation_const_extract_protocols.json -Xcc -I/Users/admin/builder/spi-builder-workspace/.derivedData/Build/Products/Debug-watchos/include -Xcc -I/Users/admin/builder/spi-builder-workspace/.derivedData/Build/Intermediates.noindex/swift-http-types.build/Debug-watchos/HTTPTypesFoundation.build/DerivedSources-normal/arm64_32 -Xcc -I/Users/admin/builder/spi-builder-workspace/.derivedData/Build/Intermediates.noindex/swift-http-types.build/Debug-watchos/HTTPTypesFoundation.build/DerivedSources/arm64_32 -Xcc -I/Users/admin/builder/spi-builder-workspace/.derivedData/Build/Intermediates.noindex/swift-http-types.build/Debug-watchos/HTTPTypesFoundation.build/DerivedSources -Xcc -DSWIFT_PACKAGE -Xcc -DDEBUG\=1 -emit-objc-header -emit-objc-header-path /Users/admin/builder/spi-builder-workspace/.derivedData/Build/Intermediates.noindex/swift-http-types.build/Debug-watchos/HTTPTypesFoundation.build/Objects-normal/arm64_32/HTTPTypesFoundation-Swift.h -working-directory /Users/admin/builder/spi-builder-workspace/.swiftpm/xcode -experimental-emit-module-separately -disable-cmo
SwiftDriverJobDiscovery normal armv7k Compiling HTTPField.swift (in target 'HTTPTypes' from project 'swift-http-types')
SwiftCompile normal arm64 Compiling\ HTTP3ErrorCode.swift /Users/admin/builder/spi-builder-workspace/.dependencies/checkouts/swift-http-types/Sources/HTTPTypes/HTTP3ErrorCode.swift (in target 'HTTPTypes' from project 'swift-http-types')
SwiftCompile normal arm64 /Users/admin/builder/spi-builder-workspace/.dependencies/checkouts/swift-http-types/Sources/HTTPTypes/HTTP3ErrorCode.swift (in target 'HTTPTypes' from project 'swift-http-types')
    cd /Users/admin/builder/spi-builder-workspace/.swiftpm/xcode

SwiftCompile normal armv7k Compiling\ HTTP2ErrorCode.swift /Users/admin/builder/spi-builder-workspace/.dependencies/checkouts/swift-http-types/Sources/HTTPTypes/HTTP2ErrorCode.swift (in target 'HTTPTypes' from project 'swift-http-types')
SwiftCompile normal armv7k /Users/admin/builder/spi-builder-workspace/.dependencies/checkouts/swift-http-types/Sources/HTTPTypes/HTTP2ErrorCode.swift (in target 'HTTPTypes' from project 'swift-http-types')
    cd /Users/admin/builder/spi-builder-workspace/.swiftpm/xcode

SwiftDriverJobDiscovery normal armv7k Compiling HTTPFieldName.swift (in target 'HTTPTypes' from project 'swift-http-types')
SwiftCompile normal arm64_32 Compiling\ HTTP3ErrorCode.swift /Users/admin/builder/spi-builder-workspace/.dependencies/checkouts/swift-http-types/Sources/HTTPTypes/HTTP3ErrorCode.swift (in target 'HTTPTypes' from project 'swift-http-types')
SwiftCompile normal arm64_32 /Users/admin/builder/spi-builder-workspace/.dependencies/checkouts/swift-http-types/Sources/HTTPTypes/HTTP3ErrorCode.swift (in target 'HTTPTypes' from project 'swift-http-types')
    cd /Users/admin/builder/spi-builder-workspace/.swiftpm/xcode

SwiftDriverJobDiscovery normal armv7k Compiling HTTPRequest+URL.swift (in target 'HTTPTypes' from project 'swift-http-types')
SwiftCompile normal arm64_32 Compiling\ HTTPParsedFields.swift /Users/admin/builder/spi-builder-workspace/.dependencies/checkouts/swift-http-types/Sources/HTTPTypes/HTTPParsedFields.swift (in target 'HTTPTypes' from project 'swift-http-types')
SwiftCompile normal arm64_32 /Users/admin/builder/spi-builder-workspace/.dependencies/checkouts/swift-http-types/Sources/HTTPTypes/HTTPParsedFields.swift (in target 'HTTPTypes' from project 'swift-http-types')
    cd /Users/admin/builder/spi-builder-workspace/.swiftpm/xcode

SwiftDriverJobDiscovery normal arm64 Compiling HTTPParsedFields.swift (in target 'HTTPTypes' from project 'swift-http-types')
SwiftCompile normal arm64_32 Compiling\ HTTPFieldValue.swift /Users/admin/builder/spi-builder-workspace/.dependencies/checkouts/swift-http-types/Sources/HTTPTypes/HTTPFieldValue.swift (in target 'HTTPTypes' from project 'swift-http-types')
SwiftCompile normal arm64_32 /Users/admin/builder/spi-builder-workspace/.dependencies/checkouts/swift-http-types/Sources/HTTPTypes/HTTPFieldValue.swift (in target 'HTTPTypes' from project 'swift-http-types')
    cd /Users/admin/builder/spi-builder-workspace/.swiftpm/xcode

SwiftDriverJobDiscovery normal armv7k Compiling HTTPParsedFields.swift (in target 'HTTPTypes' from project 'swift-http-types')
SwiftCompile normal arm64_32 Compiling\ HTTPRequest+URL.swift /Users/admin/builder/spi-builder-workspace/.dependencies/checkouts/swift-http-types/Sources/HTTPTypes/HTTPRequest+URL.swift (in target 'HTTPTypes' from project 'swift-http-types')
SwiftCompile normal arm64_32 /Users/admin/builder/spi-builder-workspace/.dependencies/checkouts/swift-http-types/Sources/HTTPTypes/HTTPRequest+URL.swift (in target 'HTTPTypes' from project 'swift-http-types')
    cd /Users/admin/builder/spi-builder-workspace/.swiftpm/xcode

SwiftDriverJobDiscovery normal arm64 Compiling HTTP3ErrorCode.swift (in target 'HTTPTypes' from project 'swift-http-types')
SwiftCompile normal arm64 Compiling\ WithMetricsFactory.swift /Users/admin/builder/spi-builder-workspace/.dependencies/checkouts/swift-metrics/Sources/CoreMetrics/WithMetricsFactory.swift (in target 'CoreMetrics' from project 'swift-metrics')
SwiftCompile normal arm64 /Users/admin/builder/spi-builder-workspace/.dependencies/checkouts/swift-metrics/Sources/CoreMetrics/WithMetricsFactory.swift (in target 'CoreMetrics' from project 'swift-metrics')
    cd /Users/admin/builder/spi-builder-workspace/.swiftpm/xcode

SwiftDriverJobDiscovery normal armv7k Compiling HTTPFieldValue.swift (in target 'HTTPTypes' from project 'swift-http-types')
SwiftCompile normal arm64 Compiling\ Metrics.swift /Users/admin/builder/spi-builder-workspace/.dependencies/checkouts/swift-metrics/Sources/CoreMetrics/Metrics.swift (in target 'CoreMetrics' from project 'swift-metrics')
SwiftCompile normal arm64 /Users/admin/builder/spi-builder-workspace/.dependencies/checkouts/swift-metrics/Sources/CoreMetrics/Metrics.swift (in target 'CoreMetrics' from project 'swift-metrics')
    cd /Users/admin/builder/spi-builder-workspace/.swiftpm/xcode

SwiftDriverJobDiscovery normal armv7k Compiling HTTP2ErrorCode.swift (in target 'HTTPTypes' from project 'swift-http-types')
SwiftCompile normal arm64_32 Compiling\ Metrics.swift /Users/admin/builder/spi-builder-workspace/.dependencies/checkouts/swift-metrics/Sources/CoreMetrics/Metrics.swift (in target 'CoreMetrics' from project 'swift-metrics')
SwiftCompile normal arm64_32 /Users/admin/builder/spi-builder-workspace/.dependencies/checkouts/swift-metrics/Sources/CoreMetrics/Metrics.swift (in target 'CoreMetrics' from project 'swift-metrics')
    cd /Users/admin/builder/spi-builder-workspace/.swiftpm/xcode

SwiftDriverJobDiscovery normal arm64_32 Compiling HTTPResponse.swift (in target 'HTTPTypes' from project 'swift-http-types')
SwiftCompile normal armv7k Compiling\ WithMetricsFactory.swift /Users/admin/builder/spi-builder-workspace/.dependencies/checkouts/swift-metrics/Sources/CoreMetrics/WithMetricsFactory.swift (in target 'CoreMetrics' from project 'swift-metrics')
SwiftCompile normal armv7k /Users/admin/builder/spi-builder-workspace/.dependencies/checkouts/swift-metrics/Sources/CoreMetrics/WithMetricsFactory.swift (in target 'CoreMetrics' from project 'swift-metrics')
    cd /Users/admin/builder/spi-builder-workspace/.swiftpm/xcode

SwiftDriverJobDiscovery normal arm64 Compiling HTTPResponse.swift (in target 'HTTPTypes' from project 'swift-http-types')
SwiftCompile normal arm64_32 Compiling\ WithMetricsFactory.swift /Users/admin/builder/spi-builder-workspace/.dependencies/checkouts/swift-metrics/Sources/CoreMetrics/WithMetricsFactory.swift (in target 'CoreMetrics' from project 'swift-metrics')
SwiftCompile normal arm64_32 /Users/admin/builder/spi-builder-workspace/.dependencies/checkouts/swift-metrics/Sources/CoreMetrics/WithMetricsFactory.swift (in target 'CoreMetrics' from project 'swift-metrics')
    cd /Users/admin/builder/spi-builder-workspace/.swiftpm/xcode

SwiftDriverJobDiscovery normal arm64_32 Compiling HTTP3ErrorCode.swift (in target 'HTTPTypes' from project 'swift-http-types')
SwiftDriver Metrics normal arm64_32 com.apple.xcode.tools.swift.compiler (in target 'Metrics' from project 'swift-metrics')
    cd /Users/admin/builder/spi-builder-workspace/.swiftpm/xcode
    builtin-SwiftDriver -- /Applications/Xcode-16.3.0.app/Contents/Developer/Toolchains/XcodeDefault.xctoolchain/usr/bin/swiftc -module-name Metrics -Onone -enforce-exclusivity\=checked @/Users/admin/builder/spi-builder-workspace/.derivedData/Build/Intermediates.noindex/swift-metrics.build/Debug-watchos/Metrics.build/Objects-normal/arm64_32/Metrics.SwiftFileList -DSWIFT_PACKAGE -DDEBUG -DXcode -enable-experimental-feature StrictConcurrency\=complete -enable-upcoming-feature MemberImportVisibility -plugin-path /Applications/Xcode-16.3.0.app/Contents/Developer/Toolchains/XcodeDefault.xctoolchain/usr/lib/swift/host/plugins/testing -enable-experimental-feature DebugDescriptionMacro -sdk /Applications/Xcode-16.3.0.app/Contents/Developer/Platforms/WatchOS.platform/Developer/SDKs/WatchOS11.4.sdk -target arm64_32-apple-watchos5.0 -g -module-cache-path /Users/admin/builder/spi-builder-workspace/.derivedData/ModuleCache.noindex -Xfrontend -serialize-debugging-options -profile-coverage-mapping -profile-generate -enable-testing -suppress-warnings -index-store-path /Users/admin/builder/spi-builder-workspace/.derivedData/Index.noindex/DataStore -swift-version 6 -I /Users/admin/builder/spi-builder-workspace/.derivedData/Build/Products/Debug-watchos -I /Applications/Xcode-16.3.0.app/Contents/Developer/Platforms/WatchOS.platform/Developer/usr/lib -F /Users/admin/builder/spi-builder-workspace/.derivedData/Build/Products/Debug-watchos/PackageFrameworks -F /Users/admin/builder/spi-builder-workspace/.derivedData/Build/Products/Debug-watchos -F /Applications/Xcode-16.3.0.app/Contents/Developer/Platforms/WatchOS.platform/Developer/Library/Frameworks -F /Applications/Xcode-16.3.0.app/Contents/Developer/Platforms/WatchOS.platform/Developer/SDKs/WatchOS11.4.sdk/Developer/Library/Frameworks -parse-as-library -c -j10 -enable-batch-mode -incremental -Xcc -ivfsstatcache -Xcc /Users/admin/builder/spi-builder-workspace/.derivedData/SDKStatCaches.noindex/watchos11.4-22T246-43efb940ff07ba2497b70ec94253f576.sdkstatcache -output-file-map /Users/admin/builder/spi-builder-workspace/.derivedData/Build/Intermediates.noindex/swift-metrics.build/Debug-watchos/Metrics.build/Objects-normal/arm64_32/Metrics-OutputFileMap.json -use-frontend-parseable-output -save-temps -no-color-diagnostics -serialize-diagnostics -emit-dependencies -emit-module -emit-module-path /Users/admin/builder/spi-builder-workspace/.derivedData/Build/Intermediates.noindex/swift-metrics.build/Debug-watchos/Metrics.build/Objects-normal/arm64_32/Metrics.swiftmodule -user-module-version 2.11.0 -validate-clang-modules-once -clang-build-session-file /Users/admin/builder/spi-builder-workspace/.derivedData/ModuleCache.noindex/Session.modulevalidation -package-name swift_metrics -Xcc -I/Users/admin/builder/spi-builder-workspace/.derivedData/Build/Intermediates.noindex/swift-metrics.build/Debug-watchos/Metrics.build/swift-overrides.hmap -emit-const-values -Xfrontend -const-gather-protocols-file -Xfrontend /Users/admin/builder/spi-builder-workspace/.derivedData/Build/Intermediates.noindex/swift-metrics.build/Debug-watchos/Metrics.build/Objects-normal/arm64_32/Metrics_const_extract_protocols.json -Xcc -I/Users/admin/builder/spi-builder-workspace/.derivedData/Build/Products/Debug-watchos/include -Xcc -I/Users/admin/builder/spi-builder-workspace/.derivedData/Build/Intermediates.noindex/swift-metrics.build/Debug-watchos/Metrics.build/DerivedSources-normal/arm64_32 -Xcc -I/Users/admin/builder/spi-builder-workspace/.derivedData/Build/Intermediates.noindex/swift-metrics.build/Debug-watchos/Metrics.build/DerivedSources/arm64_32 -Xcc -I/Users/admin/builder/spi-builder-workspace/.derivedData/Build/Intermediates.noindex/swift-metrics.build/Debug-watchos/Metrics.build/DerivedSources -Xcc -DSWIFT_PACKAGE -Xcc -DDEBUG\=1 -emit-objc-header -emit-objc-header-path /Users/admin/builder/spi-builder-workspace/.derivedData/Build/Intermediates.noindex/swift-metrics.build/Debug-watchos/Metrics.build/Objects-normal/arm64_32/Metrics-Swift.h -working-directory /Users/admin/builder/spi-builder-workspace/.swiftpm/xcode -experimental-emit-module-separately -disable-cmo
SwiftDriverJobDiscovery normal arm64 Compiling WithMetricsFactory.swift (in target 'CoreMetrics' from project 'swift-metrics')
SwiftDriver Metrics normal armv7k com.apple.xcode.tools.swift.compiler (in target 'Metrics' from project 'swift-metrics')
    cd /Users/admin/builder/spi-builder-workspace/.swiftpm/xcode
    builtin-SwiftDriver -- /Applications/Xcode-16.3.0.app/Contents/Developer/Toolchains/XcodeDefault.xctoolchain/usr/bin/swiftc -module-name Metrics -Onone -enforce-exclusivity\=checked @/Users/admin/builder/spi-builder-workspace/.derivedData/Build/Intermediates.noindex/swift-metrics.build/Debug-watchos/Metrics.build/Objects-normal/armv7k/Metrics.SwiftFileList -DSWIFT_PACKAGE -DDEBUG -DXcode -enable-experimental-feature StrictConcurrency\=complete -enable-upcoming-feature MemberImportVisibility -plugin-path /Applications/Xcode-16.3.0.app/Contents/Developer/Toolchains/XcodeDefault.xctoolchain/usr/lib/swift/host/plugins/testing -enable-experimental-feature DebugDescriptionMacro -sdk /Applications/Xcode-16.3.0.app/Contents/Developer/Platforms/WatchOS.platform/Developer/SDKs/WatchOS11.4.sdk -target armv7k-apple-watchos5.0 -g -module-cache-path /Users/admin/builder/spi-builder-workspace/.derivedData/ModuleCache.noindex -Xfrontend -serialize-debugging-options -profile-coverage-mapping -profile-generate -enable-testing -suppress-warnings -index-store-path /Users/admin/builder/spi-builder-workspace/.derivedData/Index.noindex/DataStore -swift-version 6 -I /Users/admin/builder/spi-builder-workspace/.derivedData/Build/Products/Debug-watchos -I /Applications/Xcode-16.3.0.app/Contents/Developer/Platforms/WatchOS.platform/Developer/usr/lib -F /Users/admin/builder/spi-builder-workspace/.derivedData/Build/Products/Debug-watchos/PackageFrameworks -F /Users/admin/builder/spi-builder-workspace/.derivedData/Build/Products/Debug-watchos -F /Applications/Xcode-16.3.0.app/Contents/Developer/Platforms/WatchOS.platform/Developer/Library/Frameworks -F /Applications/Xcode-16.3.0.app/Contents/Developer/Platforms/WatchOS.platform/Developer/SDKs/WatchOS11.4.sdk/Developer/Library/Frameworks -parse-as-library -c -j10 -enable-batch-mode -incremental -Xcc -ivfsstatcache -Xcc /Users/admin/builder/spi-builder-workspace/.derivedData/SDKStatCaches.noindex/watchos11.4-22T246-43efb940ff07ba2497b70ec94253f576.sdkstatcache -output-file-map /Users/admin/builder/spi-builder-workspace/.derivedData/Build/Intermediates.noindex/swift-metrics.build/Debug-watchos/Metrics.build/Objects-normal/armv7k/Metrics-OutputFileMap.json -use-frontend-parseable-output -save-temps -no-color-diagnostics -serialize-diagnostics -emit-dependencies -emit-module -emit-module-path /Users/admin/builder/spi-builder-workspace/.derivedData/Build/Intermediates.noindex/swift-metrics.build/Debug-watchos/Metrics.build/Objects-normal/armv7k/Metrics.swiftmodule -user-module-version 2.11.0 -validate-clang-modules-once -clang-build-session-file /Users/admin/builder/spi-builder-workspace/.derivedData/ModuleCache.noindex/Session.modulevalidation -package-name swift_metrics -Xcc -I/Users/admin/builder/spi-builder-workspace/.derivedData/Build/Intermediates.noindex/swift-metrics.build/Debug-watchos/Metrics.build/swift-overrides.hmap -emit-const-values -Xfrontend -const-gather-protocols-file -Xfrontend /Users/admin/builder/spi-builder-workspace/.derivedData/Build/Intermediates.noindex/swift-metrics.build/Debug-watchos/Metrics.build/Objects-normal/armv7k/Metrics_const_extract_protocols.json -Xcc -I/Users/admin/builder/spi-builder-workspace/.derivedData/Build/Products/Debug-watchos/include -Xcc -I/Users/admin/builder/spi-builder-workspace/.derivedData/Build/Intermediates.noindex/swift-metrics.build/Debug-watchos/Metrics.build/DerivedSources-normal/armv7k -Xcc -I/Users/admin/builder/spi-builder-workspace/.derivedData/Build/Intermediates.noindex/swift-metrics.build/Debug-watchos/Metrics.build/DerivedSources/armv7k -Xcc -I/Users/admin/builder/spi-builder-workspace/.derivedData/Build/Intermediates.noindex/swift-metrics.build/Debug-watchos/Metrics.build/DerivedSources -Xcc -DSWIFT_PACKAGE -Xcc -DDEBUG\=1 -emit-objc-header -emit-objc-header-path /Users/admin/builder/spi-builder-workspace/.derivedData/Build/Intermediates.noindex/swift-metrics.build/Debug-watchos/Metrics.build/Objects-normal/armv7k/Metrics-Swift.h -working-directory /Users/admin/builder/spi-builder-workspace/.swiftpm/xcode -experimental-emit-module-separately -disable-cmo
SwiftEmitModule normal arm64_32 Emitting\ module\ for\ Metrics (in target 'Metrics' from project 'swift-metrics')
SwiftCompile normal arm64_32 /Users/admin/builder/spi-builder-workspace/.dependencies/checkouts/swift-metrics/Sources/Metrics/Metrics.swift (in target 'Metrics' from project 'swift-metrics')
    cd /Users/admin/builder/spi-builder-workspace/.swiftpm/xcode

SwiftEmitModule normal armv7k Emitting\ module\ for\ Metrics (in target 'Metrics' from project 'swift-metrics')
SwiftCompile normal armv7k /Users/admin/builder/spi-builder-workspace/.dependencies/checkouts/swift-metrics/Sources/Metrics/Metrics.swift (in target 'Metrics' from project 'swift-metrics')
    cd /Users/admin/builder/spi-builder-workspace/.swiftpm/xcode

SwiftDriverJobDiscovery normal armv7k Compiling HTTPFields.swift (in target 'HTTPTypes' from project 'swift-http-types')
SwiftDriver Metrics normal arm64 com.apple.xcode.tools.swift.compiler (in target 'Metrics' from project 'swift-metrics')
    cd /Users/admin/builder/spi-builder-workspace/.swiftpm/xcode
    builtin-SwiftDriver -- /Applications/Xcode-16.3.0.app/Contents/Developer/Toolchains/XcodeDefault.xctoolchain/usr/bin/swiftc -module-name Metrics -Onone -enforce-exclusivity\=checked @/Users/admin/builder/spi-builder-workspace/.derivedData/Build/Intermediates.noindex/swift-metrics.build/Debug-watchos/Metrics.build/Objects-normal/arm64/Metrics.SwiftFileList -DSWIFT_PACKAGE -DDEBUG -DXcode -enable-experimental-feature StrictConcurrency\=complete -enable-upcoming-feature MemberImportVisibility -plugin-path /Applications/Xcode-16.3.0.app/Contents/Developer/Toolchains/XcodeDefault.xctoolchain/usr/lib/swift/host/plugins/testing -enable-experimental-feature DebugDescriptionMacro -sdk /Applications/Xcode-16.3.0.app/Contents/Developer/Platforms/WatchOS.platform/Developer/SDKs/WatchOS11.4.sdk -target arm64-apple-watchos5.0 -g -module-cache-path /Users/admin/builder/spi-builder-workspace/.derivedData/ModuleCache.noindex -Xfrontend -serialize-debugging-options -profile-coverage-mapping -profile-generate -enable-testing -suppress-warnings -index-store-path /Users/admin/builder/spi-builder-workspace/.derivedData/Index.noindex/DataStore -swift-version 6 -I /Users/admin/builder/spi-builder-workspace/.derivedData/Build/Products/Debug-watchos -I /Applications/Xcode-16.3.0.app/Contents/Developer/Platforms/WatchOS.platform/Developer/usr/lib -F /Users/admin/builder/spi-builder-workspace/.derivedData/Build/Products/Debug-watchos/PackageFrameworks -F /Users/admin/builder/spi-builder-workspace/.derivedData/Build/Products/Debug-watchos -F /Applications/Xcode-16.3.0.app/Contents/Developer/Platforms/WatchOS.platform/Developer/Library/Frameworks -F /Applications/Xcode-16.3.0.app/Contents/Developer/Platforms/WatchOS.platform/Developer/SDKs/WatchOS11.4.sdk/Developer/Library/Frameworks -parse-as-library -c -j10 -enable-batch-mode -incremental -Xcc -ivfsstatcache -Xcc /Users/admin/builder/spi-builder-workspace/.derivedData/SDKStatCaches.noindex/watchos11.4-22T246-43efb940ff07ba2497b70ec94253f576.sdkstatcache -output-file-map /Users/admin/builder/spi-builder-workspace/.derivedData/Build/Intermediates.noindex/swift-metrics.build/Debug-watchos/Metrics.build/Objects-normal/arm64/Metrics-OutputFileMap.json -use-frontend-parseable-output -save-temps -no-color-diagnostics -serialize-diagnostics -emit-dependencies -emit-module -emit-module-path /Users/admin/builder/spi-builder-workspace/.derivedData/Build/Intermediates.noindex/swift-metrics.build/Debug-watchos/Metrics.build/Objects-normal/arm64/Metrics.swiftmodule -user-module-version 2.11.0 -validate-clang-modules-once -clang-build-session-file /Users/admin/builder/spi-builder-workspace/.derivedData/ModuleCache.noindex/Session.modulevalidation -package-name swift_metrics -Xcc -I/Users/admin/builder/spi-builder-workspace/.derivedData/Build/Intermediates.noindex/swift-metrics.build/Debug-watchos/Metrics.build/swift-overrides.hmap -emit-const-values -Xfrontend -const-gather-protocols-file -Xfrontend /Users/admin/builder/spi-builder-workspace/.derivedData/Build/Intermediates.noindex/swift-metrics.build/Debug-watchos/Metrics.build/Objects-normal/arm64/Metrics_const_extract_protocols.json -Xcc -I/Users/admin/builder/spi-builder-workspace/.derivedData/Build/Products/Debug-watchos/include -Xcc -I/Users/admin/builder/spi-builder-workspace/.derivedData/Build/Intermediates.noindex/swift-metrics.build/Debug-watchos/Metrics.build/DerivedSources-normal/arm64 -Xcc -I/Users/admin/builder/spi-builder-workspace/.derivedData/Build/Intermediates.noindex/swift-metrics.build/Debug-watchos/Metrics.build/DerivedSources/arm64 -Xcc -I/Users/admin/builder/spi-builder-workspace/.derivedData/Build/Intermediates.noindex/swift-metrics.build/Debug-watchos/Metrics.build/DerivedSources -Xcc -DSWIFT_PACKAGE -Xcc -DDEBUG\=1 -emit-objc-header -emit-objc-header-path /Users/admin/builder/spi-builder-workspace/.derivedData/Build/Intermediates.noindex/swift-metrics.build/Debug-watchos/Metrics.build/Objects-normal/arm64/Metrics-Swift.h -working-directory /Users/admin/builder/spi-builder-workspace/.swiftpm/xcode -experimental-emit-module-separately -disable-cmo
SwiftDriverJobDiscovery normal arm64 Compiling HTTPFields.swift (in target 'HTTPTypes' from project 'swift-http-types')
SwiftCompile normal armv7k Compiling\ Metrics.swift /Users/admin/builder/spi-builder-workspace/.dependencies/checkouts/swift-metrics/Sources/Metrics/Metrics.swift (in target 'Metrics' from project 'swift-metrics')
SwiftCompile normal armv7k /Users/admin/builder/spi-builder-workspace/.dependencies/checkouts/swift-metrics/Sources/Metrics/Metrics.swift (in target 'Metrics' from project 'swift-metrics')
    cd /Users/admin/builder/spi-builder-workspace/.swiftpm/xcode

SwiftEmitModule normal arm64 Emitting\ module\ for\ Metrics (in target 'Metrics' from project 'swift-metrics')
SwiftCompile normal arm64 /Users/admin/builder/spi-builder-workspace/.dependencies/checkouts/swift-metrics/Sources/Metrics/Metrics.swift (in target 'Metrics' from project 'swift-metrics')
    cd /Users/admin/builder/spi-builder-workspace/.swiftpm/xcode

SwiftDriverJobDiscovery normal arm64_32 Compiling HTTPParsedFields.swift (in target 'HTTPTypes' from project 'swift-http-types')
SwiftCompile normal arm64 Compiling\ Metrics.swift /Users/admin/builder/spi-builder-workspace/.dependencies/checkouts/swift-metrics/Sources/Metrics/Metrics.swift (in target 'Metrics' from project 'swift-metrics')
SwiftCompile normal arm64 /Users/admin/builder/spi-builder-workspace/.dependencies/checkouts/swift-metrics/Sources/Metrics/Metrics.swift (in target 'Metrics' from project 'swift-metrics')
    cd /Users/admin/builder/spi-builder-workspace/.swiftpm/xcode

SwiftDriverJobDiscovery normal armv7k Compiling WithMetricsFactory.swift (in target 'CoreMetrics' from project 'swift-metrics')
SwiftCompile normal arm64_32 Compiling\ Metrics.swift /Users/admin/builder/spi-builder-workspace/.dependencies/checkouts/swift-metrics/Sources/Metrics/Metrics.swift (in target 'Metrics' from project 'swift-metrics')
SwiftCompile normal arm64_32 /Users/admin/builder/spi-builder-workspace/.dependencies/checkouts/swift-metrics/Sources/Metrics/Metrics.swift (in target 'Metrics' from project 'swift-metrics')
    cd /Users/admin/builder/spi-builder-workspace/.swiftpm/xcode

SwiftDriverJobDiscovery normal arm64_32 Compiling WithMetricsFactory.swift (in target 'CoreMetrics' from project 'swift-metrics')
SwiftDriver\ Compilation HTTPTypes normal armv7k com.apple.xcode.tools.swift.compiler (in target 'HTTPTypes' from project 'swift-http-types')
    cd /Users/admin/builder/spi-builder-workspace/.swiftpm/xcode
    builtin-Swift-Compilation -- /Applications/Xcode-16.3.0.app/Contents/Developer/Toolchains/XcodeDefault.xctoolchain/usr/bin/swiftc -module-name HTTPTypes -Onone -enforce-exclusivity\=checked @/Users/admin/builder/spi-builder-workspace/.derivedData/Build/Intermediates.noindex/swift-http-types.build/Debug-watchos/HTTPTypes.build/Objects-normal/armv7k/HTTPTypes.SwiftFileList -DSWIFT_PACKAGE -DDEBUG -DFoundationURL -DXcode -enable-upcoming-feature InternalImportsByDefault -enable-experimental-feature AvailabilityMacro\=HTTPTypes\ 1.0:\ macOS\ 10.0 -enable-experimental-feature AvailabilityMacro\=HTTPTypes\ 1.1:\ macOS\ 10.0 -enable-experimental-feature AvailabilityMacro\=HTTPTypes\ 1.2:\ macOS\ 10.0 -enable-experimental-feature AvailabilityMacro\=HTTPTypes\ 1.3:\ macOS\ 10.0 -enable-experimental-feature AvailabilityMacro\=HTTPTypes\ 1.6:\ macOS\ 10.0 -enable-experimental-feature AvailabilityMacro\=HTTPTypes\ 1.7:\ macOS\ 10.0 -enable-upcoming-feature MemberImportVisibility -plugin-path /Applications/Xcode-16.3.0.app/Contents/Developer/Toolchains/XcodeDefault.xctoolchain/usr/lib/swift/host/plugins/testing -enable-experimental-feature DebugDescriptionMacro -sdk /Applications/Xcode-16.3.0.app/Contents/Developer/Platforms/WatchOS.platform/Developer/SDKs/WatchOS11.4.sdk -target armv7k-apple-watchos5.0 -g -module-cache-path /Users/admin/builder/spi-builder-workspace/.derivedData/ModuleCache.noindex -Xfrontend -serialize-debugging-options -profile-coverage-mapping -profile-generate -enable-testing -suppress-warnings -index-store-path /Users/admin/builder/spi-builder-workspace/.derivedData/Index.noindex/DataStore -swift-version 6 -I /Users/admin/builder/spi-builder-workspace/.derivedData/Build/Products/Debug-watchos -I /Applications/Xcode-16.3.0.app/Contents/Developer/Platforms/WatchOS.platform/Developer/usr/lib -F /Users/admin/builder/spi-builder-workspace/.derivedData/Build/Products/Debug-watchos -F /Applications/Xcode-16.3.0.app/Contents/Developer/Platforms/WatchOS.platform/Developer/Library/Frameworks -F /Applications/Xcode-16.3.0.app/Contents/Developer/Platforms/WatchOS.platform/Developer/SDKs/WatchOS11.4.sdk/Developer/Library/Frameworks -c -j10 -enable-batch-mode -incremental -Xcc -ivfsstatcache -Xcc /Users/admin/builder/spi-builder-workspace/.derivedData/SDKStatCaches.noindex/watchos11.4-22T246-43efb940ff07ba2497b70ec94253f576.sdkstatcache -output-file-map /Users/admin/builder/spi-builder-workspace/.derivedData/Build/Intermediates.noindex/swift-http-types.build/Debug-watchos/HTTPTypes.build/Objects-normal/armv7k/HTTPTypes-OutputFileMap.json -use-frontend-parseable-output -save-temps -no-color-diagnostics -serialize-diagnostics -emit-dependencies -emit-module -emit-module-path /Users/admin/builder/spi-builder-workspace/.derivedData/Build/Intermediates.noindex/swift-http-types.build/Debug-watchos/HTTPTypes.build/Objects-normal/armv7k/HTTPTypes.swiftmodule -user-module-version 1.8.0 -validate-clang-modules-once -clang-build-session-file /Users/admin/builder/spi-builder-workspace/.derivedData/ModuleCache.noindex/Session.modulevalidation -package-name swift_http_types -Xcc -I/Users/admin/builder/spi-builder-workspace/.derivedData/Build/Intermediates.noindex/swift-http-types.build/Debug-watchos/HTTPTypes.build/swift-overrides.hmap -emit-const-values -Xfrontend -const-gather-protocols-file -Xfrontend /Users/admin/builder/spi-builder-workspace/.derivedData/Build/Intermediates.noindex/swift-http-types.build/Debug-watchos/HTTPTypes.build/Objects-normal/armv7k/HTTPTypes_const_extract_protocols.json -Xcc -I/Users/admin/builder/spi-builder-workspace/.derivedData/Build/Products/Debug-watchos/include -Xcc -I/Users/admin/builder/spi-builder-workspace/.derivedData/Build/Intermediates.noindex/swift-http-types.build/Debug-watchos/HTTPTypes.build/DerivedSources-normal/armv7k -Xcc -I/Users/admin/builder/spi-builder-workspace/.derivedData/Build/Intermediates.noindex/swift-http-types.build/Debug-watchos/HTTPTypes.build/DerivedSources/armv7k -Xcc -I/Users/admin/builder/spi-builder-workspace/.derivedData/Build/Intermediates.noindex/swift-http-types.build/Debug-watchos/HTTPTypes.build/DerivedSources -Xcc -DSWIFT_PACKAGE -Xcc -DDEBUG\=1 -emit-objc-header -emit-objc-header-path /Users/admin/builder/spi-builder-workspace/.derivedData/Build/Intermediates.noindex/swift-http-types.build/Debug-watchos/HTTPTypes.build/Objects-normal/armv7k/HTTPTypes-Swift.h -working-directory /Users/admin/builder/spi-builder-workspace/.swiftpm/xcode -experimental-emit-module-separately -disable-cmo
SwiftDriverJobDiscovery normal arm64_32 Compiling HTTPRequest+URL.swift (in target 'HTTPTypes' from project 'swift-http-types')
SwiftDriver\ Compilation HTTPTypes normal arm64 com.apple.xcode.tools.swift.compiler (in target 'HTTPTypes' from project 'swift-http-types')
    cd /Users/admin/builder/spi-builder-workspace/.swiftpm/xcode
    builtin-Swift-Compilation -- /Applications/Xcode-16.3.0.app/Contents/Developer/Toolchains/XcodeDefault.xctoolchain/usr/bin/swiftc -module-name HTTPTypes -Onone -enforce-exclusivity\=checked @/Users/admin/builder/spi-builder-workspace/.derivedData/Build/Intermediates.noindex/swift-http-types.build/Debug-watchos/HTTPTypes.build/Objects-normal/arm64/HTTPTypes.SwiftFileList -DSWIFT_PACKAGE -DDEBUG -DFoundationURL -DXcode -enable-upcoming-feature InternalImportsByDefault -enable-experimental-feature AvailabilityMacro\=HTTPTypes\ 1.0:\ macOS\ 10.0 -enable-experimental-feature AvailabilityMacro\=HTTPTypes\ 1.1:\ macOS\ 10.0 -enable-experimental-feature AvailabilityMacro\=HTTPTypes\ 1.2:\ macOS\ 10.0 -enable-experimental-feature AvailabilityMacro\=HTTPTypes\ 1.3:\ macOS\ 10.0 -enable-experimental-feature AvailabilityMacro\=HTTPTypes\ 1.6:\ macOS\ 10.0 -enable-experimental-feature AvailabilityMacro\=HTTPTypes\ 1.7:\ macOS\ 10.0 -enable-upcoming-feature MemberImportVisibility -plugin-path /Applications/Xcode-16.3.0.app/Contents/Developer/Toolchains/XcodeDefault.xctoolchain/usr/lib/swift/host/plugins/testing -enable-experimental-feature DebugDescriptionMacro -sdk /Applications/Xcode-16.3.0.app/Contents/Developer/Platforms/WatchOS.platform/Developer/SDKs/WatchOS11.4.sdk -target arm64-apple-watchos5.0 -g -module-cache-path /Users/admin/builder/spi-builder-workspace/.derivedData/ModuleCache.noindex -Xfrontend -serialize-debugging-options -profile-coverage-mapping -profile-generate -enable-testing -suppress-warnings -index-store-path /Users/admin/builder/spi-builder-workspace/.derivedData/Index.noindex/DataStore -swift-version 6 -I /Users/admin/builder/spi-builder-workspace/.derivedData/Build/Products/Debug-watchos -I /Applications/Xcode-16.3.0.app/Contents/Developer/Platforms/WatchOS.platform/Developer/usr/lib -F /Users/admin/builder/spi-builder-workspace/.derivedData/Build/Products/Debug-watchos -F /Applications/Xcode-16.3.0.app/Contents/Developer/Platforms/WatchOS.platform/Developer/Library/Frameworks -F /Applications/Xcode-16.3.0.app/Contents/Developer/Platforms/WatchOS.platform/Developer/SDKs/WatchOS11.4.sdk/Developer/Library/Frameworks -c -j10 -enable-batch-mode -incremental -Xcc -ivfsstatcache -Xcc /Users/admin/builder/spi-builder-workspace/.derivedData/SDKStatCaches.noindex/watchos11.4-22T246-43efb940ff07ba2497b70ec94253f576.sdkstatcache -output-file-map /Users/admin/builder/spi-builder-workspace/.derivedData/Build/Intermediates.noindex/swift-http-types.build/Debug-watchos/HTTPTypes.build/Objects-normal/arm64/HTTPTypes-OutputFileMap.json -use-frontend-parseable-output -save-temps -no-color-diagnostics -serialize-diagnostics -emit-dependencies -emit-module -emit-module-path /Users/admin/builder/spi-builder-workspace/.derivedData/Build/Intermediates.noindex/swift-http-types.build/Debug-watchos/HTTPTypes.build/Objects-normal/arm64/HTTPTypes.swiftmodule -user-module-version 1.8.0 -validate-clang-modules-once -clang-build-session-file /Users/admin/builder/spi-builder-workspace/.derivedData/ModuleCache.noindex/Session.modulevalidation -package-name swift_http_types -Xcc -I/Users/admin/builder/spi-builder-workspace/.derivedData/Build/Intermediates.noindex/swift-http-types.build/Debug-watchos/HTTPTypes.build/swift-overrides.hmap -emit-const-values -Xfrontend -const-gather-protocols-file -Xfrontend /Users/admin/builder/spi-builder-workspace/.derivedData/Build/Intermediates.noindex/swift-http-types.build/Debug-watchos/HTTPTypes.build/Objects-normal/arm64/HTTPTypes_const_extract_protocols.json -Xcc -I/Users/admin/builder/spi-builder-workspace/.derivedData/Build/Products/Debug-watchos/include -Xcc -I/Users/admin/builder/spi-builder-workspace/.derivedData/Build/Intermediates.noindex/swift-http-types.build/Debug-watchos/HTTPTypes.build/DerivedSources-normal/arm64 -Xcc -I/Users/admin/builder/spi-builder-workspace/.derivedData/Build/Intermediates.noindex/swift-http-types.build/Debug-watchos/HTTPTypes.build/DerivedSources/arm64 -Xcc -I/Users/admin/builder/spi-builder-workspace/.derivedData/Build/Intermediates.noindex/swift-http-types.build/Debug-watchos/HTTPTypes.build/DerivedSources -Xcc -DSWIFT_PACKAGE -Xcc -DDEBUG\=1 -emit-objc-header -emit-objc-header-path /Users/admin/builder/spi-builder-workspace/.derivedData/Build/Intermediates.noindex/swift-http-types.build/Debug-watchos/HTTPTypes.build/Objects-normal/arm64/HTTPTypes-Swift.h -working-directory /Users/admin/builder/spi-builder-workspace/.swiftpm/xcode -experimental-emit-module-separately -disable-cmo
SwiftCompile normal armv7k Compiling\ MappingMetricsFactory.swift /Users/admin/builder/spi-builder-workspace/.dependencies/checkouts/swift-metrics/Sources/CoreMetrics/MappingMetricsFactory.swift (in target 'CoreMetrics' from project 'swift-metrics')
SwiftCompile normal armv7k /Users/admin/builder/spi-builder-workspace/.dependencies/checkouts/swift-metrics/Sources/CoreMetrics/MappingMetricsFactory.swift (in target 'CoreMetrics' from project 'swift-metrics')
    cd /Users/admin/builder/spi-builder-workspace/.swiftpm/xcode

SwiftCompile normal arm64_32 Compiling\ MappingMetricsFactory.swift /Users/admin/builder/spi-builder-workspace/.dependencies/checkouts/swift-metrics/Sources/CoreMetrics/MappingMetricsFactory.swift (in target 'CoreMetrics' from project 'swift-metrics')
SwiftCompile normal arm64_32 /Users/admin/builder/spi-builder-workspace/.dependencies/checkouts/swift-metrics/Sources/CoreMetrics/MappingMetricsFactory.swift (in target 'CoreMetrics' from project 'swift-metrics')
    cd /Users/admin/builder/spi-builder-workspace/.swiftpm/xcode

SwiftDriverJobDiscovery normal arm64_32 Compiling HTTPFieldValue.swift (in target 'HTTPTypes' from project 'swift-http-types')
SwiftDriver\ Compilation HTTPTypes normal arm64_32 com.apple.xcode.tools.swift.compiler (in target 'HTTPTypes' from project 'swift-http-types')
    cd /Users/admin/builder/spi-builder-workspace/.swiftpm/xcode
    builtin-Swift-Compilation -- /Applications/Xcode-16.3.0.app/Contents/Developer/Toolchains/XcodeDefault.xctoolchain/usr/bin/swiftc -module-name HTTPTypes -Onone -enforce-exclusivity\=checked @/Users/admin/builder/spi-builder-workspace/.derivedData/Build/Intermediates.noindex/swift-http-types.build/Debug-watchos/HTTPTypes.build/Objects-normal/arm64_32/HTTPTypes.SwiftFileList -DSWIFT_PACKAGE -DDEBUG -DFoundationURL -DXcode -enable-upcoming-feature InternalImportsByDefault -enable-experimental-feature AvailabilityMacro\=HTTPTypes\ 1.0:\ macOS\ 10.0 -enable-experimental-feature AvailabilityMacro\=HTTPTypes\ 1.1:\ macOS\ 10.0 -enable-experimental-feature AvailabilityMacro\=HTTPTypes\ 1.2:\ macOS\ 10.0 -enable-experimental-feature AvailabilityMacro\=HTTPTypes\ 1.3:\ macOS\ 10.0 -enable-experimental-feature AvailabilityMacro\=HTTPTypes\ 1.6:\ macOS\ 10.0 -enable-experimental-feature AvailabilityMacro\=HTTPTypes\ 1.7:\ macOS\ 10.0 -enable-upcoming-feature MemberImportVisibility -plugin-path /Applications/Xcode-16.3.0.app/Contents/Developer/Toolchains/XcodeDefault.xctoolchain/usr/lib/swift/host/plugins/testing -enable-experimental-feature DebugDescriptionMacro -sdk /Applications/Xcode-16.3.0.app/Contents/Developer/Platforms/WatchOS.platform/Developer/SDKs/WatchOS11.4.sdk -target arm64_32-apple-watchos5.0 -g -module-cache-path /Users/admin/builder/spi-builder-workspace/.derivedData/ModuleCache.noindex -Xfrontend -serialize-debugging-options -profile-coverage-mapping -profile-generate -enable-testing -suppress-warnings -index-store-path /Users/admin/builder/spi-builder-workspace/.derivedData/Index.noindex/DataStore -swift-version 6 -I /Users/admin/builder/spi-builder-workspace/.derivedData/Build/Products/Debug-watchos -I /Applications/Xcode-16.3.0.app/Contents/Developer/Platforms/WatchOS.platform/Developer/usr/lib -F /Users/admin/builder/spi-builder-workspace/.derivedData/Build/Products/Debug-watchos -F /Applications/Xcode-16.3.0.app/Contents/Developer/Platforms/WatchOS.platform/Developer/Library/Frameworks -F /Applications/Xcode-16.3.0.app/Contents/Developer/Platforms/WatchOS.platform/Developer/SDKs/WatchOS11.4.sdk/Developer/Library/Frameworks -c -j10 -enable-batch-mode -incremental -Xcc -ivfsstatcache -Xcc /Users/admin/builder/spi-builder-workspace/.derivedData/SDKStatCaches.noindex/watchos11.4-22T246-43efb940ff07ba2497b70ec94253f576.sdkstatcache -output-file-map /Users/admin/builder/spi-builder-workspace/.derivedData/Build/Intermediates.noindex/swift-http-types.build/Debug-watchos/HTTPTypes.build/Objects-normal/arm64_32/HTTPTypes-OutputFileMap.json -use-frontend-parseable-output -save-temps -no-color-diagnostics -serialize-diagnostics -emit-dependencies -emit-module -emit-module-path /Users/admin/builder/spi-builder-workspace/.derivedData/Build/Intermediates.noindex/swift-http-types.build/Debug-watchos/HTTPTypes.build/Objects-normal/arm64_32/HTTPTypes.swiftmodule -user-module-version 1.8.0 -validate-clang-modules-once -clang-build-session-file /Users/admin/builder/spi-builder-workspace/.derivedData/ModuleCache.noindex/Session.modulevalidation -package-name swift_http_types -Xcc -I/Users/admin/builder/spi-builder-workspace/.derivedData/Build/Intermediates.noindex/swift-http-types.build/Debug-watchos/HTTPTypes.build/swift-overrides.hmap -emit-const-values -Xfrontend -const-gather-protocols-file -Xfrontend /Users/admin/builder/spi-builder-workspace/.derivedData/Build/Intermediates.noindex/swift-http-types.build/Debug-watchos/HTTPTypes.build/Objects-normal/arm64_32/HTTPTypes_const_extract_protocols.json -Xcc -I/Users/admin/builder/spi-builder-workspace/.derivedData/Build/Products/Debug-watchos/include -Xcc -I/Users/admin/builder/spi-builder-workspace/.derivedData/Build/Intermediates.noindex/swift-http-types.build/Debug-watchos/HTTPTypes.build/DerivedSources-normal/arm64_32 -Xcc -I/Users/admin/builder/spi-builder-workspace/.derivedData/Build/Intermediates.noindex/swift-http-types.build/Debug-watchos/HTTPTypes.build/DerivedSources/arm64_32 -Xcc -I/Users/admin/builder/spi-builder-workspace/.derivedData/Build/Intermediates.noindex/swift-http-types.build/Debug-watchos/HTTPTypes.build/DerivedSources -Xcc -DSWIFT_PACKAGE -Xcc -DDEBUG\=1 -emit-objc-header -emit-objc-header-path /Users/admin/builder/spi-builder-workspace/.derivedData/Build/Intermediates.noindex/swift-http-types.build/Debug-watchos/HTTPTypes.build/Objects-normal/arm64_32/HTTPTypes-Swift.h -working-directory /Users/admin/builder/spi-builder-workspace/.swiftpm/xcode -experimental-emit-module-separately -disable-cmo
SwiftCompile normal armv7k Compiling\ Locks.swift /Users/admin/builder/spi-builder-workspace/.dependencies/checkouts/swift-metrics/Sources/CoreMetrics/Locks.swift (in target 'CoreMetrics' from project 'swift-metrics')
SwiftCompile normal armv7k /Users/admin/builder/spi-builder-workspace/.dependencies/checkouts/swift-metrics/Sources/CoreMetrics/Locks.swift (in target 'CoreMetrics' from project 'swift-metrics')
    cd /Users/admin/builder/spi-builder-workspace/.swiftpm/xcode

SwiftDriverJobDiscovery normal armv7k Emitting module for Metrics (in target 'Metrics' from project 'swift-metrics')
SwiftCompile normal arm64 Compiling\ MappingMetricsFactory.swift /Users/admin/builder/spi-builder-workspace/.dependencies/checkouts/swift-metrics/Sources/CoreMetrics/MappingMetricsFactory.swift (in target 'CoreMetrics' from project 'swift-metrics')
SwiftCompile normal arm64 /Users/admin/builder/spi-builder-workspace/.dependencies/checkouts/swift-metrics/Sources/CoreMetrics/MappingMetricsFactory.swift (in target 'CoreMetrics' from project 'swift-metrics')
    cd /Users/admin/builder/spi-builder-workspace/.swiftpm/xcode

SwiftDriverJobDiscovery normal arm64_32 Emitting module for Metrics (in target 'Metrics' from project 'swift-metrics')
SwiftDriver\ Compilation\ Requirements Metrics normal armv7k com.apple.xcode.tools.swift.compiler (in target 'Metrics' from project 'swift-metrics')
    cd /Users/admin/builder/spi-builder-workspace/.swiftpm/xcode
    builtin-Swift-Compilation-Requirements -- /Applications/Xcode-16.3.0.app/Contents/Developer/Toolchains/XcodeDefault.xctoolchain/usr/bin/swiftc -module-name Metrics -Onone -enforce-exclusivity\=checked @/Users/admin/builder/spi-builder-workspace/.derivedData/Build/Intermediates.noindex/swift-metrics.build/Debug-watchos/Metrics.build/Objects-normal/armv7k/Metrics.SwiftFileList -DSWIFT_PACKAGE -DDEBUG -DXcode -enable-experimental-feature StrictConcurrency\=complete -enable-upcoming-feature MemberImportVisibility -plugin-path /Applications/Xcode-16.3.0.app/Contents/Developer/Toolchains/XcodeDefault.xctoolchain/usr/lib/swift/host/plugins/testing -enable-experimental-feature DebugDescriptionMacro -sdk /Applications/Xcode-16.3.0.app/Contents/Developer/Platforms/WatchOS.platform/Developer/SDKs/WatchOS11.4.sdk -target armv7k-apple-watchos5.0 -g -module-cache-path /Users/admin/builder/spi-builder-workspace/.derivedData/ModuleCache.noindex -Xfrontend -serialize-debugging-options -profile-coverage-mapping -profile-generate -enable-testing -suppress-warnings -index-store-path /Users/admin/builder/spi-builder-workspace/.derivedData/Index.noindex/DataStore -swift-version 6 -I /Users/admin/builder/spi-builder-workspace/.derivedData/Build/Products/Debug-watchos -I /Applications/Xcode-16.3.0.app/Contents/Developer/Platforms/WatchOS.platform/Developer/usr/lib -F /Users/admin/builder/spi-builder-workspace/.derivedData/Build/Products/Debug-watchos/PackageFrameworks -F /Users/admin/builder/spi-builder-workspace/.derivedData/Build/Products/Debug-watchos -F /Applications/Xcode-16.3.0.app/Contents/Developer/Platforms/WatchOS.platform/Developer/Library/Frameworks -F /Applications/Xcode-16.3.0.app/Contents/Developer/Platforms/WatchOS.platform/Developer/SDKs/WatchOS11.4.sdk/Developer/Library/Frameworks -parse-as-library -c -j10 -enable-batch-mode -incremental -Xcc -ivfsstatcache -Xcc /Users/admin/builder/spi-builder-workspace/.derivedData/SDKStatCaches.noindex/watchos11.4-22T246-43efb940ff07ba2497b70ec94253f576.sdkstatcache -output-file-map /Users/admin/builder/spi-builder-workspace/.derivedData/Build/Intermediates.noindex/swift-metrics.build/Debug-watchos/Metrics.build/Objects-normal/armv7k/Metrics-OutputFileMap.json -use-frontend-parseable-output -save-temps -no-color-diagnostics -serialize-diagnostics -emit-dependencies -emit-module -emit-module-path /Users/admin/builder/spi-builder-workspace/.derivedData/Build/Intermediates.noindex/swift-metrics.build/Debug-watchos/Metrics.build/Objects-normal/armv7k/Metrics.swiftmodule -user-module-version 2.11.0 -validate-clang-modules-once -clang-build-session-file /Users/admin/builder/spi-builder-workspace/.derivedData/ModuleCache.noindex/Session.modulevalidation -package-name swift_metrics -Xcc -I/Users/admin/builder/spi-builder-workspace/.derivedData/Build/Intermediates.noindex/swift-metrics.build/Debug-watchos/Metrics.build/swift-overrides.hmap -emit-const-values -Xfrontend -const-gather-protocols-file -Xfrontend /Users/admin/builder/spi-builder-workspace/.derivedData/Build/Intermediates.noindex/swift-metrics.build/Debug-watchos/Metrics.build/Objects-normal/armv7k/Metrics_const_extract_protocols.json -Xcc -I/Users/admin/builder/spi-builder-workspace/.derivedData/Build/Products/Debug-watchos/include -Xcc -I/Users/admin/builder/spi-builder-workspace/.derivedData/Build/Intermediates.noindex/swift-metrics.build/Debug-watchos/Metrics.build/DerivedSources-normal/armv7k -Xcc -I/Users/admin/builder/spi-builder-workspace/.derivedData/Build/Intermediates.noindex/swift-metrics.build/Debug-watchos/Metrics.build/DerivedSources/armv7k -Xcc -I/Users/admin/builder/spi-builder-workspace/.derivedData/Build/Intermediates.noindex/swift-metrics.build/Debug-watchos/Metrics.build/DerivedSources -Xcc -DSWIFT_PACKAGE -Xcc -DDEBUG\=1 -emit-objc-header -emit-objc-header-path /Users/admin/builder/spi-builder-workspace/.derivedData/Build/Intermediates.noindex/swift-metrics.build/Debug-watchos/Metrics.build/Objects-normal/armv7k/Metrics-Swift.h -working-directory /Users/admin/builder/spi-builder-workspace/.swiftpm/xcode -experimental-emit-module-separately -disable-cmo
SwiftDriverJobDiscovery normal armv7k Compiling Metrics.swift (in target 'Metrics' from project 'swift-metrics')
SwiftDriver\ Compilation\ Requirements Metrics normal arm64_32 com.apple.xcode.tools.swift.compiler (in target 'Metrics' from project 'swift-metrics')
    cd /Users/admin/builder/spi-builder-workspace/.swiftpm/xcode
    builtin-Swift-Compilation-Requirements -- /Applications/Xcode-16.3.0.app/Contents/Developer/Toolchains/XcodeDefault.xctoolchain/usr/bin/swiftc -module-name Metrics -Onone -enforce-exclusivity\=checked @/Users/admin/builder/spi-builder-workspace/.derivedData/Build/Intermediates.noindex/swift-metrics.build/Debug-watchos/Metrics.build/Objects-normal/arm64_32/Metrics.SwiftFileList -DSWIFT_PACKAGE -DDEBUG -DXcode -enable-experimental-feature StrictConcurrency\=complete -enable-upcoming-feature MemberImportVisibility -plugin-path /Applications/Xcode-16.3.0.app/Contents/Developer/Toolchains/XcodeDefault.xctoolchain/usr/lib/swift/host/plugins/testing -enable-experimental-feature DebugDescriptionMacro -sdk /Applications/Xcode-16.3.0.app/Contents/Developer/Platforms/WatchOS.platform/Developer/SDKs/WatchOS11.4.sdk -target arm64_32-apple-watchos5.0 -g -module-cache-path /Users/admin/builder/spi-builder-workspace/.derivedData/ModuleCache.noindex -Xfrontend -serialize-debugging-options -profile-coverage-mapping -profile-generate -enable-testing -suppress-warnings -index-store-path /Users/admin/builder/spi-builder-workspace/.derivedData/Index.noindex/DataStore -swift-version 6 -I /Users/admin/builder/spi-builder-workspace/.derivedData/Build/Products/Debug-watchos -I /Applications/Xcode-16.3.0.app/Contents/Developer/Platforms/WatchOS.platform/Developer/usr/lib -F /Users/admin/builder/spi-builder-workspace/.derivedData/Build/Products/Debug-watchos/PackageFrameworks -F /Users/admin/builder/spi-builder-workspace/.derivedData/Build/Products/Debug-watchos -F /Applications/Xcode-16.3.0.app/Contents/Developer/Platforms/WatchOS.platform/Developer/Library/Frameworks -F /Applications/Xcode-16.3.0.app/Contents/Developer/Platforms/WatchOS.platform/Developer/SDKs/WatchOS11.4.sdk/Developer/Library/Frameworks -parse-as-library -c -j10 -enable-batch-mode -incremental -Xcc -ivfsstatcache -Xcc /Users/admin/builder/spi-builder-workspace/.derivedData/SDKStatCaches.noindex/watchos11.4-22T246-43efb940ff07ba2497b70ec94253f576.sdkstatcache -output-file-map /Users/admin/builder/spi-builder-workspace/.derivedData/Build/Intermediates.noindex/swift-metrics.build/Debug-watchos/Metrics.build/Objects-normal/arm64_32/Metrics-OutputFileMap.json -use-frontend-parseable-output -save-temps -no-color-diagnostics -serialize-diagnostics -emit-dependencies -emit-module -emit-module-path /Users/admin/builder/spi-builder-workspace/.derivedData/Build/Intermediates.noindex/swift-metrics.build/Debug-watchos/Metrics.build/Objects-normal/arm64_32/Metrics.swiftmodule -user-module-version 2.11.0 -validate-clang-modules-once -clang-build-session-file /Users/admin/builder/spi-builder-workspace/.derivedData/ModuleCache.noindex/Session.modulevalidation -package-name swift_metrics -Xcc -I/Users/admin/builder/spi-builder-workspace/.derivedData/Build/Intermediates.noindex/swift-metrics.build/Debug-watchos/Metrics.build/swift-overrides.hmap -emit-const-values -Xfrontend -const-gather-protocols-file -Xfrontend /Users/admin/builder/spi-builder-workspace/.derivedData/Build/Intermediates.noindex/swift-metrics.build/Debug-watchos/Metrics.build/Objects-normal/arm64_32/Metrics_const_extract_protocols.json -Xcc -I/Users/admin/builder/spi-builder-workspace/.derivedData/Build/Products/Debug-watchos/include -Xcc -I/Users/admin/builder/spi-builder-workspace/.derivedData/Build/Intermediates.noindex/swift-metrics.build/Debug-watchos/Metrics.build/DerivedSources-normal/arm64_32 -Xcc -I/Users/admin/builder/spi-builder-workspace/.derivedData/Build/Intermediates.noindex/swift-metrics.build/Debug-watchos/Metrics.build/DerivedSources/arm64_32 -Xcc -I/Users/admin/builder/spi-builder-workspace/.derivedData/Build/Intermediates.noindex/swift-metrics.build/Debug-watchos/Metrics.build/DerivedSources -Xcc -DSWIFT_PACKAGE -Xcc -DDEBUG\=1 -emit-objc-header -emit-objc-header-path /Users/admin/builder/spi-builder-workspace/.derivedData/Build/Intermediates.noindex/swift-metrics.build/Debug-watchos/Metrics.build/Objects-normal/arm64_32/Metrics-Swift.h -working-directory /Users/admin/builder/spi-builder-workspace/.swiftpm/xcode -experimental-emit-module-separately -disable-cmo
SwiftCompile normal arm64_32 Compiling\ Locks.swift /Users/admin/builder/spi-builder-workspace/.dependencies/checkouts/swift-metrics/Sources/CoreMetrics/Locks.swift (in target 'CoreMetrics' from project 'swift-metrics')
SwiftCompile normal arm64_32 /Users/admin/builder/spi-builder-workspace/.dependencies/checkouts/swift-metrics/Sources/CoreMetrics/Locks.swift (in target 'CoreMetrics' from project 'swift-metrics')
    cd /Users/admin/builder/spi-builder-workspace/.swiftpm/xcode

Copy /Users/admin/builder/spi-builder-workspace/.derivedData/Build/Products/Debug-watchos/Metrics.swiftmodule/armv7k-apple-watchos.abi.json /Users/admin/builder/spi-builder-workspace/.derivedData/Build/Intermediates.noindex/swift-metrics.build/Debug-watchos/Metrics.build/Objects-normal/armv7k/Metrics.abi.json (in target 'Metrics' from project 'swift-metrics')
    cd /Users/admin/builder/spi-builder-workspace/.dependencies/checkouts/swift-metrics
    builtin-copy -exclude .DS_Store -exclude CVS -exclude .svn -exclude .git -exclude .hg -resolve-src-symlinks -rename /Users/admin/builder/spi-builder-workspace/.derivedData/Build/Intermediates.noindex/swift-metrics.build/Debug-watchos/Metrics.build/Objects-normal/armv7k/Metrics.abi.json /Users/admin/builder/spi-builder-workspace/.derivedData/Build/Products/Debug-watchos/Metrics.swiftmodule/armv7k-apple-watchos.abi.json
SwiftDriverJobDiscovery normal arm64 Emitting module for Metrics (in target 'Metrics' from project 'swift-metrics')
SwiftDriver\ Compilation\ Requirements Metrics normal arm64 com.apple.xcode.tools.swift.compiler (in target 'Metrics' from project 'swift-metrics')
    cd /Users/admin/builder/spi-builder-workspace/.swiftpm/xcode
    builtin-Swift-Compilation-Requirements -- /Applications/Xcode-16.3.0.app/Contents/Developer/Toolchains/XcodeDefault.xctoolchain/usr/bin/swiftc -module-name Metrics -Onone -enforce-exclusivity\=checked @/Users/admin/builder/spi-builder-workspace/.derivedData/Build/Intermediates.noindex/swift-metrics.build/Debug-watchos/Metrics.build/Objects-normal/arm64/Metrics.SwiftFileList -DSWIFT_PACKAGE -DDEBUG -DXcode -enable-experimental-feature StrictConcurrency\=complete -enable-upcoming-feature MemberImportVisibility -plugin-path /Applications/Xcode-16.3.0.app/Contents/Developer/Toolchains/XcodeDefault.xctoolchain/usr/lib/swift/host/plugins/testing -enable-experimental-feature DebugDescriptionMacro -sdk /Applications/Xcode-16.3.0.app/Contents/Developer/Platforms/WatchOS.platform/Developer/SDKs/WatchOS11.4.sdk -target arm64-apple-watchos5.0 -g -module-cache-path /Users/admin/builder/spi-builder-workspace/.derivedData/ModuleCache.noindex -Xfrontend -serialize-debugging-options -profile-coverage-mapping -profile-generate -enable-testing -suppress-warnings -index-store-path /Users/admin/builder/spi-builder-workspace/.derivedData/Index.noindex/DataStore -swift-version 6 -I /Users/admin/builder/spi-builder-workspace/.derivedData/Build/Products/Debug-watchos -I /Applications/Xcode-16.3.0.app/Contents/Developer/Platforms/WatchOS.platform/Developer/usr/lib -F /Users/admin/builder/spi-builder-workspace/.derivedData/Build/Products/Debug-watchos/PackageFrameworks -F /Users/admin/builder/spi-builder-workspace/.derivedData/Build/Products/Debug-watchos -F /Applications/Xcode-16.3.0.app/Contents/Developer/Platforms/WatchOS.platform/Developer/Library/Frameworks -F /Applications/Xcode-16.3.0.app/Contents/Developer/Platforms/WatchOS.platform/Developer/SDKs/WatchOS11.4.sdk/Developer/Library/Frameworks -parse-as-library -c -j10 -enable-batch-mode -incremental -Xcc -ivfsstatcache -Xcc /Users/admin/builder/spi-builder-workspace/.derivedData/SDKStatCaches.noindex/watchos11.4-22T246-43efb940ff07ba2497b70ec94253f576.sdkstatcache -output-file-map /Users/admin/builder/spi-builder-workspace/.derivedData/Build/Intermediates.noindex/swift-metrics.build/Debug-watchos/Metrics.build/Objects-normal/arm64/Metrics-OutputFileMap.json -use-frontend-parseable-output -save-temps -no-color-diagnostics -serialize-diagnostics -emit-dependencies -emit-module -emit-module-path /Users/admin/builder/spi-builder-workspace/.derivedData/Build/Intermediates.noindex/swift-metrics.build/Debug-watchos/Metrics.build/Objects-normal/arm64/Metrics.swiftmodule -user-module-version 2.11.0 -validate-clang-modules-once -clang-build-session-file /Users/admin/builder/spi-builder-workspace/.derivedData/ModuleCache.noindex/Session.modulevalidation -package-name swift_metrics -Xcc -I/Users/admin/builder/spi-builder-workspace/.derivedData/Build/Intermediates.noindex/swift-metrics.build/Debug-watchos/Metrics.build/swift-overrides.hmap -emit-const-values -Xfrontend -const-gather-protocols-file -Xfrontend /Users/admin/builder/spi-builder-workspace/.derivedData/Build/Intermediates.noindex/swift-metrics.build/Debug-watchos/Metrics.build/Objects-normal/arm64/Metrics_const_extract_protocols.json -Xcc -I/Users/admin/builder/spi-builder-workspace/.derivedData/Build/Products/Debug-watchos/include -Xcc -I/Users/admin/builder/spi-builder-workspace/.derivedData/Build/Intermediates.noindex/swift-metrics.build/Debug-watchos/Metrics.build/DerivedSources-normal/arm64 -Xcc -I/Users/admin/builder/spi-builder-workspace/.derivedData/Build/Intermediates.noindex/swift-metrics.build/Debug-watchos/Metrics.build/DerivedSources/arm64 -Xcc -I/Users/admin/builder/spi-builder-workspace/.derivedData/Build/Intermediates.noindex/swift-metrics.build/Debug-watchos/Metrics.build/DerivedSources -Xcc -DSWIFT_PACKAGE -Xcc -DDEBUG\=1 -emit-objc-header -emit-objc-header-path /Users/admin/builder/spi-builder-workspace/.derivedData/Build/Intermediates.noindex/swift-metrics.build/Debug-watchos/Metrics.build/Objects-normal/arm64/Metrics-Swift.h -working-directory /Users/admin/builder/spi-builder-workspace/.swiftpm/xcode -experimental-emit-module-separately -disable-cmo
Copy /Users/admin/builder/spi-builder-workspace/.derivedData/Build/Products/Debug-watchos/Metrics.swiftmodule/arm64_32-apple-watchos.abi.json /Users/admin/builder/spi-builder-workspace/.derivedData/Build/Intermediates.noindex/swift-metrics.build/Debug-watchos/Metrics.build/Objects-normal/arm64_32/Metrics.abi.json (in target 'Metrics' from project 'swift-metrics')
    cd /Users/admin/builder/spi-builder-workspace/.dependencies/checkouts/swift-metrics
    builtin-copy -exclude .DS_Store -exclude CVS -exclude .svn -exclude .git -exclude .hg -resolve-src-symlinks -rename /Users/admin/builder/spi-builder-workspace/.derivedData/Build/Intermediates.noindex/swift-metrics.build/Debug-watchos/Metrics.build/Objects-normal/arm64_32/Metrics.abi.json /Users/admin/builder/spi-builder-workspace/.derivedData/Build/Products/Debug-watchos/Metrics.swiftmodule/arm64_32-apple-watchos.abi.json
Copy /Users/admin/builder/spi-builder-workspace/.derivedData/Build/Products/Debug-watchos/Metrics.swiftmodule/arm64-apple-watchos.abi.json /Users/admin/builder/spi-builder-workspace/.derivedData/Build/Intermediates.noindex/swift-metrics.build/Debug-watchos/Metrics.build/Objects-normal/arm64/Metrics.abi.json (in target 'Metrics' from project 'swift-metrics')
    cd /Users/admin/builder/spi-builder-workspace/.dependencies/checkouts/swift-metrics
    builtin-copy -exclude .DS_Store -exclude CVS -exclude .svn -exclude .git -exclude .hg -resolve-src-symlinks -rename /Users/admin/builder/spi-builder-workspace/.derivedData/Build/Intermediates.noindex/swift-metrics.build/Debug-watchos/Metrics.build/Objects-normal/arm64/Metrics.abi.json /Users/admin/builder/spi-builder-workspace/.derivedData/Build/Products/Debug-watchos/Metrics.swiftmodule/arm64-apple-watchos.abi.json
SwiftDriver\ Compilation Metrics normal armv7k com.apple.xcode.tools.swift.compiler (in target 'Metrics' from project 'swift-metrics')
    cd /Users/admin/builder/spi-builder-workspace/.swiftpm/xcode
    builtin-Swift-Compilation -- /Applications/Xcode-16.3.0.app/Contents/Developer/Toolchains/XcodeDefault.xctoolchain/usr/bin/swiftc -module-name Metrics -Onone -enforce-exclusivity\=checked @/Users/admin/builder/spi-builder-workspace/.derivedData/Build/Intermediates.noindex/swift-metrics.build/Debug-watchos/Metrics.build/Objects-normal/armv7k/Metrics.SwiftFileList -DSWIFT_PACKAGE -DDEBUG -DXcode -enable-experimental-feature StrictConcurrency\=complete -enable-upcoming-feature MemberImportVisibility -plugin-path /Applications/Xcode-16.3.0.app/Contents/Developer/Toolchains/XcodeDefault.xctoolchain/usr/lib/swift/host/plugins/testing -enable-experimental-feature DebugDescriptionMacro -sdk /Applications/Xcode-16.3.0.app/Contents/Developer/Platforms/WatchOS.platform/Developer/SDKs/WatchOS11.4.sdk -target armv7k-apple-watchos5.0 -g -module-cache-path /Users/admin/builder/spi-builder-workspace/.derivedData/ModuleCache.noindex -Xfrontend -serialize-debugging-options -profile-coverage-mapping -profile-generate -enable-testing -suppress-warnings -index-store-path /Users/admin/builder/spi-builder-workspace/.derivedData/Index.noindex/DataStore -swift-version 6 -I /Users/admin/builder/spi-builder-workspace/.derivedData/Build/Products/Debug-watchos -I /Applications/Xcode-16.3.0.app/Contents/Developer/Platforms/WatchOS.platform/Developer/usr/lib -F /Users/admin/builder/spi-builder-workspace/.derivedData/Build/Products/Debug-watchos/PackageFrameworks -F /Users/admin/builder/spi-builder-workspace/.derivedData/Build/Products/Debug-watchos -F /Applications/Xcode-16.3.0.app/Contents/Developer/Platforms/WatchOS.platform/Developer/Library/Frameworks -F /Applications/Xcode-16.3.0.app/Contents/Developer/Platforms/WatchOS.platform/Developer/SDKs/WatchOS11.4.sdk/Developer/Library/Frameworks -parse-as-library -c -j10 -enable-batch-mode -incremental -Xcc -ivfsstatcache -Xcc /Users/admin/builder/spi-builder-workspace/.derivedData/SDKStatCaches.noindex/watchos11.4-22T246-43efb940ff07ba2497b70ec94253f576.sdkstatcache -output-file-map /Users/admin/builder/spi-builder-workspace/.derivedData/Build/Intermediates.noindex/swift-metrics.build/Debug-watchos/Metrics.build/Objects-normal/armv7k/Metrics-OutputFileMap.json -use-frontend-parseable-output -save-temps -no-color-diagnostics -serialize-diagnostics -emit-dependencies -emit-module -emit-module-path /Users/admin/builder/spi-builder-workspace/.derivedData/Build/Intermediates.noindex/swift-metrics.build/Debug-watchos/Metrics.build/Objects-normal/armv7k/Metrics.swiftmodule -user-module-version 2.11.0 -validate-clang-modules-once -clang-build-session-file /Users/admin/builder/spi-builder-workspace/.derivedData/ModuleCache.noindex/Session.modulevalidation -package-name swift_metrics -Xcc -I/Users/admin/builder/spi-builder-workspace/.derivedData/Build/Intermediates.noindex/swift-metrics.build/Debug-watchos/Metrics.build/swift-overrides.hmap -emit-const-values -Xfrontend -const-gather-protocols-file -Xfrontend /Users/admin/builder/spi-builder-workspace/.derivedData/Build/Intermediates.noindex/swift-metrics.build/Debug-watchos/Metrics.build/Objects-normal/armv7k/Metrics_const_extract_protocols.json -Xcc -I/Users/admin/builder/spi-builder-workspace/.derivedData/Build/Products/Debug-watchos/include -Xcc -I/Users/admin/builder/spi-builder-workspace/.derivedData/Build/Intermediates.noindex/swift-metrics.build/Debug-watchos/Metrics.build/DerivedSources-normal/armv7k -Xcc -I/Users/admin/builder/spi-builder-workspace/.derivedData/Build/Intermediates.noindex/swift-metrics.build/Debug-watchos/Metrics.build/DerivedSources/armv7k -Xcc -I/Users/admin/builder/spi-builder-workspace/.derivedData/Build/Intermediates.noindex/swift-metrics.build/Debug-watchos/Metrics.build/DerivedSources -Xcc -DSWIFT_PACKAGE -Xcc -DDEBUG\=1 -emit-objc-header -emit-objc-header-path /Users/admin/builder/spi-builder-workspace/.derivedData/Build/Intermediates.noindex/swift-metrics.build/Debug-watchos/Metrics.build/Objects-normal/armv7k/Metrics-Swift.h -working-directory /Users/admin/builder/spi-builder-workspace/.swiftpm/xcode -experimental-emit-module-separately -disable-cmo
SwiftCompile normal armv7k Compiling\ Metrics.swift /Users/admin/builder/spi-builder-workspace/.dependencies/checkouts/swift-metrics/Sources/CoreMetrics/Metrics.swift (in target 'CoreMetrics' from project 'swift-metrics')
SwiftCompile normal armv7k /Users/admin/builder/spi-builder-workspace/.dependencies/checkouts/swift-metrics/Sources/CoreMetrics/Metrics.swift (in target 'CoreMetrics' from project 'swift-metrics')
    cd /Users/admin/builder/spi-builder-workspace/.swiftpm/xcode

SwiftDriver SwiftAPIClientCore normal armv7k com.apple.xcode.tools.swift.compiler (in target 'SwiftAPIClientCore' from project 'swift-api-client')
    cd /Users/admin/builder/spi-builder-workspace/.swiftpm/xcode
    builtin-SwiftDriver -- /Applications/Xcode-16.3.0.app/Contents/Developer/Toolchains/XcodeDefault.xctoolchain/usr/bin/swiftc -module-name SwiftAPIClientCore -Onone -enforce-exclusivity\=checked @/Users/admin/builder/spi-builder-workspace/.derivedData/Build/Intermediates.noindex/swift-api-client.build/Debug-watchos/SwiftAPIClientCore.build/Objects-normal/armv7k/SwiftAPIClientCore.SwiftFileList -DSWIFT_PACKAGE -DDEBUG -DXcode -plugin-path /Applications/Xcode-16.3.0.app/Contents/Developer/Toolchains/XcodeDefault.xctoolchain/usr/lib/swift/host/plugins/testing -enable-experimental-feature DebugDescriptionMacro -sdk /Applications/Xcode-16.3.0.app/Contents/Developer/Platforms/WatchOS.platform/Developer/SDKs/WatchOS11.4.sdk -target armv7k-apple-watchos5.0 -g -module-cache-path /Users/admin/builder/spi-builder-workspace/.derivedData/ModuleCache.noindex -Xfrontend -serialize-debugging-options -profile-coverage-mapping -profile-generate -enable-testing -index-store-path /Users/admin/builder/spi-builder-workspace/.derivedData/Index.noindex/DataStore -swift-version 5 -I /Users/admin/builder/spi-builder-workspace/.derivedData/Build/Products/Debug-watchos -I /Applications/Xcode-16.3.0.app/Contents/Developer/Platforms/WatchOS.platform/Developer/usr/lib -F /Users/admin/builder/spi-builder-workspace/.derivedData/Build/Products/Debug-watchos/PackageFrameworks -F /Users/admin/builder/spi-builder-workspace/.derivedData/Build/Products/Debug-watchos/PackageFrameworks -F /Users/admin/builder/spi-builder-workspace/.derivedData/Build/Products/Debug-watchos/PackageFrameworks -F /Users/admin/builder/spi-builder-workspace/.derivedData/Build/Products/Debug-watchos/PackageFrameworks -F /Users/admin/builder/spi-builder-workspace/.derivedData/Build/Products/Debug-watchos/PackageFrameworks -F /Users/admin/builder/spi-builder-workspace/.derivedData/Build/Products/Debug-watchos -F /Applications/Xcode-16.3.0.app/Contents/Developer/Platforms/WatchOS.platform/Developer/Library/Frameworks -F /Applications/Xcode-16.3.0.app/Contents/Developer/Platforms/WatchOS.platform/Developer/SDKs/WatchOS11.4.sdk/Developer/Library/Frameworks -c -j10 -enable-batch-mode -incremental -Xcc -ivfsstatcache -Xcc /Users/admin/builder/spi-builder-workspace/.derivedData/SDKStatCaches.noindex/watchos11.4-22T246-43efb940ff07ba2497b70ec94253f576.sdkstatcache -output-file-map /Users/admin/builder/spi-builder-workspace/.derivedData/Build/Intermediates.noindex/swift-api-client.build/Debug-watchos/SwiftAPIClientCore.build/Objects-normal/armv7k/SwiftAPIClientCore-OutputFileMap.json -use-frontend-parseable-output -save-temps -no-color-diagnostics -serialize-diagnostics -emit-dependencies -emit-module -emit-module-path /Users/admin/builder/spi-builder-workspace/.derivedData/Build/Intermediates.noindex/swift-api-client.build/Debug-watchos/SwiftAPIClientCore.build/Objects-normal/armv7k/SwiftAPIClientCore.swiftmodule -validate-clang-modules-once -clang-build-session-file /Users/admin/builder/spi-builder-workspace/.derivedData/ModuleCache.noindex/Session.modulevalidation -package-name spi_builder_workspace -Xcc -I/Users/admin/builder/spi-builder-workspace/.derivedData/Build/Intermediates.noindex/swift-api-client.build/Debug-watchos/SwiftAPIClientCore.build/swift-overrides.hmap -emit-const-values -Xfrontend -const-gather-protocols-file -Xfrontend /Users/admin/builder/spi-builder-workspace/.derivedData/Build/Intermediates.noindex/swift-api-client.build/Debug-watchos/SwiftAPIClientCore.build/Objects-normal/armv7k/SwiftAPIClientCore_const_extract_protocols.json -Xcc -I/Users/admin/builder/spi-builder-workspace/.derivedData/Build/Products/Debug-watchos/include -Xcc -I/Users/admin/builder/spi-builder-workspace/.derivedData/Build/Intermediates.noindex/swift-api-client.build/Debug-watchos/SwiftAPIClientCore.build/DerivedSources-normal/armv7k -Xcc -I/Users/admin/builder/spi-builder-workspace/.derivedData/Build/Intermediates.noindex/swift-api-client.build/Debug-watchos/SwiftAPIClientCore.build/DerivedSources/armv7k -Xcc -I/Users/admin/builder/spi-builder-workspace/.derivedData/Build/Intermediates.noindex/swift-api-client.build/Debug-watchos/SwiftAPIClientCore.build/DerivedSources -Xcc -DSWIFT_PACKAGE -Xcc -DDEBUG\=1 -emit-objc-header -emit-objc-header-path /Users/admin/builder/spi-builder-workspace/.derivedData/Build/Intermediates.noindex/swift-api-client.build/Debug-watchos/SwiftAPIClientCore.build/Objects-normal/armv7k/SwiftAPIClientCore-Swift.h -working-directory /Users/admin/builder/spi-builder-workspace/.swiftpm/xcode -experimental-emit-module-separately -disable-cmo
SwiftDriverJobDiscovery normal arm64 Compiling Metrics.swift (in target 'Metrics' from project 'swift-metrics')
SwiftDriver SwiftAPIClientCore normal arm64_32 com.apple.xcode.tools.swift.compiler (in target 'SwiftAPIClientCore' from project 'swift-api-client')
    cd /Users/admin/builder/spi-builder-workspace/.swiftpm/xcode
    builtin-SwiftDriver -- /Applications/Xcode-16.3.0.app/Contents/Developer/Toolchains/XcodeDefault.xctoolchain/usr/bin/swiftc -module-name SwiftAPIClientCore -Onone -enforce-exclusivity\=checked @/Users/admin/builder/spi-builder-workspace/.derivedData/Build/Intermediates.noindex/swift-api-client.build/Debug-watchos/SwiftAPIClientCore.build/Objects-normal/arm64_32/SwiftAPIClientCore.SwiftFileList -DSWIFT_PACKAGE -DDEBUG -DXcode -plugin-path /Applications/Xcode-16.3.0.app/Contents/Developer/Toolchains/XcodeDefault.xctoolchain/usr/lib/swift/host/plugins/testing -enable-experimental-feature DebugDescriptionMacro -sdk /Applications/Xcode-16.3.0.app/Contents/Developer/Platforms/WatchOS.platform/Developer/SDKs/WatchOS11.4.sdk -target arm64_32-apple-watchos5.0 -g -module-cache-path /Users/admin/builder/spi-builder-workspace/.derivedData/ModuleCache.noindex -Xfrontend -serialize-debugging-options -profile-coverage-mapping -profile-generate -enable-testing -index-store-path /Users/admin/builder/spi-builder-workspace/.derivedData/Index.noindex/DataStore -swift-version 5 -I /Users/admin/builder/spi-builder-workspace/.derivedData/Build/Products/Debug-watchos -I /Applications/Xcode-16.3.0.app/Contents/Developer/Platforms/WatchOS.platform/Developer/usr/lib -F /Users/admin/builder/spi-builder-workspace/.derivedData/Build/Products/Debug-watchos/PackageFrameworks -F /Users/admin/builder/spi-builder-workspace/.derivedData/Build/Products/Debug-watchos/PackageFrameworks -F /Users/admin/builder/spi-builder-workspace/.derivedData/Build/Products/Debug-watchos/PackageFrameworks -F /Users/admin/builder/spi-builder-workspace/.derivedData/Build/Products/Debug-watchos/PackageFrameworks -F /Users/admin/builder/spi-builder-workspace/.derivedData/Build/Products/Debug-watchos/PackageFrameworks -F /Users/admin/builder/spi-builder-workspace/.derivedData/Build/Products/Debug-watchos -F /Applications/Xcode-16.3.0.app/Contents/Developer/Platforms/WatchOS.platform/Developer/Library/Frameworks -F /Applications/Xcode-16.3.0.app/Contents/Developer/Platforms/WatchOS.platform/Developer/SDKs/WatchOS11.4.sdk/Developer/Library/Frameworks -c -j10 -enable-batch-mode -incremental -Xcc -ivfsstatcache -Xcc /Users/admin/builder/spi-builder-workspace/.derivedData/SDKStatCaches.noindex/watchos11.4-22T246-43efb940ff07ba2497b70ec94253f576.sdkstatcache -output-file-map /Users/admin/builder/spi-builder-workspace/.derivedData/Build/Intermediates.noindex/swift-api-client.build/Debug-watchos/SwiftAPIClientCore.build/Objects-normal/arm64_32/SwiftAPIClientCore-OutputFileMap.json -use-frontend-parseable-output -save-temps -no-color-diagnostics -serialize-diagnostics -emit-dependencies -emit-module -emit-module-path /Users/admin/builder/spi-builder-workspace/.derivedData/Build/Intermediates.noindex/swift-api-client.build/Debug-watchos/SwiftAPIClientCore.build/Objects-normal/arm64_32/SwiftAPIClientCore.swiftmodule -validate-clang-modules-once -clang-build-session-file /Users/admin/builder/spi-builder-workspace/.derivedData/ModuleCache.noindex/Session.modulevalidation -package-name spi_builder_workspace -Xcc -I/Users/admin/builder/spi-builder-workspace/.derivedData/Build/Intermediates.noindex/swift-api-client.build/Debug-watchos/SwiftAPIClientCore.build/swift-overrides.hmap -emit-const-values -Xfrontend -const-gather-protocols-file -Xfrontend /Users/admin/builder/spi-builder-workspace/.derivedData/Build/Intermediates.noindex/swift-api-client.build/Debug-watchos/SwiftAPIClientCore.build/Objects-normal/arm64_32/SwiftAPIClientCore_const_extract_protocols.json -Xcc -I/Users/admin/builder/spi-builder-workspace/.derivedData/Build/Products/Debug-watchos/include -Xcc -I/Users/admin/builder/spi-builder-workspace/.derivedData/Build/Intermediates.noindex/swift-api-client.build/Debug-watchos/SwiftAPIClientCore.build/DerivedSources-normal/arm64_32 -Xcc -I/Users/admin/builder/spi-builder-workspace/.derivedData/Build/Intermediates.noindex/swift-api-client.build/Debug-watchos/SwiftAPIClientCore.build/DerivedSources/arm64_32 -Xcc -I/Users/admin/builder/spi-builder-workspace/.derivedData/Build/Intermediates.noindex/swift-api-client.build/Debug-watchos/SwiftAPIClientCore.build/DerivedSources -Xcc -DSWIFT_PACKAGE -Xcc -DDEBUG\=1 -emit-objc-header -emit-objc-header-path /Users/admin/builder/spi-builder-workspace/.derivedData/Build/Intermediates.noindex/swift-api-client.build/Debug-watchos/SwiftAPIClientCore.build/Objects-normal/arm64_32/SwiftAPIClientCore-Swift.h -working-directory /Users/admin/builder/spi-builder-workspace/.swiftpm/xcode -experimental-emit-module-separately -disable-cmo
SwiftDriverJobDiscovery normal arm64_32 Compiling Metrics.swift (in target 'Metrics' from project 'swift-metrics')
SwiftDriver SwiftAPIClientCore normal arm64 com.apple.xcode.tools.swift.compiler (in target 'SwiftAPIClientCore' from project 'swift-api-client')
    cd /Users/admin/builder/spi-builder-workspace/.swiftpm/xcode
    builtin-SwiftDriver -- /Applications/Xcode-16.3.0.app/Contents/Developer/Toolchains/XcodeDefault.xctoolchain/usr/bin/swiftc -module-name SwiftAPIClientCore -Onone -enforce-exclusivity\=checked @/Users/admin/builder/spi-builder-workspace/.derivedData/Build/Intermediates.noindex/swift-api-client.build/Debug-watchos/SwiftAPIClientCore.build/Objects-normal/arm64/SwiftAPIClientCore.SwiftFileList -DSWIFT_PACKAGE -DDEBUG -DXcode -plugin-path /Applications/Xcode-16.3.0.app/Contents/Developer/Toolchains/XcodeDefault.xctoolchain/usr/lib/swift/host/plugins/testing -enable-experimental-feature DebugDescriptionMacro -sdk /Applications/Xcode-16.3.0.app/Contents/Developer/Platforms/WatchOS.platform/Developer/SDKs/WatchOS11.4.sdk -target arm64-apple-watchos5.0 -g -module-cache-path /Users/admin/builder/spi-builder-workspace/.derivedData/ModuleCache.noindex -Xfrontend -serialize-debugging-options -profile-coverage-mapping -profile-generate -enable-testing -index-store-path /Users/admin/builder/spi-builder-workspace/.derivedData/Index.noindex/DataStore -swift-version 5 -I /Users/admin/builder/spi-builder-workspace/.derivedData/Build/Products/Debug-watchos -I /Applications/Xcode-16.3.0.app/Contents/Developer/Platforms/WatchOS.platform/Developer/usr/lib -F /Users/admin/builder/spi-builder-workspace/.derivedData/Build/Products/Debug-watchos/PackageFrameworks -F /Users/admin/builder/spi-builder-workspace/.derivedData/Build/Products/Debug-watchos/PackageFrameworks -F /Users/admin/builder/spi-builder-workspace/.derivedData/Build/Products/Debug-watchos/PackageFrameworks -F /Users/admin/builder/spi-builder-workspace/.derivedData/Build/Products/Debug-watchos/PackageFrameworks -F /Users/admin/builder/spi-builder-workspace/.derivedData/Build/Products/Debug-watchos/PackageFrameworks -F /Users/admin/builder/spi-builder-workspace/.derivedData/Build/Products/Debug-watchos -F /Applications/Xcode-16.3.0.app/Contents/Developer/Platforms/WatchOS.platform/Developer/Library/Frameworks -F /Applications/Xcode-16.3.0.app/Contents/Developer/Platforms/WatchOS.platform/Developer/SDKs/WatchOS11.4.sdk/Developer/Library/Frameworks -c -j10 -enable-batch-mode -incremental -Xcc -ivfsstatcache -Xcc /Users/admin/builder/spi-builder-workspace/.derivedData/SDKStatCaches.noindex/watchos11.4-22T246-43efb940ff07ba2497b70ec94253f576.sdkstatcache -output-file-map /Users/admin/builder/spi-builder-workspace/.derivedData/Build/Intermediates.noindex/swift-api-client.build/Debug-watchos/SwiftAPIClientCore.build/Objects-normal/arm64/SwiftAPIClientCore-OutputFileMap.json -use-frontend-parseable-output -save-temps -no-color-diagnostics -serialize-diagnostics -emit-dependencies -emit-module -emit-module-path /Users/admin/builder/spi-builder-workspace/.derivedData/Build/Intermediates.noindex/swift-api-client.build/Debug-watchos/SwiftAPIClientCore.build/Objects-normal/arm64/SwiftAPIClientCore.swiftmodule -validate-clang-modules-once -clang-build-session-file /Users/admin/builder/spi-builder-workspace/.derivedData/ModuleCache.noindex/Session.modulevalidation -package-name spi_builder_workspace -Xcc -I/Users/admin/builder/spi-builder-workspace/.derivedData/Build/Intermediates.noindex/swift-api-client.build/Debug-watchos/SwiftAPIClientCore.build/swift-overrides.hmap -emit-const-values -Xfrontend -const-gather-protocols-file -Xfrontend /Users/admin/builder/spi-builder-workspace/.derivedData/Build/Intermediates.noindex/swift-api-client.build/Debug-watchos/SwiftAPIClientCore.build/Objects-normal/arm64/SwiftAPIClientCore_const_extract_protocols.json -Xcc -I/Users/admin/builder/spi-builder-workspace/.derivedData/Build/Products/Debug-watchos/include -Xcc -I/Users/admin/builder/spi-builder-workspace/.derivedData/Build/Intermediates.noindex/swift-api-client.build/Debug-watchos/SwiftAPIClientCore.build/DerivedSources-normal/arm64 -Xcc -I/Users/admin/builder/spi-builder-workspace/.derivedData/Build/Intermediates.noindex/swift-api-client.build/Debug-watchos/SwiftAPIClientCore.build/DerivedSources/arm64 -Xcc -I/Users/admin/builder/spi-builder-workspace/.derivedData/Build/Intermediates.noindex/swift-api-client.build/Debug-watchos/SwiftAPIClientCore.build/DerivedSources -Xcc -DSWIFT_PACKAGE -Xcc -DDEBUG\=1 -emit-objc-header -emit-objc-header-path /Users/admin/builder/spi-builder-workspace/.derivedData/Build/Intermediates.noindex/swift-api-client.build/Debug-watchos/SwiftAPIClientCore.build/Objects-normal/arm64/SwiftAPIClientCore-Swift.h -working-directory /Users/admin/builder/spi-builder-workspace/.swiftpm/xcode -experimental-emit-module-separately -disable-cmo
SwiftDriverJobDiscovery normal arm64_32 Compiling MappingMetricsFactory.swift (in target 'CoreMetrics' from project 'swift-metrics')
SwiftDriver\ Compilation Metrics normal arm64_32 com.apple.xcode.tools.swift.compiler (in target 'Metrics' from project 'swift-metrics')
    cd /Users/admin/builder/spi-builder-workspace/.swiftpm/xcode
    builtin-Swift-Compilation -- /Applications/Xcode-16.3.0.app/Contents/Developer/Toolchains/XcodeDefault.xctoolchain/usr/bin/swiftc -module-name Metrics -Onone -enforce-exclusivity\=checked @/Users/admin/builder/spi-builder-workspace/.derivedData/Build/Intermediates.noindex/swift-metrics.build/Debug-watchos/Metrics.build/Objects-normal/arm64_32/Metrics.SwiftFileList -DSWIFT_PACKAGE -DDEBUG -DXcode -enable-experimental-feature StrictConcurrency\=complete -enable-upcoming-feature MemberImportVisibility -plugin-path /Applications/Xcode-16.3.0.app/Contents/Developer/Toolchains/XcodeDefault.xctoolchain/usr/lib/swift/host/plugins/testing -enable-experimental-feature DebugDescriptionMacro -sdk /Applications/Xcode-16.3.0.app/Contents/Developer/Platforms/WatchOS.platform/Developer/SDKs/WatchOS11.4.sdk -target arm64_32-apple-watchos5.0 -g -module-cache-path /Users/admin/builder/spi-builder-workspace/.derivedData/ModuleCache.noindex -Xfrontend -serialize-debugging-options -profile-coverage-mapping -profile-generate -enable-testing -suppress-warnings -index-store-path /Users/admin/builder/spi-builder-workspace/.derivedData/Index.noindex/DataStore -swift-version 6 -I /Users/admin/builder/spi-builder-workspace/.derivedData/Build/Products/Debug-watchos -I /Applications/Xcode-16.3.0.app/Contents/Developer/Platforms/WatchOS.platform/Developer/usr/lib -F /Users/admin/builder/spi-builder-workspace/.derivedData/Build/Products/Debug-watchos/PackageFrameworks -F /Users/admin/builder/spi-builder-workspace/.derivedData/Build/Products/Debug-watchos -F /Applications/Xcode-16.3.0.app/Contents/Developer/Platforms/WatchOS.platform/Developer/Library/Frameworks -F /Applications/Xcode-16.3.0.app/Contents/Developer/Platforms/WatchOS.platform/Developer/SDKs/WatchOS11.4.sdk/Developer/Library/Frameworks -parse-as-library -c -j10 -enable-batch-mode -incremental -Xcc -ivfsstatcache -Xcc /Users/admin/builder/spi-builder-workspace/.derivedData/SDKStatCaches.noindex/watchos11.4-22T246-43efb940ff07ba2497b70ec94253f576.sdkstatcache -output-file-map /Users/admin/builder/spi-builder-workspace/.derivedData/Build/Intermediates.noindex/swift-metrics.build/Debug-watchos/Metrics.build/Objects-normal/arm64_32/Metrics-OutputFileMap.json -use-frontend-parseable-output -save-temps -no-color-diagnostics -serialize-diagnostics -emit-dependencies -emit-module -emit-module-path /Users/admin/builder/spi-builder-workspace/.derivedData/Build/Intermediates.noindex/swift-metrics.build/Debug-watchos/Metrics.build/Objects-normal/arm64_32/Metrics.swiftmodule -user-module-version 2.11.0 -validate-clang-modules-once -clang-build-session-file /Users/admin/builder/spi-builder-workspace/.derivedData/ModuleCache.noindex/Session.modulevalidation -package-name swift_metrics -Xcc -I/Users/admin/builder/spi-builder-workspace/.derivedData/Build/Intermediates.noindex/swift-metrics.build/Debug-watchos/Metrics.build/swift-overrides.hmap -emit-const-values -Xfrontend -const-gather-protocols-file -Xfrontend /Users/admin/builder/spi-builder-workspace/.derivedData/Build/Intermediates.noindex/swift-metrics.build/Debug-watchos/Metrics.build/Objects-normal/arm64_32/Metrics_const_extract_protocols.json -Xcc -I/Users/admin/builder/spi-builder-workspace/.derivedData/Build/Products/Debug-watchos/include -Xcc -I/Users/admin/builder/spi-builder-workspace/.derivedData/Build/Intermediates.noindex/swift-metrics.build/Debug-watchos/Metrics.build/DerivedSources-normal/arm64_32 -Xcc -I/Users/admin/builder/spi-builder-workspace/.derivedData/Build/Intermediates.noindex/swift-metrics.build/Debug-watchos/Metrics.build/DerivedSources/arm64_32 -Xcc -I/Users/admin/builder/spi-builder-workspace/.derivedData/Build/Intermediates.noindex/swift-metrics.build/Debug-watchos/Metrics.build/DerivedSources -Xcc -DSWIFT_PACKAGE -Xcc -DDEBUG\=1 -emit-objc-header -emit-objc-header-path /Users/admin/builder/spi-builder-workspace/.derivedData/Build/Intermediates.noindex/swift-metrics.build/Debug-watchos/Metrics.build/Objects-normal/arm64_32/Metrics-Swift.h -working-directory /Users/admin/builder/spi-builder-workspace/.swiftpm/xcode -experimental-emit-module-separately -disable-cmo
SwiftDriverJobDiscovery normal arm64 Compiling MappingMetricsFactory.swift (in target 'CoreMetrics' from project 'swift-metrics')
SwiftDriver\ Compilation Metrics normal arm64 com.apple.xcode.tools.swift.compiler (in target 'Metrics' from project 'swift-metrics')
    cd /Users/admin/builder/spi-builder-workspace/.swiftpm/xcode
    builtin-Swift-Compilation -- /Applications/Xcode-16.3.0.app/Contents/Developer/Toolchains/XcodeDefault.xctoolchain/usr/bin/swiftc -module-name Metrics -Onone -enforce-exclusivity\=checked @/Users/admin/builder/spi-builder-workspace/.derivedData/Build/Intermediates.noindex/swift-metrics.build/Debug-watchos/Metrics.build/Objects-normal/arm64/Metrics.SwiftFileList -DSWIFT_PACKAGE -DDEBUG -DXcode -enable-experimental-feature StrictConcurrency\=complete -enable-upcoming-feature MemberImportVisibility -plugin-path /Applications/Xcode-16.3.0.app/Contents/Developer/Toolchains/XcodeDefault.xctoolchain/usr/lib/swift/host/plugins/testing -enable-experimental-feature DebugDescriptionMacro -sdk /Applications/Xcode-16.3.0.app/Contents/Developer/Platforms/WatchOS.platform/Developer/SDKs/WatchOS11.4.sdk -target arm64-apple-watchos5.0 -g -module-cache-path /Users/admin/builder/spi-builder-workspace/.derivedData/ModuleCache.noindex -Xfrontend -serialize-debugging-options -profile-coverage-mapping -profile-generate -enable-testing -suppress-warnings -index-store-path /Users/admin/builder/spi-builder-workspace/.derivedData/Index.noindex/DataStore -swift-version 6 -I /Users/admin/builder/spi-builder-workspace/.derivedData/Build/Products/Debug-watchos -I /Applications/Xcode-16.3.0.app/Contents/Developer/Platforms/WatchOS.platform/Developer/usr/lib -F /Users/admin/builder/spi-builder-workspace/.derivedData/Build/Products/Debug-watchos/PackageFrameworks -F /Users/admin/builder/spi-builder-workspace/.derivedData/Build/Products/Debug-watchos -F /Applications/Xcode-16.3.0.app/Contents/Developer/Platforms/WatchOS.platform/Developer/Library/Frameworks -F /Applications/Xcode-16.3.0.app/Contents/Developer/Platforms/WatchOS.platform/Developer/SDKs/WatchOS11.4.sdk/Developer/Library/Frameworks -parse-as-library -c -j10 -enable-batch-mode -incremental -Xcc -ivfsstatcache -Xcc /Users/admin/builder/spi-builder-workspace/.derivedData/SDKStatCaches.noindex/watchos11.4-22T246-43efb940ff07ba2497b70ec94253f576.sdkstatcache -output-file-map /Users/admin/builder/spi-builder-workspace/.derivedData/Build/Intermediates.noindex/swift-metrics.build/Debug-watchos/Metrics.build/Objects-normal/arm64/Metrics-OutputFileMap.json -use-frontend-parseable-output -save-temps -no-color-diagnostics -serialize-diagnostics -emit-dependencies -emit-module -emit-module-path /Users/admin/builder/spi-builder-workspace/.derivedData/Build/Intermediates.noindex/swift-metrics.build/Debug-watchos/Metrics.build/Objects-normal/arm64/Metrics.swiftmodule -user-module-version 2.11.0 -validate-clang-modules-once -clang-build-session-file /Users/admin/builder/spi-builder-workspace/.derivedData/ModuleCache.noindex/Session.modulevalidation -package-name swift_metrics -Xcc -I/Users/admin/builder/spi-builder-workspace/.derivedData/Build/Intermediates.noindex/swift-metrics.build/Debug-watchos/Metrics.build/swift-overrides.hmap -emit-const-values -Xfrontend -const-gather-protocols-file -Xfrontend /Users/admin/builder/spi-builder-workspace/.derivedData/Build/Intermediates.noindex/swift-metrics.build/Debug-watchos/Metrics.build/Objects-normal/arm64/Metrics_const_extract_protocols.json -Xcc -I/Users/admin/builder/spi-builder-workspace/.derivedData/Build/Products/Debug-watchos/include -Xcc -I/Users/admin/builder/spi-builder-workspace/.derivedData/Build/Intermediates.noindex/swift-metrics.build/Debug-watchos/Metrics.build/DerivedSources-normal/arm64 -Xcc -I/Users/admin/builder/spi-builder-workspace/.derivedData/Build/Intermediates.noindex/swift-metrics.build/Debug-watchos/Metrics.build/DerivedSources/arm64 -Xcc -I/Users/admin/builder/spi-builder-workspace/.derivedData/Build/Intermediates.noindex/swift-metrics.build/Debug-watchos/Metrics.build/DerivedSources -Xcc -DSWIFT_PACKAGE -Xcc -DDEBUG\=1 -emit-objc-header -emit-objc-header-path /Users/admin/builder/spi-builder-workspace/.derivedData/Build/Intermediates.noindex/swift-metrics.build/Debug-watchos/Metrics.build/Objects-normal/arm64/Metrics-Swift.h -working-directory /Users/admin/builder/spi-builder-workspace/.swiftpm/xcode -experimental-emit-module-separately -disable-cmo
SwiftCompile normal arm64 Compiling\ Locks.swift /Users/admin/builder/spi-builder-workspace/.dependencies/checkouts/swift-metrics/Sources/CoreMetrics/Locks.swift (in target 'CoreMetrics' from project 'swift-metrics')
SwiftCompile normal arm64 /Users/admin/builder/spi-builder-workspace/.dependencies/checkouts/swift-metrics/Sources/CoreMetrics/Locks.swift (in target 'CoreMetrics' from project 'swift-metrics')
    cd /Users/admin/builder/spi-builder-workspace/.swiftpm/xcode

SwiftDriverJobDiscovery normal armv7k Compiling MappingMetricsFactory.swift (in target 'CoreMetrics' from project 'swift-metrics')
Ld /Users/admin/builder/spi-builder-workspace/.derivedData/Build/Intermediates.noindex/swift-log.build/Debug-watchos/Logging.build/Objects-normal/armv7k/Binary/Logging.o normal armv7k (in target 'Logging' from project 'swift-log')
    cd /Users/admin/builder/spi-builder-workspace/.dependencies/checkouts/swift-log
    /Applications/Xcode-16.3.0.app/Contents/Developer/Toolchains/XcodeDefault.xctoolchain/usr/bin/clang -Xlinker -reproducible -target armv7k-apple-watchos5.0 -r -isysroot /Applications/Xcode-16.3.0.app/Contents/Developer/Platforms/WatchOS.platform/Developer/SDKs/WatchOS11.4.sdk -O0 -w -L/Users/admin/builder/spi-builder-workspace/.derivedData/Build/Intermediates.noindex/EagerLinkingTBDs/Debug-watchos -L/Users/admin/builder/spi-builder-workspace/.derivedData/Build/Products/Debug-watchos -L/Applications/Xcode-16.3.0.app/Contents/Developer/Platforms/WatchOS.platform/Developer/usr/lib -F/Users/admin/builder/spi-builder-workspace/.derivedData/Build/Intermediates.noindex/EagerLinkingTBDs/Debug-watchos -F/Users/admin/builder/spi-builder-workspace/.derivedData/Build/Products/Debug-watchos -iframework /Applications/Xcode-16.3.0.app/Contents/Developer/Platforms/WatchOS.platform/Developer/Library/Frameworks -iframework /Applications/Xcode-16.3.0.app/Contents/Developer/Platforms/WatchOS.platform/Developer/SDKs/WatchOS11.4.sdk/Developer/Library/Frameworks -filelist /Users/admin/builder/spi-builder-workspace/.derivedData/Build/Intermediates.noindex/swift-log.build/Debug-watchos/Logging.build/Objects-normal/armv7k/Logging.LinkFileList -nostdlib -Xlinker -object_path_lto -Xlinker /Users/admin/builder/spi-builder-workspace/.derivedData/Build/Intermediates.noindex/swift-log.build/Debug-watchos/Logging.build/Objects-normal/armv7k/Logging_lto.o -rdynamic -Xlinker -no_deduplicate -Xlinker -debug_variant -Xlinker -dependency_info -Xlinker /Users/admin/builder/spi-builder-workspace/.derivedData/Build/Intermediates.noindex/swift-log.build/Debug-watchos/Logging.build/Objects-normal/armv7k/Logging_dependency_info.dat -fobjc-link-runtime -L/Applications/Xcode-16.3.0.app/Contents/Developer/Toolchains/XcodeDefault.xctoolchain/usr/lib/swift/watchos -L/usr/lib/swift -Xlinker -add_ast_path -Xlinker /Users/admin/builder/spi-builder-workspace/.derivedData/Build/Intermediates.noindex/swift-log.build/Debug-watchos/Logging.build/Objects-normal/armv7k/Logging.swiftmodule -o /Users/admin/builder/spi-builder-workspace/.derivedData/Build/Intermediates.noindex/swift-log.build/Debug-watchos/Logging.build/Objects-normal/armv7k/Binary/Logging.o
Ld /Users/admin/builder/spi-builder-workspace/.derivedData/Build/Intermediates.noindex/swift-log.build/Debug-watchos/Logging.build/Objects-normal/arm64_32/Binary/Logging.o normal arm64_32 (in target 'Logging' from project 'swift-log')
    cd /Users/admin/builder/spi-builder-workspace/.dependencies/checkouts/swift-log
    /Applications/Xcode-16.3.0.app/Contents/Developer/Toolchains/XcodeDefault.xctoolchain/usr/bin/clang -Xlinker -reproducible -target arm64_32-apple-watchos5.0 -r -isysroot /Applications/Xcode-16.3.0.app/Contents/Developer/Platforms/WatchOS.platform/Developer/SDKs/WatchOS11.4.sdk -O0 -w -L/Users/admin/builder/spi-builder-workspace/.derivedData/Build/Intermediates.noindex/EagerLinkingTBDs/Debug-watchos -L/Users/admin/builder/spi-builder-workspace/.derivedData/Build/Products/Debug-watchos -L/Applications/Xcode-16.3.0.app/Contents/Developer/Platforms/WatchOS.platform/Developer/usr/lib -F/Users/admin/builder/spi-builder-workspace/.derivedData/Build/Intermediates.noindex/EagerLinkingTBDs/Debug-watchos -F/Users/admin/builder/spi-builder-workspace/.derivedData/Build/Products/Debug-watchos -iframework /Applications/Xcode-16.3.0.app/Contents/Developer/Platforms/WatchOS.platform/Developer/Library/Frameworks -iframework /Applications/Xcode-16.3.0.app/Contents/Developer/Platforms/WatchOS.platform/Developer/SDKs/WatchOS11.4.sdk/Developer/Library/Frameworks -filelist /Users/admin/builder/spi-builder-workspace/.derivedData/Build/Intermediates.noindex/swift-log.build/Debug-watchos/Logging.build/Objects-normal/arm64_32/Logging.LinkFileList -nostdlib -Xlinker -object_path_lto -Xlinker /Users/admin/builder/spi-builder-workspace/.derivedData/Build/Intermediates.noindex/swift-log.build/Debug-watchos/Logging.build/Objects-normal/arm64_32/Logging_lto.o -rdynamic -Xlinker -no_deduplicate -Xlinker -debug_variant -Xlinker -dependency_info -Xlinker /Users/admin/builder/spi-builder-workspace/.derivedData/Build/Intermediates.noindex/swift-log.build/Debug-watchos/Logging.build/Objects-normal/arm64_32/Logging_dependency_info.dat -fobjc-link-runtime -L/Applications/Xcode-16.3.0.app/Contents/Developer/Toolchains/XcodeDefault.xctoolchain/usr/lib/swift/watchos -L/usr/lib/swift -Xlinker -add_ast_path -Xlinker /Users/admin/builder/spi-builder-workspace/.derivedData/Build/Intermediates.noindex/swift-log.build/Debug-watchos/Logging.build/Objects-normal/arm64_32/Logging.swiftmodule -o /Users/admin/builder/spi-builder-workspace/.derivedData/Build/Intermediates.noindex/swift-log.build/Debug-watchos/Logging.build/Objects-normal/arm64_32/Binary/Logging.o
Ld /Users/admin/builder/spi-builder-workspace/.derivedData/Build/Intermediates.noindex/swift-log.build/Debug-watchos/Logging.build/Objects-normal/arm64/Binary/Logging.o normal arm64 (in target 'Logging' from project 'swift-log')
    cd /Users/admin/builder/spi-builder-workspace/.dependencies/checkouts/swift-log
    /Applications/Xcode-16.3.0.app/Contents/Developer/Toolchains/XcodeDefault.xctoolchain/usr/bin/clang -Xlinker -reproducible -target arm64-apple-watchos5.0 -r -isysroot /Applications/Xcode-16.3.0.app/Contents/Developer/Platforms/WatchOS.platform/Developer/SDKs/WatchOS11.4.sdk -O0 -w -L/Users/admin/builder/spi-builder-workspace/.derivedData/Build/Intermediates.noindex/EagerLinkingTBDs/Debug-watchos -L/Users/admin/builder/spi-builder-workspace/.derivedData/Build/Products/Debug-watchos -L/Applications/Xcode-16.3.0.app/Contents/Developer/Platforms/WatchOS.platform/Developer/usr/lib -F/Users/admin/builder/spi-builder-workspace/.derivedData/Build/Intermediates.noindex/EagerLinkingTBDs/Debug-watchos -F/Users/admin/builder/spi-builder-workspace/.derivedData/Build/Products/Debug-watchos -iframework /Applications/Xcode-16.3.0.app/Contents/Developer/Platforms/WatchOS.platform/Developer/Library/Frameworks -iframework /Applications/Xcode-16.3.0.app/Contents/Developer/Platforms/WatchOS.platform/Developer/SDKs/WatchOS11.4.sdk/Developer/Library/Frameworks -filelist /Users/admin/builder/spi-builder-workspace/.derivedData/Build/Intermediates.noindex/swift-log.build/Debug-watchos/Logging.build/Objects-normal/arm64/Logging.LinkFileList -nostdlib -Xlinker -object_path_lto -Xlinker /Users/admin/builder/spi-builder-workspace/.derivedData/Build/Intermediates.noindex/swift-log.build/Debug-watchos/Logging.build/Objects-normal/arm64/Logging_lto.o -rdynamic -Xlinker -no_deduplicate -Xlinker -debug_variant -Xlinker -dependency_info -Xlinker /Users/admin/builder/spi-builder-workspace/.derivedData/Build/Intermediates.noindex/swift-log.build/Debug-watchos/Logging.build/Objects-normal/arm64/Logging_dependency_info.dat -fobjc-link-runtime -L/Applications/Xcode-16.3.0.app/Contents/Developer/Toolchains/XcodeDefault.xctoolchain/usr/lib/swift/watchos -L/usr/lib/swift -Xlinker -add_ast_path -Xlinker /Users/admin/builder/spi-builder-workspace/.derivedData/Build/Intermediates.noindex/swift-log.build/Debug-watchos/Logging.build/Objects-normal/arm64/Logging.swiftmodule -o /Users/admin/builder/spi-builder-workspace/.derivedData/Build/Intermediates.noindex/swift-log.build/Debug-watchos/Logging.build/Objects-normal/arm64/Binary/Logging.o
SwiftDriverJobDiscovery normal armv7k Compiling Locks.swift (in target 'CoreMetrics' from project 'swift-metrics')
Ld /Users/admin/builder/spi-builder-workspace/.derivedData/Build/Intermediates.noindex/swift-http-types.build/Debug-watchos/HTTPTypes.build/Objects-normal/armv7k/Binary/HTTPTypes.o normal armv7k (in target 'HTTPTypes' from project 'swift-http-types')
    cd /Users/admin/builder/spi-builder-workspace/.dependencies/checkouts/swift-http-types
    /Applications/Xcode-16.3.0.app/Contents/Developer/Toolchains/XcodeDefault.xctoolchain/usr/bin/clang -Xlinker -reproducible -target armv7k-apple-watchos5.0 -r -isysroot /Applications/Xcode-16.3.0.app/Contents/Developer/Platforms/WatchOS.platform/Developer/SDKs/WatchOS11.4.sdk -O0 -w -L/Users/admin/builder/spi-builder-workspace/.derivedData/Build/Intermediates.noindex/EagerLinkingTBDs/Debug-watchos -L/Users/admin/builder/spi-builder-workspace/.derivedData/Build/Products/Debug-watchos -L/Applications/Xcode-16.3.0.app/Contents/Developer/Platforms/WatchOS.platform/Developer/usr/lib -F/Users/admin/builder/spi-builder-workspace/.derivedData/Build/Intermediates.noindex/EagerLinkingTBDs/Debug-watchos -F/Users/admin/builder/spi-builder-workspace/.derivedData/Build/Products/Debug-watchos -iframework /Applications/Xcode-16.3.0.app/Contents/Developer/Platforms/WatchOS.platform/Developer/Library/Frameworks -iframework /Applications/Xcode-16.3.0.app/Contents/Developer/Platforms/WatchOS.platform/Developer/SDKs/WatchOS11.4.sdk/Developer/Library/Frameworks -filelist /Users/admin/builder/spi-builder-workspace/.derivedData/Build/Intermediates.noindex/swift-http-types.build/Debug-watchos/HTTPTypes.build/Objects-normal/armv7k/HTTPTypes.LinkFileList -nostdlib -Xlinker -object_path_lto -Xlinker /Users/admin/builder/spi-builder-workspace/.derivedData/Build/Intermediates.noindex/swift-http-types.build/Debug-watchos/HTTPTypes.build/Objects-normal/armv7k/HTTPTypes_lto.o -rdynamic -Xlinker -no_deduplicate -Xlinker -debug_variant -Xlinker -dependency_info -Xlinker /Users/admin/builder/spi-builder-workspace/.derivedData/Build/Intermediates.noindex/swift-http-types.build/Debug-watchos/HTTPTypes.build/Objects-normal/armv7k/HTTPTypes_dependency_info.dat -fobjc-link-runtime -L/Applications/Xcode-16.3.0.app/Contents/Developer/Toolchains/XcodeDefault.xctoolchain/usr/lib/swift/watchos -L/usr/lib/swift -Xlinker -add_ast_path -Xlinker /Users/admin/builder/spi-builder-workspace/.derivedData/Build/Intermediates.noindex/swift-http-types.build/Debug-watchos/HTTPTypes.build/Objects-normal/armv7k/HTTPTypes.swiftmodule -o /Users/admin/builder/spi-builder-workspace/.derivedData/Build/Intermediates.noindex/swift-http-types.build/Debug-watchos/HTTPTypes.build/Objects-normal/armv7k/Binary/HTTPTypes.o
SwiftDriverJobDiscovery normal arm64 Compiling Metrics.swift (in target 'CoreMetrics' from project 'swift-metrics')
Ld /Users/admin/builder/spi-builder-workspace/.derivedData/Build/Intermediates.noindex/swift-http-types.build/Debug-watchos/HTTPTypes.build/Objects-normal/arm64_32/Binary/HTTPTypes.o normal arm64_32 (in target 'HTTPTypes' from project 'swift-http-types')
    cd /Users/admin/builder/spi-builder-workspace/.dependencies/checkouts/swift-http-types
    /Applications/Xcode-16.3.0.app/Contents/Developer/Toolchains/XcodeDefault.xctoolchain/usr/bin/clang -Xlinker -reproducible -target arm64_32-apple-watchos5.0 -r -isysroot /Applications/Xcode-16.3.0.app/Contents/Developer/Platforms/WatchOS.platform/Developer/SDKs/WatchOS11.4.sdk -O0 -w -L/Users/admin/builder/spi-builder-workspace/.derivedData/Build/Intermediates.noindex/EagerLinkingTBDs/Debug-watchos -L/Users/admin/builder/spi-builder-workspace/.derivedData/Build/Products/Debug-watchos -L/Applications/Xcode-16.3.0.app/Contents/Developer/Platforms/WatchOS.platform/Developer/usr/lib -F/Users/admin/builder/spi-builder-workspace/.derivedData/Build/Intermediates.noindex/EagerLinkingTBDs/Debug-watchos -F/Users/admin/builder/spi-builder-workspace/.derivedData/Build/Products/Debug-watchos -iframework /Applications/Xcode-16.3.0.app/Contents/Developer/Platforms/WatchOS.platform/Developer/Library/Frameworks -iframework /Applications/Xcode-16.3.0.app/Contents/Developer/Platforms/WatchOS.platform/Developer/SDKs/WatchOS11.4.sdk/Developer/Library/Frameworks -filelist /Users/admin/builder/spi-builder-workspace/.derivedData/Build/Intermediates.noindex/swift-http-types.build/Debug-watchos/HTTPTypes.build/Objects-normal/arm64_32/HTTPTypes.LinkFileList -nostdlib -Xlinker -object_path_lto -Xlinker /Users/admin/builder/spi-builder-workspace/.derivedData/Build/Intermediates.noindex/swift-http-types.build/Debug-watchos/HTTPTypes.build/Objects-normal/arm64_32/HTTPTypes_lto.o -rdynamic -Xlinker -no_deduplicate -Xlinker -debug_variant -Xlinker -dependency_info -Xlinker /Users/admin/builder/spi-builder-workspace/.derivedData/Build/Intermediates.noindex/swift-http-types.build/Debug-watchos/HTTPTypes.build/Objects-normal/arm64_32/HTTPTypes_dependency_info.dat -fobjc-link-runtime -L/Applications/Xcode-16.3.0.app/Contents/Developer/Toolchains/XcodeDefault.xctoolchain/usr/lib/swift/watchos -L/usr/lib/swift -Xlinker -add_ast_path -Xlinker /Users/admin/builder/spi-builder-workspace/.derivedData/Build/Intermediates.noindex/swift-http-types.build/Debug-watchos/HTTPTypes.build/Objects-normal/arm64_32/HTTPTypes.swiftmodule -o /Users/admin/builder/spi-builder-workspace/.derivedData/Build/Intermediates.noindex/swift-http-types.build/Debug-watchos/HTTPTypes.build/Objects-normal/arm64_32/Binary/HTTPTypes.o
SwiftDriverJobDiscovery normal arm64_32 Compiling Metrics.swift (in target 'CoreMetrics' from project 'swift-metrics')
Ld /Users/admin/builder/spi-builder-workspace/.derivedData/Build/Intermediates.noindex/swift-http-types.build/Debug-watchos/HTTPTypes.build/Objects-normal/arm64/Binary/HTTPTypes.o normal arm64 (in target 'HTTPTypes' from project 'swift-http-types')
    cd /Users/admin/builder/spi-builder-workspace/.dependencies/checkouts/swift-http-types
    /Applications/Xcode-16.3.0.app/Contents/Developer/Toolchains/XcodeDefault.xctoolchain/usr/bin/clang -Xlinker -reproducible -target arm64-apple-watchos5.0 -r -isysroot /Applications/Xcode-16.3.0.app/Contents/Developer/Platforms/WatchOS.platform/Developer/SDKs/WatchOS11.4.sdk -O0 -w -L/Users/admin/builder/spi-builder-workspace/.derivedData/Build/Intermediates.noindex/EagerLinkingTBDs/Debug-watchos -L/Users/admin/builder/spi-builder-workspace/.derivedData/Build/Products/Debug-watchos -L/Applications/Xcode-16.3.0.app/Contents/Developer/Platforms/WatchOS.platform/Developer/usr/lib -F/Users/admin/builder/spi-builder-workspace/.derivedData/Build/Intermediates.noindex/EagerLinkingTBDs/Debug-watchos -F/Users/admin/builder/spi-builder-workspace/.derivedData/Build/Products/Debug-watchos -iframework /Applications/Xcode-16.3.0.app/Contents/Developer/Platforms/WatchOS.platform/Developer/Library/Frameworks -iframework /Applications/Xcode-16.3.0.app/Contents/Developer/Platforms/WatchOS.platform/Developer/SDKs/WatchOS11.4.sdk/Developer/Library/Frameworks -filelist /Users/admin/builder/spi-builder-workspace/.derivedData/Build/Intermediates.noindex/swift-http-types.build/Debug-watchos/HTTPTypes.build/Objects-normal/arm64/HTTPTypes.LinkFileList -nostdlib -Xlinker -object_path_lto -Xlinker /Users/admin/builder/spi-builder-workspace/.derivedData/Build/Intermediates.noindex/swift-http-types.build/Debug-watchos/HTTPTypes.build/Objects-normal/arm64/HTTPTypes_lto.o -rdynamic -Xlinker -no_deduplicate -Xlinker -debug_variant -Xlinker -dependency_info -Xlinker /Users/admin/builder/spi-builder-workspace/.derivedData/Build/Intermediates.noindex/swift-http-types.build/Debug-watchos/HTTPTypes.build/Objects-normal/arm64/HTTPTypes_dependency_info.dat -fobjc-link-runtime -L/Applications/Xcode-16.3.0.app/Contents/Developer/Toolchains/XcodeDefault.xctoolchain/usr/lib/swift/watchos -L/usr/lib/swift -Xlinker -add_ast_path -Xlinker /Users/admin/builder/spi-builder-workspace/.derivedData/Build/Intermediates.noindex/swift-http-types.build/Debug-watchos/HTTPTypes.build/Objects-normal/arm64/HTTPTypes.swiftmodule -o /Users/admin/builder/spi-builder-workspace/.derivedData/Build/Intermediates.noindex/swift-http-types.build/Debug-watchos/HTTPTypes.build/Objects-normal/arm64/Binary/HTTPTypes.o
SwiftDriverJobDiscovery normal arm64_32 Compiling Locks.swift (in target 'CoreMetrics' from project 'swift-metrics')
SwiftDriver\ Compilation CoreMetrics normal arm64_32 com.apple.xcode.tools.swift.compiler (in target 'CoreMetrics' from project 'swift-metrics')
    cd /Users/admin/builder/spi-builder-workspace/.swiftpm/xcode
    builtin-Swift-Compilation -- /Applications/Xcode-16.3.0.app/Contents/Developer/Toolchains/XcodeDefault.xctoolchain/usr/bin/swiftc -module-name CoreMetrics -Onone -enforce-exclusivity\=checked @/Users/admin/builder/spi-builder-workspace/.derivedData/Build/Intermediates.noindex/swift-metrics.build/Debug-watchos/CoreMetrics.build/Objects-normal/arm64_32/CoreMetrics.SwiftFileList -DSWIFT_PACKAGE -DDEBUG -DXcode -enable-experimental-feature StrictConcurrency\=complete -enable-upcoming-feature MemberImportVisibility -plugin-path /Applications/Xcode-16.3.0.app/Contents/Developer/Toolchains/XcodeDefault.xctoolchain/usr/lib/swift/host/plugins/testing -enable-experimental-feature DebugDescriptionMacro -sdk /Applications/Xcode-16.3.0.app/Contents/Developer/Platforms/WatchOS.platform/Developer/SDKs/WatchOS11.4.sdk -target arm64_32-apple-watchos5.0 -g -module-cache-path /Users/admin/builder/spi-builder-workspace/.derivedData/ModuleCache.noindex -Xfrontend -serialize-debugging-options -profile-coverage-mapping -profile-generate -enable-testing -suppress-warnings -index-store-path /Users/admin/builder/spi-builder-workspace/.derivedData/Index.noindex/DataStore -swift-version 6 -I /Users/admin/builder/spi-builder-workspace/.derivedData/Build/Products/Debug-watchos -I /Applications/Xcode-16.3.0.app/Contents/Developer/Platforms/WatchOS.platform/Developer/usr/lib -F /Users/admin/builder/spi-builder-workspace/.derivedData/Build/Products/Debug-watchos -F /Applications/Xcode-16.3.0.app/Contents/Developer/Platforms/WatchOS.platform/Developer/Library/Frameworks -F /Applications/Xcode-16.3.0.app/Contents/Developer/Platforms/WatchOS.platform/Developer/SDKs/WatchOS11.4.sdk/Developer/Library/Frameworks -c -j10 -enable-batch-mode -incremental -Xcc -ivfsstatcache -Xcc /Users/admin/builder/spi-builder-workspace/.derivedData/SDKStatCaches.noindex/watchos11.4-22T246-43efb940ff07ba2497b70ec94253f576.sdkstatcache -output-file-map /Users/admin/builder/spi-builder-workspace/.derivedData/Build/Intermediates.noindex/swift-metrics.build/Debug-watchos/CoreMetrics.build/Objects-normal/arm64_32/CoreMetrics-OutputFileMap.json -use-frontend-parseable-output -save-temps -no-color-diagnostics -serialize-diagnostics -emit-dependencies -emit-module -emit-module-path /Users/admin/builder/spi-builder-workspace/.derivedData/Build/Intermediates.noindex/swift-metrics.build/Debug-watchos/CoreMetrics.build/Objects-normal/arm64_32/CoreMetrics.swiftmodule -user-module-version 2.11.0 -validate-clang-modules-once -clang-build-session-file /Users/admin/builder/spi-builder-workspace/.derivedData/ModuleCache.noindex/Session.modulevalidation -package-name swift_metrics -Xcc -I/Users/admin/builder/spi-builder-workspace/.derivedData/Build/Intermediates.noindex/swift-metrics.build/Debug-watchos/CoreMetrics.build/swift-overrides.hmap -emit-const-values -Xfrontend -const-gather-protocols-file -Xfrontend /Users/admin/builder/spi-builder-workspace/.derivedData/Build/Intermediates.noindex/swift-metrics.build/Debug-watchos/CoreMetrics.build/Objects-normal/arm64_32/CoreMetrics_const_extract_protocols.json -Xcc -I/Users/admin/builder/spi-builder-workspace/.derivedData/Build/Products/Debug-watchos/include -Xcc -I/Users/admin/builder/spi-builder-workspace/.derivedData/Build/Intermediates.noindex/swift-metrics.build/Debug-watchos/CoreMetrics.build/DerivedSources-normal/arm64_32 -Xcc -I/Users/admin/builder/spi-builder-workspace/.derivedData/Build/Intermediates.noindex/swift-metrics.build/Debug-watchos/CoreMetrics.build/DerivedSources/arm64_32 -Xcc -I/Users/admin/builder/spi-builder-workspace/.derivedData/Build/Intermediates.noindex/swift-metrics.build/Debug-watchos/CoreMetrics.build/DerivedSources -Xcc -DSWIFT_PACKAGE -Xcc -DDEBUG\=1 -emit-objc-header -emit-objc-header-path /Users/admin/builder/spi-builder-workspace/.derivedData/Build/Intermediates.noindex/swift-metrics.build/Debug-watchos/CoreMetrics.build/Objects-normal/arm64_32/CoreMetrics-Swift.h -working-directory /Users/admin/builder/spi-builder-workspace/.swiftpm/xcode -experimental-emit-module-separately -disable-cmo
CreateUniversalBinary /Users/admin/builder/spi-builder-workspace/.derivedData/Build/Products/Debug-watchos/Logging.o normal arm64\ armv7k\ arm64_32 (in target 'Logging' from project 'swift-log')
    cd /Users/admin/builder/spi-builder-workspace/.dependencies/checkouts/swift-log
    /Applications/Xcode-16.3.0.app/Contents/Developer/Toolchains/XcodeDefault.xctoolchain/usr/bin/lipo -create /Users/admin/builder/spi-builder-workspace/.derivedData/Build/Intermediates.noindex/swift-log.build/Debug-watchos/Logging.build/Objects-normal/arm64/Binary/Logging.o /Users/admin/builder/spi-builder-workspace/.derivedData/Build/Intermediates.noindex/swift-log.build/Debug-watchos/Logging.build/Objects-normal/armv7k/Binary/Logging.o /Users/admin/builder/spi-builder-workspace/.derivedData/Build/Intermediates.noindex/swift-log.build/Debug-watchos/Logging.build/Objects-normal/arm64_32/Binary/Logging.o -output /Users/admin/builder/spi-builder-workspace/.derivedData/Build/Products/Debug-watchos/Logging.o
SwiftDriver SwiftParserDiagnostics normal arm64 com.apple.xcode.tools.swift.compiler (in target 'SwiftParserDiagnostics' from project 'swift-syntax')
    cd /Users/admin/builder/spi-builder-workspace/.swiftpm/xcode
    builtin-SwiftDriver -- /Applications/Xcode-16.3.0.app/Contents/Developer/Toolchains/XcodeDefault.xctoolchain/usr/bin/swiftc -module-name SwiftParserDiagnostics -Onone -enforce-exclusivity\=checked @/Users/admin/builder/spi-builder-workspace/.derivedData/Build/Intermediates.noindex/swift-syntax.build/Debug/SwiftParserDiagnostics.build/Objects-normal/arm64/SwiftParserDiagnostics.SwiftFileList -DSWIFT_PACKAGE -DDEBUG -DXcode -plugin-path /Applications/Xcode-16.3.0.app/Contents/Developer/Toolchains/XcodeDefault.xctoolchain/usr/lib/swift/host/plugins/testing -enable-experimental-feature DebugDescriptionMacro -sdk /Applications/Xcode-16.3.0.app/Contents/Developer/Platforms/MacOSX.platform/Developer/SDKs/MacOSX15.4.sdk -target arm64-apple-macos10.15 -g -module-cache-path /Users/admin/builder/spi-builder-workspace/.derivedData/ModuleCache.noindex -Xfrontend -serialize-debugging-options -profile-coverage-mapping -profile-generate -enable-testing -suppress-warnings -index-store-path /Users/admin/builder/spi-builder-workspace/.derivedData/Index.noindex/DataStore -swift-version 6 -I /Users/admin/builder/spi-builder-workspace/.derivedData/Build/Products/Debug -I /Applications/Xcode-16.3.0.app/Contents/Developer/Platforms/MacOSX.platform/Developer/usr/lib -F /Users/admin/builder/spi-builder-workspace/.derivedData/Build/Products/Debug/PackageFrameworks -F /Users/admin/builder/spi-builder-workspace/.derivedData/Build/Products/Debug/PackageFrameworks -F /Users/admin/builder/spi-builder-workspace/.derivedData/Build/Products/Debug/PackageFrameworks -F /Users/admin/builder/spi-builder-workspace/.derivedData/Build/Products/Debug/PackageFrameworks -F /Users/admin/builder/spi-builder-workspace/.derivedData/Build/Products/Debug/PackageFrameworks -F /Users/admin/builder/spi-builder-workspace/.derivedData/Build/Products/Debug/PackageFrameworks -F /Users/admin/builder/spi-builder-workspace/.derivedData/Build/Products/Debug/PackageFrameworks -F /Users/admin/builder/spi-builder-workspace/.derivedData/Build/Products/Debug/PackageFrameworks -F /Users/admin/builder/spi-builder-workspace/.derivedData/Build/Products/Debug/PackageFrameworks -F /Users/admin/builder/spi-builder-workspace/.derivedData/Build/Products/Debug/PackageFrameworks -F /Users/admin/builder/spi-builder-workspace/.derivedData/Build/Products/Debug/PackageFrameworks -F /Users/admin/builder/spi-builder-workspace/.derivedData/Build/Products/Debug/PackageFrameworks -F /Users/admin/builder/spi-builder-workspace/.derivedData/Build/Products/Debug -F /Applications/Xcode-16.3.0.app/Contents/Developer/Platforms/MacOSX.platform/Developer/Library/Frameworks -c -j10 -enable-batch-mode -incremental -Xcc -ivfsstatcache -Xcc /Users/admin/builder/spi-builder-workspace/.derivedData/SDKStatCaches.noindex/macosx15.4-24E241-8287b8f5db97e746a1562fbca0c9d29b.sdkstatcache -output-file-map /Users/admin/builder/spi-builder-workspace/.derivedData/Build/Intermediates.noindex/swift-syntax.build/Debug/SwiftParserDiagnostics.build/Objects-normal/arm64/SwiftParserDiagnostics-OutputFileMap.json -use-frontend-parseable-output -save-temps -no-color-diagnostics -serialize-diagnostics -emit-dependencies -emit-module -emit-module-path /Users/admin/builder/spi-builder-workspace/.derivedData/Build/Intermediates.noindex/swift-syntax.build/Debug/SwiftParserDiagnostics.build/Objects-normal/arm64/SwiftParserDiagnostics.swiftmodule -validate-clang-modules-once -clang-build-session-file /Users/admin/builder/spi-builder-workspace/.derivedData/ModuleCache.noindex/Session.modulevalidation -package-name swift_syntax -Xcc -I/Users/admin/builder/spi-builder-workspace/.derivedData/Build/Intermediates.noindex/swift-syntax.build/Debug/SwiftParserDiagnostics.build/swift-overrides.hmap -emit-const-values -Xfrontend -const-gather-protocols-file -Xfrontend /Users/admin/builder/spi-builder-workspace/.derivedData/Build/Intermediates.noindex/swift-syntax.build/Debug/SwiftParserDiagnostics.build/Objects-normal/arm64/SwiftParserDiagnostics_const_extract_protocols.json -Xcc -I/Users/admin/builder/spi-builder-workspace/.dependencies/checkouts/swift-syntax/Sources/_SwiftSyntaxCShims/include -Xcc -I/Users/admin/builder/spi-builder-workspace/.derivedData/Build/Products/Debug/include -Xcc -I/Users/admin/builder/spi-builder-workspace/.derivedData/Build/Intermediates.noindex/swift-syntax.build/Debug/SwiftParserDiagnostics.build/DerivedSources-normal/arm64 -Xcc -I/Users/admin/builder/spi-builder-workspace/.derivedData/Build/Intermediates.noindex/swift-syntax.build/Debug/SwiftParserDiagnostics.build/DerivedSources/arm64 -Xcc -I/Users/admin/builder/spi-builder-workspace/.derivedData/Build/Intermediates.noindex/swift-syntax.build/Debug/SwiftParserDiagnostics.build/DerivedSources -Xcc -DSWIFT_PACKAGE -Xcc -DDEBUG\=1 -emit-objc-header -emit-objc-header-path /Users/admin/builder/spi-builder-workspace/.derivedData/Build/Intermediates.noindex/swift-syntax.build/Debug/SwiftParserDiagnostics.build/Objects-normal/arm64/SwiftParserDiagnostics-Swift.h -working-directory /Users/admin/builder/spi-builder-workspace/.swiftpm/xcode -experimental-emit-module-separately -disable-cmo
SwiftDriver SwiftParserDiagnostics normal x86_64 com.apple.xcode.tools.swift.compiler (in target 'SwiftParserDiagnostics' from project 'swift-syntax')
    cd /Users/admin/builder/spi-builder-workspace/.swiftpm/xcode
    builtin-SwiftDriver -- /Applications/Xcode-16.3.0.app/Contents/Developer/Toolchains/XcodeDefault.xctoolchain/usr/bin/swiftc -module-name SwiftParserDiagnostics -Onone -enforce-exclusivity\=checked @/Users/admin/builder/spi-builder-workspace/.derivedData/Build/Intermediates.noindex/swift-syntax.build/Debug/SwiftParserDiagnostics.build/Objects-normal/x86_64/SwiftParserDiagnostics.SwiftFileList -DSWIFT_PACKAGE -DDEBUG -DXcode -plugin-path /Applications/Xcode-16.3.0.app/Contents/Developer/Toolchains/XcodeDefault.xctoolchain/usr/lib/swift/host/plugins/testing -enable-experimental-feature DebugDescriptionMacro -sdk /Applications/Xcode-16.3.0.app/Contents/Developer/Platforms/MacOSX.platform/Developer/SDKs/MacOSX15.4.sdk -target x86_64-apple-macos10.15 -g -module-cache-path /Users/admin/builder/spi-builder-workspace/.derivedData/ModuleCache.noindex -Xfrontend -serialize-debugging-options -profile-coverage-mapping -profile-generate -enable-testing -suppress-warnings -index-store-path /Users/admin/builder/spi-builder-workspace/.derivedData/Index.noindex/DataStore -swift-version 6 -I /Users/admin/builder/spi-builder-workspace/.derivedData/Build/Products/Debug -I /Applications/Xcode-16.3.0.app/Contents/Developer/Platforms/MacOSX.platform/Developer/usr/lib -F /Users/admin/builder/spi-builder-workspace/.derivedData/Build/Products/Debug/PackageFrameworks -F /Users/admin/builder/spi-builder-workspace/.derivedData/Build/Products/Debug/PackageFrameworks -F /Users/admin/builder/spi-builder-workspace/.derivedData/Build/Products/Debug/PackageFrameworks -F /Users/admin/builder/spi-builder-workspace/.derivedData/Build/Products/Debug/PackageFrameworks -F /Users/admin/builder/spi-builder-workspace/.derivedData/Build/Products/Debug/PackageFrameworks -F /Users/admin/builder/spi-builder-workspace/.derivedData/Build/Products/Debug/PackageFrameworks -F /Users/admin/builder/spi-builder-workspace/.derivedData/Build/Products/Debug/PackageFrameworks -F /Users/admin/builder/spi-builder-workspace/.derivedData/Build/Products/Debug/PackageFrameworks -F /Users/admin/builder/spi-builder-workspace/.derivedData/Build/Products/Debug/PackageFrameworks -F /Users/admin/builder/spi-builder-workspace/.derivedData/Build/Products/Debug/PackageFrameworks -F /Users/admin/builder/spi-builder-workspace/.derivedData/Build/Products/Debug/PackageFrameworks -F /Users/admin/builder/spi-builder-workspace/.derivedData/Build/Products/Debug/PackageFrameworks -F /Users/admin/builder/spi-builder-workspace/.derivedData/Build/Products/Debug -F /Applications/Xcode-16.3.0.app/Contents/Developer/Platforms/MacOSX.platform/Developer/Library/Frameworks -c -j10 -enable-batch-mode -incremental -Xcc -ivfsstatcache -Xcc /Users/admin/builder/spi-builder-workspace/.derivedData/SDKStatCaches.noindex/macosx15.4-24E241-8287b8f5db97e746a1562fbca0c9d29b.sdkstatcache -output-file-map /Users/admin/builder/spi-builder-workspace/.derivedData/Build/Intermediates.noindex/swift-syntax.build/Debug/SwiftParserDiagnostics.build/Objects-normal/x86_64/SwiftParserDiagnostics-OutputFileMap.json -use-frontend-parseable-output -save-temps -no-color-diagnostics -serialize-diagnostics -emit-dependencies -emit-module -emit-module-path /Users/admin/builder/spi-builder-workspace/.derivedData/Build/Intermediates.noindex/swift-syntax.build/Debug/SwiftParserDiagnostics.build/Objects-normal/x86_64/SwiftParserDiagnostics.swiftmodule -validate-clang-modules-once -clang-build-session-file /Users/admin/builder/spi-builder-workspace/.derivedData/ModuleCache.noindex/Session.modulevalidation -package-name swift_syntax -Xcc -I/Users/admin/builder/spi-builder-workspace/.derivedData/Build/Intermediates.noindex/swift-syntax.build/Debug/SwiftParserDiagnostics.build/swift-overrides.hmap -emit-const-values -Xfrontend -const-gather-protocols-file -Xfrontend /Users/admin/builder/spi-builder-workspace/.derivedData/Build/Intermediates.noindex/swift-syntax.build/Debug/SwiftParserDiagnostics.build/Objects-normal/x86_64/SwiftParserDiagnostics_const_extract_protocols.json -Xcc -I/Users/admin/builder/spi-builder-workspace/.dependencies/checkouts/swift-syntax/Sources/_SwiftSyntaxCShims/include -Xcc -I/Users/admin/builder/spi-builder-workspace/.derivedData/Build/Products/Debug/include -Xcc -I/Users/admin/builder/spi-builder-workspace/.derivedData/Build/Intermediates.noindex/swift-syntax.build/Debug/SwiftParserDiagnostics.build/DerivedSources-normal/x86_64 -Xcc -I/Users/admin/builder/spi-builder-workspace/.derivedData/Build/Intermediates.noindex/swift-syntax.build/Debug/SwiftParserDiagnostics.build/DerivedSources/x86_64 -Xcc -I/Users/admin/builder/spi-builder-workspace/.derivedData/Build/Intermediates.noindex/swift-syntax.build/Debug/SwiftParserDiagnostics.build/DerivedSources -Xcc -DSWIFT_PACKAGE -Xcc -DDEBUG\=1 -emit-objc-header -emit-objc-header-path /Users/admin/builder/spi-builder-workspace/.derivedData/Build/Intermediates.noindex/swift-syntax.build/Debug/SwiftParserDiagnostics.build/Objects-normal/x86_64/SwiftParserDiagnostics-Swift.h -working-directory /Users/admin/builder/spi-builder-workspace/.swiftpm/xcode -experimental-emit-module-separately -disable-cmo
SwiftDriver SwiftOperators normal arm64 com.apple.xcode.tools.swift.compiler (in target 'SwiftOperators' from project 'swift-syntax')
    cd /Users/admin/builder/spi-builder-workspace/.swiftpm/xcode
    builtin-SwiftDriver -- /Applications/Xcode-16.3.0.app/Contents/Developer/Toolchains/XcodeDefault.xctoolchain/usr/bin/swiftc -module-name SwiftOperators -Onone -enforce-exclusivity\=checked @/Users/admin/builder/spi-builder-workspace/.derivedData/Build/Intermediates.noindex/swift-syntax.build/Debug/SwiftOperators.build/Objects-normal/arm64/SwiftOperators.SwiftFileList -DSWIFT_PACKAGE -DDEBUG -DXcode -plugin-path /Applications/Xcode-16.3.0.app/Contents/Developer/Toolchains/XcodeDefault.xctoolchain/usr/lib/swift/host/plugins/testing -enable-experimental-feature DebugDescriptionMacro -sdk /Applications/Xcode-16.3.0.app/Contents/Developer/Platforms/MacOSX.platform/Developer/SDKs/MacOSX15.4.sdk -target arm64-apple-macos10.15 -g -module-cache-path /Users/admin/builder/spi-builder-workspace/.derivedData/ModuleCache.noindex -Xfrontend -serialize-debugging-options -profile-coverage-mapping -profile-generate -enable-testing -suppress-warnings -index-store-path /Users/admin/builder/spi-builder-workspace/.derivedData/Index.noindex/DataStore -swift-version 6 -I /Users/admin/builder/spi-builder-workspace/.derivedData/Build/Products/Debug -I /Applications/Xcode-16.3.0.app/Contents/Developer/Platforms/MacOSX.platform/Developer/usr/lib -F /Users/admin/builder/spi-builder-workspace/.derivedData/Build/Products/Debug/PackageFrameworks -F /Users/admin/builder/spi-builder-workspace/.derivedData/Build/Products/Debug/PackageFrameworks -F /Users/admin/builder/spi-builder-workspace/.derivedData/Build/Products/Debug/PackageFrameworks -F /Users/admin/builder/spi-builder-workspace/.derivedData/Build/Products/Debug/PackageFrameworks -F /Users/admin/builder/spi-builder-workspace/.derivedData/Build/Products/Debug/PackageFrameworks -F /Users/admin/builder/spi-builder-workspace/.derivedData/Build/Products/Debug/PackageFrameworks -F /Users/admin/builder/spi-builder-workspace/.derivedData/Build/Products/Debug/PackageFrameworks -F /Users/admin/builder/spi-builder-workspace/.derivedData/Build/Products/Debug/PackageFrameworks -F /Users/admin/builder/spi-builder-workspace/.derivedData/Build/Products/Debug/PackageFrameworks -F /Users/admin/builder/spi-builder-workspace/.derivedData/Build/Products/Debug/PackageFrameworks -F /Users/admin/builder/spi-builder-workspace/.derivedData/Build/Products/Debug/PackageFrameworks -F /Users/admin/builder/spi-builder-workspace/.derivedData/Build/Products/Debug -F /Applications/Xcode-16.3.0.app/Contents/Developer/Platforms/MacOSX.platform/Developer/Library/Frameworks -c -j10 -enable-batch-mode -incremental -Xcc -ivfsstatcache -Xcc /Users/admin/builder/spi-builder-workspace/.derivedData/SDKStatCaches.noindex/macosx15.4-24E241-8287b8f5db97e746a1562fbca0c9d29b.sdkstatcache -output-file-map /Users/admin/builder/spi-builder-workspace/.derivedData/Build/Intermediates.noindex/swift-syntax.build/Debug/SwiftOperators.build/Objects-normal/arm64/SwiftOperators-OutputFileMap.json -use-frontend-parseable-output -save-temps -no-color-diagnostics -serialize-diagnostics -emit-dependencies -emit-module -emit-module-path /Users/admin/builder/spi-builder-workspace/.derivedData/Build/Intermediates.noindex/swift-syntax.build/Debug/SwiftOperators.build/Objects-normal/arm64/SwiftOperators.swiftmodule -validate-clang-modules-once -clang-build-session-file /Users/admin/builder/spi-builder-workspace/.derivedData/ModuleCache.noindex/Session.modulevalidation -package-name swift_syntax -Xcc -I/Users/admin/builder/spi-builder-workspace/.derivedData/Build/Intermediates.noindex/swift-syntax.build/Debug/SwiftOperators.build/swift-overrides.hmap -emit-const-values -Xfrontend -const-gather-protocols-file -Xfrontend /Users/admin/builder/spi-builder-workspace/.derivedData/Build/Intermediates.noindex/swift-syntax.build/Debug/SwiftOperators.build/Objects-normal/arm64/SwiftOperators_const_extract_protocols.json -Xcc -I/Users/admin/builder/spi-builder-workspace/.dependencies/checkouts/swift-syntax/Sources/_SwiftSyntaxCShims/include -Xcc -I/Users/admin/builder/spi-builder-workspace/.derivedData/Build/Products/Debug/include -Xcc -I/Users/admin/builder/spi-builder-workspace/.derivedData/Build/Intermediates.noindex/swift-syntax.build/Debug/SwiftOperators.build/DerivedSources-normal/arm64 -Xcc -I/Users/admin/builder/spi-builder-workspace/.derivedData/Build/Intermediates.noindex/swift-syntax.build/Debug/SwiftOperators.build/DerivedSources/arm64 -Xcc -I/Users/admin/builder/spi-builder-workspace/.derivedData/Build/Intermediates.noindex/swift-syntax.build/Debug/SwiftOperators.build/DerivedSources -Xcc -DSWIFT_PACKAGE -Xcc -DDEBUG\=1 -emit-objc-header -emit-objc-header-path /Users/admin/builder/spi-builder-workspace/.derivedData/Build/Intermediates.noindex/swift-syntax.build/Debug/SwiftOperators.build/Objects-normal/arm64/SwiftOperators-Swift.h -working-directory /Users/admin/builder/spi-builder-workspace/.swiftpm/xcode -experimental-emit-module-separately -disable-cmo
SwiftDriver SwiftOperators normal x86_64 com.apple.xcode.tools.swift.compiler (in target 'SwiftOperators' from project 'swift-syntax')
    cd /Users/admin/builder/spi-builder-workspace/.swiftpm/xcode
    builtin-SwiftDriver -- /Applications/Xcode-16.3.0.app/Contents/Developer/Toolchains/XcodeDefault.xctoolchain/usr/bin/swiftc -module-name SwiftOperators -Onone -enforce-exclusivity\=checked @/Users/admin/builder/spi-builder-workspace/.derivedData/Build/Intermediates.noindex/swift-syntax.build/Debug/SwiftOperators.build/Objects-normal/x86_64/SwiftOperators.SwiftFileList -DSWIFT_PACKAGE -DDEBUG -DXcode -plugin-path /Applications/Xcode-16.3.0.app/Contents/Developer/Toolchains/XcodeDefault.xctoolchain/usr/lib/swift/host/plugins/testing -enable-experimental-feature DebugDescriptionMacro -sdk /Applications/Xcode-16.3.0.app/Contents/Developer/Platforms/MacOSX.platform/Developer/SDKs/MacOSX15.4.sdk -target x86_64-apple-macos10.15 -g -module-cache-path /Users/admin/builder/spi-builder-workspace/.derivedData/ModuleCache.noindex -Xfrontend -serialize-debugging-options -profile-coverage-mapping -profile-generate -enable-testing -suppress-warnings -index-store-path /Users/admin/builder/spi-builder-workspace/.derivedData/Index.noindex/DataStore -swift-version 6 -I /Users/admin/builder/spi-builder-workspace/.derivedData/Build/Products/Debug -I /Applications/Xcode-16.3.0.app/Contents/Developer/Platforms/MacOSX.platform/Developer/usr/lib -F /Users/admin/builder/spi-builder-workspace/.derivedData/Build/Products/Debug/PackageFrameworks -F /Users/admin/builder/spi-builder-workspace/.derivedData/Build/Products/Debug/PackageFrameworks -F /Users/admin/builder/spi-builder-workspace/.derivedData/Build/Products/Debug/PackageFrameworks -F /Users/admin/builder/spi-builder-workspace/.derivedData/Build/Products/Debug/PackageFrameworks -F /Users/admin/builder/spi-builder-workspace/.derivedData/Build/Products/Debug/PackageFrameworks -F /Users/admin/builder/spi-builder-workspace/.derivedData/Build/Products/Debug/PackageFrameworks -F /Users/admin/builder/spi-builder-workspace/.derivedData/Build/Products/Debug/PackageFrameworks -F /Users/admin/builder/spi-builder-workspace/.derivedData/Build/Products/Debug/PackageFrameworks -F /Users/admin/builder/spi-builder-workspace/.derivedData/Build/Products/Debug/PackageFrameworks -F /Users/admin/builder/spi-builder-workspace/.derivedData/Build/Products/Debug/PackageFrameworks -F /Users/admin/builder/spi-builder-workspace/.derivedData/Build/Products/Debug/PackageFrameworks -F /Users/admin/builder/spi-builder-workspace/.derivedData/Build/Products/Debug -F /Applications/Xcode-16.3.0.app/Contents/Developer/Platforms/MacOSX.platform/Developer/Library/Frameworks -c -j10 -enable-batch-mode -incremental -Xcc -ivfsstatcache -Xcc /Users/admin/builder/spi-builder-workspace/.derivedData/SDKStatCaches.noindex/macosx15.4-24E241-8287b8f5db97e746a1562fbca0c9d29b.sdkstatcache -output-file-map /Users/admin/builder/spi-builder-workspace/.derivedData/Build/Intermediates.noindex/swift-syntax.build/Debug/SwiftOperators.build/Objects-normal/x86_64/SwiftOperators-OutputFileMap.json -use-frontend-parseable-output -save-temps -no-color-diagnostics -serialize-diagnostics -emit-dependencies -emit-module -emit-module-path /Users/admin/builder/spi-builder-workspace/.derivedData/Build/Intermediates.noindex/swift-syntax.build/Debug/SwiftOperators.build/Objects-normal/x86_64/SwiftOperators.swiftmodule -validate-clang-modules-once -clang-build-session-file /Users/admin/builder/spi-builder-workspace/.derivedData/ModuleCache.noindex/Session.modulevalidation -package-name swift_syntax -Xcc -I/Users/admin/builder/spi-builder-workspace/.derivedData/Build/Intermediates.noindex/swift-syntax.build/Debug/SwiftOperators.build/swift-overrides.hmap -emit-const-values -Xfrontend -const-gather-protocols-file -Xfrontend /Users/admin/builder/spi-builder-workspace/.derivedData/Build/Intermediates.noindex/swift-syntax.build/Debug/SwiftOperators.build/Objects-normal/x86_64/SwiftOperators_const_extract_protocols.json -Xcc -I/Users/admin/builder/spi-builder-workspace/.dependencies/checkouts/swift-syntax/Sources/_SwiftSyntaxCShims/include -Xcc -I/Users/admin/builder/spi-builder-workspace/.derivedData/Build/Products/Debug/include -Xcc -I/Users/admin/builder/spi-builder-workspace/.derivedData/Build/Intermediates.noindex/swift-syntax.build/Debug/SwiftOperators.build/DerivedSources-normal/x86_64 -Xcc -I/Users/admin/builder/spi-builder-workspace/.derivedData/Build/Intermediates.noindex/swift-syntax.build/Debug/SwiftOperators.build/DerivedSources/x86_64 -Xcc -I/Users/admin/builder/spi-builder-workspace/.derivedData/Build/Intermediates.noindex/swift-syntax.build/Debug/SwiftOperators.build/DerivedSources -Xcc -DSWIFT_PACKAGE -Xcc -DDEBUG\=1 -emit-objc-header -emit-objc-header-path /Users/admin/builder/spi-builder-workspace/.derivedData/Build/Intermediates.noindex/swift-syntax.build/Debug/SwiftOperators.build/Objects-normal/x86_64/SwiftOperators-Swift.h -working-directory /Users/admin/builder/spi-builder-workspace/.swiftpm/xcode -experimental-emit-module-separately -disable-cmo
SwiftEmitModule normal arm64 Emitting\ module\ for\ SwiftAPIClientCore (in target 'SwiftAPIClientCore' from project 'swift-api-client')
EmitSwiftModule normal arm64 (in target 'SwiftAPIClientCore' from project 'swift-api-client')
    cd /Users/admin/builder/spi-builder-workspace/.swiftpm/xcode

SwiftEmitModule normal armv7k Emitting\ module\ for\ SwiftAPIClientCore (in target 'SwiftAPIClientCore' from project 'swift-api-client')
EmitSwiftModule normal armv7k (in target 'SwiftAPIClientCore' from project 'swift-api-client')
    cd /Users/admin/builder/spi-builder-workspace/.swiftpm/xcode

SwiftCompile normal arm64 Compiling\ URLSession+Client.swift,\ Async++.swift,\ String++.swift,\ URLComponentBuilder.swift,\ URLResponse++.swift,\ Imports.swift,\ AuthModifier.swift,\ BackgroundModifiers.swift /Users/admin/builder/spi-builder-workspace/Sources/SwiftAPIClientCore/Clients/URLSession+Client.swift /Users/admin/builder/spi-builder-workspace/Sources/SwiftAPIClientCore/Extensions/Async++.swift /Users/admin/builder/spi-builder-workspace/Sources/SwiftAPIClientCore/Extensions/String++.swift /Users/admin/builder/spi-builder-workspace/Sources/SwiftAPIClientCore/Extensions/URLComponentBuilder.swift /Users/admin/builder/spi-builder-workspace/Sources/SwiftAPIClientCore/Extensions/URLResponse++.swift /Users/admin/builder/spi-builder-workspace/Sources/SwiftAPIClientCore/Imports.swift /Users/admin/builder/spi-builder-workspace/Sources/SwiftAPIClientCore/Modifiers/AuthModifier.swift /Users/admin/builder/spi-builder-workspace/Sources/SwiftAPIClientCore/Modifiers/BackgroundModifiers.swift (in target 'SwiftAPIClientCore' from project 'swift-api-client')
SwiftCompile normal arm64 /Users/admin/builder/spi-builder-workspace/Sources/SwiftAPIClientCore/Clients/URLSession+Client.swift (in target 'SwiftAPIClientCore' from project 'swift-api-client')
    cd /Users/admin/builder/spi-builder-workspace/.swiftpm/xcode

SwiftCompile normal arm64 /Users/admin/builder/spi-builder-workspace/Sources/SwiftAPIClientCore/Extensions/Async++.swift (in target 'SwiftAPIClientCore' from project 'swift-api-client')
    cd /Users/admin/builder/spi-builder-workspace/.swiftpm/xcode

SwiftCompile normal arm64 /Users/admin/builder/spi-builder-workspace/Sources/SwiftAPIClientCore/Extensions/String++.swift (in target 'SwiftAPIClientCore' from project 'swift-api-client')
    cd /Users/admin/builder/spi-builder-workspace/.swiftpm/xcode

SwiftCompile normal arm64 /Users/admin/builder/spi-builder-workspace/Sources/SwiftAPIClientCore/Extensions/URLComponentBuilder.swift (in target 'SwiftAPIClientCore' from project 'swift-api-client')
    cd /Users/admin/builder/spi-builder-workspace/.swiftpm/xcode

SwiftCompile normal arm64 /Users/admin/builder/spi-builder-workspace/Sources/SwiftAPIClientCore/Extensions/URLResponse++.swift (in target 'SwiftAPIClientCore' from project 'swift-api-client')
    cd /Users/admin/builder/spi-builder-workspace/.swiftpm/xcode

SwiftCompile normal arm64 /Users/admin/builder/spi-builder-workspace/Sources/SwiftAPIClientCore/Imports.swift (in target 'SwiftAPIClientCore' from project 'swift-api-client')
    cd /Users/admin/builder/spi-builder-workspace/.swiftpm/xcode

SwiftCompile normal arm64 /Users/admin/builder/spi-builder-workspace/Sources/SwiftAPIClientCore/Modifiers/AuthModifier.swift (in target 'SwiftAPIClientCore' from project 'swift-api-client')
    cd /Users/admin/builder/spi-builder-workspace/.swiftpm/xcode

SwiftCompile normal arm64 /Users/admin/builder/spi-builder-workspace/Sources/SwiftAPIClientCore/Modifiers/BackgroundModifiers.swift (in target 'SwiftAPIClientCore' from project 'swift-api-client')
    cd /Users/admin/builder/spi-builder-workspace/.swiftpm/xcode

CreateUniversalBinary /Users/admin/builder/spi-builder-workspace/.derivedData/Build/Products/Debug-watchos/HTTPTypes.o normal arm64\ armv7k\ arm64_32 (in target 'HTTPTypes' from project 'swift-http-types')
    cd /Users/admin/builder/spi-builder-workspace/.dependencies/checkouts/swift-http-types
    /Applications/Xcode-16.3.0.app/Contents/Developer/Toolchains/XcodeDefault.xctoolchain/usr/bin/lipo -create /Users/admin/builder/spi-builder-workspace/.derivedData/Build/Intermediates.noindex/swift-http-types.build/Debug-watchos/HTTPTypes.build/Objects-normal/arm64/Binary/HTTPTypes.o /Users/admin/builder/spi-builder-workspace/.derivedData/Build/Intermediates.noindex/swift-http-types.build/Debug-watchos/HTTPTypes.build/Objects-normal/armv7k/Binary/HTTPTypes.o /Users/admin/builder/spi-builder-workspace/.derivedData/Build/Intermediates.noindex/swift-http-types.build/Debug-watchos/HTTPTypes.build/Objects-normal/arm64_32/Binary/HTTPTypes.o -output /Users/admin/builder/spi-builder-workspace/.derivedData/Build/Products/Debug-watchos/HTTPTypes.o
SwiftDriverJobDiscovery normal arm64 Compiling Locks.swift (in target 'CoreMetrics' from project 'swift-metrics')
SwiftCompile normal armv7k Compiling\ URLSession+Client.swift,\ Async++.swift,\ String++.swift,\ URLComponentBuilder.swift,\ URLResponse++.swift,\ Imports.swift,\ AuthModifier.swift,\ BackgroundModifiers.swift /Users/admin/builder/spi-builder-workspace/Sources/SwiftAPIClientCore/Clients/URLSession+Client.swift /Users/admin/builder/spi-builder-workspace/Sources/SwiftAPIClientCore/Extensions/Async++.swift /Users/admin/builder/spi-builder-workspace/Sources/SwiftAPIClientCore/Extensions/String++.swift /Users/admin/builder/spi-builder-workspace/Sources/SwiftAPIClientCore/Extensions/URLComponentBuilder.swift /Users/admin/builder/spi-builder-workspace/Sources/SwiftAPIClientCore/Extensions/URLResponse++.swift /Users/admin/builder/spi-builder-workspace/Sources/SwiftAPIClientCore/Imports.swift /Users/admin/builder/spi-builder-workspace/Sources/SwiftAPIClientCore/Modifiers/AuthModifier.swift /Users/admin/builder/spi-builder-workspace/Sources/SwiftAPIClientCore/Modifiers/BackgroundModifiers.swift (in target 'SwiftAPIClientCore' from project 'swift-api-client')
SwiftCompile normal armv7k /Users/admin/builder/spi-builder-workspace/Sources/SwiftAPIClientCore/Clients/URLSession+Client.swift (in target 'SwiftAPIClientCore' from project 'swift-api-client')
    cd /Users/admin/builder/spi-builder-workspace/.swiftpm/xcode

SwiftCompile normal armv7k /Users/admin/builder/spi-builder-workspace/Sources/SwiftAPIClientCore/Extensions/Async++.swift (in target 'SwiftAPIClientCore' from project 'swift-api-client')
    cd /Users/admin/builder/spi-builder-workspace/.swiftpm/xcode

SwiftCompile normal armv7k /Users/admin/builder/spi-builder-workspace/Sources/SwiftAPIClientCore/Extensions/String++.swift (in target 'SwiftAPIClientCore' from project 'swift-api-client')
    cd /Users/admin/builder/spi-builder-workspace/.swiftpm/xcode

SwiftCompile normal armv7k /Users/admin/builder/spi-builder-workspace/Sources/SwiftAPIClientCore/Extensions/URLComponentBuilder.swift (in target 'SwiftAPIClientCore' from project 'swift-api-client')
    cd /Users/admin/builder/spi-builder-workspace/.swiftpm/xcode

SwiftCompile normal armv7k /Users/admin/builder/spi-builder-workspace/Sources/SwiftAPIClientCore/Extensions/URLResponse++.swift (in target 'SwiftAPIClientCore' from project 'swift-api-client')
    cd /Users/admin/builder/spi-builder-workspace/.swiftpm/xcode

SwiftCompile normal armv7k /Users/admin/builder/spi-builder-workspace/Sources/SwiftAPIClientCore/Imports.swift (in target 'SwiftAPIClientCore' from project 'swift-api-client')
    cd /Users/admin/builder/spi-builder-workspace/.swiftpm/xcode

SwiftCompile normal armv7k /Users/admin/builder/spi-builder-workspace/Sources/SwiftAPIClientCore/Modifiers/AuthModifier.swift (in target 'SwiftAPIClientCore' from project 'swift-api-client')
    cd /Users/admin/builder/spi-builder-workspace/.swiftpm/xcode

SwiftCompile normal armv7k /Users/admin/builder/spi-builder-workspace/Sources/SwiftAPIClientCore/Modifiers/BackgroundModifiers.swift (in target 'SwiftAPIClientCore' from project 'swift-api-client')
    cd /Users/admin/builder/spi-builder-workspace/.swiftpm/xcode

SwiftCompile normal arm64 Compiling\ ErrorDecoder.swift,\ FormURLEncoder.swift,\ HeadersEncoder.swift,\ JSONContentEncoders.swift,\ MultipartFormData.swift,\ MultipartFormDataEncoder.swift,\ ParametersEncoder.swift,\ ParametersValue.swift /Users/admin/builder/spi-builder-workspace/Sources/SwiftAPIClientCore/Utils/Coders/ErrorDecoder.swift /Users/admin/builder/spi-builder-workspace/Sources/SwiftAPIClientCore/Utils/Coders/FormURLEncoder.swift /Users/admin/builder/spi-builder-workspace/Sources/SwiftAPIClientCore/Utils/Coders/HeadersEncoder.swift /Users/admin/builder/spi-builder-workspace/Sources/SwiftAPIClientCore/Utils/Coders/JSONContentEncoders.swift /Users/admin/builder/spi-builder-workspace/Sources/SwiftAPIClientCore/Utils/Coders/MultipartFormData/MultipartFormData.swift /Users/admin/builder/spi-builder-workspace/Sources/SwiftAPIClientCore/Utils/Coders/MultipartFormData/MultipartFormDataEncoder.swift /Users/admin/builder/spi-builder-workspace/Sources/SwiftAPIClientCore/Utils/Coders/ParametersEncoder.swift /Users/admin/builder/spi-builder-workspace/Sources/SwiftAPIClientCore/Utils/Coders/ParametersValue.swift (in target 'SwiftAPIClientCore' from project 'swift-api-client')
SwiftCompile normal arm64 /Users/admin/builder/spi-builder-workspace/Sources/SwiftAPIClientCore/Utils/Coders/ErrorDecoder.swift (in target 'SwiftAPIClientCore' from project 'swift-api-client')
    cd /Users/admin/builder/spi-builder-workspace/.swiftpm/xcode

SwiftCompile normal arm64 /Users/admin/builder/spi-builder-workspace/Sources/SwiftAPIClientCore/Utils/Coders/FormURLEncoder.swift (in target 'SwiftAPIClientCore' from project 'swift-api-client')
    cd /Users/admin/builder/spi-builder-workspace/.swiftpm/xcode

SwiftCompile normal arm64 /Users/admin/builder/spi-builder-workspace/Sources/SwiftAPIClientCore/Utils/Coders/HeadersEncoder.swift (in target 'SwiftAPIClientCore' from project 'swift-api-client')
    cd /Users/admin/builder/spi-builder-workspace/.swiftpm/xcode

SwiftCompile normal arm64 /Users/admin/builder/spi-builder-workspace/Sources/SwiftAPIClientCore/Utils/Coders/JSONContentEncoders.swift (in target 'SwiftAPIClientCore' from project 'swift-api-client')
    cd /Users/admin/builder/spi-builder-workspace/.swiftpm/xcode

SwiftCompile normal arm64 /Users/admin/builder/spi-builder-workspace/Sources/SwiftAPIClientCore/Utils/Coders/MultipartFormData/MultipartFormData.swift (in target 'SwiftAPIClientCore' from project 'swift-api-client')
    cd /Users/admin/builder/spi-builder-workspace/.swiftpm/xcode

SwiftCompile normal arm64 /Users/admin/builder/spi-builder-workspace/Sources/SwiftAPIClientCore/Utils/Coders/MultipartFormData/MultipartFormDataEncoder.swift (in target 'SwiftAPIClientCore' from project 'swift-api-client')
    cd /Users/admin/builder/spi-builder-workspace/.swiftpm/xcode

SwiftCompile normal arm64 /Users/admin/builder/spi-builder-workspace/Sources/SwiftAPIClientCore/Utils/Coders/ParametersEncoder.swift (in target 'SwiftAPIClientCore' from project 'swift-api-client')
    cd /Users/admin/builder/spi-builder-workspace/.swiftpm/xcode

SwiftCompile normal arm64 /Users/admin/builder/spi-builder-workspace/Sources/SwiftAPIClientCore/Utils/Coders/ParametersValue.swift (in target 'SwiftAPIClientCore' from project 'swift-api-client')
    cd /Users/admin/builder/spi-builder-workspace/.swiftpm/xcode

SwiftCompile normal armv7k Compiling\ CodeLocation.swift,\ CodersModifiers.swift,\ ErrorDecodeModifiers.swift,\ ErrorHandler.swift,\ HTTPClientMiddleware.swift,\ HTTPResponseValidator.swift,\ ListenerModifiers.swift,\ LoggingModifier.swift /Users/admin/builder/spi-builder-workspace/Sources/SwiftAPIClientCore/Modifiers/CodeLocation.swift /Users/admin/builder/spi-builder-workspace/Sources/SwiftAPIClientCore/Modifiers/CodersModifiers.swift /Users/admin/builder/spi-builder-workspace/Sources/SwiftAPIClientCore/Modifiers/ErrorDecodeModifiers.swift /Users/admin/builder/spi-builder-workspace/Sources/SwiftAPIClientCore/Modifiers/ErrorHandler.swift /Users/admin/builder/spi-builder-workspace/Sources/SwiftAPIClientCore/Modifiers/HTTPClientMiddleware.swift /Users/admin/builder/spi-builder-workspace/Sources/SwiftAPIClientCore/Modifiers/HTTPResponseValidator.swift /Users/admin/builder/spi-builder-workspace/Sources/SwiftAPIClientCore/Modifiers/ListenerModifiers.swift /Users/admin/builder/spi-builder-workspace/Sources/SwiftAPIClientCore/Modifiers/LoggingModifier.swift (in target 'SwiftAPIClientCore' from project 'swift-api-client')
Failed frontend command:
/Applications/Xcode-16.3.0.app/Contents/Developer/Toolchains/XcodeDefault.xctoolchain/usr/bin/swift-frontend -frontend -c /Users/admin/builder/spi-builder-workspace/Sources/SwiftAPIClientCore/APIClient.swift /Users/admin/builder/spi-builder-workspace/Sources/SwiftAPIClientCore/APIClientCaller.swift /Users/admin/builder/spi-builder-workspace/Sources/SwiftAPIClientCore/APIClientConfigs.swift /Users/admin/builder/spi-builder-workspace/Sources/SwiftAPIClientCore/APIClientType.swift /Users/admin/builder/spi-builder-workspace/Sources/SwiftAPIClientCore/Clients/HTTPClient.swift /Users/admin/builder/spi-builder-workspace/Sources/SwiftAPIClientCore/Clients/HTTPDownloadClient.swift /Users/admin/builder/spi-builder-workspace/Sources/SwiftAPIClientCore/Clients/HTTPPublisher.swift /Users/admin/builder/spi-builder-workspace/Sources/SwiftAPIClientCore/Clients/HTTPUploadClient.swift /Users/admin/builder/spi-builder-workspace/Sources/SwiftAPIClientCore/Clients/URLSession+Client.swift /Users/admin/builder/spi-builder-workspace/Sources/SwiftAPIClientCore/Extensions/Async++.swift /Users/admin/builder/spi-builder-workspace/Sources/SwiftAPIClientCore/Extensions/String++.swift /Users/admin/builder/spi-builder-workspace/Sources/SwiftAPIClientCore/Extensions/URLComponentBuilder.swift /Users/admin/builder/spi-builder-workspace/Sources/SwiftAPIClientCore/Extensions/URLResponse++.swift /Users/admin/builder/spi-builder-workspace/Sources/SwiftAPIClientCore/Imports.swift /Users/admin/builder/spi-builder-workspace/Sources/SwiftAPIClientCore/Modifiers/AuthModifier.swift /Users/admin/builder/spi-builder-workspace/Sources/SwiftAPIClientCore/Modifiers/BackgroundModifiers.swift -primary-file /Users/admin/builder/spi-builder-workspace/Sources/SwiftAPIClientCore/Modifiers/CodeLocation.swift -primary-file /Users/admin/builder/spi-builder-workspace/Sources/SwiftAPIClientCore/Modifiers/CodersModifiers.swift -primary-file /Users/admin/builder/spi-builder-workspace/Sources/SwiftAPIClientCore/Modifiers/ErrorDecodeModifiers.swift -primary-file /Users/admin/builder/spi-builder-workspace/Sources/SwiftAPIClientCore/Modifiers/ErrorHandler.swift -primary-file /Users/admin/builder/spi-builder-workspace/Sources/SwiftAPIClientCore/Modifiers/HTTPClientMiddleware.swift -primary-file /Users/admin/builder/spi-builder-workspace/Sources/SwiftAPIClientCore/Modifiers/HTTPResponseValidator.swift -primary-file /Users/admin/builder/spi-builder-workspace/Sources/SwiftAPIClientCore/Modifiers/ListenerModifiers.swift -primary-file /Users/admin/builder/spi-builder-workspace/Sources/SwiftAPIClientCore/Modifiers/LoggingModifier.swift /Users/admin/builder/spi-builder-workspace/Sources/SwiftAPIClientCore/Modifiers/MetricsModifier.swift /Users/admin/builder/spi-builder-workspace/Sources/SwiftAPIClientCore/Modifiers/MockResponses.swift /Users/admin/builder/spi-builder-workspace/Sources/SwiftAPIClientCore/Modifiers/RateLimitModifier.swift /Users/admin/builder/spi-builder-workspace/Sources/SwiftAPIClientCore/Modifiers/RedirectModifier.swift /Users/admin/builder/spi-builder-workspace/Sources/SwiftAPIClientCore/Modifiers/RequestCompression.swift /Users/admin/builder/spi-builder-workspace/Sources/SwiftAPIClientCore/Modifiers/RequestModifiers.swift /Users/admin/builder/spi-builder-workspace/Sources/SwiftAPIClientCore/Modifiers/RequestValidator.swift /Users/admin/builder/spi-builder-workspace/Sources/SwiftAPIClientCore/Modifiers/ResponseWrapModifires.swift /Users/admin/builder/spi-builder-workspace/Sources/SwiftAPIClientCore/Modifiers/RetryModifier.swift /Users/admin/builder/spi-builder-workspace/Sources/SwiftAPIClientCore/Modifiers/ThrottleModifier.swift /Users/admin/builder/spi-builder-workspace/Sources/SwiftAPIClientCore/Modifiers/TimeoutModifiers.swift /Users/admin/builder/spi-builder-workspace/Sources/SwiftAPIClientCore/Modifiers/TokenRefresher/TokenCacheService.swift /Users/admin/builder/spi-builder-workspace/Sources/SwiftAPIClientCore/Modifiers/TokenRefresher/TokenRefresher.swift /Users/admin/builder/spi-builder-workspace/Sources/SwiftAPIClientCore/Modifiers/URLSessionModifiers.swift /Users/admin/builder/spi-builder-workspace/Sources/SwiftAPIClientCore/Modifiers/WaitForConnectionModifier.swift /Users/admin/builder/spi-builder-workspace/Sources/SwiftAPIClientCore/RequestBuilder.swift /Users/admin/builder/spi-builder-workspace/Sources/SwiftAPIClientCore/Types/AsyncValue.swift /Users/admin/builder/spi-builder-workspace/Sources/SwiftAPIClientCore/Types/ContentSerializer.swift /Users/admin/builder/spi-builder-workspace/Sources/SwiftAPIClientCore/Types/ContentType.swift /Users/admin/builder/spi-builder-workspace/Sources/SwiftAPIClientCore/Types/Errors.swift /Users/admin/builder/spi-builder-workspace/Sources/SwiftAPIClientCore/Types/HTTPFields.swift /Users/admin/builder/spi-builder-workspace/Sources/SwiftAPIClientCore/Types/HTTPRequestComponents.swift /Users/admin/builder/spi-builder-workspace/Sources/SwiftAPIClientCore/Types/LoggingComponent.swift /Users/admin/builder/spi-builder-workspace/Sources/SwiftAPIClientCore/Types/Mockable.swift /Users/admin/builder/spi-builder-workspace/Sources/SwiftAPIClientCore/Types/RedirectBehaviour.swift /Users/admin/builder/spi-builder-workspace/Sources/SwiftAPIClientCore/Types/Serializer.swift /Users/admin/builder/spi-builder-workspace/Sources/SwiftAPIClientCore/Types/TimeoutError.swift /Users/admin/builder/spi-builder-workspace/Sources/SwiftAPIClientCore/Utils/AnyAsyncSequence.swift /Users/admin/builder/spi-builder-workspace/Sources/SwiftAPIClientCore/Utils/AnyEncodable.swift /Users/admin/builder/spi-builder-workspace/Sources/SwiftAPIClientCore/Utils/Coders/ContentEncoder.swift /Users/admin/builder/spi-builder-workspace/Sources/SwiftAPIClientCore/Utils/Coders/DataDecoder.swift /Users/admin/builder/spi-builder-workspace/Sources/SwiftAPIClientCore/Utils/Coders/EncodingStrategies.swift /Users/admin/builder/spi-builder-workspace/Sources/SwiftAPIClientCore/Utils/Coders/ErrorDecoder.swift /Users/admin/builder/spi-builder-workspace/Sources/SwiftAPIClientCore/Utils/Coders/FormURLEncoder.swift /Users/admin/builder/spi-builder-workspace/Sources/SwiftAPIClientCore/Utils/Coders/HeadersEncoder.swift /Users/admin/builder/spi-builder-workspace/Sources/SwiftAPIClientCore/Utils/Coders/JSONContentEncoders.swift /Users/admin/builder/spi-builder-workspace/Sources/SwiftAPIClientCore/Utils/Coders/MultipartFormData/MultipartFormData.swift /Users/admin/builder/spi-builder-workspace/Sources/SwiftAPIClientCore/Utils/Coders/MultipartFormData/MultipartFormDataEncoder.swift /Users/admin/builder/spi-builder-workspace/Sources/SwiftAPIClientCore/Utils/Coders/ParametersEncoder.swift /Users/admin/builder/spi-builder-workspace/Sources/SwiftAPIClientCore/Utils/Coders/ParametersValue.swift /Users/admin/builder/spi-builder-workspace/Sources/SwiftAPIClientCore/Utils/Coders/QueryEncoder.swift /Users/admin/builder/spi-builder-workspace/Sources/SwiftAPIClientCore/Utils/Coders/URLQuery/HTTPHeadersEncoder.swift /Users/admin/builder/spi-builder-workspace/Sources/SwiftAPIClientCore/Utils/Coders/URLQuery/PlainCodingKey.swift /Users/admin/builder/spi-builder-workspace/Sources/SwiftAPIClientCore/Utils/Coders/URLQuery/Ref.swift /Users/admin/builder/spi-builder-workspace/Sources/SwiftAPIClientCore/Utils/Coders/URLQuery/URLQueryEncoder.swift /Users/admin/builder/spi-builder-workspace/Sources/SwiftAPIClientCore/Utils/ConsoleStyle.swift /Users/admin/builder/spi-builder-workspace/Sources/SwiftAPIClientCore/Utils/Error+String.swift /Users/admin/builder/spi-builder-workspace/Sources/SwiftAPIClientCore/Utils/NoneLogger.swift /Users/admin/builder/spi-builder-workspace/Sources/SwiftAPIClientCore/Utils/Publisher+Create.swift /Users/admin/builder/spi-builder-workspace/Sources/SwiftAPIClientCore/Utils/Publishers+Task.swift /Users/admin/builder/spi-builder-workspace/Sources/SwiftAPIClientCore/Utils/Reachability.swift /Users/admin/builder/spi-builder-workspace/Sources/SwiftAPIClientCore/Utils/Status+Ext.swift /Users/admin/builder/spi-builder-workspace/Sources/SwiftAPIClientCore/Utils/URLSessionDelegateWrapper.swift /Users/admin/builder/spi-builder-workspace/Sources/SwiftAPIClientCore/Utils/UpdateMetrics.swift /Users/admin/builder/spi-builder-workspace/Sources/SwiftAPIClientCore/Utils/WithSynchronizedAccess.swift -supplementary-output-file-map /Users/admin/builder/spi-builder-workspace/.derivedData/Build/Intermediates.noindex/swift-api-client.build/Debug-watchos/SwiftAPIClientCore.build/Objects-normal/armv7k/supplementaryOutputs-83 -target armv7k-apple-watchos5.0 -enable-objc-interop -sdk /Applications/Xcode-16.3.0.app/Contents/Developer/Platforms/WatchOS.platform/Developer/SDKs/WatchOS11.4.sdk -I /Users/admin/builder/spi-builder-workspace/.derivedData/Build/Products/Debug-watchos -I /Applications/Xcode-16.3.0.app/Contents/Developer/Platforms/WatchOS.platform/Developer/usr/lib -F /Users/admin/builder/spi-builder-workspace/.derivedData/Build/Products/Debug-watchos/PackageFrameworks -F /Users/admin/builder/spi-builder-workspace/.derivedData/Build/Products/Debug-watchos/PackageFrameworks -F /Users/admin/builder/spi-builder-workspace/.derivedData/Build/Products/Debug-watchos/PackageFrameworks -F /Users/admin/builder/spi-builder-workspace/.derivedData/Build/Products/Debug-watchos/PackageFrameworks -F /Users/admin/builder/spi-builder-workspace/.derivedData/Build/Products/Debug-watchos/PackageFrameworks -F /Users/admin/builder/spi-builder-workspace/.derivedData/Build/Products/Debug-watchos -F /Applications/Xcode-16.3.0.app/Contents/Developer/Platforms/WatchOS.platform/Developer/Library/Frameworks -F /Applications/Xcode-16.3.0.app/Contents/Developer/Platforms/WatchOS.platform/Developer/SDKs/WatchOS11.4.sdk/Developer/Library/Frameworks -no-color-diagnostics -enable-testing -g -debug-info-format\=dwarf -dwarf-version\=4 -module-cache-path /Users/admin/builder/spi-builder-workspace/.derivedData/ModuleCache.noindex -profile-generate -profile-coverage-mapping -swift-version 5 -enforce-exclusivity\=checked -Onone -D SWIFT_PACKAGE -D DEBUG -D Xcode -serialize-debugging-options -const-gather-protocols-file /Users/admin/builder/spi-builder-workspace/.derivedData/Build/Intermediates.noindex/swift-api-client.build/Debug-watchos/SwiftAPIClientCore.build/Objects-normal/armv7k/SwiftAPIClientCore_const_extract_protocols.json -enable-experimental-feature DebugDescriptionMacro -empty-abi-descriptor -plugin-path /Applications/Xcode-16.3.0.app/Contents/Developer/Toolchains/XcodeDefault.xctoolchain/usr/lib/swift/host/plugins/testing -validate-clang-modules-once -clang-build-session-file /Users/admin/builder/spi-builder-workspace/.derivedData/ModuleCache.noindex/Session.modulevalidation -Xcc -working-directory -Xcc /Users/admin/builder/spi-builder-workspace/.swiftpm/xcode -resource-dir /Applications/Xcode-16.3.0.app/Contents/Developer/Toolchains/XcodeDefault.xctoolchain/usr/lib/swift -enable-anonymous-context-mangled-names -file-compilation-dir /Users/admin/builder/spi-builder-workspace/.swiftpm/xcode -Xcc -ivfsstatcache -Xcc /Users/admin/builder/spi-builder-workspace/.derivedData/SDKStatCaches.noindex/watchos11.4-22T246-43efb940ff07ba2497b70ec94253f576.sdkstatcache -Xcc -I/Users/admin/builder/spi-builder-workspace/.derivedData/Build/Intermediates.noindex/swift-api-client.build/Debug-watchos/SwiftAPIClientCore.build/swift-overrides.hmap -Xcc -I/Users/admin/builder/spi-builder-workspace/.derivedData/Build/Products/Debug-watchos/include -Xcc -I/Users/admin/builder/spi-builder-workspace/.derivedData/Build/Intermediates.noindex/swift-api-client.build/Debug-watchos/SwiftAPIClientCore.build/DerivedSources-normal/armv7k -Xcc -I/Users/admin/builder/spi-builder-workspace/.derivedData/Build/Intermediates.noindex/swift-api-client.build/Debug-watchos/SwiftAPIClientCore.build/DerivedSources/armv7k -Xcc -I/Users/admin/builder/spi-builder-workspace/.derivedData/Build/Intermediates.noindex/swift-api-client.build/Debug-watchos/SwiftAPIClientCore.build/DerivedSources -Xcc -DSWIFT_PACKAGE -Xcc -DDEBUG\=1 -module-name SwiftAPIClientCore -package-name spi_builder_workspace -frontend-parseable-output -disable-clang-spi -target-sdk-version 11.4 -target-sdk-name watchos11.4 -external-plugin-path /Applications/Xcode-16.3.0.app/Contents/Developer/Platforms/WatchOS.platform/Developer/usr/lib/swift/host/plugins\#/Applications/Xcode-16.3.0.app/Contents/Developer/Platforms/WatchOS.platform/Developer/usr/bin/swift-plugin-server -external-plugin-path /Applications/Xcode-16.3.0.app/Contents/Developer/Platforms/WatchOS.platform/Developer/usr/local/lib/swift/host/plugins\#/Applications/Xcode-16.3.0.app/Contents/Developer/Platforms/WatchOS.platform/Developer/usr/bin/swift-plugin-server -in-process-plugin-server-path /Applications/Xcode-16.3.0.app/Contents/Developer/Toolchains/XcodeDefault.xctoolchain/usr/lib/swift/host/libSwiftInProcPluginServer.dylib -plugin-path /Applications/Xcode-16.3.0.app/Contents/Developer/Toolchains/XcodeDefault.xctoolchain/usr/lib/swift/host/plugins -plugin-path /Applications/Xcode-16.3.0.app/Contents/Developer/Toolchains/XcodeDefault.xctoolchain/usr/local/lib/swift/host/plugins -o /Users/admin/builder/spi-builder-workspace/.derivedData/Build/Intermediates.noindex/swift-api-client.build/Debug-watchos/SwiftAPIClientCore.build/Objects-normal/armv7k/CodeLocation.o -o /Users/admin/builder/spi-builder-workspace/.derivedData/Build/Intermediates.noindex/swift-api-client.build/Debug-watchos/SwiftAPIClientCore.build/Objects-normal/armv7k/CodersModifiers.o -o /Users/admin/builder/spi-builder-workspace/.derivedData/Build/Intermediates.noindex/swift-api-client.build/Debug-watchos/SwiftAPIClientCore.build/Objects-normal/armv7k/ErrorDecodeModifiers.o -o /Users/admin/builder/spi-builder-workspace/.derivedData/Build/Intermediates.noindex/swift-api-client.build/Debug-watchos/SwiftAPIClientCore.build/Objects-normal/armv7k/ErrorHandler.o -o /Users/admin/builder/spi-builder-workspace/.derivedData/Build/Intermediates.noindex/swift-api-client.build/Debug-watchos/SwiftAPIClientCore.build/Objects-normal/armv7k/HTTPClientMiddleware.o -o /Users/admin/builder/spi-builder-workspace/.derivedData/Build/Intermediates.noindex/swift-api-client.build/Debug-watchos/SwiftAPIClientCore.build/Objects-normal/armv7k/HTTPResponseValidator.o -o /Users/admin/builder/spi-builder-workspace/.derivedData/Build/Intermediates.noindex/swift-api-client.build/Debug-watchos/SwiftAPIClientCore.build/Objects-normal/armv7k/ListenerModifiers.o -o /Users/admin/builder/spi-builder-workspace/.derivedData/Build/Intermediates.noindex/swift-api-client.build/Debug-watchos/SwiftAPIClientCore.build/Objects-normal/armv7k/LoggingModifier.o -index-unit-output-path /swift-api-client.build/Debug-watchos/SwiftAPIClientCore.build/Objects-normal/armv7k/CodeLocation.o -index-unit-output-path /swift-api-client.build/Debug-watchos/SwiftAPIClientCore.build/Objects-normal/armv7k/CodersModifiers.o -index-unit-output-path /swift-api-client.build/Debug-watchos/SwiftAPIClientCore.build/Objects-normal/armv7k/ErrorDecodeModifiers.o -index-unit-output-path /swift-api-client.build/Debug-watchos/SwiftAPIClientCore.build/Objects-normal/armv7k/ErrorHandler.o -index-unit-output-path /swift-api-client.build/Debug-watchos/SwiftAPIClientCore.build/Objects-normal/armv7k/HTTPClientMiddleware.o -index-unit-output-path /swift-api-client.build/Debug-watchos/SwiftAPIClientCore.build/Objects-normal/armv7k/HTTPResponseValidator.o -index-unit-output-path /swift-api-client.build/Debug-watchos/SwiftAPIClientCore.build/Objects-normal/armv7k/ListenerModifiers.o -index-unit-output-path /swift-api-client.build/Debug-watchos/SwiftAPIClientCore.build/Objects-normal/armv7k/LoggingModifier.o -index-store-path /Users/admin/builder/spi-builder-workspace/.derivedData/Index.noindex/DataStore -index-system-modules
SwiftCompile normal armv7k /Users/admin/builder/spi-builder-workspace/Sources/SwiftAPIClientCore/Modifiers/CodeLocation.swift (in target 'SwiftAPIClientCore' from project 'swift-api-client')
    cd /Users/admin/builder/spi-builder-workspace/.swiftpm/xcode

SwiftCompile normal armv7k /Users/admin/builder/spi-builder-workspace/Sources/SwiftAPIClientCore/Modifiers/CodersModifiers.swift (in target 'SwiftAPIClientCore' from project 'swift-api-client')
    cd /Users/admin/builder/spi-builder-workspace/.swiftpm/xcode

SwiftCompile normal armv7k /Users/admin/builder/spi-builder-workspace/Sources/SwiftAPIClientCore/Modifiers/ErrorDecodeModifiers.swift (in target 'SwiftAPIClientCore' from project 'swift-api-client')
    cd /Users/admin/builder/spi-builder-workspace/.swiftpm/xcode

SwiftCompile normal armv7k /Users/admin/builder/spi-builder-workspace/Sources/SwiftAPIClientCore/Modifiers/ErrorHandler.swift (in target 'SwiftAPIClientCore' from project 'swift-api-client')
    cd /Users/admin/builder/spi-builder-workspace/.swiftpm/xcode

SwiftCompile normal armv7k /Users/admin/builder/spi-builder-workspace/Sources/SwiftAPIClientCore/Modifiers/HTTPClientMiddleware.swift (in target 'SwiftAPIClientCore' from project 'swift-api-client')
    cd /Users/admin/builder/spi-builder-workspace/.swiftpm/xcode

/Users/admin/builder/spi-builder-workspace/Sources/SwiftAPIClientCore/Modifiers/HTTPClientMiddleware.swift:15:4: error: concurrency is only available in watchOS 6.0.0 or newer
        ) async throws -> (T, HTTPResponse)
          ^
/Users/admin/builder/spi-builder-workspace/Sources/SwiftAPIClientCore/Modifiers/HTTPClientMiddleware.swift:11:7: note: add @available attribute to enclosing instance method
        func execute<T>(
             ^
/Users/admin/builder/spi-builder-workspace/Sources/SwiftAPIClientCore/Modifiers/HTTPClientMiddleware.swift:3:17: note: add @available attribute to enclosing protocol
public protocol HTTPClientMiddleware {
                ^
/Users/admin/builder/spi-builder-workspace/Sources/SwiftAPIClientCore/Modifiers/HTTPClientMiddleware.swift:54:4: error: concurrency is only available in watchOS 6.0.0 or newer
        ) async throws -> (T, HTTPResponse) {
          ^
/Users/admin/builder/spi-builder-workspace/Sources/SwiftAPIClientCore/Modifiers/HTTPClientMiddleware.swift:50:7: note: add @available attribute to enclosing instance method
        func execute<T>(
             ^
/Users/admin/builder/spi-builder-workspace/Sources/SwiftAPIClientCore/Modifiers/HTTPClientMiddleware.swift:44:8: note: add @available attribute to enclosing struct
struct HTTPClientArrayMiddleware: HTTPClientMiddleware {
       ^
SwiftCompile normal armv7k /Users/admin/builder/spi-builder-workspace/Sources/SwiftAPIClientCore/Modifiers/HTTPResponseValidator.swift (in target 'SwiftAPIClientCore' from project 'swift-api-client')
    cd /Users/admin/builder/spi-builder-workspace/.swiftpm/xcode

/Users/admin/builder/spi-builder-workspace/Sources/SwiftAPIClientCore/Modifiers/HTTPResponseValidator.swift:117:84: error: concurrency is only available in watchOS 6.0.0 or newer
func extractResponseEvenFailed<T>(_ request: () async throws -> (T, HTTPResponse)) async throws -> (Result<(T, HTTPResponse), Error>, HTTPResponse) {
                                                                                   ^
/Users/admin/builder/spi-builder-workspace/Sources/SwiftAPIClientCore/Modifiers/HTTPResponseValidator.swift:117:6: note: add @available attribute to enclosing global function
func extractResponseEvenFailed<T>(_ request: () async throws -> (T, HTTPResponse)) async throws -> (Result<(T, HTTPResponse), Error>, HTTPResponse) {
     ^
/Users/admin/builder/spi-builder-workspace/Sources/SwiftAPIClientCore/Modifiers/HTTPResponseValidator.swift:140:86: error: concurrency is only available in watchOS 6.0.0 or newer
func extractStatusCodeEvenFailed<T>(_ request: () async throws -> (T, HTTPResponse)) async throws -> (Result<(T, HTTPResponse), Error>, HTTPResponse.Status) {
                                                                                     ^
/Users/admin/builder/spi-builder-workspace/Sources/SwiftAPIClientCore/Modifiers/HTTPResponseValidator.swift:140:6: note: add @available attribute to enclosing global function
func extractStatusCodeEvenFailed<T>(_ request: () async throws -> (T, HTTPResponse)) async throws -> (Result<(T, HTTPResponse), Error>, HTTPResponse.Status) {
     ^
SwiftCompile normal armv7k /Users/admin/builder/spi-builder-workspace/Sources/SwiftAPIClientCore/Modifiers/ListenerModifiers.swift (in target 'SwiftAPIClientCore' from project 'swift-api-client')
    cd /Users/admin/builder/spi-builder-workspace/.swiftpm/xcode

SwiftCompile normal armv7k /Users/admin/builder/spi-builder-workspace/Sources/SwiftAPIClientCore/Modifiers/LoggingModifier.swift (in target 'SwiftAPIClientCore' from project 'swift-api-client')
    cd /Users/admin/builder/spi-builder-workspace/.swiftpm/xcode

SwiftCompile normal arm64 Compiling\ RedirectBehaviour.swift,\ Serializer.swift,\ TimeoutError.swift,\ AnyAsyncSequence.swift,\ AnyEncodable.swift,\ ContentEncoder.swift,\ DataDecoder.swift,\ EncodingStrategies.swift /Users/admin/builder/spi-builder-workspace/Sources/SwiftAPIClientCore/Types/RedirectBehaviour.swift /Users/admin/builder/spi-builder-workspace/Sources/SwiftAPIClientCore/Types/Serializer.swift /Users/admin/builder/spi-builder-workspace/Sources/SwiftAPIClientCore/Types/TimeoutError.swift /Users/admin/builder/spi-builder-workspace/Sources/SwiftAPIClientCore/Utils/AnyAsyncSequence.swift /Users/admin/builder/spi-builder-workspace/Sources/SwiftAPIClientCore/Utils/AnyEncodable.swift /Users/admin/builder/spi-builder-workspace/Sources/SwiftAPIClientCore/Utils/Coders/ContentEncoder.swift /Users/admin/builder/spi-builder-workspace/Sources/SwiftAPIClientCore/Utils/Coders/DataDecoder.swift /Users/admin/builder/spi-builder-workspace/Sources/SwiftAPIClientCore/Utils/Coders/EncodingStrategies.swift (in target 'SwiftAPIClientCore' from project 'swift-api-client')
SwiftCompile normal arm64 /Users/admin/builder/spi-builder-workspace/Sources/SwiftAPIClientCore/Types/RedirectBehaviour.swift (in target 'SwiftAPIClientCore' from project 'swift-api-client')
    cd /Users/admin/builder/spi-builder-workspace/.swiftpm/xcode

/Users/admin/builder/spi-builder-workspace/Sources/SwiftAPIClientCore/Types/TimeoutError.swift:98:41: error: 'isolation()' is only available in watchOS 6.0 or newer
                                       #isolation
                                        ^
/Users/admin/builder/spi-builder-workspace/Sources/SwiftAPIClientCore/Types/TimeoutError.swift:83:6: note: add @available attribute to enclosing global function
func withTimeout<T: Sendable, D>(
     ^
/Users/admin/builder/spi-builder-workspace/Sources/SwiftAPIClientCore/Types/TimeoutError.swift:107:43: error: 'isolation()' is only available in watchOS 6.0 or newer
                                         #isolation
                                          ^
/Users/admin/builder/spi-builder-workspace/Sources/SwiftAPIClientCore/Types/TimeoutError.swift:83:6: note: add @available attribute to enclosing global function
func withTimeout<T: Sendable, D>(
     ^
SwiftCompile normal arm64 /Users/admin/builder/spi-builder-workspace/Sources/SwiftAPIClientCore/Types/Serializer.swift (in target 'SwiftAPIClientCore' from project 'swift-api-client')
    cd /Users/admin/builder/spi-builder-workspace/.swiftpm/xcode

/Users/admin/builder/spi-builder-workspace/Sources/SwiftAPIClientCore/Types/TimeoutError.swift:98:41: error: 'isolation()' is only available in watchOS 6.0 or newer
                                       #isolation
                                        ^
/Users/admin/builder/spi-builder-workspace/Sources/SwiftAPIClientCore/Types/TimeoutError.swift:83:6: note: add @available attribute to enclosing global function
func withTimeout<T: Sendable, D>(
     ^
/Users/admin/builder/spi-builder-workspace/Sources/SwiftAPIClientCore/Types/TimeoutError.swift:107:43: error: 'isolation()' is only available in watchOS 6.0 or newer
                                         #isolation
                                          ^
/Users/admin/builder/spi-builder-workspace/Sources/SwiftAPIClientCore/Types/TimeoutError.swift:83:6: note: add @available attribute to enclosing global function
func withTimeout<T: Sendable, D>(
     ^
SwiftCompile normal arm64 /Users/admin/builder/spi-builder-workspace/Sources/SwiftAPIClientCore/Types/TimeoutError.swift (in target 'SwiftAPIClientCore' from project 'swift-api-client')
    cd /Users/admin/builder/spi-builder-workspace/.swiftpm/xcode

/Users/admin/builder/spi-builder-workspace/Sources/SwiftAPIClientCore/Types/TimeoutError.swift:20:22: error: 'Task' is only available in watchOS 6.0 or newer
                sleep: { try await Task.sleep(nanoseconds: UInt64($0 * 1_000_000_000)) },
                                   ^
/Users/admin/builder/spi-builder-workspace/Sources/SwiftAPIClientCore/Types/TimeoutError.swift:20:22: note: add 'if #available' version check
                sleep: { try await Task.sleep(nanoseconds: UInt64($0 * 1_000_000_000)) },
                                   ^
/Users/admin/builder/spi-builder-workspace/Sources/SwiftAPIClientCore/Types/TimeoutError.swift:11:13: note: add @available attribute to enclosing global function
public func withTimeout<T: Sendable>(
            ^
/Users/admin/builder/spi-builder-workspace/Sources/SwiftAPIClientCore/Types/TimeoutError.swift:20:27: error: 'sleep(nanoseconds:)' is only available in watchOS 6.0 or newer
                sleep: { try await Task.sleep(nanoseconds: UInt64($0 * 1_000_000_000)) },
                                        ^
/Users/admin/builder/spi-builder-workspace/Sources/SwiftAPIClientCore/Types/TimeoutError.swift:20:27: note: add 'if #available' version check
                sleep: { try await Task.sleep(nanoseconds: UInt64($0 * 1_000_000_000)) },
                                        ^
/Users/admin/builder/spi-builder-workspace/Sources/SwiftAPIClientCore/Types/TimeoutError.swift:11:13: note: add @available attribute to enclosing global function
public func withTimeout<T: Sendable>(
            ^
/Users/admin/builder/spi-builder-workspace/Sources/SwiftAPIClientCore/Types/TimeoutError.swift:98:19: error: 'withThrowingTaskGroup(of:returning:isolation:body:)' is only available in watchOS 6.0 or newer
        return try await withThrowingTaskGroup(of: T.self, returning: T.self) { group in
                         ^
/Users/admin/builder/spi-builder-workspace/Sources/SwiftAPIClientCore/Types/TimeoutError.swift:98:19: note: add 'if #available' version check
        return try await withThrowingTaskGroup(of: T.self, returning: T.self) { group in
                         ^
/Users/admin/builder/spi-builder-workspace/Sources/SwiftAPIClientCore/Types/TimeoutError.swift:83:6: note: add @available attribute to enclosing global function
func withTimeout<T: Sendable, D>(
     ^
/Users/admin/builder/spi-builder-workspace/Sources/SwiftAPIClientCore/Types/TimeoutError.swift:107:38: error: 'next(isolation:)' is only available in watchOS 6.0 or newer
                guard let result = try await group.next() else {
                                                   ^
/Users/admin/builder/spi-builder-workspace/Sources/SwiftAPIClientCore/Types/TimeoutError.swift:107:38: note: add 'if #available' version check
                guard let result = try await group.next() else {
                                                   ^
/Users/admin/builder/spi-builder-workspace/Sources/SwiftAPIClientCore/Types/TimeoutError.swift:83:6: note: add @available attribute to enclosing global function
func withTimeout<T: Sendable, D>(
     ^
/Users/admin/builder/spi-builder-workspace/Sources/SwiftAPIClientCore/Types/TimeoutError.swift:98:41: error: 'isolation()' is only available in watchOS 6.0 or newer
                                       #isolation
                                        ^
/Users/admin/builder/spi-builder-workspace/Sources/SwiftAPIClientCore/Types/TimeoutError.swift:83:6: note: add @available attribute to enclosing global function
func withTimeout<T: Sendable, D>(
     ^
/Users/admin/builder/spi-builder-workspace/Sources/SwiftAPIClientCore/Types/TimeoutError.swift:107:43: error: 'isolation()' is only available in watchOS 6.0 or newer
                                         #isolation
                                          ^
/Users/admin/builder/spi-builder-workspace/Sources/SwiftAPIClientCore/Types/TimeoutError.swift:83:6: note: add @available attribute to enclosing global function
func withTimeout<T: Sendable, D>(
     ^
SwiftCompile normal arm64 /Users/admin/builder/spi-builder-workspace/Sources/SwiftAPIClientCore/Utils/AnyAsyncSequence.swift (in target 'SwiftAPIClientCore' from project 'swift-api-client')
    cd /Users/admin/builder/spi-builder-workspace/.swiftpm/xcode

/Users/admin/builder/spi-builder-workspace/Sources/SwiftAPIClientCore/Types/TimeoutError.swift:98:41: error: 'isolation()' is only available in watchOS 6.0 or newer
                                       #isolation
                                        ^
/Users/admin/builder/spi-builder-workspace/Sources/SwiftAPIClientCore/Types/TimeoutError.swift:83:6: note: add @available attribute to enclosing global function
func withTimeout<T: Sendable, D>(
     ^
/Users/admin/builder/spi-builder-workspace/Sources/SwiftAPIClientCore/Types/TimeoutError.swift:107:43: error: 'isolation()' is only available in watchOS 6.0 or newer
                                         #isolation
                                          ^
/Users/admin/builder/spi-builder-workspace/Sources/SwiftAPIClientCore/Types/TimeoutError.swift:83:6: note: add @available attribute to enclosing global function
func withTimeout<T: Sendable, D>(
     ^
/Users/admin/builder/spi-builder-workspace/Sources/SwiftAPIClientCore/Utils/AnyAsyncSequence.swift:17:17: error: 'AsyncSequence' is only available in watchOS 6.0 or newer
        public init<S: AsyncSequence>(_ sequence: S) where S.Element == Element {
                       ^
/Users/admin/builder/spi-builder-workspace/Sources/SwiftAPIClientCore/Utils/AnyAsyncSequence.swift:17:9: note: add @available attribute to enclosing initializer
        public init<S: AsyncSequence>(_ sequence: S) where S.Element == Element {
               ^
/Users/admin/builder/spi-builder-workspace/Sources/SwiftAPIClientCore/Utils/AnyAsyncSequence.swift:45:29: error: 'AsyncIteratorProtocol' is only available in watchOS 6.0 or newer
        private final class Box<I: AsyncIteratorProtocol> where I.Element == Element {
                                   ^
/Users/admin/builder/spi-builder-workspace/Sources/SwiftAPIClientCore/Utils/AnyAsyncSequence.swift:45:22: note: add @available attribute to enclosing generic class
        private final class Box<I: AsyncIteratorProtocol> where I.Element == Element {
                            ^
/Users/admin/builder/spi-builder-workspace/Sources/SwiftAPIClientCore/Utils/AnyAsyncSequence.swift:45:22: note: add @available attribute to enclosing generic class
        private final class Box<I: AsyncIteratorProtocol> where I.Element == Element {
                            ^
/Users/admin/builder/spi-builder-workspace/Sources/SwiftAPIClientCore/Utils/AnyAsyncSequence.swift:53:18: error: 'AsyncSequence' is only available in watchOS 6.0 or newer
public extension AsyncSequence {
                 ^
/Users/admin/builder/spi-builder-workspace/Sources/SwiftAPIClientCore/Utils/AnyAsyncSequence.swift:53:8: note: add @available attribute to enclosing extension
public extension AsyncSequence {
       ^
SwiftCompile normal arm64 /Users/admin/builder/spi-builder-workspace/Sources/SwiftAPIClientCore/Utils/AnyEncodable.swift (in target 'SwiftAPIClientCore' from project 'swift-api-client')
    cd /Users/admin/builder/spi-builder-workspace/.swiftpm/xcode

/Users/admin/builder/spi-builder-workspace/Sources/SwiftAPIClientCore/Types/TimeoutError.swift:98:41: error: 'isolation()' is only available in watchOS 6.0 or newer
                                       #isolation
                                        ^
/Users/admin/builder/spi-builder-workspace/Sources/SwiftAPIClientCore/Types/TimeoutError.swift:83:6: note: add @available attribute to enclosing global function
func withTimeout<T: Sendable, D>(
     ^
/Users/admin/builder/spi-builder-workspace/Sources/SwiftAPIClientCore/Types/TimeoutError.swift:107:43: error: 'isolation()' is only available in watchOS 6.0 or newer
                                         #isolation
                                          ^
/Users/admin/builder/spi-builder-workspace/Sources/SwiftAPIClientCore/Types/TimeoutError.swift:83:6: note: add @available attribute to enclosing global function
func withTimeout<T: Sendable, D>(
     ^
SwiftCompile normal arm64 /Users/admin/builder/spi-builder-workspace/Sources/SwiftAPIClientCore/Utils/Coders/ContentEncoder.swift (in target 'SwiftAPIClientCore' from project 'swift-api-client')
    cd /Users/admin/builder/spi-builder-workspace/.swiftpm/xcode

/Users/admin/builder/spi-builder-workspace/Sources/SwiftAPIClientCore/Types/TimeoutError.swift:98:41: error: 'isolation()' is only available in watchOS 6.0 or newer
                                       #isolation
                                        ^
/Users/admin/builder/spi-builder-workspace/Sources/SwiftAPIClientCore/Types/TimeoutError.swift:83:6: note: add @available attribute to enclosing global function
func withTimeout<T: Sendable, D>(
     ^
/Users/admin/builder/spi-builder-workspace/Sources/SwiftAPIClientCore/Types/TimeoutError.swift:107:43: error: 'isolation()' is only available in watchOS 6.0 or newer
                                         #isolation
                                          ^
/Users/admin/builder/spi-builder-workspace/Sources/SwiftAPIClientCore/Types/TimeoutError.swift:83:6: note: add @available attribute to enclosing global function
func withTimeout<T: Sendable, D>(
     ^
SwiftCompile normal arm64 /Users/admin/builder/spi-builder-workspace/Sources/SwiftAPIClientCore/Utils/Coders/DataDecoder.swift (in target 'SwiftAPIClientCore' from project 'swift-api-client')
    cd /Users/admin/builder/spi-builder-workspace/.swiftpm/xcode

/Users/admin/builder/spi-builder-workspace/Sources/SwiftAPIClientCore/Types/TimeoutError.swift:98:41: error: 'isolation()' is only available in watchOS 6.0 or newer
                                       #isolation
                                        ^
/Users/admin/builder/spi-builder-workspace/Sources/SwiftAPIClientCore/Types/TimeoutError.swift:83:6: note: add @available attribute to enclosing global function
func withTimeout<T: Sendable, D>(
     ^
/Users/admin/builder/spi-builder-workspace/Sources/SwiftAPIClientCore/Types/TimeoutError.swift:107:43: error: 'isolation()' is only available in watchOS 6.0 or newer
                                         #isolation
                                          ^
/Users/admin/builder/spi-builder-workspace/Sources/SwiftAPIClientCore/Types/TimeoutError.swift:83:6: note: add @available attribute to enclosing global function
func withTimeout<T: Sendable, D>(
     ^
SwiftCompile normal arm64 /Users/admin/builder/spi-builder-workspace/Sources/SwiftAPIClientCore/Utils/Coders/EncodingStrategies.swift (in target 'SwiftAPIClientCore' from project 'swift-api-client')
    cd /Users/admin/builder/spi-builder-workspace/.swiftpm/xcode

/Users/admin/builder/spi-builder-workspace/Sources/SwiftAPIClientCore/Types/TimeoutError.swift:98:41: error: 'isolation()' is only available in watchOS 6.0 or newer
                                       #isolation
                                        ^
/Users/admin/builder/spi-builder-workspace/Sources/SwiftAPIClientCore/Types/TimeoutError.swift:83:6: note: add @available attribute to enclosing global function
func withTimeout<T: Sendable, D>(
     ^
/Users/admin/builder/spi-builder-workspace/Sources/SwiftAPIClientCore/Types/TimeoutError.swift:107:43: error: 'isolation()' is only available in watchOS 6.0 or newer
                                         #isolation
                                          ^
/Users/admin/builder/spi-builder-workspace/Sources/SwiftAPIClientCore/Types/TimeoutError.swift:83:6: note: add @available attribute to enclosing global function
func withTimeout<T: Sendable, D>(
     ^
SwiftCompile normal arm64 Compiling\ MetricsModifier.swift,\ MockResponses.swift,\ RateLimitModifier.swift,\ RedirectModifier.swift,\ RequestCompression.swift,\ RequestModifiers.swift,\ RequestValidator.swift,\ ResponseWrapModifires.swift /Users/admin/builder/spi-builder-workspace/Sources/SwiftAPIClientCore/Modifiers/MetricsModifier.swift /Users/admin/builder/spi-builder-workspace/Sources/SwiftAPIClientCore/Modifiers/MockResponses.swift /Users/admin/builder/spi-builder-workspace/Sources/SwiftAPIClientCore/Modifiers/RateLimitModifier.swift /Users/admin/builder/spi-builder-workspace/Sources/SwiftAPIClientCore/Modifiers/RedirectModifier.swift /Users/admin/builder/spi-builder-workspace/Sources/SwiftAPIClientCore/Modifiers/RequestCompression.swift /Users/admin/builder/spi-builder-workspace/Sources/SwiftAPIClientCore/Modifiers/RequestModifiers.swift /Users/admin/builder/spi-builder-workspace/Sources/SwiftAPIClientCore/Modifiers/RequestValidator.swift /Users/admin/builder/spi-builder-workspace/Sources/SwiftAPIClientCore/Modifiers/ResponseWrapModifires.swift (in target 'SwiftAPIClientCore' from project 'swift-api-client')
SwiftCompile normal arm64 /Users/admin/builder/spi-builder-workspace/Sources/SwiftAPIClientCore/Modifiers/MetricsModifier.swift (in target 'SwiftAPIClientCore' from project 'swift-api-client')
    cd /Users/admin/builder/spi-builder-workspace/.swiftpm/xcode

SwiftCompile normal arm64 /Users/admin/builder/spi-builder-workspace/Sources/SwiftAPIClientCore/Modifiers/MockResponses.swift (in target 'SwiftAPIClientCore' from project 'swift-api-client')
    cd /Users/admin/builder/spi-builder-workspace/.swiftpm/xcode

SwiftCompile normal arm64 /Users/admin/builder/spi-builder-workspace/Sources/SwiftAPIClientCore/Modifiers/RateLimitModifier.swift (in target 'SwiftAPIClientCore' from project 'swift-api-client')
    cd /Users/admin/builder/spi-builder-workspace/.swiftpm/xcode

SwiftCompile normal arm64 /Users/admin/builder/spi-builder-workspace/Sources/SwiftAPIClientCore/Modifiers/RedirectModifier.swift (in target 'SwiftAPIClientCore' from project 'swift-api-client')
    cd /Users/admin/builder/spi-builder-workspace/.swiftpm/xcode

SwiftCompile normal arm64 /Users/admin/builder/spi-builder-workspace/Sources/SwiftAPIClientCore/Modifiers/RequestCompression.swift (in target 'SwiftAPIClientCore' from project 'swift-api-client')
    cd /Users/admin/builder/spi-builder-workspace/.swiftpm/xcode

SwiftCompile normal arm64 /Users/admin/builder/spi-builder-workspace/Sources/SwiftAPIClientCore/Modifiers/RequestModifiers.swift (in target 'SwiftAPIClientCore' from project 'swift-api-client')
    cd /Users/admin/builder/spi-builder-workspace/.swiftpm/xcode

SwiftCompile normal arm64 /Users/admin/builder/spi-builder-workspace/Sources/SwiftAPIClientCore/Modifiers/RequestValidator.swift (in target 'SwiftAPIClientCore' from project 'swift-api-client')
    cd /Users/admin/builder/spi-builder-workspace/.swiftpm/xcode

SwiftCompile normal arm64 /Users/admin/builder/spi-builder-workspace/Sources/SwiftAPIClientCore/Modifiers/ResponseWrapModifires.swift (in target 'SwiftAPIClientCore' from project 'swift-api-client')
    cd /Users/admin/builder/spi-builder-workspace/.swiftpm/xcode

SwiftEmitModule normal x86_64 Emitting\ module\ for\ SwiftOperators (in target 'SwiftOperators' from project 'swift-syntax')
EmitSwiftModule normal x86_64 (in target 'SwiftOperators' from project 'swift-syntax')
    cd /Users/admin/builder/spi-builder-workspace/.swiftpm/xcode

SwiftEmitModule normal arm64 Emitting\ module\ for\ SwiftParserDiagnostics (in target 'SwiftParserDiagnostics' from project 'swift-syntax')
EmitSwiftModule normal arm64 (in target 'SwiftParserDiagnostics' from project 'swift-syntax')
    cd /Users/admin/builder/spi-builder-workspace/.swiftpm/xcode

SwiftDriverJobDiscovery normal armv7k Compiling Metrics.swift (in target 'CoreMetrics' from project 'swift-metrics')
SwiftEmitModule normal x86_64 Emitting\ module\ for\ SwiftParserDiagnostics (in target 'SwiftParserDiagnostics' from project 'swift-syntax')
SwiftDriverJobDiscovery normal x86_64 Emitting module for SwiftOperators (in target 'SwiftOperators' from project 'swift-syntax')
SwiftDriver\ Compilation\ Requirements SwiftOperators normal x86_64 com.apple.xcode.tools.swift.compiler (in target 'SwiftOperators' from project 'swift-syntax')
    cd /Users/admin/builder/spi-builder-workspace/.swiftpm/xcode
    builtin-Swift-Compilation-Requirements -- /Applications/Xcode-16.3.0.app/Contents/Developer/Toolchains/XcodeDefault.xctoolchain/usr/bin/swiftc -module-name SwiftOperators -Onone -enforce-exclusivity\=checked @/Users/admin/builder/spi-builder-workspace/.derivedData/Build/Intermediates.noindex/swift-syntax.build/Debug/SwiftOperators.build/Objects-normal/x86_64/SwiftOperators.SwiftFileList -DSWIFT_PACKAGE -DDEBUG -DXcode -plugin-path /Applications/Xcode-16.3.0.app/Contents/Developer/Toolchains/XcodeDefault.xctoolchain/usr/lib/swift/host/plugins/testing -enable-experimental-feature DebugDescriptionMacro -sdk /Applications/Xcode-16.3.0.app/Contents/Developer/Platforms/MacOSX.platform/Developer/SDKs/MacOSX15.4.sdk -target x86_64-apple-macos10.15 -g -module-cache-path /Users/admin/builder/spi-builder-workspace/.derivedData/ModuleCache.noindex -Xfrontend -serialize-debugging-options -profile-coverage-mapping -profile-generate -enable-testing -suppress-warnings -index-store-path /Users/admin/builder/spi-builder-workspace/.derivedData/Index.noindex/DataStore -swift-version 6 -I /Users/admin/builder/spi-builder-workspace/.derivedData/Build/Products/Debug -I /Applications/Xcode-16.3.0.app/Contents/Developer/Platforms/MacOSX.platform/Developer/usr/lib -F /Users/admin/builder/spi-builder-workspace/.derivedData/Build/Products/Debug/PackageFrameworks -F /Users/admin/builder/spi-builder-workspace/.derivedData/Build/Products/Debug/PackageFrameworks -F /Users/admin/builder/spi-builder-workspace/.derivedData/Build/Products/Debug/PackageFrameworks -F /Users/admin/builder/spi-builder-workspace/.derivedData/Build/Products/Debug/PackageFrameworks -F /Users/admin/builder/spi-builder-workspace/.derivedData/Build/Products/Debug/PackageFrameworks -F /Users/admin/builder/spi-builder-workspace/.derivedData/Build/Products/Debug/PackageFrameworks -F /Users/admin/builder/spi-builder-workspace/.derivedData/Build/Products/Debug/PackageFrameworks -F /Users/admin/builder/spi-builder-workspace/.derivedData/Build/Products/Debug/PackageFrameworks -F /Users/admin/builder/spi-builder-workspace/.derivedData/Build/Products/Debug/PackageFrameworks -F /Users/admin/builder/spi-builder-workspace/.derivedData/Build/Products/Debug/PackageFrameworks -F /Users/admin/builder/spi-builder-workspace/.derivedData/Build/Products/Debug/PackageFrameworks -F /Users/admin/builder/spi-builder-workspace/.derivedData/Build/Products/Debug -F /Applications/Xcode-16.3.0.app/Contents/Developer/Platforms/MacOSX.platform/Developer/Library/Frameworks -c -j10 -enable-batch-mode -incremental -Xcc -ivfsstatcache -Xcc /Users/admin/builder/spi-builder-workspace/.derivedData/SDKStatCaches.noindex/macosx15.4-24E241-8287b8f5db97e746a1562fbca0c9d29b.sdkstatcache -output-file-map /Users/admin/builder/spi-builder-workspace/.derivedData/Build/Intermediates.noindex/swift-syntax.build/Debug/SwiftOperators.build/Objects-normal/x86_64/SwiftOperators-OutputFileMap.json -use-frontend-parseable-output -save-temps -no-color-diagnostics -serialize-diagnostics -emit-dependencies -emit-module -emit-module-path /Users/admin/builder/spi-builder-workspace/.derivedData/Build/Intermediates.noindex/swift-syntax.build/Debug/SwiftOperators.build/Objects-normal/x86_64/SwiftOperators.swiftmodule -validate-clang-modules-once -clang-build-session-file /Users/admin/builder/spi-builder-workspace/.derivedData/ModuleCache.noindex/Session.modulevalidation -package-name swift_syntax -Xcc -I/Users/admin/builder/spi-builder-workspace/.derivedData/Build/Intermediates.noindex/swift-syntax.build/Debug/SwiftOperators.build/swift-overrides.hmap -emit-const-values -Xfrontend -const-gather-protocols-file -Xfrontend /Users/admin/builder/spi-builder-workspace/.derivedData/Build/Intermediates.noindex/swift-syntax.build/Debug/SwiftOperators.build/Objects-normal/x86_64/SwiftOperators_const_extract_protocols.json -Xcc -I/Users/admin/builder/spi-builder-workspace/.dependencies/checkouts/swift-syntax/Sources/_SwiftSyntaxCShims/include -Xcc -I/Users/admin/builder/spi-builder-workspace/.derivedData/Build/Products/Debug/include -Xcc -I/Users/admin/builder/spi-builder-workspace/.derivedData/Build/Intermediates.noindex/swift-syntax.build/Debug/SwiftOperators.build/DerivedSources-normal/x86_64 -Xcc -I/Users/admin/builder/spi-builder-workspace/.derivedData/Build/Intermediates.noindex/swift-syntax.build/Debug/SwiftOperators.build/DerivedSources/x86_64 -Xcc -I/Users/admin/builder/spi-builder-workspace/.derivedData/Build/Intermediates.noindex/swift-syntax.build/Debug/SwiftOperators.build/DerivedSources -Xcc -DSWIFT_PACKAGE -Xcc -DDEBUG\=1 -emit-objc-header -emit-objc-header-path /Users/admin/builder/spi-builder-workspace/.derivedData/Build/Intermediates.noindex/swift-syntax.build/Debug/SwiftOperators.build/Objects-normal/x86_64/SwiftOperators-Swift.h -working-directory /Users/admin/builder/spi-builder-workspace/.swiftpm/xcode -experimental-emit-module-separately -disable-cmo
** BUILD FAILED **
The following build commands failed:
	SwiftCompile normal armv7k Compiling\ CodeLocation.swift,\ CodersModifiers.swift,\ ErrorDecodeModifiers.swift,\ ErrorHandler.swift,\ HTTPClientMiddleware.swift,\ HTTPResponseValidator.swift,\ ListenerModifiers.swift,\ LoggingModifier.swift /Users/admin/builder/spi-builder-workspace/Sources/SwiftAPIClientCore/Modifiers/CodeLocation.swift /Users/admin/builder/spi-builder-workspace/Sources/SwiftAPIClientCore/Modifiers/CodersModifiers.swift /Users/admin/builder/spi-builder-workspace/Sources/SwiftAPIClientCore/Modifiers/ErrorDecodeModifiers.swift /Users/admin/builder/spi-builder-workspace/Sources/SwiftAPIClientCore/Modifiers/ErrorHandler.swift /Users/admin/builder/spi-builder-workspace/Sources/SwiftAPIClientCore/Modifiers/HTTPClientMiddleware.swift /Users/admin/builder/spi-builder-workspace/Sources/SwiftAPIClientCore/Modifiers/HTTPResponseValidator.swift /Users/admin/builder/spi-builder-workspace/Sources/SwiftAPIClientCore/Modifiers/ListenerModifiers.swift /Users/admin/builder/spi-builder-workspace/Sources/SwiftAPIClientCore/Modifiers/LoggingModifier.swift (in target 'SwiftAPIClientCore' from project 'swift-api-client')
	SwiftCompile normal armv7k /Users/admin/builder/spi-builder-workspace/Sources/SwiftAPIClientCore/Modifiers/HTTPClientMiddleware.swift (in target 'SwiftAPIClientCore' from project 'swift-api-client')
	SwiftCompile normal armv7k /Users/admin/builder/spi-builder-workspace/Sources/SwiftAPIClientCore/Modifiers/HTTPResponseValidator.swift (in target 'SwiftAPIClientCore' from project 'swift-api-client')
	SwiftCompile normal arm64 /Users/admin/builder/spi-builder-workspace/Sources/SwiftAPIClientCore/Types/RedirectBehaviour.swift (in target 'SwiftAPIClientCore' from project 'swift-api-client')
	SwiftCompile normal arm64 /Users/admin/builder/spi-builder-workspace/Sources/SwiftAPIClientCore/Types/Serializer.swift (in target 'SwiftAPIClientCore' from project 'swift-api-client')
	SwiftCompile normal arm64 /Users/admin/builder/spi-builder-workspace/Sources/SwiftAPIClientCore/Types/TimeoutError.swift (in target 'SwiftAPIClientCore' from project 'swift-api-client')
	SwiftCompile normal arm64 /Users/admin/builder/spi-builder-workspace/Sources/SwiftAPIClientCore/Utils/AnyAsyncSequence.swift (in target 'SwiftAPIClientCore' from project 'swift-api-client')
	SwiftCompile normal arm64 /Users/admin/builder/spi-builder-workspace/Sources/SwiftAPIClientCore/Utils/AnyEncodable.swift (in target 'SwiftAPIClientCore' from project 'swift-api-client')
	SwiftCompile normal arm64 /Users/admin/builder/spi-builder-workspace/Sources/SwiftAPIClientCore/Utils/Coders/ContentEncoder.swift (in target 'SwiftAPIClientCore' from project 'swift-api-client')
	SwiftCompile normal arm64 /Users/admin/builder/spi-builder-workspace/Sources/SwiftAPIClientCore/Utils/Coders/DataDecoder.swift (in target 'SwiftAPIClientCore' from project 'swift-api-client')
	SwiftCompile normal arm64 /Users/admin/builder/spi-builder-workspace/Sources/SwiftAPIClientCore/Utils/Coders/EncodingStrategies.swift (in target 'SwiftAPIClientCore' from project 'swift-api-client')
	Building workspace spi-builder-workspace with scheme swift-api-client-Package
(12 failures)
BUILD FAILURE 6.1 watchOS