Build Information
Failed to build PoseComparison, reference 0.1.0 (d68058), with Swift 6.4 for tvOS using Xcode 27.0 on 23 Sep 2026 11:43:29 UTC.
Build Command
env DEVELOPER_DIR=/Applications/Xcode-27.0.0-Release.Candidate.app xcrun xcodebuild -IDEClonedSourcePackagesDirPathOverride=$PWD/.dependencies -skipMacroValidation -skipPackagePluginValidation -derivedDataPath $PWD/.derivedData build -scheme PoseComparison -destination generic/platform=tvOSBuild Log
========================================
RunAll
========================================
Builder version: 5.1.0
Interrupt handler set up.
========================================
Checkout
========================================
Clone URL: https://github.com/shubhamKachhiya/PoseMatch.git
Reference: 0.1.0
Initialized empty Git repository in /Users/admin/builder/spi-builder-workspace/.git/
From https://github.com/shubhamKachhiya/PoseMatch
* tag 0.1.0 -> FETCH_HEAD
HEAD is now at d680581 Add Apache 2.0 license
Cloned https://github.com/shubhamKachhiya/PoseMatch.git
Revision (git rev-parse @):
d6805817d7a7f0fb376dd59ecf7b3cc7ffd4b609
SUCCESS checkout https://github.com/shubhamKachhiya/PoseMatch.git at 0.1.0
========================================
Build
========================================
Selected platform: tvOS
Swift version: 6.4
Building package at path: $PWD
https://github.com/shubhamKachhiya/PoseMatch.git
Command line invocation:
/Applications/Xcode-27.0.0-Release.Candidate.app/Contents/Developer/usr/bin/xcodebuild -IDEClonedSourcePackagesDirPathOverride=/Users/admin/builder/spi-builder-workspace/.dependencies -resolvePackageDependencies
Resolve Package Graph
Resolve Package Graph
Resolved source packages:
PoseComparison: /Users/admin/builder/spi-builder-workspace
resolved source packages: PoseComparison
2026-09-23 07:42:46.196 xcodebuild[529:3009] [MT] IDERunDestination: Supported platforms for the buildables in the current scheme is empty.
{
"dependencies" : [
],
"manifest_display_name" : "PoseComparison",
"name" : "PoseComparison",
"path" : "/Users/admin/builder/spi-builder-workspace",
"platforms" : [
{
"name" : "ios",
"version" : "14.0"
}
],
"products" : [
{
"name" : "PoseComparison",
"targets" : [
"PoseComparison"
],
"type" : {
"library" : [
"automatic"
]
}
}
],
"targets" : [
{
"c99name" : "PoseComparisonTests",
"module_type" : "SwiftTarget",
"name" : "PoseComparisonTests",
"path" : "Tests/PoseComparisonTests",
"sources" : [
"PoseComparisonTests.swift"
],
"target_dependencies" : [
"PoseComparison"
],
"type" : "test"
},
{
"c99name" : "PoseComparison",
"module_type" : "SwiftTarget",
"name" : "PoseComparison",
"path" : "Sources/PoseComparison",
"product_memberships" : [
"PoseComparison"
],
"sources" : [
"PoseComparison.swift"
],
"type" : "library"
}
],
"tools_version" : "6.1"
}
{
"workspace" : {
"name" : "PoseComparison",
"schemes" : [
"PoseComparison"
]
}
}
2026-09-23 07:43:18.317 xcodebuild[626:3810] [MT] IDERunDestination: Supported platforms for the buildables in the current scheme is empty.
Running build ...
env DEVELOPER_DIR=/Applications/Xcode-27.0.0-Release.Candidate.app xcrun xcodebuild -IDEClonedSourcePackagesDirPathOverride=$PWD/.dependencies -skipMacroValidation -skipPackagePluginValidation -derivedDataPath $PWD/.derivedData build -scheme PoseComparison -destination generic/platform=tvOS
Command line invocation:
/Applications/Xcode-27.0.0-Release.Candidate.app/Contents/Developer/usr/bin/xcodebuild -IDEClonedSourcePackagesDirPathOverride=/Users/admin/builder/spi-builder-workspace/.dependencies -skipMacroValidation -skipPackagePluginValidation -derivedDataPath /Users/admin/builder/spi-builder-workspace/.derivedData build -scheme PoseComparison -destination generic/platform=tvOS
Resolve Package Graph
Resolved source packages:
PoseComparison: /Users/admin/builder/spi-builder-workspace
ComputePackagePrebuildTargetDependencyGraph
Prepare packages
CreateBuildRequest
SendProjectDescription
CreateBuildOperation
ComputeTargetDependencyGraph
note: Building targets in dependency order
note: Target dependency graph (2 targets)
Target 'PoseComparison-product' in project 'PoseComparison'
➜ Explicit dependency on target 'PoseComparison' in project 'PoseComparison'
Target 'PoseComparison' in project 'PoseComparison' (no dependencies)
GatherProvisioningInputs
CreateBuildDescription
ExecuteExternalTool /Applications/Xcode-27.0.0-Release.Candidate.app/Contents/Developer/Toolchains/XcodeDefault.xctoolchain/usr/bin/clang -v -E -dM -isysroot /Applications/Xcode-27.0.0-Release.Candidate.app/Contents/Developer/Platforms/AppleTVOS.platform/Developer/SDKs/AppleTVOS27.0.sdk -x c -c /dev/null
ExecuteExternalTool /Applications/Xcode-27.0.0-Release.Candidate.app/Contents/Developer/Toolchains/XcodeDefault.xctoolchain/usr/bin/swiftc --version
ExecuteExternalTool /Applications/Xcode-27.0.0-Release.Candidate.app/Contents/Developer/Toolchains/XcodeDefault.xctoolchain/usr/bin/ld -version_details
Build description signature: aa74d51ab31dac3586ab09849da205e1
Build description path: /Users/admin/builder/spi-builder-workspace/.derivedData/Build/Intermediates.noindex/XCBuildData/aa74d51ab31dac3586ab09849da205e1.xcbuilddata
CreateBuildDirectory /Users/admin/builder/spi-builder-workspace/.derivedData/SDKExplicitPrecompiledModules
cd /Users/admin/builder/spi-builder-workspace/.swiftpm/xcode
builtin-create-build-directory /Users/admin/builder/spi-builder-workspace/.derivedData/SDKExplicitPrecompiledModules
CreateBuildDirectory /Users/admin/builder/spi-builder-workspace/.derivedData/ModuleCache.noindex
cd /Users/admin/builder/spi-builder-workspace/.swiftpm/xcode
builtin-create-build-directory /Users/admin/builder/spi-builder-workspace/.derivedData/ModuleCache.noindex
CreateBuildDirectory /Users/admin/builder/spi-builder-workspace/.derivedData/CompilationCache.noindex
cd /Users/admin/builder/spi-builder-workspace/.swiftpm/xcode
builtin-create-build-directory /Users/admin/builder/spi-builder-workspace/.derivedData/CompilationCache.noindex
CreateBuildDirectory /Users/admin/builder/spi-builder-workspace/.derivedData/Build/Intermediates.noindex
cd /Users/admin/builder/spi-builder-workspace/.swiftpm/xcode
builtin-create-build-directory /Users/admin/builder/spi-builder-workspace/.derivedData/Build/Intermediates.noindex
ClangStatCache /Applications/Xcode-27.0.0-Release.Candidate.app/Contents/Developer/Toolchains/XcodeDefault.xctoolchain/usr/bin/clang-stat-cache /Applications/Xcode-27.0.0-Release.Candidate.app/Contents/Developer/Platforms/AppleTVOS.platform/Developer/SDKs/AppleTVOS27.0.sdk /Users/admin/builder/spi-builder-workspace/.derivedData/SDKStatCaches.noindex/appletvos27.0-24J360-e829b21a6f8c9b70876ba0858053c044b32bfd8d43560033f8d89884cdb90028.sdkstatcache
cd /Users/admin/builder/spi-builder-workspace/.swiftpm/xcode
/Applications/Xcode-27.0.0-Release.Candidate.app/Contents/Developer/Toolchains/XcodeDefault.xctoolchain/usr/bin/clang-stat-cache /Applications/Xcode-27.0.0-Release.Candidate.app/Contents/Developer/Platforms/AppleTVOS.platform/Developer/SDKs/AppleTVOS27.0.sdk -o /Users/admin/builder/spi-builder-workspace/.derivedData/SDKStatCaches.noindex/appletvos27.0-24J360-e829b21a6f8c9b70876ba0858053c044b32bfd8d43560033f8d89884cdb90028.sdkstatcache
CreateBuildDirectory /Users/admin/builder/spi-builder-workspace/.derivedData/Build/Products
cd /Users/admin/builder/spi-builder-workspace/.swiftpm/xcode
builtin-create-build-directory /Users/admin/builder/spi-builder-workspace/.derivedData/Build/Products
CreateBuildDirectory /Users/admin/builder/spi-builder-workspace/.derivedData/Build/Intermediates.noindex/SwiftExplicitPrecompiledModules
cd /Users/admin/builder/spi-builder-workspace/.swiftpm/xcode
builtin-create-build-directory /Users/admin/builder/spi-builder-workspace/.derivedData/Build/Intermediates.noindex/SwiftExplicitPrecompiledModules
CreateBuildDirectory /Users/admin/builder/spi-builder-workspace/.derivedData/Build/Intermediates.noindex/ExplicitPrecompiledModules
cd /Users/admin/builder/spi-builder-workspace/.swiftpm/xcode
builtin-create-build-directory /Users/admin/builder/spi-builder-workspace/.derivedData/Build/Intermediates.noindex/ExplicitPrecompiledModules
CreateBuildDirectory /Users/admin/builder/spi-builder-workspace/.derivedData/Build/Intermediates.noindex/PrecompiledHeaders
cd /Users/admin/builder/spi-builder-workspace/.swiftpm/xcode
builtin-create-build-directory /Users/admin/builder/spi-builder-workspace/.derivedData/Build/Intermediates.noindex/PrecompiledHeaders
CreateBuildDirectory /Users/admin/builder/spi-builder-workspace/.derivedData/Build/Intermediates.noindex/EagerLinkingTBDs/Debug-appletvos
cd /Users/admin/builder/spi-builder-workspace/.swiftpm/xcode
builtin-create-build-directory /Users/admin/builder/spi-builder-workspace/.derivedData/Build/Intermediates.noindex/EagerLinkingTBDs/Debug-appletvos
CreateBuildDirectory /Users/admin/builder/spi-builder-workspace/.derivedData/Build/Products/Debug-appletvos
cd /Users/admin/builder/spi-builder-workspace/.swiftpm/xcode
builtin-create-build-directory /Users/admin/builder/spi-builder-workspace/.derivedData/Build/Products/Debug-appletvos
CreateBuildDirectory /Users/admin/builder/spi-builder-workspace/.derivedData/Build/Products/Debug-appletvos/PackageFrameworks
cd /Users/admin/builder/spi-builder-workspace/.swiftpm/xcode
builtin-create-build-directory /Users/admin/builder/spi-builder-workspace/.derivedData/Build/Products/Debug-appletvos/PackageFrameworks
WriteAuxiliaryFile /Users/admin/builder/spi-builder-workspace/.derivedData/Build/Intermediates.noindex/PoseComparison.build/Debug-appletvos/PoseComparison-t.build/PoseComparison.DependencyStaticMetadataFileList (in target 'PoseComparison' from project 'PoseComparison')
cd /Users/admin/builder/spi-builder-workspace
write-file /Users/admin/builder/spi-builder-workspace/.derivedData/Build/Intermediates.noindex/PoseComparison.build/Debug-appletvos/PoseComparison-t.build/PoseComparison.DependencyStaticMetadataFileList
WriteAuxiliaryFile /Users/admin/builder/spi-builder-workspace/.derivedData/Build/Intermediates.noindex/PoseComparison.build/Debug-appletvos/PoseComparison-t.build/PoseComparison.modulemap (in target 'PoseComparison' from project 'PoseComparison')
cd /Users/admin/builder/spi-builder-workspace
write-file /Users/admin/builder/spi-builder-workspace/.derivedData/Build/Intermediates.noindex/PoseComparison.build/Debug-appletvos/PoseComparison-t.build/PoseComparison.modulemap
WriteAuxiliaryFile /Users/admin/builder/spi-builder-workspace/.derivedData/Build/Intermediates.noindex/PoseComparison.build/Debug-appletvos/PoseComparison-t.build/PoseComparison.DependencyMetadataFileList (in target 'PoseComparison' from project 'PoseComparison')
cd /Users/admin/builder/spi-builder-workspace
write-file /Users/admin/builder/spi-builder-workspace/.derivedData/Build/Intermediates.noindex/PoseComparison.build/Debug-appletvos/PoseComparison-t.build/PoseComparison.DependencyMetadataFileList
WriteAuxiliaryFile /Users/admin/builder/spi-builder-workspace/.derivedData/Build/Intermediates.noindex/PoseComparison.build/Debug-appletvos/PoseComparison-t.build/Objects-normal/arm64/PoseComparison_const_extract_protocols.json (in target 'PoseComparison' from project 'PoseComparison')
cd /Users/admin/builder/spi-builder-workspace
write-file /Users/admin/builder/spi-builder-workspace/.derivedData/Build/Intermediates.noindex/PoseComparison.build/Debug-appletvos/PoseComparison-t.build/Objects-normal/arm64/PoseComparison_const_extract_protocols.json
WriteAuxiliaryFile /Users/admin/builder/spi-builder-workspace/.derivedData/Build/Intermediates.noindex/PoseComparison.build/Debug-appletvos/PoseComparison-t.build/Objects-normal/arm64/PoseComparison.SwiftConstValuesFileList (in target 'PoseComparison' from project 'PoseComparison')
cd /Users/admin/builder/spi-builder-workspace
write-file /Users/admin/builder/spi-builder-workspace/.derivedData/Build/Intermediates.noindex/PoseComparison.build/Debug-appletvos/PoseComparison-t.build/Objects-normal/arm64/PoseComparison.SwiftConstValuesFileList
WriteAuxiliaryFile /Users/admin/builder/spi-builder-workspace/.derivedData/Build/Intermediates.noindex/PoseComparison.build/Debug-appletvos/PoseComparison-t.build/Objects-normal/arm64/PoseComparison.SwiftFileList (in target 'PoseComparison' from project 'PoseComparison')
cd /Users/admin/builder/spi-builder-workspace
write-file /Users/admin/builder/spi-builder-workspace/.derivedData/Build/Intermediates.noindex/PoseComparison.build/Debug-appletvos/PoseComparison-t.build/Objects-normal/arm64/PoseComparison.SwiftFileList
WriteAuxiliaryFile /Users/admin/builder/spi-builder-workspace/.derivedData/Build/Intermediates.noindex/PoseComparison.build/Debug-appletvos/PoseComparison-t.build/Objects-normal/arm64/PoseComparison-OutputFileMap.json (in target 'PoseComparison' from project 'PoseComparison')
cd /Users/admin/builder/spi-builder-workspace
write-file /Users/admin/builder/spi-builder-workspace/.derivedData/Build/Intermediates.noindex/PoseComparison.build/Debug-appletvos/PoseComparison-t.build/Objects-normal/arm64/PoseComparison-OutputFileMap.json
WriteAuxiliaryFile /Users/admin/builder/spi-builder-workspace/.derivedData/Build/Intermediates.noindex/PoseComparison.build/Debug-appletvos/PoseComparison-t.build/Objects-normal/arm64/PoseComparison.LinkFileList (in target 'PoseComparison' from project 'PoseComparison')
cd /Users/admin/builder/spi-builder-workspace
write-file /Users/admin/builder/spi-builder-workspace/.derivedData/Build/Intermediates.noindex/PoseComparison.build/Debug-appletvos/PoseComparison-t.build/Objects-normal/arm64/PoseComparison.LinkFileList
Copy /Users/admin/builder/spi-builder-workspace/.derivedData/Build/Intermediates.noindex/GeneratedModuleMaps-appletvos/PoseComparison.modulemap /Users/admin/builder/spi-builder-workspace/.derivedData/Build/Intermediates.noindex/PoseComparison.build/Debug-appletvos/PoseComparison-t.build/PoseComparison.modulemap (in target 'PoseComparison' from project 'PoseComparison')
cd /Users/admin/builder/spi-builder-workspace
builtin-copy -exclude .DS_Store -exclude CVS -exclude .svn -exclude .git -exclude .hg -resolve-src-symlinks /Users/admin/builder/spi-builder-workspace/.derivedData/Build/Intermediates.noindex/PoseComparison.build/Debug-appletvos/PoseComparison-t.build/PoseComparison.modulemap /Users/admin/builder/spi-builder-workspace/.derivedData/Build/Intermediates.noindex/GeneratedModuleMaps-appletvos
SwiftDriver PoseComparison normal arm64 com.apple.xcode.tools.swift.compiler (in target 'PoseComparison' from project 'PoseComparison')
cd /Users/admin/builder/spi-builder-workspace/.swiftpm/xcode
builtin-SwiftDriver -- /Applications/Xcode-27.0.0-Release.Candidate.app/Contents/Developer/Toolchains/XcodeDefault.xctoolchain/usr/bin/swiftc -parse-as-library -module-name PoseComparison -Onone @/Users/admin/builder/spi-builder-workspace/.derivedData/Build/Intermediates.noindex/PoseComparison.build/Debug-appletvos/PoseComparison-t.build/Objects-normal/arm64/PoseComparison.SwiftFileList -DSWIFT_PACKAGE -DDEBUG -DSWIFT_MODULE_RESOURCE_BUNDLE_UNAVAILABLE -DXcode -plugin-path /Applications/Xcode-27.0.0-Release.Candidate.app/Contents/Developer/Toolchains/XcodeDefault.xctoolchain/usr/lib/swift/host/plugins/testing -enable-experimental-feature DebugDescriptionMacro -sdk /Applications/Xcode-27.0.0-Release.Candidate.app/Contents/Developer/Platforms/AppleTVOS.platform/Developer/SDKs/AppleTVOS27.0.sdk -target arm64-apple-tvos15.0 -g -module-cache-path /Users/admin/builder/spi-builder-workspace/.derivedData/ModuleCache.noindex -Xfrontend -serialize-debugging-options -profile-coverage-mapping -profile-generate -enable-testing -index-store-path /Users/admin/builder/spi-builder-workspace/.derivedData/Index.noindex/DataStore -Xcc -D_LIBCPP_HARDENING_MODE\=_LIBCPP_HARDENING_MODE_DEBUG -swift-version 6 -I /Users/admin/builder/spi-builder-workspace/.derivedData/Build/Products/Debug-appletvos -Isystem /Applications/Xcode-27.0.0-Release.Candidate.app/Contents/Developer/Platforms/AppleTVOS.platform/Developer/usr/lib -F /Users/admin/builder/spi-builder-workspace/.derivedData/Build/Products/Debug-appletvos -F /Applications/Xcode-27.0.0-Release.Candidate.app/Contents/Developer/Platforms/AppleTVOS.platform/Developer/Library/Frameworks -F /Applications/Xcode-27.0.0-Release.Candidate.app/Contents/Developer/Platforms/AppleTVOS.platform/Developer/SDKs/AppleTVOS27.0.sdk/Developer/Library/Frameworks -c -j10 -enable-batch-mode -incremental -Xcc -ivfsstatcache -Xcc /Users/admin/builder/spi-builder-workspace/.derivedData/SDKStatCaches.noindex/appletvos27.0-24J360-e829b21a6f8c9b70876ba0858053c044b32bfd8d43560033f8d89884cdb90028.sdkstatcache -output-file-map /Users/admin/builder/spi-builder-workspace/.derivedData/Build/Intermediates.noindex/PoseComparison.build/Debug-appletvos/PoseComparison-t.build/Objects-normal/arm64/PoseComparison-OutputFileMap.json -save-temps -no-color-diagnostics -explicit-module-build -module-cache-path /Users/admin/builder/spi-builder-workspace/.derivedData/Build/Intermediates.noindex/SwiftExplicitPrecompiledModules -clang-scanner-module-cache-path /Users/admin/builder/spi-builder-workspace/.derivedData/ModuleCache.noindex -sdk-module-cache-path /Users/admin/builder/spi-builder-workspace/.derivedData/SDKExplicitPrecompiledModules -emit-dependencies -emit-module -emit-module-path /Users/admin/builder/spi-builder-workspace/.derivedData/Build/Intermediates.noindex/PoseComparison.build/Debug-appletvos/PoseComparison-t.build/Objects-normal/arm64/PoseComparison.swiftmodule -serialize-diagnostics -dependency-scan-serialize-diagnostics-path /Users/admin/builder/spi-builder-workspace/.derivedData/Build/Intermediates.noindex/PoseComparison.build/Debug-appletvos/PoseComparison-t.build/Objects-normal/arm64/PoseComparison-dependency-scan.dia -validate-clang-modules-once -clang-build-session-file /Users/admin/builder/spi-builder-workspace/.derivedData/ModuleCache.noindex/Session.modulevalidation -Xcc -fmodules-prune-interval\=86400 -Xcc -fmodules-prune-after\=345600 -package-name spi_builder_workspace -emit-const-values -const-gather-protocols-list /Users/admin/builder/spi-builder-workspace/.derivedData/Build/Intermediates.noindex/PoseComparison.build/Debug-appletvos/PoseComparison-t.build/Objects-normal/arm64/PoseComparison_const_extract_protocols.json -Xcc -I/Users/admin/builder/spi-builder-workspace/.derivedData/Build/Products/Debug-appletvos/include -Xcc -I/Users/admin/builder/spi-builder-workspace/.derivedData/Build/Intermediates.noindex/PoseComparison.build/Debug-appletvos/PoseComparison-t.build/DerivedSources-normal/arm64 -Xcc -I/Users/admin/builder/spi-builder-workspace/.derivedData/Build/Intermediates.noindex/PoseComparison.build/Debug-appletvos/PoseComparison-t.build/DerivedSources/arm64 -Xcc -I/Users/admin/builder/spi-builder-workspace/.derivedData/Build/Intermediates.noindex/PoseComparison.build/Debug-appletvos/PoseComparison-t.build/DerivedSources -Xcc -DSWIFT_PACKAGE -Xcc -DDEBUG\=1 -emit-objc-header -emit-objc-header-path /Users/admin/builder/spi-builder-workspace/.derivedData/Build/Intermediates.noindex/PoseComparison.build/Debug-appletvos/PoseComparison-t.build/Objects-normal/arm64/PoseComparison-Swift.h -working-directory /Users/admin/builder/spi-builder-workspace/.swiftpm/xcode -experimental-emit-module-separately -disable-cmo
SwiftExplicitDependencyGeneratePcm arm64 /Users/admin/builder/spi-builder-workspace/.derivedData/SDKExplicitPrecompiledModules/SwiftShims-73G9EXEO9PVWB6PL1BR4TAJ0B.pcm
SwiftExplicitDependencyGeneratePcm arm64 /Users/admin/builder/spi-builder-workspace/.derivedData/SDKExplicitPrecompiledModules/ptrauth-EMKXYE8GN9BK4M3ODSTVDUJU2.pcm
SwiftExplicitDependencyGeneratePcm arm64 /Users/admin/builder/spi-builder-workspace/.derivedData/SDKExplicitPrecompiledModules/_Builtin_stdbool-4UUPXTY52W6RPSB0N2WGGLTJT.pcm
SwiftExplicitDependencyGeneratePcm arm64 /Users/admin/builder/spi-builder-workspace/.derivedData/SDKExplicitPrecompiledModules/_SwiftConcurrencyShims-3HZGHPZQL3GY71QUHDRB0P39S.pcm
SwiftExplicitDependencyGeneratePcm arm64 /Users/admin/builder/spi-builder-workspace/.derivedData/SDKExplicitPrecompiledModules/_AvailabilityInternal-99L1JVU5TYE8S0FGGB7E09QQS.pcm
SwiftExplicitDependencyGeneratePcm arm64 /Users/admin/builder/spi-builder-workspace/.derivedData/SDKExplicitPrecompiledModules/_Builtin_stdarg-719DH4G2R3NRP3HRX5HE8WX08.pcm
SwiftExplicitDependencyGeneratePcm arm64 /Users/admin/builder/spi-builder-workspace/.derivedData/SDKExplicitPrecompiledModules/DeveloperToolsSupport-CJV8SY9BXJUTONPFWMLQEGTXA.pcm
SwiftExplicitDependencyGeneratePcm arm64 /Users/admin/builder/spi-builder-workspace/.derivedData/SDKExplicitPrecompiledModules/_Builtin_stddef-1MAO6P3OSQFGZFQEPM31XXNSS.pcm
SwiftExplicitDependencyGeneratePcm arm64 /Users/admin/builder/spi-builder-workspace/.derivedData/SDKExplicitPrecompiledModules/_Builtin_float-3RF4B70MBHPP952AX3GNZ8W3H.pcm
SwiftExplicitDependencyGeneratePcm arm64 /Users/admin/builder/spi-builder-workspace/.derivedData/SDKExplicitPrecompiledModules/ptrcheck-BA65H1NXYZJ0BLLWO9HZOAZ6Y.pcm
SwiftExplicitDependencyGeneratePcm arm64 /Users/admin/builder/spi-builder-workspace/.derivedData/SDKExplicitPrecompiledModules/_DarwinFoundation1-90NUFDXQ765U5FR62173FT21A.pcm
SwiftExplicitDependencyGeneratePcm arm64 /Users/admin/builder/spi-builder-workspace/.derivedData/SDKExplicitPrecompiledModules/_Builtin_limits-3JICJWOCEYXXXNXAMEJBF6UQN.pcm
SwiftExplicitDependencyGeneratePcm arm64 /Users/admin/builder/spi-builder-workspace/.derivedData/SDKExplicitPrecompiledModules/_DarwinFoundation2-EPKSYG5WMVE7WSPFQB4C0UC59.pcm
SwiftExplicitDependencyGeneratePcm arm64 /Users/admin/builder/spi-builder-workspace/.derivedData/SDKExplicitPrecompiledModules/_Builtin_tgmath-320K271Z6IM134IWIB7S3LTD.pcm
SwiftExplicitDependencyGeneratePcm arm64 /Users/admin/builder/spi-builder-workspace/.derivedData/SDKExplicitPrecompiledModules/string_h-B6D36UOVIZC2Y0YE3KEZLZAP6.pcm
SwiftExplicitDependencyGeneratePcm arm64 /Users/admin/builder/spi-builder-workspace/.derivedData/SDKExplicitPrecompiledModules/_Builtin_stdint-A8OKY0NXO26BZ4GWYKP79TKL9.pcm
SwiftExplicitDependencyGeneratePcm arm64 /Users/admin/builder/spi-builder-workspace/.derivedData/SDKExplicitPrecompiledModules/sys_types-CATSGLJDZ8UZUMKHO6M4I4PJT.pcm
SwiftExplicitDependencyGeneratePcm arm64 /Users/admin/builder/spi-builder-workspace/.derivedData/SDKExplicitPrecompiledModules/_DarwinFoundation3-63L5I5VCGX6CLI6HI7OWUXJN6.pcm
SwiftExplicitDependencyGeneratePcm arm64 /Users/admin/builder/spi-builder-workspace/.derivedData/SDKExplicitPrecompiledModules/_Builtin_intrinsics-AQDFY8KQQX9Z38C6EI15S53EQ.pcm
SwiftExplicitDependencyGeneratePcm arm64 /Users/admin/builder/spi-builder-workspace/.derivedData/SDKExplicitPrecompiledModules/_Builtin_stdatomic-71DQV8BR56LNANL900GGEC9KO.pcm
SwiftExplicitDependencyGeneratePcm arm64 /Users/admin/builder/spi-builder-workspace/.derivedData/SDKExplicitPrecompiledModules/_Builtin_inttypes-80RS02PM2X81SP8N0Q7X05540.pcm
SwiftExplicitDependencyGeneratePcm arm64 /Users/admin/builder/spi-builder-workspace/.derivedData/SDKExplicitPrecompiledModules/Darwin-1VTILT8KA42CNDAUB0H1FM7MC.pcm
SwiftExplicitDependencyGeneratePcm arm64 /Users/admin/builder/spi-builder-workspace/.derivedData/SDKExplicitPrecompiledModules/simd-D50CDGAQRFNF5E2BA2UWCCHLJ.pcm
SwiftExplicitDependencyGeneratePcm arm64 /Users/admin/builder/spi-builder-workspace/.derivedData/SDKExplicitPrecompiledModules/Compression-4C215GXPZ62IW32XYKF7FT3RI.pcm
SwiftExplicitDependencyGeneratePcm arm64 /Users/admin/builder/spi-builder-workspace/.derivedData/SDKExplicitPrecompiledModules/ObjectiveC-CC0BYHG21IQMMT48PGDNSK7G6.pcm
SwiftExplicitDependencyGeneratePcm arm64 /Users/admin/builder/spi-builder-workspace/.derivedData/SDKExplicitPrecompiledModules/MachO-A5KLTMTLJD1DPHEYPZHUSRJ4O.pcm
SwiftExplicitDependencyGeneratePcm arm64 /Users/admin/builder/spi-builder-workspace/.derivedData/SDKExplicitPrecompiledModules/os_object-1TJLDNS7X3UT7Y5TM4QQ2RN6G.pcm
SwiftExplicitDependencyGeneratePcm arm64 /Users/admin/builder/spi-builder-workspace/.derivedData/SDKExplicitPrecompiledModules/os_workgroup-E61GF9E8FAHZGKXVOV9QHUD27.pcm
SwiftExplicitDependencyGeneratePcm arm64 /Users/admin/builder/spi-builder-workspace/.derivedData/SDKExplicitPrecompiledModules/Spatial-2KZFBWN278VTZL619Y96SAJC9.pcm
SwiftExplicitDependencyGeneratePcm arm64 /Users/admin/builder/spi-builder-workspace/.derivedData/SDKExplicitPrecompiledModules/Dispatch-F564M6B2H1RRD83XZ8EBWFSHE.pcm
SwiftExplicitDependencyGeneratePcm arm64 /Users/admin/builder/spi-builder-workspace/.derivedData/SDKExplicitPrecompiledModules/XPC-2WVXL0UION0MYZOZAJZC6DUXD.pcm
SwiftExplicitDependencyGeneratePcm arm64 /Users/admin/builder/spi-builder-workspace/.derivedData/SDKExplicitPrecompiledModules/CoreFoundation-A4LOYEEJIFQKOPZRDOG9M3N2K.pcm
SwiftExplicitDependencyGeneratePcm arm64 /Users/admin/builder/spi-builder-workspace/.derivedData/SDKExplicitPrecompiledModules/os-4NLIUP5HHN7FW5ML70YLEU8QE.pcm
SwiftExplicitDependencyGeneratePcm arm64 /Users/admin/builder/spi-builder-workspace/.derivedData/SDKExplicitPrecompiledModules/CFNetwork-8S7XZ5SI3TWM2JOZPDZPRY8W9.pcm
SwiftExplicitDependencyGeneratePcm arm64 /Users/admin/builder/spi-builder-workspace/.derivedData/SDKExplicitPrecompiledModules/CoreAudioTypes-3D575H9KXE9GWSK6ZWEWBV9TM.pcm
SwiftExplicitDependencyGeneratePcm arm64 /Users/admin/builder/spi-builder-workspace/.derivedData/SDKExplicitPrecompiledModules/Security-6KU6X9W8QDIJW83JUF0DRES83.pcm
SwiftExplicitDependencyGeneratePcm arm64 /Users/admin/builder/spi-builder-workspace/.derivedData/SDKExplicitPrecompiledModules/CoreGraphics-D8Y0X4J52BHG7HHUQLTX6SXE1.pcm
SwiftExplicitDependencyGeneratePcm arm64 /Users/admin/builder/spi-builder-workspace/.derivedData/SDKExplicitPrecompiledModules/CoreAudio-46JNU59TK6U76A9ILN06CT9NS.pcm
SwiftExplicitDependencyGeneratePcm arm64 /Users/admin/builder/spi-builder-workspace/.derivedData/SDKExplicitPrecompiledModules/Foundation-1AS5K10MY6XENLLR2NDUCKYTM.pcm
SwiftExplicitDependencyGeneratePcm arm64 /Users/admin/builder/spi-builder-workspace/.derivedData/SDKExplicitPrecompiledModules/ImageIO-48DA7ET77Q34HPZP9CPHI9VS4.pcm
SwiftExplicitDependencyGeneratePcm arm64 /Users/admin/builder/spi-builder-workspace/.derivedData/SDKExplicitPrecompiledModules/CoreText-E0GG8D3D527TJX7D2QEHFQLM2.pcm
SwiftExplicitDependencyGeneratePcm arm64 /Users/admin/builder/spi-builder-workspace/.derivedData/SDKExplicitPrecompiledModules/DataDetection-9IX0C1MAX33MS6TCZDSNKXEO8.pcm
SwiftExplicitDependencyGeneratePcm arm64 /Users/admin/builder/spi-builder-workspace/.derivedData/SDKExplicitPrecompiledModules/OSLog-1UX1YGRJSIOEO9YC3MNFFD818.pcm
SwiftExplicitDependencyGeneratePcm arm64 /Users/admin/builder/spi-builder-workspace/.derivedData/SDKExplicitPrecompiledModules/UIUtilities-9NQVCWATNLLVY125LB74695HY.pcm
SwiftExplicitDependencyGeneratePcm arm64 /Users/admin/builder/spi-builder-workspace/.derivedData/SDKExplicitPrecompiledModules/Symbols-9TNA7JIKOEYVTYC7A16HCS4Z8.pcm
SwiftExplicitDependencyGeneratePcm arm64 /Users/admin/builder/spi-builder-workspace/.derivedData/SDKExplicitPrecompiledModules/Accessibility-EAPB6A95K5V0S27QNKR6ATG7F.pcm
SwiftExplicitDependencyGeneratePcm arm64 /Users/admin/builder/spi-builder-workspace/.derivedData/SDKExplicitPrecompiledModules/CoreTransferable-84B3V3M9DHRIQERK179SSQO5U.pcm
SwiftExplicitDependencyGeneratePcm arm64 /Users/admin/builder/spi-builder-workspace/.derivedData/SDKExplicitPrecompiledModules/AVRouting-1D04U5TBLVBV1SGX0SZE8SJLX.pcm
SwiftExplicitDependencyGeneratePcm arm64 /Users/admin/builder/spi-builder-workspace/.derivedData/SDKExplicitPrecompiledModules/CoreMIDI-B30Z2AL3XECIIRY4VF47O5AZP.pcm
SwiftExplicitDependencyGeneratePcm arm64 /Users/admin/builder/spi-builder-workspace/.derivedData/SDKExplicitPrecompiledModules/_LocationEssentials-2OY9351FRBO717MIULOKMYA9E.pcm
SwiftExplicitDependencyGeneratePcm arm64 /Users/admin/builder/spi-builder-workspace/.derivedData/SDKExplicitPrecompiledModules/UserNotifications-AKH3GC0FQWUK55FNTW4WEMFQE.pcm
SwiftExplicitDependencyGeneratePcm arm64 /Users/admin/builder/spi-builder-workspace/.derivedData/SDKExplicitPrecompiledModules/UniformTypeIdentifiers-DQ77M7R0D7VCBK0YUO3VHCRB1.pcm
SwiftExplicitDependencyGeneratePcm arm64 /Users/admin/builder/spi-builder-workspace/.derivedData/SDKExplicitPrecompiledModules/IOSurface-DEQULTJ8SC21O986FDCNTM8FX.pcm
SwiftExplicitDependencyGeneratePcm arm64 /Users/admin/builder/spi-builder-workspace/.derivedData/SDKExplicitPrecompiledModules/CoreLocation-6939X9DMB2SA43P0TYB7Z14Z5.pcm
SwiftExplicitDependencyGeneratePcm arm64 /Users/admin/builder/spi-builder-workspace/.derivedData/SDKExplicitPrecompiledModules/AudioToolbox-9V31DICOPA27I0F5R9SY4TSML.pcm
SwiftExplicitDependencyGeneratePcm arm64 /Users/admin/builder/spi-builder-workspace/.derivedData/SDKExplicitPrecompiledModules/Metal-52GB3RCZ6A2WEZ7RWCXV2WL0N.pcm
SwiftExplicitDependencyGeneratePcm arm64 /Users/admin/builder/spi-builder-workspace/.derivedData/SDKExplicitPrecompiledModules/OpenGLES-6Y33D4DDPO1R82EJXT1SIGNPS.pcm
SwiftExplicitDependencyGeneratePcm arm64 /Users/admin/builder/spi-builder-workspace/.derivedData/SDKExplicitPrecompiledModules/CoreVideo-5G4VAY32QMJB00PUALI6188LK.pcm
SwiftExplicitDependencyGeneratePcm arm64 /Users/admin/builder/spi-builder-workspace/.derivedData/SDKExplicitPrecompiledModules/CoreImage-ATUQ374FIDJPA1DF5BLR644CG.pcm
SwiftExplicitDependencyGeneratePcm arm64 /Users/admin/builder/spi-builder-workspace/.derivedData/SDKExplicitPrecompiledModules/CoreMedia-43BPYBY7ZACBDCUTAJXJFLTBP.pcm
SwiftExplicitDependencyGeneratePcm arm64 /Users/admin/builder/spi-builder-workspace/.derivedData/SDKExplicitPrecompiledModules/QuartzCore-DSNZZA81DYNK4OK1ANRR6HM7G.pcm
SwiftExplicitDependencyGeneratePcm arm64 /Users/admin/builder/spi-builder-workspace/.derivedData/SDKExplicitPrecompiledModules/CoreML-58PT9MNCYYDOS9HHP0R0TZG29.pcm
SwiftExplicitDependencyGeneratePcm arm64 /Users/admin/builder/spi-builder-workspace/.derivedData/SDKExplicitPrecompiledModules/Accelerate-4OM38ARAUSAKBIDE0QD1Z5KTS.pcm
SwiftExplicitDependencyGeneratePcm arm64 /Users/admin/builder/spi-builder-workspace/.derivedData/SDKExplicitPrecompiledModules/SwiftUICore-7SJQ9GB90ACGZV5NB09LFJIRX.pcm
SwiftExplicitDependencyGeneratePcm arm64 /Users/admin/builder/spi-builder-workspace/.derivedData/SDKExplicitPrecompiledModules/UIKit-42T2ZGON9LDZUXRIAUKELQ554.pcm
SwiftExplicitDependencyGeneratePcm arm64 /Users/admin/builder/spi-builder-workspace/.derivedData/SDKExplicitPrecompiledModules/VideoToolbox-6AXV5B7IB0FN5DXUTUG5ITQEA.pcm
SwiftExplicitDependencyGeneratePcm arm64 /Users/admin/builder/spi-builder-workspace/.derivedData/SDKExplicitPrecompiledModules/Vision-7UNAV4TW03Y9FPD9HLO4RWOAQ.pcm
SwiftExplicitDependencyGeneratePcm arm64 /Users/admin/builder/spi-builder-workspace/.derivedData/SDKExplicitPrecompiledModules/MediaToolbox-BE3KU6HBZSJI7WDP3WV3ZD4H.pcm
SwiftExplicitDependencyGeneratePcm arm64 /Users/admin/builder/spi-builder-workspace/.derivedData/SDKExplicitPrecompiledModules/AVFAudio-8NW4NDEP5052P5EQPU4CJYSUE.pcm
SwiftExplicitDependencyGeneratePcm arm64 /Users/admin/builder/spi-builder-workspace/.derivedData/SDKExplicitPrecompiledModules/AVFoundation-EIWJ6PBPOZ2W1SBMRDTGJLC8P.pcm
SwiftEmitModule normal arm64 Emitting\ module\ for\ PoseComparison (in target 'PoseComparison' from project 'PoseComparison')
/Users/admin/builder/spi-builder-workspace/Sources/PoseComparison/PoseComparison.swift:34:2: error: 'Observable()' is only available in tvOS 17.0 or newer
32 | // MARK: - BodyClassifier
33 | @available(iOS 17.0, *)
34 | @Observable
| `- error: 'Observable()' is only available in tvOS 17.0 or newer
35 | public class BodyClassifier {
36 | public init() {}
macro expansion @Observable:1:2: error: 'ObservationIgnored()' is only available in tvOS 17.0 or newer
`- /Users/admin/builder/spi-builder-workspace/Sources/PoseComparison/PoseComparison.swift:113:1: note: expanded code originates here
32 | // MARK: - BodyClassifier
33 | @available(iOS 17.0, *)
34 | @Observable
| `- note: in expansion of macro 'Observable' on class 'BodyClassifier' here
35 | public class BodyClassifier {
| `- note: add '@available' attribute to enclosing class
36 | public init() {}
37 |
:
111 | points: points)
112 | }
113 | }
+--- macro expansion @Observable -----------------------------------
| 1 | @ObservationIgnored private let _$observationRegistrar = Observation.ObservationRegistrar()
| | `- error: 'ObservationIgnored()' is only available in tvOS 17.0 or newer
| 2 |
| 3 | internal nonisolated func access<$s14PoseComparison14BodyClassifier10ObservablefMm_6MemberfMu_>(
+-------------------------------------------------------------------
114 |
115 |
macro expansion @Observable:1:70: error: 'ObservationRegistrar' is only available in tvOS 17.0 or newer
`- /Users/admin/builder/spi-builder-workspace/Sources/PoseComparison/PoseComparison.swift:113:1: note: expanded code originates here
32 | // MARK: - BodyClassifier
33 | @available(iOS 17.0, *)
34 | @Observable
| `- note: in expansion of macro 'Observable' on class 'BodyClassifier' here
35 | public class BodyClassifier {
| `- note: add '@available' attribute to enclosing class
36 | public init() {}
37 |
:
111 | points: points)
112 | }
113 | }
+--- macro expansion @Observable -----------------------------------
| 1 | @ObservationIgnored private let _$observationRegistrar = Observation.ObservationRegistrar()
| | `- error: 'ObservationRegistrar' is only available in tvOS 17.0 or newer
| 2 |
| 3 | internal nonisolated func access<$s14PoseComparison14BodyClassifier10ObservablefMm_6MemberfMu_>(
+-------------------------------------------------------------------
114 |
115 |
/Users/admin/builder/spi-builder-workspace/Sources/PoseComparison/PoseComparison.swift:34:2: error: 'Observable()' is only available in tvOS 17.0 or newer
32 | // MARK: - BodyClassifier
33 | @available(iOS 17.0, *)
34 | @Observable
| `- error: 'Observable()' is only available in tvOS 17.0 or newer
35 | public class BodyClassifier {
| `- note: add '@available' attribute to enclosing class
36 | public init() {}
37 |
Failed frontend command:
SwiftCompile normal arm64 (in target 'PoseComparison' from project 'PoseComparison')
cd /Users/admin/builder/spi-builder-workspace/.swiftpm/xcode
/Applications/Xcode-27.0.0-Release.Candidate.app/Contents/Developer/Toolchains/XcodeDefault.xctoolchain/usr/bin/swift-frontend -frontend -emit-module -experimental-skip-non-inlinable-function-bodies-without-types /Users/admin/builder/spi-builder-workspace/Sources/PoseComparison/PoseComparison.swift -target arm64-apple-tvos15.0 -disable-cross-import-overlay-search -swift-module-cross-import Vision /Applications/Xcode-27.0.0-Release.Candidate.app/Contents/Developer/Platforms/AppleTVOS.platform/Developer/SDKs/AppleTVOS.sdk/System/Library/Frameworks/Vision.framework/Modules/Vision.swiftcrossimport/FoundationModels.swiftoverlay -swift-module-cross-import Vision /Applications/Xcode-27.0.0-Release.Candidate.app/Contents/Developer/Platforms/AppleTVOS.platform/Developer/SDKs/AppleTVOS27.0.sdk/System/Library/Frameworks/Vision.framework/Modules/Vision.swiftcrossimport/FoundationModels.swiftoverlay -load-resolved-plugin /Applications/Xcode-27.0.0-Release.Candidate.app/Contents/Developer/Platforms/AppleTVOS.platform/Developer/usr/lib/swift/host/plugins/libFoundationMacros.dylib\#/Applications/Xcode-27.0.0-Release.Candidate.app/Contents/Developer/Platforms/AppleTVOS.platform/Developer/usr/bin/swift-plugin-server\#FoundationMacros -load-resolved-plugin /Applications/Xcode-27.0.0-Release.Candidate.app/Contents/Developer/Platforms/AppleTVOS.platform/Developer/usr/lib/swift/host/plugins/libObservationMacros.dylib\#/Applications/Xcode-27.0.0-Release.Candidate.app/Contents/Developer/Platforms/AppleTVOS.platform/Developer/usr/bin/swift-plugin-server\#ObservationMacros -load-resolved-plugin /Applications/Xcode-27.0.0-Release.Candidate.app/Contents/Developer/Platforms/AppleTVOS.platform/Developer/usr/lib/swift/host/plugins/libPreviewsMacros.dylib\#/Applications/Xcode-27.0.0-Release.Candidate.app/Contents/Developer/Platforms/AppleTVOS.platform/Developer/usr/bin/swift-plugin-server\#PreviewsMacros -load-resolved-plugin /Applications/Xcode-27.0.0-Release.Candidate.app/Contents/Developer/Platforms/AppleTVOS.platform/Developer/usr/lib/swift/host/plugins/libSwiftMacros.dylib\#/Applications/Xcode-27.0.0-Release.Candidate.app/Contents/Developer/Platforms/AppleTVOS.platform/Developer/usr/bin/swift-plugin-server\#SwiftMacros -load-resolved-plugin /Applications/Xcode-27.0.0-Release.Candidate.app/Contents/Developer/Platforms/AppleTVOS.platform/Developer/usr/lib/swift/host/plugins/libSwiftUIMacros.dylib\#/Applications/Xcode-27.0.0-Release.Candidate.app/Contents/Developer/Platforms/AppleTVOS.platform/Developer/usr/bin/swift-plugin-server\#SwiftUIMacros -disable-implicit-swift-modules -Xcc -fno-implicit-modules -Xcc -fno-implicit-module-maps -explicit-swift-module-map-file /Users/admin/builder/spi-builder-workspace/.derivedData/Build/Intermediates.noindex/PoseComparison.build/Debug-appletvos/PoseComparison-t.build/Objects-normal/arm64/PoseComparison-dependencies-1.json -Xllvm -aarch64-use-tbi -enable-objc-interop -stack-check -sdk /Applications/Xcode-27.0.0-Release.Candidate.app/Contents/Developer/Platforms/AppleTVOS.platform/Developer/SDKs/AppleTVOS27.0.sdk -I /Users/admin/builder/spi-builder-workspace/.derivedData/Build/Products/Debug-appletvos -Isystem /Applications/Xcode-27.0.0-Release.Candidate.app/Contents/Developer/Platforms/AppleTVOS.platform/Developer/usr/lib -F /Users/admin/builder/spi-builder-workspace/.derivedData/Build/Products/Debug-appletvos -F /Applications/Xcode-27.0.0-Release.Candidate.app/Contents/Developer/Platforms/AppleTVOS.platform/Developer/Library/Frameworks -F /Applications/Xcode-27.0.0-Release.Candidate.app/Contents/Developer/Platforms/AppleTVOS.platform/Developer/SDKs/AppleTVOS27.0.sdk/Developer/Library/Frameworks -module-cache-path /Users/admin/builder/spi-builder-workspace/.derivedData/Build/Intermediates.noindex/SwiftExplicitPrecompiledModules -no-color-diagnostics -Xcc -fno-color-diagnostics -enable-testing -g -debug-info-format\=dwarf -dwarf-version\=4 -profile-generate -profile-coverage-mapping -swift-version 6 -Onone -D SWIFT_PACKAGE -D DEBUG -D SWIFT_MODULE_RESOURCE_BUNDLE_UNAVAILABLE -D Xcode -serialize-debugging-options -enable-experimental-feature DebugDescriptionMacro -empty-abi-descriptor -validate-clang-modules-once -clang-build-session-file /Users/admin/builder/spi-builder-workspace/.derivedData/ModuleCache.noindex/Session.modulevalidation -Xcc -working-directory -Xcc /Users/admin/builder/spi-builder-workspace/.swiftpm/xcode -enable-anonymous-context-mangled-names -file-compilation-dir /Users/admin/builder/spi-builder-workspace/.swiftpm/xcode -Xcc -D_LIBCPP_HARDENING_MODE\=_LIBCPP_HARDENING_MODE_DEBUG -Xcc -ivfsstatcache -Xcc /Users/admin/builder/spi-builder-workspace/.derivedData/SDKStatCaches.noindex/appletvos27.0-24J360-e829b21a6f8c9b70876ba0858053c044b32bfd8d43560033f8d89884cdb90028.sdkstatcache -Xcc -fmodules-prune-interval\=86400 -Xcc -fmodules-prune-after\=345600 -Xcc -I/Users/admin/builder/spi-builder-workspace/.derivedData/Build/Products/Debug-appletvos/include -Xcc -I/Users/admin/builder/spi-builder-workspace/.derivedData/Build/Intermediates.noindex/PoseComparison.build/Debug-appletvos/PoseComparison-t.build/DerivedSources-normal/arm64 -Xcc -I/Users/admin/builder/spi-builder-workspace/.derivedData/Build/Intermediates.noindex/PoseComparison.build/Debug-appletvos/PoseComparison-t.build/DerivedSources/arm64 -Xcc -I/Users/admin/builder/spi-builder-workspace/.derivedData/Build/Intermediates.noindex/PoseComparison.build/Debug-appletvos/PoseComparison-t.build/DerivedSources -Xcc -DSWIFT_PACKAGE -Xcc -DDEBUG\=1 -no-auto-bridging-header-chaining -module-name PoseComparison -package-name spi_builder_workspace -const-gather-protocols-file /Users/admin/builder/spi-builder-workspace/.derivedData/Build/Intermediates.noindex/PoseComparison.build/Debug-appletvos/PoseComparison-t.build/Objects-normal/arm64/PoseComparison_const_extract_protocols.json -disable-clang-spi -clang-target arm64-apple-tvos27.0 -target-sdk-version 27.0 -target-sdk-name appletvos27.0 -in-process-plugin-server-path /Applications/Xcode-27.0.0-Release.Candidate.app/Contents/Developer/Toolchains/XcodeDefault.xctoolchain/usr/lib/swift/host/libSwiftInProcPluginServer.dylib -emit-module-doc-path /Users/admin/builder/spi-builder-workspace/.derivedData/Build/Intermediates.noindex/PoseComparison.build/Debug-appletvos/PoseComparison-t.build/Objects-normal/arm64/PoseComparison.swiftdoc -emit-module-source-info-path /Users/admin/builder/spi-builder-workspace/.derivedData/Build/Intermediates.noindex/PoseComparison.build/Debug-appletvos/PoseComparison-t.build/Objects-normal/arm64/PoseComparison.swiftsourceinfo -emit-objc-header-path /Users/admin/builder/spi-builder-workspace/.derivedData/Build/Intermediates.noindex/PoseComparison.build/Debug-appletvos/PoseComparison-t.build/Objects-normal/arm64/PoseComparison-Swift.h -serialize-diagnostics-path /Users/admin/builder/spi-builder-workspace/.derivedData/Build/Intermediates.noindex/PoseComparison.build/Debug-appletvos/PoseComparison-t.build/Objects-normal/arm64/PoseComparison-primary-emit-module.dia -emit-dependencies-path /Users/admin/builder/spi-builder-workspace/.derivedData/Build/Intermediates.noindex/PoseComparison.build/Debug-appletvos/PoseComparison-t.build/Objects-normal/arm64/PoseComparison-primary-emit-module.d -parse-as-library -o /Users/admin/builder/spi-builder-workspace/.derivedData/Build/Intermediates.noindex/PoseComparison.build/Debug-appletvos/PoseComparison-t.build/Objects-normal/arm64/PoseComparison.swiftmodule -emit-abi-descriptor-path /Users/admin/builder/spi-builder-workspace/.derivedData/Build/Intermediates.noindex/PoseComparison.build/Debug-appletvos/PoseComparison-t.build/Objects-normal/arm64/PoseComparison.abi.json
SwiftCompile normal arm64 Compiling\ PoseComparison.swift /Users/admin/builder/spi-builder-workspace/Sources/PoseComparison/PoseComparison.swift (in target 'PoseComparison' from project 'PoseComparison')
SwiftCompile normal arm64 /Users/admin/builder/spi-builder-workspace/Sources/PoseComparison/PoseComparison.swift (in target 'PoseComparison' from project 'PoseComparison')
cd /Users/admin/builder/spi-builder-workspace/.swiftpm/xcode
builtin-SwiftPerFileCompile PoseComparison.swift
/Users/admin/builder/spi-builder-workspace/Sources/PoseComparison/PoseComparison.swift:34:2: error: 'Observable()' is only available in tvOS 17.0 or newer
32 | // MARK: - BodyClassifier
33 | @available(iOS 17.0, *)
34 | @Observable
| `- error: 'Observable()' is only available in tvOS 17.0 or newer
35 | public class BodyClassifier {
36 | public init() {}
macro expansion @Observable:1:2: error: 'ObservationIgnored()' is only available in tvOS 17.0 or newer
`- /Users/admin/builder/spi-builder-workspace/Sources/PoseComparison/PoseComparison.swift:113:1: note: expanded code originates here
32 | // MARK: - BodyClassifier
33 | @available(iOS 17.0, *)
34 | @Observable
| `- note: in expansion of macro 'Observable' on class 'BodyClassifier' here
35 | public class BodyClassifier {
| `- note: add '@available' attribute to enclosing class
36 | public init() {}
37 |
:
111 | points: points)
112 | }
113 | }
+--- macro expansion @Observable -----------------------------------
| 1 | @ObservationIgnored private let _$observationRegistrar = Observation.ObservationRegistrar()
| | `- error: 'ObservationIgnored()' is only available in tvOS 17.0 or newer
| 2 |
| 3 | internal nonisolated func access<$s14PoseComparison14BodyClassifier10ObservablefMm_6MemberfMu_>(
+-------------------------------------------------------------------
114 |
115 |
macro expansion @Observable:1:70: error: 'ObservationRegistrar' is only available in tvOS 17.0 or newer
`- /Users/admin/builder/spi-builder-workspace/Sources/PoseComparison/PoseComparison.swift:113:1: note: expanded code originates here
32 | // MARK: - BodyClassifier
33 | @available(iOS 17.0, *)
34 | @Observable
| `- note: in expansion of macro 'Observable' on class 'BodyClassifier' here
35 | public class BodyClassifier {
| `- note: add '@available' attribute to enclosing class
36 | public init() {}
37 |
:
111 | points: points)
112 | }
113 | }
+--- macro expansion @Observable -----------------------------------
| 1 | @ObservationIgnored private let _$observationRegistrar = Observation.ObservationRegistrar()
| | `- error: 'ObservationRegistrar' is only available in tvOS 17.0 or newer
| 2 |
| 3 | internal nonisolated func access<$s14PoseComparison14BodyClassifier10ObservablefMm_6MemberfMu_>(
+-------------------------------------------------------------------
114 |
115 |
PruneExplicitPrecompiledModules /Users/admin/builder/spi-builder-workspace/.derivedData/Build/Intermediates.noindex/SwiftExplicitPrecompiledModules
PruneExplicitPrecompiledModules /Users/admin/builder/spi-builder-workspace/.derivedData/SDKExplicitPrecompiledModules
PruneExplicitPrecompiledModules /Users/admin/builder/spi-builder-workspace/.derivedData/Build/Intermediates.noindex/ExplicitPrecompiledModules
2026-09-23 07:43:19.850 xcodebuild[627:3856] [MT] IDERunDestination: Supported platforms for the buildables in the current scheme is empty.
** BUILD FAILED **
The following build commands failed:
SwiftCompile normal arm64 (in target 'PoseComparison' from project 'PoseComparison')
SwiftEmitModule normal arm64 Emitting\ module\ for\ PoseComparison (in target 'PoseComparison' from project 'PoseComparison')
Building workspace PoseComparison with scheme PoseComparison
(3 failures)
Command line invocation:
/Applications/Xcode-27.0.0-Release.Candidate.app/Contents/Developer/usr/bin/xcodebuild -IDEClonedSourcePackagesDirPathOverride=/Users/admin/builder/spi-builder-workspace/.dependencies -resolvePackageDependencies
Resolve Package Graph
Resolved source packages:
PoseComparison: /Users/admin/builder/spi-builder-workspace
resolved source packages: PoseComparison
2026-09-23 07:43:26.009 xcodebuild[741:4419] [MT] IDERunDestination: Supported platforms for the buildables in the current scheme is empty.
{
"dependencies" : [
],
"manifest_display_name" : "PoseComparison",
"name" : "PoseComparison",
"path" : "/Users/admin/builder/spi-builder-workspace",
"platforms" : [
{
"name" : "ios",
"version" : "14.0"
}
],
"products" : [
{
"name" : "PoseComparison",
"targets" : [
"PoseComparison"
],
"type" : {
"library" : [
"automatic"
]
}
}
],
"targets" : [
{
"c99name" : "PoseComparisonTests",
"module_type" : "SwiftTarget",
"name" : "PoseComparisonTests",
"path" : "Tests/PoseComparisonTests",
"sources" : [
"PoseComparisonTests.swift"
],
"target_dependencies" : [
"PoseComparison"
],
"type" : "test"
},
{
"c99name" : "PoseComparison",
"module_type" : "SwiftTarget",
"name" : "PoseComparison",
"path" : "Sources/PoseComparison",
"product_memberships" : [
"PoseComparison"
],
"sources" : [
"PoseComparison.swift"
],
"type" : "library"
}
],
"tools_version" : "6.1"
}
{
"workspace" : {
"name" : "PoseComparison",
"schemes" : [
"PoseComparison"
]
}
}
2026-09-23 07:43:27.260 xcodebuild[749:4486] [MT] IDERunDestination: Supported platforms for the buildables in the current scheme is empty.
Running build ...
env DEVELOPER_DIR=/Applications/Xcode-27.0.0-Release.Candidate.app xcrun xcodebuild -IDEClonedSourcePackagesDirPathOverride=$PWD/.dependencies -skipMacroValidation -skipPackagePluginValidation -derivedDataPath $PWD/.derivedData build -scheme PoseComparison -destination generic/platform=tvOS
Command line invocation:
/Applications/Xcode-27.0.0-Release.Candidate.app/Contents/Developer/usr/bin/xcodebuild -IDEClonedSourcePackagesDirPathOverride=/Users/admin/builder/spi-builder-workspace/.dependencies -skipMacroValidation -skipPackagePluginValidation -derivedDataPath /Users/admin/builder/spi-builder-workspace/.derivedData build -scheme PoseComparison -destination generic/platform=tvOS
Resolve Package Graph
Resolved source packages:
PoseComparison: /Users/admin/builder/spi-builder-workspace
ComputePackagePrebuildTargetDependencyGraph
Prepare packages
CreateBuildRequest
SendProjectDescription
CreateBuildOperation
ComputeTargetDependencyGraph
note: Building targets in dependency order
note: Target dependency graph (2 targets)
Target 'PoseComparison-product' in project 'PoseComparison'
➜ Explicit dependency on target 'PoseComparison' in project 'PoseComparison'
Target 'PoseComparison' in project 'PoseComparison' (no dependencies)
GatherProvisioningInputs
CreateBuildDescription
ClangStatCache /Applications/Xcode-27.0.0-Release.Candidate.app/Contents/Developer/Toolchains/XcodeDefault.xctoolchain/usr/bin/clang-stat-cache /Applications/Xcode-27.0.0-Release.Candidate.app/Contents/Developer/Platforms/AppleTVOS.platform/Developer/SDKs/AppleTVOS27.0.sdk /Users/admin/builder/spi-builder-workspace/.derivedData/SDKStatCaches.noindex/appletvos27.0-24J360-e829b21a6f8c9b70876ba0858053c044b32bfd8d43560033f8d89884cdb90028.sdkstatcache
cd /Users/admin/builder/spi-builder-workspace/.swiftpm/xcode
/Applications/Xcode-27.0.0-Release.Candidate.app/Contents/Developer/Toolchains/XcodeDefault.xctoolchain/usr/bin/clang-stat-cache /Applications/Xcode-27.0.0-Release.Candidate.app/Contents/Developer/Platforms/AppleTVOS.platform/Developer/SDKs/AppleTVOS27.0.sdk -o /Users/admin/builder/spi-builder-workspace/.derivedData/SDKStatCaches.noindex/appletvos27.0-24J360-e829b21a6f8c9b70876ba0858053c044b32bfd8d43560033f8d89884cdb90028.sdkstatcache
SwiftDriver PoseComparison normal arm64 com.apple.xcode.tools.swift.compiler (in target 'PoseComparison' from project 'PoseComparison')
cd /Users/admin/builder/spi-builder-workspace/.swiftpm/xcode
builtin-SwiftDriver -- /Applications/Xcode-27.0.0-Release.Candidate.app/Contents/Developer/Toolchains/XcodeDefault.xctoolchain/usr/bin/swiftc -parse-as-library -module-name PoseComparison -Onone @/Users/admin/builder/spi-builder-workspace/.derivedData/Build/Intermediates.noindex/PoseComparison.build/Debug-appletvos/PoseComparison-t.build/Objects-normal/arm64/PoseComparison.SwiftFileList -DSWIFT_PACKAGE -DDEBUG -DSWIFT_MODULE_RESOURCE_BUNDLE_UNAVAILABLE -DXcode -plugin-path /Applications/Xcode-27.0.0-Release.Candidate.app/Contents/Developer/Toolchains/XcodeDefault.xctoolchain/usr/lib/swift/host/plugins/testing -enable-experimental-feature DebugDescriptionMacro -sdk /Applications/Xcode-27.0.0-Release.Candidate.app/Contents/Developer/Platforms/AppleTVOS.platform/Developer/SDKs/AppleTVOS27.0.sdk -target arm64-apple-tvos15.0 -g -module-cache-path /Users/admin/builder/spi-builder-workspace/.derivedData/ModuleCache.noindex -Xfrontend -serialize-debugging-options -profile-coverage-mapping -profile-generate -enable-testing -index-store-path /Users/admin/builder/spi-builder-workspace/.derivedData/Index.noindex/DataStore -Xcc -D_LIBCPP_HARDENING_MODE\=_LIBCPP_HARDENING_MODE_DEBUG -swift-version 6 -I /Users/admin/builder/spi-builder-workspace/.derivedData/Build/Products/Debug-appletvos -Isystem /Applications/Xcode-27.0.0-Release.Candidate.app/Contents/Developer/Platforms/AppleTVOS.platform/Developer/usr/lib -F /Users/admin/builder/spi-builder-workspace/.derivedData/Build/Products/Debug-appletvos -F /Applications/Xcode-27.0.0-Release.Candidate.app/Contents/Developer/Platforms/AppleTVOS.platform/Developer/Library/Frameworks -F /Applications/Xcode-27.0.0-Release.Candidate.app/Contents/Developer/Platforms/AppleTVOS.platform/Developer/SDKs/AppleTVOS27.0.sdk/Developer/Library/Frameworks -c -j10 -enable-batch-mode -incremental -Xcc -ivfsstatcache -Xcc /Users/admin/builder/spi-builder-workspace/.derivedData/SDKStatCaches.noindex/appletvos27.0-24J360-e829b21a6f8c9b70876ba0858053c044b32bfd8d43560033f8d89884cdb90028.sdkstatcache -output-file-map /Users/admin/builder/spi-builder-workspace/.derivedData/Build/Intermediates.noindex/PoseComparison.build/Debug-appletvos/PoseComparison-t.build/Objects-normal/arm64/PoseComparison-OutputFileMap.json -save-temps -no-color-diagnostics -explicit-module-build -module-cache-path /Users/admin/builder/spi-builder-workspace/.derivedData/Build/Intermediates.noindex/SwiftExplicitPrecompiledModules -clang-scanner-module-cache-path /Users/admin/builder/spi-builder-workspace/.derivedData/ModuleCache.noindex -sdk-module-cache-path /Users/admin/builder/spi-builder-workspace/.derivedData/SDKExplicitPrecompiledModules -emit-dependencies -emit-module -emit-module-path /Users/admin/builder/spi-builder-workspace/.derivedData/Build/Intermediates.noindex/PoseComparison.build/Debug-appletvos/PoseComparison-t.build/Objects-normal/arm64/PoseComparison.swiftmodule -serialize-diagnostics -dependency-scan-serialize-diagnostics-path /Users/admin/builder/spi-builder-workspace/.derivedData/Build/Intermediates.noindex/PoseComparison.build/Debug-appletvos/PoseComparison-t.build/Objects-normal/arm64/PoseComparison-dependency-scan.dia -validate-clang-modules-once -clang-build-session-file /Users/admin/builder/spi-builder-workspace/.derivedData/ModuleCache.noindex/Session.modulevalidation -Xcc -fmodules-prune-interval\=86400 -Xcc -fmodules-prune-after\=345600 -package-name spi_builder_workspace -emit-const-values -const-gather-protocols-list /Users/admin/builder/spi-builder-workspace/.derivedData/Build/Intermediates.noindex/PoseComparison.build/Debug-appletvos/PoseComparison-t.build/Objects-normal/arm64/PoseComparison_const_extract_protocols.json -Xcc -I/Users/admin/builder/spi-builder-workspace/.derivedData/Build/Products/Debug-appletvos/include -Xcc -I/Users/admin/builder/spi-builder-workspace/.derivedData/Build/Intermediates.noindex/PoseComparison.build/Debug-appletvos/PoseComparison-t.build/DerivedSources-normal/arm64 -Xcc -I/Users/admin/builder/spi-builder-workspace/.derivedData/Build/Intermediates.noindex/PoseComparison.build/Debug-appletvos/PoseComparison-t.build/DerivedSources/arm64 -Xcc -I/Users/admin/builder/spi-builder-workspace/.derivedData/Build/Intermediates.noindex/PoseComparison.build/Debug-appletvos/PoseComparison-t.build/DerivedSources -Xcc -DSWIFT_PACKAGE -Xcc -DDEBUG\=1 -emit-objc-header -emit-objc-header-path /Users/admin/builder/spi-builder-workspace/.derivedData/Build/Intermediates.noindex/PoseComparison.build/Debug-appletvos/PoseComparison-t.build/Objects-normal/arm64/PoseComparison-Swift.h -working-directory /Users/admin/builder/spi-builder-workspace/.swiftpm/xcode -experimental-emit-module-separately -disable-cmo
SwiftEmitModule normal arm64 Emitting\ module\ for\ PoseComparison (in target 'PoseComparison' from project 'PoseComparison')
/Users/admin/builder/spi-builder-workspace/Sources/PoseComparison/PoseComparison.swift:34:2: error: 'Observable()' is only available in tvOS 17.0 or newer
32 | // MARK: - BodyClassifier
33 | @available(iOS 17.0, *)
34 | @Observable
| `- error: 'Observable()' is only available in tvOS 17.0 or newer
35 | public class BodyClassifier {
36 | public init() {}
macro expansion @Observable:1:2: error: 'ObservationIgnored()' is only available in tvOS 17.0 or newer
`- /Users/admin/builder/spi-builder-workspace/Sources/PoseComparison/PoseComparison.swift:113:1: note: expanded code originates here
32 | // MARK: - BodyClassifier
33 | @available(iOS 17.0, *)
34 | @Observable
| `- note: in expansion of macro 'Observable' on class 'BodyClassifier' here
35 | public class BodyClassifier {
| `- note: add '@available' attribute to enclosing class
36 | public init() {}
37 |
:
111 | points: points)
112 | }
113 | }
+--- macro expansion @Observable -----------------------------------
| 1 | @ObservationIgnored private let _$observationRegistrar = Observation.ObservationRegistrar()
| | `- error: 'ObservationIgnored()' is only available in tvOS 17.0 or newer
| 2 |
| 3 | internal nonisolated func access<$s14PoseComparison14BodyClassifier10ObservablefMm_6MemberfMu_>(
+-------------------------------------------------------------------
114 |
115 |
macro expansion @Observable:1:70: error: 'ObservationRegistrar' is only available in tvOS 17.0 or newer
`- /Users/admin/builder/spi-builder-workspace/Sources/PoseComparison/PoseComparison.swift:113:1: note: expanded code originates here
32 | // MARK: - BodyClassifier
33 | @available(iOS 17.0, *)
34 | @Observable
| `- note: in expansion of macro 'Observable' on class 'BodyClassifier' here
35 | public class BodyClassifier {
| `- note: add '@available' attribute to enclosing class
36 | public init() {}
37 |
:
111 | points: points)
112 | }
113 | }
+--- macro expansion @Observable -----------------------------------
| 1 | @ObservationIgnored private let _$observationRegistrar = Observation.ObservationRegistrar()
| | `- error: 'ObservationRegistrar' is only available in tvOS 17.0 or newer
| 2 |
| 3 | internal nonisolated func access<$s14PoseComparison14BodyClassifier10ObservablefMm_6MemberfMu_>(
+-------------------------------------------------------------------
114 |
115 |
/Users/admin/builder/spi-builder-workspace/Sources/PoseComparison/PoseComparison.swift:34:2: error: 'Observable()' is only available in tvOS 17.0 or newer
32 | // MARK: - BodyClassifier
33 | @available(iOS 17.0, *)
34 | @Observable
| `- error: 'Observable()' is only available in tvOS 17.0 or newer
35 | public class BodyClassifier {
| `- note: add '@available' attribute to enclosing class
36 | public init() {}
37 |
Failed frontend command:
SwiftCompile normal arm64 (in target 'PoseComparison' from project 'PoseComparison')
cd /Users/admin/builder/spi-builder-workspace/.swiftpm/xcode
/Applications/Xcode-27.0.0-Release.Candidate.app/Contents/Developer/Toolchains/XcodeDefault.xctoolchain/usr/bin/swift-frontend -frontend -emit-module -experimental-skip-non-inlinable-function-bodies-without-types /Users/admin/builder/spi-builder-workspace/Sources/PoseComparison/PoseComparison.swift -target arm64-apple-tvos15.0 -disable-cross-import-overlay-search -swift-module-cross-import Vision /Applications/Xcode-27.0.0-Release.Candidate.app/Contents/Developer/Platforms/AppleTVOS.platform/Developer/SDKs/AppleTVOS.sdk/System/Library/Frameworks/Vision.framework/Modules/Vision.swiftcrossimport/FoundationModels.swiftoverlay -swift-module-cross-import Vision /Applications/Xcode-27.0.0-Release.Candidate.app/Contents/Developer/Platforms/AppleTVOS.platform/Developer/SDKs/AppleTVOS27.0.sdk/System/Library/Frameworks/Vision.framework/Modules/Vision.swiftcrossimport/FoundationModels.swiftoverlay -load-resolved-plugin /Applications/Xcode-27.0.0-Release.Candidate.app/Contents/Developer/Platforms/AppleTVOS.platform/Developer/usr/lib/swift/host/plugins/libFoundationMacros.dylib\#/Applications/Xcode-27.0.0-Release.Candidate.app/Contents/Developer/Platforms/AppleTVOS.platform/Developer/usr/bin/swift-plugin-server\#FoundationMacros -load-resolved-plugin /Applications/Xcode-27.0.0-Release.Candidate.app/Contents/Developer/Platforms/AppleTVOS.platform/Developer/usr/lib/swift/host/plugins/libObservationMacros.dylib\#/Applications/Xcode-27.0.0-Release.Candidate.app/Contents/Developer/Platforms/AppleTVOS.platform/Developer/usr/bin/swift-plugin-server\#ObservationMacros -load-resolved-plugin /Applications/Xcode-27.0.0-Release.Candidate.app/Contents/Developer/Platforms/AppleTVOS.platform/Developer/usr/lib/swift/host/plugins/libPreviewsMacros.dylib\#/Applications/Xcode-27.0.0-Release.Candidate.app/Contents/Developer/Platforms/AppleTVOS.platform/Developer/usr/bin/swift-plugin-server\#PreviewsMacros -load-resolved-plugin /Applications/Xcode-27.0.0-Release.Candidate.app/Contents/Developer/Platforms/AppleTVOS.platform/Developer/usr/lib/swift/host/plugins/libSwiftMacros.dylib\#/Applications/Xcode-27.0.0-Release.Candidate.app/Contents/Developer/Platforms/AppleTVOS.platform/Developer/usr/bin/swift-plugin-server\#SwiftMacros -load-resolved-plugin /Applications/Xcode-27.0.0-Release.Candidate.app/Contents/Developer/Platforms/AppleTVOS.platform/Developer/usr/lib/swift/host/plugins/libSwiftUIMacros.dylib\#/Applications/Xcode-27.0.0-Release.Candidate.app/Contents/Developer/Platforms/AppleTVOS.platform/Developer/usr/bin/swift-plugin-server\#SwiftUIMacros -disable-implicit-swift-modules -Xcc -fno-implicit-modules -Xcc -fno-implicit-module-maps -explicit-swift-module-map-file /Users/admin/builder/spi-builder-workspace/.derivedData/Build/Intermediates.noindex/PoseComparison.build/Debug-appletvos/PoseComparison-t.build/Objects-normal/arm64/PoseComparison-dependencies-1.json -Xllvm -aarch64-use-tbi -enable-objc-interop -stack-check -sdk /Applications/Xcode-27.0.0-Release.Candidate.app/Contents/Developer/Platforms/AppleTVOS.platform/Developer/SDKs/AppleTVOS27.0.sdk -I /Users/admin/builder/spi-builder-workspace/.derivedData/Build/Products/Debug-appletvos -Isystem /Applications/Xcode-27.0.0-Release.Candidate.app/Contents/Developer/Platforms/AppleTVOS.platform/Developer/usr/lib -F /Users/admin/builder/spi-builder-workspace/.derivedData/Build/Products/Debug-appletvos -F /Applications/Xcode-27.0.0-Release.Candidate.app/Contents/Developer/Platforms/AppleTVOS.platform/Developer/Library/Frameworks -F /Applications/Xcode-27.0.0-Release.Candidate.app/Contents/Developer/Platforms/AppleTVOS.platform/Developer/SDKs/AppleTVOS27.0.sdk/Developer/Library/Frameworks -module-cache-path /Users/admin/builder/spi-builder-workspace/.derivedData/Build/Intermediates.noindex/SwiftExplicitPrecompiledModules -no-color-diagnostics -Xcc -fno-color-diagnostics -enable-testing -g -debug-info-format\=dwarf -dwarf-version\=4 -profile-generate -profile-coverage-mapping -swift-version 6 -Onone -D SWIFT_PACKAGE -D DEBUG -D SWIFT_MODULE_RESOURCE_BUNDLE_UNAVAILABLE -D Xcode -serialize-debugging-options -enable-experimental-feature DebugDescriptionMacro -empty-abi-descriptor -validate-clang-modules-once -clang-build-session-file /Users/admin/builder/spi-builder-workspace/.derivedData/ModuleCache.noindex/Session.modulevalidation -Xcc -working-directory -Xcc /Users/admin/builder/spi-builder-workspace/.swiftpm/xcode -enable-anonymous-context-mangled-names -file-compilation-dir /Users/admin/builder/spi-builder-workspace/.swiftpm/xcode -Xcc -D_LIBCPP_HARDENING_MODE\=_LIBCPP_HARDENING_MODE_DEBUG -Xcc -ivfsstatcache -Xcc /Users/admin/builder/spi-builder-workspace/.derivedData/SDKStatCaches.noindex/appletvos27.0-24J360-e829b21a6f8c9b70876ba0858053c044b32bfd8d43560033f8d89884cdb90028.sdkstatcache -Xcc -fmodules-prune-interval\=86400 -Xcc -fmodules-prune-after\=345600 -Xcc -I/Users/admin/builder/spi-builder-workspace/.derivedData/Build/Products/Debug-appletvos/include -Xcc -I/Users/admin/builder/spi-builder-workspace/.derivedData/Build/Intermediates.noindex/PoseComparison.build/Debug-appletvos/PoseComparison-t.build/DerivedSources-normal/arm64 -Xcc -I/Users/admin/builder/spi-builder-workspace/.derivedData/Build/Intermediates.noindex/PoseComparison.build/Debug-appletvos/PoseComparison-t.build/DerivedSources/arm64 -Xcc -I/Users/admin/builder/spi-builder-workspace/.derivedData/Build/Intermediates.noindex/PoseComparison.build/Debug-appletvos/PoseComparison-t.build/DerivedSources -Xcc -DSWIFT_PACKAGE -Xcc -DDEBUG\=1 -no-auto-bridging-header-chaining -module-name PoseComparison -package-name spi_builder_workspace -const-gather-protocols-file /Users/admin/builder/spi-builder-workspace/.derivedData/Build/Intermediates.noindex/PoseComparison.build/Debug-appletvos/PoseComparison-t.build/Objects-normal/arm64/PoseComparison_const_extract_protocols.json -disable-clang-spi -clang-target arm64-apple-tvos27.0 -target-sdk-version 27.0 -target-sdk-name appletvos27.0 -in-process-plugin-server-path /Applications/Xcode-27.0.0-Release.Candidate.app/Contents/Developer/Toolchains/XcodeDefault.xctoolchain/usr/lib/swift/host/libSwiftInProcPluginServer.dylib -emit-module-doc-path /Users/admin/builder/spi-builder-workspace/.derivedData/Build/Intermediates.noindex/PoseComparison.build/Debug-appletvos/PoseComparison-t.build/Objects-normal/arm64/PoseComparison.swiftdoc -emit-module-source-info-path /Users/admin/builder/spi-builder-workspace/.derivedData/Build/Intermediates.noindex/PoseComparison.build/Debug-appletvos/PoseComparison-t.build/Objects-normal/arm64/PoseComparison.swiftsourceinfo -emit-objc-header-path /Users/admin/builder/spi-builder-workspace/.derivedData/Build/Intermediates.noindex/PoseComparison.build/Debug-appletvos/PoseComparison-t.build/Objects-normal/arm64/PoseComparison-Swift.h -serialize-diagnostics-path /Users/admin/builder/spi-builder-workspace/.derivedData/Build/Intermediates.noindex/PoseComparison.build/Debug-appletvos/PoseComparison-t.build/Objects-normal/arm64/PoseComparison-primary-emit-module.dia -emit-dependencies-path /Users/admin/builder/spi-builder-workspace/.derivedData/Build/Intermediates.noindex/PoseComparison.build/Debug-appletvos/PoseComparison-t.build/Objects-normal/arm64/PoseComparison-primary-emit-module.d -parse-as-library -o /Users/admin/builder/spi-builder-workspace/.derivedData/Build/Intermediates.noindex/PoseComparison.build/Debug-appletvos/PoseComparison-t.build/Objects-normal/arm64/PoseComparison.swiftmodule -emit-abi-descriptor-path /Users/admin/builder/spi-builder-workspace/.derivedData/Build/Intermediates.noindex/PoseComparison.build/Debug-appletvos/PoseComparison-t.build/Objects-normal/arm64/PoseComparison.abi.json
SwiftCompile normal arm64 Compiling\ PoseComparison.swift /Users/admin/builder/spi-builder-workspace/Sources/PoseComparison/PoseComparison.swift (in target 'PoseComparison' from project 'PoseComparison')
SwiftCompile normal arm64 /Users/admin/builder/spi-builder-workspace/Sources/PoseComparison/PoseComparison.swift (in target 'PoseComparison' from project 'PoseComparison')
cd /Users/admin/builder/spi-builder-workspace/.swiftpm/xcode
builtin-SwiftPerFileCompile PoseComparison.swift
/Users/admin/builder/spi-builder-workspace/Sources/PoseComparison/PoseComparison.swift:34:2: error: 'Observable()' is only available in tvOS 17.0 or newer
32 | // MARK: - BodyClassifier
33 | @available(iOS 17.0, *)
34 | @Observable
| `- error: 'Observable()' is only available in tvOS 17.0 or newer
35 | public class BodyClassifier {
36 | public init() {}
macro expansion @Observable:1:2: error: 'ObservationIgnored()' is only available in tvOS 17.0 or newer
`- /Users/admin/builder/spi-builder-workspace/Sources/PoseComparison/PoseComparison.swift:113:1: note: expanded code originates here
32 | // MARK: - BodyClassifier
33 | @available(iOS 17.0, *)
34 | @Observable
| `- note: in expansion of macro 'Observable' on class 'BodyClassifier' here
35 | public class BodyClassifier {
| `- note: add '@available' attribute to enclosing class
36 | public init() {}
37 |
:
111 | points: points)
112 | }
113 | }
+--- macro expansion @Observable -----------------------------------
| 1 | @ObservationIgnored private let _$observationRegistrar = Observation.ObservationRegistrar()
| | `- error: 'ObservationIgnored()' is only available in tvOS 17.0 or newer
| 2 |
| 3 | internal nonisolated func access<$s14PoseComparison14BodyClassifier10ObservablefMm_6MemberfMu_>(
+-------------------------------------------------------------------
114 |
115 |
macro expansion @Observable:1:70: error: 'ObservationRegistrar' is only available in tvOS 17.0 or newer
`- /Users/admin/builder/spi-builder-workspace/Sources/PoseComparison/PoseComparison.swift:113:1: note: expanded code originates here
32 | // MARK: - BodyClassifier
33 | @available(iOS 17.0, *)
34 | @Observable
| `- note: in expansion of macro 'Observable' on class 'BodyClassifier' here
35 | public class BodyClassifier {
| `- note: add '@available' attribute to enclosing class
36 | public init() {}
37 |
:
111 | points: points)
112 | }
113 | }
+--- macro expansion @Observable -----------------------------------
| 1 | @ObservationIgnored private let _$observationRegistrar = Observation.ObservationRegistrar()
| | `- error: 'ObservationRegistrar' is only available in tvOS 17.0 or newer
| 2 |
| 3 | internal nonisolated func access<$s14PoseComparison14BodyClassifier10ObservablefMm_6MemberfMu_>(
+-------------------------------------------------------------------
114 |
115 |
PruneExplicitPrecompiledModules /Users/admin/builder/spi-builder-workspace/.derivedData/SDKExplicitPrecompiledModules
PruneExplicitPrecompiledModules /Users/admin/builder/spi-builder-workspace/.derivedData/Build/Intermediates.noindex/ExplicitPrecompiledModules
PruneExplicitPrecompiledModules /Users/admin/builder/spi-builder-workspace/.derivedData/Build/Intermediates.noindex/SwiftExplicitPrecompiledModules
2026-09-23 07:43:28.224 xcodebuild[750:4511] [MT] IDERunDestination: Supported platforms for the buildables in the current scheme is empty.
** BUILD FAILED **
The following build commands failed:
SwiftCompile normal arm64 (in target 'PoseComparison' from project 'PoseComparison')
SwiftEmitModule normal arm64 Emitting\ module\ for\ PoseComparison (in target 'PoseComparison' from project 'PoseComparison')
Building workspace PoseComparison with scheme PoseComparison
(3 failures)
BUILD FAILURE 6.4 tvOS