Build Information
Failed to build SwiftUIHTML, reference main (fb63fb), with Swift 6.4 for macOS (Xcode) using Xcode 27.0 on 23 Sep 2026 02:04:12 UTC.
Build Command
No build command. This typically means the build failed at an early stage where we determine the build command.Build Log
========================================
RunAll
========================================
Builder version: 5.1.0
Interrupt handler set up.
========================================
Checkout
========================================
Clone URL: https://github.com/PRNDcompany/SwiftUIHTML.git
Reference: main
Initialized empty Git repository in /Users/admin/builder/spi-builder-workspace/.git/
From https://github.com/PRNDcompany/SwiftUIHTML
* branch main -> FETCH_HEAD
* [new branch] main -> origin/main
HEAD is now at fb63fb7 docs: Add MIT license and update badges
Cloned https://github.com/PRNDcompany/SwiftUIHTML.git
Revision (git rev-parse @):
fb63fb71e383fecfd3b1a4be8d09ec5a70560549
SUCCESS checkout https://github.com/PRNDcompany/SwiftUIHTML.git at main
========================================
Build
========================================
Selected platform: macosXcodebuild
Swift version: 6.4
Building package at path: $PWD
https://github.com/PRNDcompany/SwiftUIHTML.git
Command line invocation:
/Applications/Xcode-27.0.0-Release.Candidate.app/Contents/Developer/usr/bin/xcodebuild -IDEClonedSourcePackagesDirPathOverride=/Users/admin/builder/spi-builder-workspace/.dependencies -resolvePackageDependencies
Resolve Package Graph
the package at '/Users/admin/builder/SwiftUIHTML' cannot be accessed (/Users/admin/builder/SwiftUIHTML doesn't exist in file system)
2026-09-22 22:04:10.053 xcodebuild[529:3040] Writing error result bundle to /var/folders/xq/y_g06wb113726d38xsyx71_h0000gn/T/ResultBundle_2026-22-09_22-04-0010.xcresult
xcodebuild: error: Could not resolve package dependencies:
the package at '/Users/admin/builder/SwiftUIHTML' cannot be accessed (/Users/admin/builder/SwiftUIHTML doesn't exist in file system)
Command line invocation:
/Applications/Xcode-27.0.0-Release.Candidate.app/Contents/Developer/usr/bin/xcodebuild -IDEClonedSourcePackagesDirPathOverride=/Users/admin/builder/spi-builder-workspace/.dependencies -resolvePackageDependencies
Resolve Package Graph
the package at '/Users/admin/builder/SwiftUIHTML' cannot be accessed (/Users/admin/builder/SwiftUIHTML doesn't exist in file system)
2026-09-22 22:04:12.135 xcodebuild[580:3470] Writing error result bundle to /var/folders/xq/y_g06wb113726d38xsyx71_h0000gn/T/ResultBundle_2026-22-09_22-04-0012.xcresult
xcodebuild: error: Could not resolve package dependencies:
the package at '/Users/admin/builder/SwiftUIHTML' cannot be accessed (/Users/admin/builder/SwiftUIHTML doesn't exist in file system)
BUILD FAILURE 6.4 macosXcodebuild