Build Information
Failed to build DHDeclarable, reference main (06f674), with Swift 6.4 for tvOS using Xcode 27.0 on 19 Sep 2026 12:59:29 UTC.
Build Command
env DEVELOPER_DIR=/Applications/Xcode-27.0.0-Release.Candidate.app xcrun xcodebuild -IDEClonedSourcePackagesDirPathOverride=$PWD/.dependencies -skipMacroValidation -skipPackagePluginValidation -derivedDataPath $PWD/.derivedData build -scheme DHDeclarable -destination generic/platform=tvOSBuild Log
========================================
RunAll
========================================
Builder version: 5.1.0
Interrupt handler set up.
========================================
Checkout
========================================
Clone URL: https://github.com/dan-hart/DHDeclarable.git
Reference: main
Initialized empty Git repository in /Users/admin/builder/spi-builder-workspace/.git/
From https://github.com/dan-hart/DHDeclarable
* branch main -> FETCH_HEAD
* [new branch] main -> origin/main
HEAD is now at 06f674e Create LICENSE.md
Cloned https://github.com/dan-hart/DHDeclarable.git
Revision (git rev-parse @):
06f674ec05eb323956ca70a5d8f5f073097ee1be
SUCCESS checkout https://github.com/dan-hart/DHDeclarable.git at main
========================================
Build
========================================
Selected platform: tvOS
Swift version: 6.4
Building package at path: $PWD
https://github.com/dan-hart/DHDeclarable.git
Command line invocation:
/Applications/Xcode-27.0.0-Release.Candidate.app/Contents/Developer/usr/bin/xcodebuild -IDEClonedSourcePackagesDirPathOverride=/Users/admin/builder/spi-builder-workspace/.dependencies -resolvePackageDependencies
Resolve Package Graph
Fetching from https://github.com/shibapm/Komondor.git
Fetching from https://github.com/shibapm/PackageConfig.git
Fetching from https://github.com/Realm/SwiftLint.git
Fetching from https://github.com/nicklockwood/SwiftFormat.git
Fetching from https://github.com/JohnSundell/ShellOut.git
Fetching from https://github.com/f-meloni/Rocket
Fetching from https://github.com/shibapm/Logger
Fetching from https://github.com/kareman/SwiftShell
Fetching from https://github.com/jpsim/Yams
Fetching from https://github.com/swiftlang/swift-syntax.git
Fetching from https://github.com/scottrhoyt/SwiftyTextTable.git
Fetching from https://github.com/JohnSundell/CollectionConcurrencyKit.git
Fetching from https://github.com/apple/swift-argument-parser.git
Fetching from https://github.com/jpsim/SourceKitten.git
Fetching from https://github.com/krzyzanowskim/CryptoSwift.git
Fetching from https://github.com/drmohundro/SWXMLHash.git
Creating working copy of package ‘ShellOut’
Checking out 2.3.0 of package ‘ShellOut’
Creating working copy of package ‘SwiftLint’
Checking out 0.59.1 of package ‘SwiftLint’
Creating working copy of package ‘swift-syntax’
Checking out 601.0.0 of package ‘swift-syntax’
Creating working copy of package ‘SwiftFormat’
Checking out 0.63.0 of package ‘SwiftFormat’
Creating working copy of package ‘CollectionConcurrencyKit’
Checking out 0.2.0 of package ‘CollectionConcurrencyKit’
Creating working copy of package ‘PackageConfig’
Checking out 1.1.3 of package ‘PackageConfig’
Creating working copy of package ‘Komondor’
Checking out 1.1.4 of package ‘Komondor’
Creating working copy of package ‘SWXMLHash’
Checking out 7.0.2 of package ‘SWXMLHash’
Creating working copy of package ‘swift-argument-parser’
Checking out 1.8.2 of package ‘swift-argument-parser’
Creating working copy of package ‘SwiftShell’
Checking out 5.1.1 of package ‘SwiftShell’
Creating working copy of package ‘Rocket’
Checking out 1.3.0 of package ‘Rocket’
Creating working copy of package ‘SwiftyTextTable’
Checking out 0.9.0 of package ‘SwiftyTextTable’
Creating working copy of package ‘SourceKitten’
Checking out 0.37.1 of package ‘SourceKitten’
Creating working copy of package ‘Yams’
Checking out 5.4.0 of package ‘Yams’
Creating working copy of package ‘Logger’
Checking out 0.2.3 of package ‘Logger’
Creating working copy of package ‘CryptoSwift’
Checking out 1.10.0 of package ‘CryptoSwift’
Resolve Package Graph
Resolve Package Graph
Resolved source packages:
SwiftFormat: https://github.com/nicklockwood/SwiftFormat.git @ 0.63.0
PackageConfig: https://github.com/shibapm/PackageConfig.git @ 1.1.3
swift-syntax: https://github.com/swiftlang/swift-syntax.git @ 601.0.0
SwiftShell: https://github.com/kareman/SwiftShell @ 5.1.1
SwiftLint: https://github.com/Realm/SwiftLint.git @ 0.59.1
SwiftyTextTable: https://github.com/scottrhoyt/SwiftyTextTable.git @ 0.9.0
ShellOut: https://github.com/JohnSundell/ShellOut.git @ 2.3.0
SWXMLHash: https://github.com/drmohundro/SWXMLHash.git @ 7.0.2
Komondor: https://github.com/shibapm/Komondor.git @ 1.1.4
Logger: https://github.com/shibapm/Logger @ 0.2.3
CryptoSwift: https://github.com/krzyzanowskim/CryptoSwift.git @ 1.10.0
DHDeclarable: /Users/admin/builder/spi-builder-workspace
swift-argument-parser: https://github.com/apple/swift-argument-parser.git @ 1.8.2
SourceKitten: https://github.com/jpsim/SourceKitten.git @ 0.37.1
Rocket: https://github.com/f-meloni/Rocket @ 1.3.0
CollectionConcurrencyKit: https://github.com/JohnSundell/CollectionConcurrencyKit.git @ 0.2.0
Yams: https://github.com/jpsim/Yams @ 5.4.0
resolved source packages: SwiftFormat, PackageConfig, swift-syntax, SwiftShell, SwiftLint, SwiftyTextTable, ShellOut, SWXMLHash, Komondor, Logger, CryptoSwift, DHDeclarable, swift-argument-parser, SourceKitten, Rocket, CollectionConcurrencyKit, Yams
2026-09-19 08:53:33.527 xcodebuild[529:3040] [MT] IDERunDestination: Supported platforms for the buildables in the current scheme is empty.
2026-09-19 08:53:33.677 xcodebuild[529:3040] [MT] IDERunDestination: Supported platforms for the buildables in the current scheme is empty.
2026-09-19 08:53:35.327 xcodebuild[529:3040] [MT] IDERunDestination: Supported platforms for the buildables in the current scheme is empty.
{
"dependencies" : [
{
"identity" : "komondor",
"requirement" : {
"range" : [
{
"lower_bound" : "1.0.0",
"upper_bound" : "2.0.0"
}
]
},
"type" : "sourceControl",
"url" : "https://github.com/shibapm/Komondor.git"
}
],
"manifest_display_name" : "DHDeclarable",
"name" : "DHDeclarable",
"path" : "/Users/admin/builder/spi-builder-workspace",
"platforms" : [
{
"name" : "ios",
"version" : "12.0"
}
],
"products" : [
{
"name" : "DHDeclarable",
"targets" : [
"DHDeclarable"
],
"type" : {
"library" : [
"automatic"
]
}
}
],
"targets" : [
{
"c99name" : "DHDeclarableTests",
"module_type" : "SwiftTarget",
"name" : "DHDeclarableTests",
"path" : "Tests/DHDeclarableTests",
"sources" : [
"ClassTests/DHComponentTests/DHDTwoLabelRowComponentTests.swift",
"ClassTests/DHDLabelTests/DHDLabelTests.swift",
"ClassTests/DHDScrollViewTests/DHDScrollViewTests.swift",
"ClassTests/DHDStackTests/DHDStackTests.swift",
"ClassTests/DHDViewControllerTests/DHDViewControllerTests.swift",
"ClassTests/DHDViewTests/DHDViewTests.swift",
"DHDeclarable+ValueTypeTests.swift",
"DHDeclarable+declaredIfTests.swift",
"ExtensionTests/Collection+optionalTests.swift",
"ExtensionTests/StringTests/String+asLabelTests.swift",
"ExtensionTests/StringTests/String+inQuotesTests.swift",
"ExtensionTests/UIKitTests/UIKit+DHDStringRepresentableTests.swift",
"ExtensionTests/UIKitTests/UILabelTests/UILabel+StyleTests.swift",
"ExtensionTests/UIKitTests/UIStackViewTests/UIStackView+AxisTests.swift",
"ExtensionTests/UIKitTests/UIStackViewTests/UIStackView+LayoutTests.swift",
"ExtensionTests/UIKitTests/UIStackViewTests/UIStackView+RecursiveTests.swift",
"ExtensionTests/UIKitTests/UIStackViewTests/UIStackView+arrangedSubviewAtIndexTests.swift",
"ExtensionTests/UIKitTests/UIStackViewTests/UIStackView+hierarchyTests.swift",
"ExtensionTests/UIKitTests/UIStackViewTests/UIStackView+removeAllArrangedSubviewsTests.swift",
"ExtensionTests/UIKitTests/UIViewControllerTests/UIViewController+asTests.swift",
"ExtensionTests/UIKitTests/UIViewTests/UIView+StyleTests.swift",
"ExtensionTests/UIKitTests/UIViewTests/UIView+addDividerTests.swift",
"ExtensionTests/UIKitTests/UIViewTests/UIView+centerTests.swift",
"ExtensionTests/UIKitTests/UIViewTests/UIView+declaredWithRedLinesTests.swift",
"ExtensionTests/UIKitTests/UIViewTests/UIView+roundedTests.swift",
"ExtensionTests/UIKitTests/UIViewTests/UIView+tagTests.swift",
"PreviewTests/PreviewTests.swift",
"PropertyWrapperTests/ResettableLazyTests.swift"
],
"target_dependencies" : [
"DHDeclarable"
],
"type" : "test"
},
{
"c99name" : "DHDeclarable",
"module_type" : "SwiftTarget",
"name" : "DHDeclarable",
"path" : "Sources/DHDeclarable",
"product_memberships" : [
"DHDeclarable"
],
"sources" : [
"Classes/DHDComponent/BaseClasses/DHDComponentable.swift",
"Classes/DHDComponent/BaseClasses/DHDStackViewComponent.swift",
"Classes/DHDComponent/BaseClasses/DHDViewComponent.swift",
"Classes/DHDComponent/DHDTwoLabelRowComponent.swift",
"Classes/DHDLabel/DHDLabel.swift",
"Classes/DHDScrollView/DHDScrollView.swift",
"Classes/DHDStack/DHDHStack.swift",
"Classes/DHDStack/DHDStack.swift",
"Classes/DHDStack/DHDVStack.swift",
"Classes/DHDView/DHDView+divider.swift",
"Classes/DHDView/DHDView+spacer.swift",
"Classes/DHDView/DHDView.swift",
"Classes/DHDViewController/DHDViewController.swift",
"Classes/DHDViewController/DHDViewControllerContentRenderingMode.swift",
"Classes/DHDViewController/DHDViewControlling.swift",
"DHDIdentifier.swift",
"DHDeclarable.swift",
"Extensions/Collection+optional.swift",
"Extensions/String/String+asLabel.swift",
"Extensions/String/String+inQuotes.swift",
"Extensions/UIKit/UIKit+DHDStringRepresentable.swift",
"Extensions/UIKit/UILabel/UILabel+Style.swift",
"Extensions/UIKit/UIStackView/UIStackView+Layout.swift",
"Extensions/UIKit/UIStackView/UIStackView+Rrecursive.swift",
"Extensions/UIKit/UIStackView/UIStackView+arrangedSubviewAtIndex.swift",
"Extensions/UIKit/UIStackView/UIStackView+forEach.swift",
"Extensions/UIKit/UIStackView/UIStackView+removeAllArrangedSubviews.swift",
"Extensions/UIKit/UIView/UIView+Divider.swift",
"Extensions/UIKit/UIView/UIView+Style.swift",
"Extensions/UIKit/UIView/UIView+as.swift",
"Extensions/UIKit/UIView/UIView+center.swift",
"Extensions/UIKit/UIView/UIView+declaredWithRedLines.swift",
"Extensions/UIKit/UIView/UIView+pin.swift",
"Extensions/UIKit/UIView/UIView+rounded.swift",
"Extensions/UIKit/UIView/UIView+tag.swift",
"Extensions/UIKit/UIViewController/UIViewController+as.swift",
"Previews/UIView+Preview.swift",
"Previews/UIViewController+Preview.swift",
"PropertyWrappers/ResettableLazy.swift",
"Protocols/DHDStringRepresentable.swift"
],
"type" : "library"
}
],
"tools_version" : "5.0"
}
{
"workspace" : {
"name" : "DHDeclarable",
"schemes" : [
"DHDeclarable",
"SwiftShell"
]
}
}
2026-09-19 08:58:41.219 xcodebuild[1501:8466] [MT] IDERunDestination: Supported platforms for the buildables in the current scheme is empty.
2026-09-19 08:58:41.366 xcodebuild[1501:8466] [MT] IDERunDestination: Supported platforms for the buildables in the current scheme is empty.
{
"workspace" : {
"name" : "DHDeclarable",
"schemes" : [
"DHDeclarable",
"SwiftShell"
]
}
}
2026-09-19 08:58:45.178 xcodebuild[1521:8629] [MT] IDERunDestination: Supported platforms for the buildables in the current scheme is empty.
2026-09-19 08:58:45.283 xcodebuild[1521:8629] [MT] IDERunDestination: Supported platforms for the buildables in the current scheme is empty.
Running build ...
env DEVELOPER_DIR=/Applications/Xcode-27.0.0-Release.Candidate.app xcrun xcodebuild -IDEClonedSourcePackagesDirPathOverride=$PWD/.dependencies -skipMacroValidation -skipPackagePluginValidation -derivedDataPath $PWD/.derivedData build -scheme DHDeclarable -destination generic/platform=tvOS
Command line invocation:
/Applications/Xcode-27.0.0-Release.Candidate.app/Contents/Developer/usr/bin/xcodebuild -IDEClonedSourcePackagesDirPathOverride=/Users/admin/builder/spi-builder-workspace/.dependencies -skipMacroValidation -skipPackagePluginValidation -derivedDataPath /Users/admin/builder/spi-builder-workspace/.derivedData build -scheme DHDeclarable -destination generic/platform=tvOS
Resolve Package Graph
Resolve Package Graph
Resolved source packages:
SwiftLint: https://github.com/Realm/SwiftLint.git @ 0.59.1
ShellOut: https://github.com/JohnSundell/ShellOut.git @ 2.3.0
SwiftFormat: https://github.com/nicklockwood/SwiftFormat.git @ 0.63.0
SourceKitten: https://github.com/jpsim/SourceKitten.git @ 0.37.1
SwiftShell: https://github.com/kareman/SwiftShell @ 5.1.1
PackageConfig: https://github.com/shibapm/PackageConfig.git @ 1.1.3
Komondor: https://github.com/shibapm/Komondor.git @ 1.1.4
CollectionConcurrencyKit: https://github.com/JohnSundell/CollectionConcurrencyKit.git @ 0.2.0
Rocket: https://github.com/f-meloni/Rocket @ 1.3.0
DHDeclarable: /Users/admin/builder/spi-builder-workspace
swift-argument-parser: https://github.com/apple/swift-argument-parser.git @ 1.8.2
swift-syntax: https://github.com/swiftlang/swift-syntax.git @ 601.0.0
Logger: https://github.com/shibapm/Logger @ 0.2.3
Yams: https://github.com/jpsim/Yams @ 5.4.0
SWXMLHash: https://github.com/drmohundro/SWXMLHash.git @ 7.0.2
CryptoSwift: https://github.com/krzyzanowskim/CryptoSwift.git @ 1.10.0
SwiftyTextTable: https://github.com/scottrhoyt/SwiftyTextTable.git @ 0.9.0
ComputePackagePrebuildTargetDependencyGraph
Prepare packages
CreateBuildRequest
SendProjectDescription
CreateBuildOperation
ComputeTargetDependencyGraph
note: Building targets in dependency order
note: Target dependency graph (3 targets)
Target 'DHDeclarableTests-product' in project 'DHDeclarable'
➜ Explicit dependency on target 'DHDeclarable' in project 'DHDeclarable'
Target 'DHDeclarable-product' in project 'DHDeclarable'
➜ Explicit dependency on target 'DHDeclarable' in project 'DHDeclarable'
Target 'DHDeclarable' in project 'DHDeclarable' (no dependencies)
GatherProvisioningInputs
CreateBuildDescription
ExecuteExternalTool /Applications/Xcode-27.0.0-Release.Candidate.app/Contents/Developer/Toolchains/XcodeDefault.xctoolchain/usr/bin/clang -v -E -dM -isysroot /Applications/Xcode-27.0.0-Release.Candidate.app/Contents/Developer/Platforms/AppleTVOS.platform/Developer/SDKs/AppleTVOS27.0.sdk -x c -c /dev/null
ExecuteExternalTool /Applications/Xcode-27.0.0-Release.Candidate.app/Contents/Developer/Toolchains/XcodeDefault.xctoolchain/usr/bin/swiftc --version
ExecuteExternalTool /Applications/Xcode-27.0.0-Release.Candidate.app/Contents/Developer/Toolchains/XcodeDefault.xctoolchain/usr/bin/ld -version_details
Build description signature: 1d1195da8938fa0f24888b807dea5201
Build description path: /Users/admin/builder/spi-builder-workspace/.derivedData/Build/Intermediates.noindex/XCBuildData/1d1195da8938fa0f24888b807dea5201.xcbuilddata
CreateBuildDirectory /Users/admin/builder/spi-builder-workspace/.derivedData/SDKExplicitPrecompiledModules
cd /Users/admin/builder/spi-builder-workspace/.swiftpm/xcode
builtin-create-build-directory /Users/admin/builder/spi-builder-workspace/.derivedData/SDKExplicitPrecompiledModules
CreateBuildDirectory /Users/admin/builder/spi-builder-workspace/.derivedData/ModuleCache.noindex
cd /Users/admin/builder/spi-builder-workspace/.swiftpm/xcode
builtin-create-build-directory /Users/admin/builder/spi-builder-workspace/.derivedData/ModuleCache.noindex
CreateBuildDirectory /Users/admin/builder/spi-builder-workspace/.derivedData/CompilationCache.noindex
cd /Users/admin/builder/spi-builder-workspace/.swiftpm/xcode
builtin-create-build-directory /Users/admin/builder/spi-builder-workspace/.derivedData/CompilationCache.noindex
ClangStatCache /Applications/Xcode-27.0.0-Release.Candidate.app/Contents/Developer/Toolchains/XcodeDefault.xctoolchain/usr/bin/clang-stat-cache /Applications/Xcode-27.0.0-Release.Candidate.app/Contents/Developer/Platforms/AppleTVOS.platform/Developer/SDKs/AppleTVOS27.0.sdk /Users/admin/builder/spi-builder-workspace/.derivedData/SDKStatCaches.noindex/appletvos27.0-24J360-e829b21a6f8c9b70876ba0858053c044b32bfd8d43560033f8d89884cdb90028.sdkstatcache
cd /Users/admin/builder/spi-builder-workspace/.swiftpm/xcode
/Applications/Xcode-27.0.0-Release.Candidate.app/Contents/Developer/Toolchains/XcodeDefault.xctoolchain/usr/bin/clang-stat-cache /Applications/Xcode-27.0.0-Release.Candidate.app/Contents/Developer/Platforms/AppleTVOS.platform/Developer/SDKs/AppleTVOS27.0.sdk -o /Users/admin/builder/spi-builder-workspace/.derivedData/SDKStatCaches.noindex/appletvos27.0-24J360-e829b21a6f8c9b70876ba0858053c044b32bfd8d43560033f8d89884cdb90028.sdkstatcache
CreateBuildDirectory /Users/admin/builder/spi-builder-workspace/.derivedData/Build/Products
cd /Users/admin/builder/spi-builder-workspace/.swiftpm/xcode
builtin-create-build-directory /Users/admin/builder/spi-builder-workspace/.derivedData/Build/Products
CreateBuildDirectory /Users/admin/builder/spi-builder-workspace/.derivedData/Build/Intermediates.noindex
cd /Users/admin/builder/spi-builder-workspace/.swiftpm/xcode
builtin-create-build-directory /Users/admin/builder/spi-builder-workspace/.derivedData/Build/Intermediates.noindex
CreateBuildDirectory /Users/admin/builder/spi-builder-workspace/.derivedData/Build/Intermediates.noindex/PrecompiledHeaders
cd /Users/admin/builder/spi-builder-workspace/.swiftpm/xcode
builtin-create-build-directory /Users/admin/builder/spi-builder-workspace/.derivedData/Build/Intermediates.noindex/PrecompiledHeaders
CreateBuildDirectory /Users/admin/builder/spi-builder-workspace/.derivedData/Build/Intermediates.noindex/ExplicitPrecompiledModules
cd /Users/admin/builder/spi-builder-workspace/.swiftpm/xcode
builtin-create-build-directory /Users/admin/builder/spi-builder-workspace/.derivedData/Build/Intermediates.noindex/ExplicitPrecompiledModules
CreateBuildDirectory /Users/admin/builder/spi-builder-workspace/.derivedData/Build/Intermediates.noindex/SwiftExplicitPrecompiledModules
cd /Users/admin/builder/spi-builder-workspace/.swiftpm/xcode
builtin-create-build-directory /Users/admin/builder/spi-builder-workspace/.derivedData/Build/Intermediates.noindex/SwiftExplicitPrecompiledModules
CreateBuildDirectory /Users/admin/builder/spi-builder-workspace/.derivedData/Build/Intermediates.noindex/EagerLinkingTBDs/Debug-appletvos
cd /Users/admin/builder/spi-builder-workspace/.swiftpm/xcode
builtin-create-build-directory /Users/admin/builder/spi-builder-workspace/.derivedData/Build/Intermediates.noindex/EagerLinkingTBDs/Debug-appletvos
CreateBuildDirectory /Users/admin/builder/spi-builder-workspace/.derivedData/Build/Products/Debug-appletvos
cd /Users/admin/builder/spi-builder-workspace/.swiftpm/xcode
builtin-create-build-directory /Users/admin/builder/spi-builder-workspace/.derivedData/Build/Products/Debug-appletvos
CreateBuildDirectory /Users/admin/builder/spi-builder-workspace/.derivedData/Build/Products/Debug-appletvos/PackageFrameworks
cd /Users/admin/builder/spi-builder-workspace/.swiftpm/xcode
builtin-create-build-directory /Users/admin/builder/spi-builder-workspace/.derivedData/Build/Products/Debug-appletvos/PackageFrameworks
WriteAuxiliaryFile /Users/admin/builder/spi-builder-workspace/.derivedData/Build/Intermediates.noindex/DHDeclarable.build/Debug-appletvos/DHDeclarableTests-p.build/empty-DHDeclarableTests.plist (in target 'DHDeclarableTests-product' from project 'DHDeclarable')
cd /Users/admin/builder/spi-builder-workspace
write-file /Users/admin/builder/spi-builder-workspace/.derivedData/Build/Intermediates.noindex/DHDeclarable.build/Debug-appletvos/DHDeclarableTests-p.build/empty-DHDeclarableTests.plist
WriteAuxiliaryFile /Users/admin/builder/spi-builder-workspace/.derivedData/Build/Intermediates.noindex/DHDeclarable.build/Debug-appletvos/DHDeclarableTests-p.build/DHDeclarableTests.DependencyStaticMetadataFileList (in target 'DHDeclarableTests-product' from project 'DHDeclarable')
cd /Users/admin/builder/spi-builder-workspace
write-file /Users/admin/builder/spi-builder-workspace/.derivedData/Build/Intermediates.noindex/DHDeclarable.build/Debug-appletvos/DHDeclarableTests-p.build/DHDeclarableTests.DependencyStaticMetadataFileList
WriteAuxiliaryFile /Users/admin/builder/spi-builder-workspace/.derivedData/Build/Intermediates.noindex/DHDeclarable.build/Debug-appletvos/DHDeclarableTests-p.build/Objects-normal/arm64/DHDeclarableTests.LinkFileList (in target 'DHDeclarableTests-product' from project 'DHDeclarable')
cd /Users/admin/builder/spi-builder-workspace
write-file /Users/admin/builder/spi-builder-workspace/.derivedData/Build/Intermediates.noindex/DHDeclarable.build/Debug-appletvos/DHDeclarableTests-p.build/Objects-normal/arm64/DHDeclarableTests.LinkFileList
WriteAuxiliaryFile /Users/admin/builder/spi-builder-workspace/.derivedData/Build/Intermediates.noindex/DHDeclarable.build/Debug-appletvos/DHDeclarableTests-p.build/Objects-normal/arm64/DHDeclarableTests_const_extract_protocols.json (in target 'DHDeclarableTests-product' from project 'DHDeclarable')
cd /Users/admin/builder/spi-builder-workspace
write-file /Users/admin/builder/spi-builder-workspace/.derivedData/Build/Intermediates.noindex/DHDeclarable.build/Debug-appletvos/DHDeclarableTests-p.build/Objects-normal/arm64/DHDeclarableTests_const_extract_protocols.json
WriteAuxiliaryFile /Users/admin/builder/spi-builder-workspace/.derivedData/Build/Intermediates.noindex/DHDeclarable.build/Debug-appletvos/DHDeclarableTests-p.build/Objects-normal/arm64/DHDeclarableTests.SwiftFileList (in target 'DHDeclarableTests-product' from project 'DHDeclarable')
cd /Users/admin/builder/spi-builder-workspace
write-file /Users/admin/builder/spi-builder-workspace/.derivedData/Build/Intermediates.noindex/DHDeclarable.build/Debug-appletvos/DHDeclarableTests-p.build/Objects-normal/arm64/DHDeclarableTests.SwiftFileList
WriteAuxiliaryFile /Users/admin/builder/spi-builder-workspace/.derivedData/Build/Intermediates.noindex/DHDeclarable.build/Debug-appletvos/DHDeclarableTests-p.build/Objects-normal/arm64/DHDeclarableTests.SwiftConstValuesFileList (in target 'DHDeclarableTests-product' from project 'DHDeclarable')
cd /Users/admin/builder/spi-builder-workspace
write-file /Users/admin/builder/spi-builder-workspace/.derivedData/Build/Intermediates.noindex/DHDeclarable.build/Debug-appletvos/DHDeclarableTests-p.build/Objects-normal/arm64/DHDeclarableTests.SwiftConstValuesFileList
WriteAuxiliaryFile /Users/admin/builder/spi-builder-workspace/.derivedData/Build/Intermediates.noindex/DHDeclarable.build/Debug-appletvos/DHDeclarableTests-p.build/Objects-normal/arm64/DHDeclarableTests-OutputFileMap.json (in target 'DHDeclarableTests-product' from project 'DHDeclarable')
cd /Users/admin/builder/spi-builder-workspace
write-file /Users/admin/builder/spi-builder-workspace/.derivedData/Build/Intermediates.noindex/DHDeclarable.build/Debug-appletvos/DHDeclarableTests-p.build/Objects-normal/arm64/DHDeclarableTests-OutputFileMap.json
WriteAuxiliaryFile /Users/admin/builder/spi-builder-workspace/.derivedData/Build/Intermediates.noindex/DHDeclarable.build/Debug-appletvos/DHDeclarable-t.build/Objects-normal/arm64/DHDeclarable_const_extract_protocols.json (in target 'DHDeclarable' from project 'DHDeclarable')
cd /Users/admin/builder/spi-builder-workspace
write-file /Users/admin/builder/spi-builder-workspace/.derivedData/Build/Intermediates.noindex/DHDeclarable.build/Debug-appletvos/DHDeclarable-t.build/Objects-normal/arm64/DHDeclarable_const_extract_protocols.json
WriteAuxiliaryFile /Users/admin/builder/spi-builder-workspace/.derivedData/Build/Intermediates.noindex/DHDeclarable.build/Debug-appletvos/DHDeclarableTests-p.build/DHDeclarableTests.DependencyMetadataFileList (in target 'DHDeclarableTests-product' from project 'DHDeclarable')
cd /Users/admin/builder/spi-builder-workspace
write-file /Users/admin/builder/spi-builder-workspace/.derivedData/Build/Intermediates.noindex/DHDeclarable.build/Debug-appletvos/DHDeclarableTests-p.build/DHDeclarableTests.DependencyMetadataFileList
WriteAuxiliaryFile /Users/admin/builder/spi-builder-workspace/.derivedData/Build/Intermediates.noindex/DHDeclarable.build/Debug-appletvos/DHDeclarable-t.build/Objects-normal/arm64/DHDeclarable.SwiftFileList (in target 'DHDeclarable' from project 'DHDeclarable')
cd /Users/admin/builder/spi-builder-workspace
write-file /Users/admin/builder/spi-builder-workspace/.derivedData/Build/Intermediates.noindex/DHDeclarable.build/Debug-appletvos/DHDeclarable-t.build/Objects-normal/arm64/DHDeclarable.SwiftFileList
WriteAuxiliaryFile /Users/admin/builder/spi-builder-workspace/.derivedData/Build/Intermediates.noindex/DHDeclarable.build/Debug-appletvos/DHDeclarable-t.build/Objects-normal/arm64/DHDeclarable.SwiftConstValuesFileList (in target 'DHDeclarable' from project 'DHDeclarable')
cd /Users/admin/builder/spi-builder-workspace
write-file /Users/admin/builder/spi-builder-workspace/.derivedData/Build/Intermediates.noindex/DHDeclarable.build/Debug-appletvos/DHDeclarable-t.build/Objects-normal/arm64/DHDeclarable.SwiftConstValuesFileList
WriteAuxiliaryFile /Users/admin/builder/spi-builder-workspace/.derivedData/Build/Intermediates.noindex/DHDeclarable.build/Debug-appletvos/DHDeclarable-t.build/Objects-normal/arm64/DHDeclarable.LinkFileList (in target 'DHDeclarable' from project 'DHDeclarable')
cd /Users/admin/builder/spi-builder-workspace
write-file /Users/admin/builder/spi-builder-workspace/.derivedData/Build/Intermediates.noindex/DHDeclarable.build/Debug-appletvos/DHDeclarable-t.build/Objects-normal/arm64/DHDeclarable.LinkFileList
WriteAuxiliaryFile /Users/admin/builder/spi-builder-workspace/.derivedData/Build/Intermediates.noindex/DHDeclarable.build/Debug-appletvos/DHDeclarable-t.build/Objects-normal/arm64/DHDeclarable-OutputFileMap.json (in target 'DHDeclarable' from project 'DHDeclarable')
cd /Users/admin/builder/spi-builder-workspace
write-file /Users/admin/builder/spi-builder-workspace/.derivedData/Build/Intermediates.noindex/DHDeclarable.build/Debug-appletvos/DHDeclarable-t.build/Objects-normal/arm64/DHDeclarable-OutputFileMap.json
WriteAuxiliaryFile /Users/admin/builder/spi-builder-workspace/.derivedData/Build/Intermediates.noindex/DHDeclarable.build/Debug-appletvos/DHDeclarable-t.build/DHDeclarable.modulemap (in target 'DHDeclarable' from project 'DHDeclarable')
cd /Users/admin/builder/spi-builder-workspace
write-file /Users/admin/builder/spi-builder-workspace/.derivedData/Build/Intermediates.noindex/DHDeclarable.build/Debug-appletvos/DHDeclarable-t.build/DHDeclarable.modulemap
WriteAuxiliaryFile /Users/admin/builder/spi-builder-workspace/.derivedData/Build/Intermediates.noindex/DHDeclarable.build/Debug-appletvos/DHDeclarable-t.build/DHDeclarable.DependencyStaticMetadataFileList (in target 'DHDeclarable' from project 'DHDeclarable')
cd /Users/admin/builder/spi-builder-workspace
write-file /Users/admin/builder/spi-builder-workspace/.derivedData/Build/Intermediates.noindex/DHDeclarable.build/Debug-appletvos/DHDeclarable-t.build/DHDeclarable.DependencyStaticMetadataFileList
WriteAuxiliaryFile /Users/admin/builder/spi-builder-workspace/.derivedData/Build/Intermediates.noindex/DHDeclarable.build/Debug-appletvos/DHDeclarable-t.build/DHDeclarable.DependencyMetadataFileList (in target 'DHDeclarable' from project 'DHDeclarable')
cd /Users/admin/builder/spi-builder-workspace
write-file /Users/admin/builder/spi-builder-workspace/.derivedData/Build/Intermediates.noindex/DHDeclarable.build/Debug-appletvos/DHDeclarable-t.build/DHDeclarable.DependencyMetadataFileList
MkDir /Users/admin/builder/spi-builder-workspace/.derivedData/Build/Products/Debug-appletvos/DHDeclarableTests.xctest (in target 'DHDeclarableTests-product' from project 'DHDeclarable')
cd /Users/admin/builder/spi-builder-workspace
/bin/mkdir -p /Users/admin/builder/spi-builder-workspace/.derivedData/Build/Products/Debug-appletvos/DHDeclarableTests.xctest
Copy /Users/admin/builder/spi-builder-workspace/.derivedData/Build/Intermediates.noindex/GeneratedModuleMaps-appletvos/DHDeclarable.modulemap /Users/admin/builder/spi-builder-workspace/.derivedData/Build/Intermediates.noindex/DHDeclarable.build/Debug-appletvos/DHDeclarable-t.build/DHDeclarable.modulemap (in target 'DHDeclarable' from project 'DHDeclarable')
cd /Users/admin/builder/spi-builder-workspace
builtin-copy -exclude .DS_Store -exclude CVS -exclude .svn -exclude .git -exclude .hg -resolve-src-symlinks /Users/admin/builder/spi-builder-workspace/.derivedData/Build/Intermediates.noindex/DHDeclarable.build/Debug-appletvos/DHDeclarable-t.build/DHDeclarable.modulemap /Users/admin/builder/spi-builder-workspace/.derivedData/Build/Intermediates.noindex/GeneratedModuleMaps-appletvos
SwiftDriver DHDeclarable normal arm64 com.apple.xcode.tools.swift.compiler (in target 'DHDeclarable' from project 'DHDeclarable')
cd /Users/admin/builder/spi-builder-workspace/.swiftpm/xcode
builtin-SwiftDriver -- /Applications/Xcode-27.0.0-Release.Candidate.app/Contents/Developer/Toolchains/XcodeDefault.xctoolchain/usr/bin/swiftc -parse-as-library -module-name DHDeclarable -Onone @/Users/admin/builder/spi-builder-workspace/.derivedData/Build/Intermediates.noindex/DHDeclarable.build/Debug-appletvos/DHDeclarable-t.build/Objects-normal/arm64/DHDeclarable.SwiftFileList -DSWIFT_PACKAGE -DDEBUG -DSWIFT_MODULE_RESOURCE_BUNDLE_UNAVAILABLE -DXcode -plugin-path /Applications/Xcode-27.0.0-Release.Candidate.app/Contents/Developer/Toolchains/XcodeDefault.xctoolchain/usr/lib/swift/host/plugins/testing -enable-experimental-feature DebugDescriptionMacro -sdk /Applications/Xcode-27.0.0-Release.Candidate.app/Contents/Developer/Platforms/AppleTVOS.platform/Developer/SDKs/AppleTVOS27.0.sdk -target arm64-apple-tvos15.0 -g -module-cache-path /Users/admin/builder/spi-builder-workspace/.derivedData/ModuleCache.noindex -Xfrontend -serialize-debugging-options -profile-coverage-mapping -profile-generate -enable-testing -index-store-path /Users/admin/builder/spi-builder-workspace/.derivedData/Index.noindex/DataStore -Xcc -D_LIBCPP_HARDENING_MODE\=_LIBCPP_HARDENING_MODE_DEBUG -swift-version 5 -I /Users/admin/builder/spi-builder-workspace/.derivedData/Build/Products/Debug-appletvos -Isystem /Applications/Xcode-27.0.0-Release.Candidate.app/Contents/Developer/Platforms/AppleTVOS.platform/Developer/usr/lib -F /Users/admin/builder/spi-builder-workspace/.derivedData/Build/Products/Debug-appletvos -F /Applications/Xcode-27.0.0-Release.Candidate.app/Contents/Developer/Platforms/AppleTVOS.platform/Developer/Library/Frameworks -F /Applications/Xcode-27.0.0-Release.Candidate.app/Contents/Developer/Platforms/AppleTVOS.platform/Developer/SDKs/AppleTVOS27.0.sdk/Developer/Library/Frameworks -c -j10 -enable-batch-mode -incremental -Xcc -ivfsstatcache -Xcc /Users/admin/builder/spi-builder-workspace/.derivedData/SDKStatCaches.noindex/appletvos27.0-24J360-e829b21a6f8c9b70876ba0858053c044b32bfd8d43560033f8d89884cdb90028.sdkstatcache -output-file-map /Users/admin/builder/spi-builder-workspace/.derivedData/Build/Intermediates.noindex/DHDeclarable.build/Debug-appletvos/DHDeclarable-t.build/Objects-normal/arm64/DHDeclarable-OutputFileMap.json -save-temps -no-color-diagnostics -explicit-module-build -module-cache-path /Users/admin/builder/spi-builder-workspace/.derivedData/Build/Intermediates.noindex/SwiftExplicitPrecompiledModules -clang-scanner-module-cache-path /Users/admin/builder/spi-builder-workspace/.derivedData/ModuleCache.noindex -sdk-module-cache-path /Users/admin/builder/spi-builder-workspace/.derivedData/SDKExplicitPrecompiledModules -emit-dependencies -emit-module -emit-module-path /Users/admin/builder/spi-builder-workspace/.derivedData/Build/Intermediates.noindex/DHDeclarable.build/Debug-appletvos/DHDeclarable-t.build/Objects-normal/arm64/DHDeclarable.swiftmodule -serialize-diagnostics -dependency-scan-serialize-diagnostics-path /Users/admin/builder/spi-builder-workspace/.derivedData/Build/Intermediates.noindex/DHDeclarable.build/Debug-appletvos/DHDeclarable-t.build/Objects-normal/arm64/DHDeclarable-dependency-scan.dia -validate-clang-modules-once -clang-build-session-file /Users/admin/builder/spi-builder-workspace/.derivedData/ModuleCache.noindex/Session.modulevalidation -Xcc -fmodules-prune-interval\=86400 -Xcc -fmodules-prune-after\=345600 -emit-const-values -const-gather-protocols-list /Users/admin/builder/spi-builder-workspace/.derivedData/Build/Intermediates.noindex/DHDeclarable.build/Debug-appletvos/DHDeclarable-t.build/Objects-normal/arm64/DHDeclarable_const_extract_protocols.json -Xcc -I/Users/admin/builder/spi-builder-workspace/.derivedData/Build/Products/Debug-appletvos/include -Xcc -I/Users/admin/builder/spi-builder-workspace/.derivedData/Build/Intermediates.noindex/DHDeclarable.build/Debug-appletvos/DHDeclarable-t.build/DerivedSources-normal/arm64 -Xcc -I/Users/admin/builder/spi-builder-workspace/.derivedData/Build/Intermediates.noindex/DHDeclarable.build/Debug-appletvos/DHDeclarable-t.build/DerivedSources/arm64 -Xcc -I/Users/admin/builder/spi-builder-workspace/.derivedData/Build/Intermediates.noindex/DHDeclarable.build/Debug-appletvos/DHDeclarable-t.build/DerivedSources -Xcc -DSWIFT_PACKAGE -Xcc -DDEBUG\=1 -emit-objc-header -emit-objc-header-path /Users/admin/builder/spi-builder-workspace/.derivedData/Build/Intermediates.noindex/DHDeclarable.build/Debug-appletvos/DHDeclarable-t.build/Objects-normal/arm64/DHDeclarable-Swift.h -working-directory /Users/admin/builder/spi-builder-workspace/.swiftpm/xcode -experimental-emit-module-separately -disable-cmo
SwiftExplicitDependencyGeneratePcm arm64 /Users/admin/builder/spi-builder-workspace/.derivedData/SDKExplicitPrecompiledModules/SwiftShims-8N4EXJ4RUJTR8K9OO3CMOH1EP.pcm
SwiftExplicitDependencyGeneratePcm arm64 /Users/admin/builder/spi-builder-workspace/.derivedData/SDKExplicitPrecompiledModules/ptrauth-8X2KEPL7CTRPS40TUB9APHPK6.pcm
SwiftExplicitDependencyGeneratePcm arm64 /Users/admin/builder/spi-builder-workspace/.derivedData/SDKExplicitPrecompiledModules/_AvailabilityInternal-BV2EDDP0MI5QJDDPEEV4D9D3V.pcm
SwiftExplicitDependencyGeneratePcm arm64 /Users/admin/builder/spi-builder-workspace/.derivedData/SDKExplicitPrecompiledModules/ptrcheck-2AZ6B5IBYD3RRRTFWN2ONASY3.pcm
SwiftExplicitDependencyGeneratePcm arm64 /Users/admin/builder/spi-builder-workspace/.derivedData/SDKExplicitPrecompiledModules/_Builtin_stddef-9ZJZ6FDEZNKTZU8YLPMFT9RAQ.pcm
SwiftExplicitDependencyGeneratePcm arm64 /Users/admin/builder/spi-builder-workspace/.derivedData/SDKExplicitPrecompiledModules/_Builtin_stdbool-AHRDH5EKLY6D04C5E42F3VCQI.pcm
SwiftExplicitDependencyGeneratePcm arm64 /Users/admin/builder/spi-builder-workspace/.derivedData/SDKExplicitPrecompiledModules/_SwiftConcurrencyShims-BY5PD8KF1L5KF6F4Q69HE3TJ4.pcm
SwiftExplicitDependencyGeneratePcm arm64 /Users/admin/builder/spi-builder-workspace/.derivedData/SDKExplicitPrecompiledModules/_Builtin_stdarg-BO2OCAUYVAXDRVQWQ8ISKGNUQ.pcm
SwiftExplicitDependencyGeneratePcm arm64 /Users/admin/builder/spi-builder-workspace/.derivedData/SDKExplicitPrecompiledModules/DeveloperToolsSupport-B1X8RI63V48AJRTH2RK6JAARV.pcm
SwiftExplicitDependencyGeneratePcm arm64 /Users/admin/builder/spi-builder-workspace/.derivedData/SDKExplicitPrecompiledModules/_Builtin_float-8ZJAYZ85YBOAOP52Y9H6IUNP3.pcm
SwiftExplicitDependencyGeneratePcm arm64 /Users/admin/builder/spi-builder-workspace/.derivedData/SDKExplicitPrecompiledModules/_DarwinFoundation1-JOTYMOA1YZCIJ2NON6FQ848O.pcm
SwiftExplicitDependencyGeneratePcm arm64 /Users/admin/builder/spi-builder-workspace/.derivedData/SDKExplicitPrecompiledModules/_DarwinFoundation2-AOGAN1O02NKXRJN5V73AV3V3M.pcm
SwiftExplicitDependencyGeneratePcm arm64 /Users/admin/builder/spi-builder-workspace/.derivedData/SDKExplicitPrecompiledModules/_Builtin_limits-7JU2HP127LIT1X9E2V3D8WZ1.pcm
SwiftExplicitDependencyGeneratePcm arm64 /Users/admin/builder/spi-builder-workspace/.derivedData/SDKExplicitPrecompiledModules/_Builtin_stdint-6NFTB6IBKS143IVPGT1EKB7HO.pcm
SwiftExplicitDependencyGeneratePcm arm64 /Users/admin/builder/spi-builder-workspace/.derivedData/SDKExplicitPrecompiledModules/_Builtin_tgmath-7ULT1EUHDHW4OZPSTT33H6QGE.pcm
SwiftExplicitDependencyGeneratePcm arm64 /Users/admin/builder/spi-builder-workspace/.derivedData/SDKExplicitPrecompiledModules/string_h-6EVHP7A717OUS5DMC78F79HWO.pcm
SwiftExplicitDependencyGeneratePcm arm64 /Users/admin/builder/spi-builder-workspace/.derivedData/SDKExplicitPrecompiledModules/sys_types-8GCAV1YMG5UUGHUID3CA20TCH.pcm
SwiftExplicitDependencyGeneratePcm arm64 /Users/admin/builder/spi-builder-workspace/.derivedData/SDKExplicitPrecompiledModules/_DarwinFoundation3-8SR3855WDFHQPR6G9GHOI2C07.pcm
SwiftExplicitDependencyGeneratePcm arm64 /Users/admin/builder/spi-builder-workspace/.derivedData/SDKExplicitPrecompiledModules/_Builtin_stdatomic-3YXHN678NGYM3NL9POJ2HVEIF.pcm
SwiftExplicitDependencyGeneratePcm arm64 /Users/admin/builder/spi-builder-workspace/.derivedData/SDKExplicitPrecompiledModules/_Builtin_intrinsics-437O2R2NID4WAQVENR63GR82C.pcm
SwiftExplicitDependencyGeneratePcm arm64 /Users/admin/builder/spi-builder-workspace/.derivedData/SDKExplicitPrecompiledModules/_Builtin_inttypes-6X1IQ3QK9KEVKXOK9Y79EW7J3.pcm
SwiftExplicitDependencyGeneratePcm arm64 /Users/admin/builder/spi-builder-workspace/.derivedData/SDKExplicitPrecompiledModules/Darwin-DBSQAVBBPC3D2OMU5ZI2RXMST.pcm
SwiftExplicitDependencyGeneratePcm arm64 /Users/admin/builder/spi-builder-workspace/.derivedData/SDKExplicitPrecompiledModules/simd-117QUXEUT3Z7UQCUYWV2UA228.pcm
SwiftExplicitDependencyGeneratePcm arm64 /Users/admin/builder/spi-builder-workspace/.derivedData/SDKExplicitPrecompiledModules/ObjectiveC-5250FDCE56N8508OR6XUYDKZM.pcm
SwiftExplicitDependencyGeneratePcm arm64 /Users/admin/builder/spi-builder-workspace/.derivedData/SDKExplicitPrecompiledModules/MachO-EH3F5PJCIZG05NO51CEFSZYPW.pcm
SwiftExplicitDependencyGeneratePcm arm64 /Users/admin/builder/spi-builder-workspace/.derivedData/SDKExplicitPrecompiledModules/os_object-E2DGZ0SX0TULQHULZRPO6OKNW.pcm
SwiftExplicitDependencyGeneratePcm arm64 /Users/admin/builder/spi-builder-workspace/.derivedData/SDKExplicitPrecompiledModules/os_workgroup-DBUFF7811DKMX7VPBOJPGGF1U.pcm
SwiftExplicitDependencyGeneratePcm arm64 /Users/admin/builder/spi-builder-workspace/.derivedData/SDKExplicitPrecompiledModules/Spatial-7U8NLEFXSB8BR7PJQGVMF5A4Q.pcm
SwiftExplicitDependencyGeneratePcm arm64 /Users/admin/builder/spi-builder-workspace/.derivedData/SDKExplicitPrecompiledModules/Dispatch-1QL58A0V50C39KVAIC6C38SHL.pcm
SwiftExplicitDependencyGeneratePcm arm64 /Users/admin/builder/spi-builder-workspace/.derivedData/SDKExplicitPrecompiledModules/XPC-6O2DJFT3QUJ7QKTD3SNUB6PCR.pcm
SwiftExplicitDependencyGeneratePcm arm64 /Users/admin/builder/spi-builder-workspace/.derivedData/SDKExplicitPrecompiledModules/CoreFoundation-7TPJ7ENDC4L1A1ESHYI9TXS0D.pcm
SwiftExplicitDependencyGeneratePcm arm64 /Users/admin/builder/spi-builder-workspace/.derivedData/SDKExplicitPrecompiledModules/os-3GJI8H0BNAEZPQPQ1V0VVY3FY.pcm
SwiftExplicitDependencyGeneratePcm arm64 /Users/admin/builder/spi-builder-workspace/.derivedData/SDKExplicitPrecompiledModules/Security-8VMXEKVDA3MHUH9AOTP905DID.pcm
SwiftExplicitDependencyGeneratePcm arm64 /Users/admin/builder/spi-builder-workspace/.derivedData/SDKExplicitPrecompiledModules/CFNetwork-2CUR2VK9S3S3WPFXPNXNUWYGN.pcm
SwiftExplicitDependencyGeneratePcm arm64 /Users/admin/builder/spi-builder-workspace/.derivedData/SDKExplicitPrecompiledModules/CoreGraphics-CWSP3J98S2658BYCVL6RP99T3.pcm
SwiftExplicitDependencyGeneratePcm arm64 /Users/admin/builder/spi-builder-workspace/.derivedData/SDKExplicitPrecompiledModules/CoreAudioTypes-E7EH96HAL3G83QSWLT7VWYIP4.pcm
SwiftExplicitDependencyGeneratePcm arm64 /Users/admin/builder/spi-builder-workspace/.derivedData/SDKExplicitPrecompiledModules/CoreAudio-6IR1XRM0Q9YQZMFW89F3H4V3X.pcm
SwiftExplicitDependencyGeneratePcm arm64 /Users/admin/builder/spi-builder-workspace/.derivedData/SDKExplicitPrecompiledModules/Foundation-BSSIP64DIGUKMAYJOG1WPQ78X.pcm
SwiftExplicitDependencyGeneratePcm arm64 /Users/admin/builder/spi-builder-workspace/.derivedData/SDKExplicitPrecompiledModules/CoreText-59NY7PABM0I4V978161FOC04A.pcm
SwiftExplicitDependencyGeneratePcm arm64 /Users/admin/builder/spi-builder-workspace/.derivedData/SDKExplicitPrecompiledModules/ImageIO-88D4CLEBD4CLWQKT78PZ6H1O8.pcm
SwiftExplicitDependencyGeneratePcm arm64 /Users/admin/builder/spi-builder-workspace/.derivedData/SDKExplicitPrecompiledModules/UserNotifications-E9ZW5TH066WIJWH9080RC5NG4.pcm
SwiftExplicitDependencyGeneratePcm arm64 /Users/admin/builder/spi-builder-workspace/.derivedData/SDKExplicitPrecompiledModules/DataDetection-37JIYZ2GWDA1L166PP1D9JKAF.pcm
SwiftExplicitDependencyGeneratePcm arm64 /Users/admin/builder/spi-builder-workspace/.derivedData/SDKExplicitPrecompiledModules/Accessibility-B6BODGZ4MQQTY0PBC4SHRP009.pcm
SwiftExplicitDependencyGeneratePcm arm64 /Users/admin/builder/spi-builder-workspace/.derivedData/SDKExplicitPrecompiledModules/CoreData-DYMPHH3PH8AX9I1FHA4VFJ675.pcm
SwiftExplicitDependencyGeneratePcm arm64 /Users/admin/builder/spi-builder-workspace/.derivedData/SDKExplicitPrecompiledModules/UIUtilities-6ZFJ1AK4H8IBGEBMYQBWGBYLK.pcm
SwiftExplicitDependencyGeneratePcm arm64 /Users/admin/builder/spi-builder-workspace/.derivedData/SDKExplicitPrecompiledModules/_LocationEssentials-ETSJ65FELPWR8WH8G49R1DF2E.pcm
SwiftExplicitDependencyGeneratePcm arm64 /Users/admin/builder/spi-builder-workspace/.derivedData/SDKExplicitPrecompiledModules/Symbols-B5AU9VM9Y7NU79RLMH13Z4IFM.pcm
SwiftExplicitDependencyGeneratePcm arm64 /Users/admin/builder/spi-builder-workspace/.derivedData/SDKExplicitPrecompiledModules/CoreTransferable-7V4O8DATEQ9F7SDNTCW8YWLG3.pcm
SwiftExplicitDependencyGeneratePcm arm64 /Users/admin/builder/spi-builder-workspace/.derivedData/SDKExplicitPrecompiledModules/IOSurface-38FJ1CKX9FV2RD97O64Z7QB17.pcm
SwiftExplicitDependencyGeneratePcm arm64 /Users/admin/builder/spi-builder-workspace/.derivedData/SDKExplicitPrecompiledModules/OSLog-7OT6HHTMY0ZFEQJ095LJZ6NLC.pcm
SwiftExplicitDependencyGeneratePcm arm64 /Users/admin/builder/spi-builder-workspace/.derivedData/SDKExplicitPrecompiledModules/UniformTypeIdentifiers-95CC8U42ZA9STP5K6GP9ZVJS5.pcm
SwiftExplicitDependencyGeneratePcm arm64 /Users/admin/builder/spi-builder-workspace/.derivedData/SDKExplicitPrecompiledModules/CoreLocation-YVXXAOMVX0JH2KO1XTTKTY51.pcm
SwiftExplicitDependencyGeneratePcm arm64 /Users/admin/builder/spi-builder-workspace/.derivedData/SDKExplicitPrecompiledModules/Metal-2KYBS7IML1SD788M91YV7Q0CC.pcm
SwiftExplicitDependencyGeneratePcm arm64 /Users/admin/builder/spi-builder-workspace/.derivedData/SDKExplicitPrecompiledModules/OpenGLES-4NY99CNDU9WUNUYEIXSS1QFGE.pcm
SwiftExplicitDependencyGeneratePcm arm64 /Users/admin/builder/spi-builder-workspace/.derivedData/SDKExplicitPrecompiledModules/CoreVideo-DPU0PB5X0XLSVA2ETRGI6FJBM.pcm
SwiftExplicitDependencyGeneratePcm arm64 /Users/admin/builder/spi-builder-workspace/.derivedData/SDKExplicitPrecompiledModules/CoreMedia-4OUKVT03LV547KZJDPPJRJ4F8.pcm
SwiftExplicitDependencyGeneratePcm arm64 /Users/admin/builder/spi-builder-workspace/.derivedData/SDKExplicitPrecompiledModules/CoreImage-7S2AFJ8EIY3DUFYLEAX1JR1QV.pcm
SwiftExplicitDependencyGeneratePcm arm64 /Users/admin/builder/spi-builder-workspace/.derivedData/SDKExplicitPrecompiledModules/QuartzCore-DJSYAWKXFGVSAK5CQMOB3JSR.pcm
SwiftExplicitDependencyGeneratePcm arm64 /Users/admin/builder/spi-builder-workspace/.derivedData/SDKExplicitPrecompiledModules/SwiftUICore-543QU5V2NHKUFCYFJDKUJ7NYG.pcm
SwiftExplicitDependencyGeneratePcm arm64 /Users/admin/builder/spi-builder-workspace/.derivedData/SDKExplicitPrecompiledModules/UIKit-1TKWN7VC2X6N3ITMRVA2G0EB2.pcm
SwiftExplicitDependencyGeneratePcm arm64 /Users/admin/builder/spi-builder-workspace/.derivedData/SDKExplicitPrecompiledModules/SwiftUI-7BV1YDT6IZWW6B8OC6ENV0Y0F.pcm
SwiftCompile normal arm64 Compiling\ UIView+Preview.swift,\ UIViewController+Preview.swift,\ ResettableLazy.swift,\ DHDStringRepresentable.swift /Users/admin/builder/spi-builder-workspace/Sources/DHDeclarable/Previews/UIView+Preview.swift /Users/admin/builder/spi-builder-workspace/Sources/DHDeclarable/Previews/UIViewController+Preview.swift /Users/admin/builder/spi-builder-workspace/Sources/DHDeclarable/PropertyWrappers/ResettableLazy.swift /Users/admin/builder/spi-builder-workspace/Sources/DHDeclarable/Protocols/DHDStringRepresentable.swift (in target 'DHDeclarable' from project 'DHDeclarable')
SwiftCompile normal arm64 /Users/admin/builder/spi-builder-workspace/Sources/DHDeclarable/Previews/UIView+Preview.swift (in target 'DHDeclarable' from project 'DHDeclarable')
cd /Users/admin/builder/spi-builder-workspace/.swiftpm/xcode
builtin-SwiftPerFileCompile UIView+Preview.swift
SwiftCompile normal arm64 /Users/admin/builder/spi-builder-workspace/Sources/DHDeclarable/Previews/UIViewController+Preview.swift (in target 'DHDeclarable' from project 'DHDeclarable')
cd /Users/admin/builder/spi-builder-workspace/.swiftpm/xcode
builtin-SwiftPerFileCompile UIViewController+Preview.swift
SwiftCompile normal arm64 /Users/admin/builder/spi-builder-workspace/Sources/DHDeclarable/PropertyWrappers/ResettableLazy.swift (in target 'DHDeclarable' from project 'DHDeclarable')
cd /Users/admin/builder/spi-builder-workspace/.swiftpm/xcode
builtin-SwiftPerFileCompile ResettableLazy.swift
SwiftCompile normal arm64 /Users/admin/builder/spi-builder-workspace/Sources/DHDeclarable/Protocols/DHDStringRepresentable.swift (in target 'DHDeclarable' from project 'DHDeclarable')
cd /Users/admin/builder/spi-builder-workspace/.swiftpm/xcode
builtin-SwiftPerFileCompile DHDStringRepresentable.swift
SwiftEmitModule normal arm64 Emitting\ module\ for\ DHDeclarable (in target 'DHDeclarable' from project 'DHDeclarable')
SwiftCompile normal arm64 (in target 'DHDeclarable' from project 'DHDeclarable')
cd /Users/admin/builder/spi-builder-workspace/.swiftpm/xcode
SwiftCompile normal arm64 Compiling\ UIView+pin.swift,\ UIView+rounded.swift,\ UIView+tag.swift,\ UIViewController+as.swift /Users/admin/builder/spi-builder-workspace/Sources/DHDeclarable/Extensions/UIKit/UIView/UIView+pin.swift /Users/admin/builder/spi-builder-workspace/Sources/DHDeclarable/Extensions/UIKit/UIView/UIView+rounded.swift /Users/admin/builder/spi-builder-workspace/Sources/DHDeclarable/Extensions/UIKit/UIView/UIView+tag.swift /Users/admin/builder/spi-builder-workspace/Sources/DHDeclarable/Extensions/UIKit/UIViewController/UIViewController+as.swift (in target 'DHDeclarable' from project 'DHDeclarable')
SwiftCompile normal arm64 /Users/admin/builder/spi-builder-workspace/Sources/DHDeclarable/Extensions/UIKit/UIView/UIView+pin.swift (in target 'DHDeclarable' from project 'DHDeclarable')
cd /Users/admin/builder/spi-builder-workspace/.swiftpm/xcode
builtin-SwiftPerFileCompile UIView+pin.swift
SwiftCompile normal arm64 /Users/admin/builder/spi-builder-workspace/Sources/DHDeclarable/Extensions/UIKit/UIView/UIView+rounded.swift (in target 'DHDeclarable' from project 'DHDeclarable')
cd /Users/admin/builder/spi-builder-workspace/.swiftpm/xcode
builtin-SwiftPerFileCompile UIView+rounded.swift
SwiftCompile normal arm64 /Users/admin/builder/spi-builder-workspace/Sources/DHDeclarable/Extensions/UIKit/UIView/UIView+tag.swift (in target 'DHDeclarable' from project 'DHDeclarable')
cd /Users/admin/builder/spi-builder-workspace/.swiftpm/xcode
builtin-SwiftPerFileCompile UIView+tag.swift
SwiftCompile normal arm64 /Users/admin/builder/spi-builder-workspace/Sources/DHDeclarable/Extensions/UIKit/UIViewController/UIViewController+as.swift (in target 'DHDeclarable' from project 'DHDeclarable')
cd /Users/admin/builder/spi-builder-workspace/.swiftpm/xcode
builtin-SwiftPerFileCompile UIViewController+as.swift
SwiftCompile normal arm64 Compiling\ UIKit+DHDStringRepresentable.swift,\ UILabel+Style.swift,\ UIStackView+Layout.swift,\ UIStackView+Rrecursive.swift /Users/admin/builder/spi-builder-workspace/Sources/DHDeclarable/Extensions/UIKit/UIKit+DHDStringRepresentable.swift /Users/admin/builder/spi-builder-workspace/Sources/DHDeclarable/Extensions/UIKit/UILabel/UILabel+Style.swift /Users/admin/builder/spi-builder-workspace/Sources/DHDeclarable/Extensions/UIKit/UIStackView/UIStackView+Layout.swift /Users/admin/builder/spi-builder-workspace/Sources/DHDeclarable/Extensions/UIKit/UIStackView/UIStackView+Rrecursive.swift (in target 'DHDeclarable' from project 'DHDeclarable')
SwiftCompile normal arm64 /Users/admin/builder/spi-builder-workspace/Sources/DHDeclarable/Extensions/UIKit/UIKit+DHDStringRepresentable.swift (in target 'DHDeclarable' from project 'DHDeclarable')
cd /Users/admin/builder/spi-builder-workspace/.swiftpm/xcode
builtin-SwiftPerFileCompile UIKit+DHDStringRepresentable.swift
SwiftCompile normal arm64 /Users/admin/builder/spi-builder-workspace/Sources/DHDeclarable/Extensions/UIKit/UILabel/UILabel+Style.swift (in target 'DHDeclarable' from project 'DHDeclarable')
cd /Users/admin/builder/spi-builder-workspace/.swiftpm/xcode
builtin-SwiftPerFileCompile UILabel+Style.swift
SwiftCompile normal arm64 /Users/admin/builder/spi-builder-workspace/Sources/DHDeclarable/Extensions/UIKit/UIStackView/UIStackView+Layout.swift (in target 'DHDeclarable' from project 'DHDeclarable')
cd /Users/admin/builder/spi-builder-workspace/.swiftpm/xcode
builtin-SwiftPerFileCompile UIStackView+Layout.swift
SwiftCompile normal arm64 /Users/admin/builder/spi-builder-workspace/Sources/DHDeclarable/Extensions/UIKit/UIStackView/UIStackView+Rrecursive.swift (in target 'DHDeclarable' from project 'DHDeclarable')
cd /Users/admin/builder/spi-builder-workspace/.swiftpm/xcode
builtin-SwiftPerFileCompile UIStackView+Rrecursive.swift
SwiftCompile normal arm64 Compiling\ DHDViewController.swift,\ DHDViewControllerContentRenderingMode.swift,\ DHDViewControlling.swift,\ DHDIdentifier.swift /Users/admin/builder/spi-builder-workspace/Sources/DHDeclarable/Classes/DHDViewController/DHDViewController.swift /Users/admin/builder/spi-builder-workspace/Sources/DHDeclarable/Classes/DHDViewController/DHDViewControllerContentRenderingMode.swift /Users/admin/builder/spi-builder-workspace/Sources/DHDeclarable/Classes/DHDViewController/DHDViewControlling.swift /Users/admin/builder/spi-builder-workspace/Sources/DHDeclarable/DHDIdentifier.swift (in target 'DHDeclarable' from project 'DHDeclarable')
/Users/admin/builder/spi-builder-workspace/Sources/DHDeclarable/Classes/DHDViewController/DHDViewController.swift:102:25: error: 'systemBackground' is unavailable in tvOS
100 | static func systemBackground(from traitCollection: UITraitCollection, useSystemBackgroundIfAvailable: Bool = true) -> UIColor {
101 | if #available(iOS 13, *), useSystemBackgroundIfAvailable {
102 | return .systemBackground
| `- error: 'systemBackground' is unavailable in tvOS
103 | } else {
104 | // Manually set background with black/white
/Applications/Xcode-27.0.0-Release.Candidate.app/Contents/Developer/Platforms/AppleTVOS.platform/Developer/SDKs/AppleTVOS27.0.sdk/System/Library/Frameworks/UIKit.framework/Headers/UIInterface.h:208:49: note: 'systemBackground' has been explicitly marked unavailable here
206 | * primary background in light mode.
207 | */
208 | @property (class, nonatomic, readonly) UIColor *systemBackgroundColor API_AVAILABLE(ios(13.0)) API_UNAVAILABLE(tvos, watchos);
| `- note: 'systemBackground' has been explicitly marked unavailable here
209 | @property (class, nonatomic, readonly) UIColor *secondarySystemBackgroundColor API_AVAILABLE(ios(13.0)) API_UNAVAILABLE(tvos, watchos);
210 | @property (class, nonatomic, readonly) UIColor *tertiarySystemBackgroundColor API_AVAILABLE(ios(13.0)) API_UNAVAILABLE(tvos, watchos);
Failed frontend command:
/Applications/Xcode-27.0.0-Release.Candidate.app/Contents/Developer/Toolchains/XcodeDefault.xctoolchain/usr/bin/swift-frontend -frontend -c /Users/admin/builder/spi-builder-workspace/Sources/DHDeclarable/Classes/DHDComponent/BaseClasses/DHDComponentable.swift /Users/admin/builder/spi-builder-workspace/Sources/DHDeclarable/Classes/DHDComponent/BaseClasses/DHDStackViewComponent.swift /Users/admin/builder/spi-builder-workspace/Sources/DHDeclarable/Classes/DHDComponent/BaseClasses/DHDViewComponent.swift /Users/admin/builder/spi-builder-workspace/Sources/DHDeclarable/Classes/DHDComponent/DHDTwoLabelRowComponent.swift /Users/admin/builder/spi-builder-workspace/Sources/DHDeclarable/Classes/DHDLabel/DHDLabel.swift /Users/admin/builder/spi-builder-workspace/Sources/DHDeclarable/Classes/DHDScrollView/DHDScrollView.swift /Users/admin/builder/spi-builder-workspace/Sources/DHDeclarable/Classes/DHDStack/DHDHStack.swift /Users/admin/builder/spi-builder-workspace/Sources/DHDeclarable/Classes/DHDStack/DHDStack.swift /Users/admin/builder/spi-builder-workspace/Sources/DHDeclarable/Classes/DHDStack/DHDVStack.swift /Users/admin/builder/spi-builder-workspace/Sources/DHDeclarable/Classes/DHDView/DHDView+divider.swift /Users/admin/builder/spi-builder-workspace/Sources/DHDeclarable/Classes/DHDView/DHDView+spacer.swift /Users/admin/builder/spi-builder-workspace/Sources/DHDeclarable/Classes/DHDView/DHDView.swift -primary-file /Users/admin/builder/spi-builder-workspace/Sources/DHDeclarable/Classes/DHDViewController/DHDViewController.swift -primary-file /Users/admin/builder/spi-builder-workspace/Sources/DHDeclarable/Classes/DHDViewController/DHDViewControllerContentRenderingMode.swift -primary-file /Users/admin/builder/spi-builder-workspace/Sources/DHDeclarable/Classes/DHDViewController/DHDViewControlling.swift -primary-file /Users/admin/builder/spi-builder-workspace/Sources/DHDeclarable/DHDIdentifier.swift /Users/admin/builder/spi-builder-workspace/Sources/DHDeclarable/DHDeclarable.swift /Users/admin/builder/spi-builder-workspace/Sources/DHDeclarable/Extensions/Collection+optional.swift /Users/admin/builder/spi-builder-workspace/Sources/DHDeclarable/Extensions/String/String+asLabel.swift /Users/admin/builder/spi-builder-workspace/Sources/DHDeclarable/Extensions/String/String+inQuotes.swift /Users/admin/builder/spi-builder-workspace/Sources/DHDeclarable/Extensions/UIKit/UIKit+DHDStringRepresentable.swift /Users/admin/builder/spi-builder-workspace/Sources/DHDeclarable/Extensions/UIKit/UILabel/UILabel+Style.swift /Users/admin/builder/spi-builder-workspace/Sources/DHDeclarable/Extensions/UIKit/UIStackView/UIStackView+Layout.swift /Users/admin/builder/spi-builder-workspace/Sources/DHDeclarable/Extensions/UIKit/UIStackView/UIStackView+Rrecursive.swift /Users/admin/builder/spi-builder-workspace/Sources/DHDeclarable/Extensions/UIKit/UIStackView/UIStackView+arrangedSubviewAtIndex.swift /Users/admin/builder/spi-builder-workspace/Sources/DHDeclarable/Extensions/UIKit/UIStackView/UIStackView+forEach.swift /Users/admin/builder/spi-builder-workspace/Sources/DHDeclarable/Extensions/UIKit/UIStackView/UIStackView+removeAllArrangedSubviews.swift /Users/admin/builder/spi-builder-workspace/Sources/DHDeclarable/Extensions/UIKit/UIView/UIView+Divider.swift /Users/admin/builder/spi-builder-workspace/Sources/DHDeclarable/Extensions/UIKit/UIView/UIView+Style.swift /Users/admin/builder/spi-builder-workspace/Sources/DHDeclarable/Extensions/UIKit/UIView/UIView+as.swift /Users/admin/builder/spi-builder-workspace/Sources/DHDeclarable/Extensions/UIKit/UIView/UIView+center.swift /Users/admin/builder/spi-builder-workspace/Sources/DHDeclarable/Extensions/UIKit/UIView/UIView+declaredWithRedLines.swift /Users/admin/builder/spi-builder-workspace/Sources/DHDeclarable/Extensions/UIKit/UIView/UIView+pin.swift /Users/admin/builder/spi-builder-workspace/Sources/DHDeclarable/Extensions/UIKit/UIView/UIView+rounded.swift /Users/admin/builder/spi-builder-workspace/Sources/DHDeclarable/Extensions/UIKit/UIView/UIView+tag.swift /Users/admin/builder/spi-builder-workspace/Sources/DHDeclarable/Extensions/UIKit/UIViewController/UIViewController+as.swift /Users/admin/builder/spi-builder-workspace/Sources/DHDeclarable/Previews/UIView+Preview.swift /Users/admin/builder/spi-builder-workspace/Sources/DHDeclarable/Previews/UIViewController+Preview.swift /Users/admin/builder/spi-builder-workspace/Sources/DHDeclarable/PropertyWrappers/ResettableLazy.swift /Users/admin/builder/spi-builder-workspace/Sources/DHDeclarable/Protocols/DHDStringRepresentable.swift -supplementary-output-file-map /Users/admin/builder/spi-builder-workspace/.derivedData/Build/Intermediates.noindex/DHDeclarable.build/Debug-appletvos/DHDeclarable-t.build/Objects-normal/arm64/supplementaryOutputs-4 -target arm64-apple-tvos15.0 -module-can-import-version SwiftUI 8.0.84 8.0.84 -module-can-import-version UIKit 9127.0.84.1 9127.0.84 -disable-cross-import-overlay-search -load-resolved-plugin /Applications/Xcode-27.0.0-Release.Candidate.app/Contents/Developer/Platforms/AppleTVOS.platform/Developer/usr/lib/swift/host/plugins/libFoundationMacros.dylib\#/Applications/Xcode-27.0.0-Release.Candidate.app/Contents/Developer/Platforms/AppleTVOS.platform/Developer/usr/bin/swift-plugin-server\#FoundationMacros -load-resolved-plugin /Applications/Xcode-27.0.0-Release.Candidate.app/Contents/Developer/Platforms/AppleTVOS.platform/Developer/usr/lib/swift/host/plugins/libObservationMacros.dylib\#/Applications/Xcode-27.0.0-Release.Candidate.app/Contents/Developer/Platforms/AppleTVOS.platform/Developer/usr/bin/swift-plugin-server\#ObservationMacros -load-resolved-plugin /Applications/Xcode-27.0.0-Release.Candidate.app/Contents/Developer/Platforms/AppleTVOS.platform/Developer/usr/lib/swift/host/plugins/libPreviewsMacros.dylib\#/Applications/Xcode-27.0.0-Release.Candidate.app/Contents/Developer/Platforms/AppleTVOS.platform/Developer/usr/bin/swift-plugin-server\#PreviewsMacros -load-resolved-plugin /Applications/Xcode-27.0.0-Release.Candidate.app/Contents/Developer/Platforms/AppleTVOS.platform/Developer/usr/lib/swift/host/plugins/libSwiftMacros.dylib\#/Applications/Xcode-27.0.0-Release.Candidate.app/Contents/Developer/Platforms/AppleTVOS.platform/Developer/usr/bin/swift-plugin-server\#SwiftMacros -load-resolved-plugin /Applications/Xcode-27.0.0-Release.Candidate.app/Contents/Developer/Platforms/AppleTVOS.platform/Developer/usr/lib/swift/host/plugins/libSwiftUIMacros.dylib\#/Applications/Xcode-27.0.0-Release.Candidate.app/Contents/Developer/Platforms/AppleTVOS.platform/Developer/usr/bin/swift-plugin-server\#SwiftUIMacros -disable-implicit-swift-modules -Xcc -fno-implicit-modules -Xcc -fno-implicit-module-maps -explicit-swift-module-map-file /Users/admin/builder/spi-builder-workspace/.derivedData/Build/Intermediates.noindex/DHDeclarable.build/Debug-appletvos/DHDeclarable-t.build/Objects-normal/arm64/DHDeclarable-dependencies-1.json -Xllvm -aarch64-use-tbi -enable-objc-interop -stack-check -sdk /Applications/Xcode-27.0.0-Release.Candidate.app/Contents/Developer/Platforms/AppleTVOS.platform/Developer/SDKs/AppleTVOS27.0.sdk -I /Users/admin/builder/spi-builder-workspace/.derivedData/Build/Products/Debug-appletvos -Isystem /Applications/Xcode-27.0.0-Release.Candidate.app/Contents/Developer/Platforms/AppleTVOS.platform/Developer/usr/lib -F /Users/admin/builder/spi-builder-workspace/.derivedData/Build/Products/Debug-appletvos -F /Applications/Xcode-27.0.0-Release.Candidate.app/Contents/Developer/Platforms/AppleTVOS.platform/Developer/Library/Frameworks -F /Applications/Xcode-27.0.0-Release.Candidate.app/Contents/Developer/Platforms/AppleTVOS.platform/Developer/SDKs/AppleTVOS27.0.sdk/Developer/Library/Frameworks -module-cache-path /Users/admin/builder/spi-builder-workspace/.derivedData/Build/Intermediates.noindex/SwiftExplicitPrecompiledModules -no-color-diagnostics -Xcc -fno-color-diagnostics -enable-testing -g -debug-info-format\=dwarf -dwarf-version\=4 -profile-generate -profile-coverage-mapping -swift-version 5 -Onone -D SWIFT_PACKAGE -D DEBUG -D SWIFT_MODULE_RESOURCE_BUNDLE_UNAVAILABLE -D Xcode -serialize-debugging-options -enable-experimental-feature DebugDescriptionMacro -empty-abi-descriptor -validate-clang-modules-once -clang-build-session-file /Users/admin/builder/spi-builder-workspace/.derivedData/ModuleCache.noindex/Session.modulevalidation -Xcc -working-directory -Xcc /Users/admin/builder/spi-builder-workspace/.swiftpm/xcode -enable-anonymous-context-mangled-names -file-compilation-dir /Users/admin/builder/spi-builder-workspace/.swiftpm/xcode -Xcc -D_LIBCPP_HARDENING_MODE\=_LIBCPP_HARDENING_MODE_DEBUG -Xcc -ivfsstatcache -Xcc /Users/admin/builder/spi-builder-workspace/.derivedData/SDKStatCaches.noindex/appletvos27.0-24J360-e829b21a6f8c9b70876ba0858053c044b32bfd8d43560033f8d89884cdb90028.sdkstatcache -Xcc -fmodules-prune-interval\=86400 -Xcc -fmodules-prune-after\=345600 -Xcc -I/Users/admin/builder/spi-builder-workspace/.derivedData/Build/Products/Debug-appletvos/include -Xcc -I/Users/admin/builder/spi-builder-workspace/.derivedData/Build/Intermediates.noindex/DHDeclarable.build/Debug-appletvos/DHDeclarable-t.build/DerivedSources-normal/arm64 -Xcc -I/Users/admin/builder/spi-builder-workspace/.derivedData/Build/Intermediates.noindex/DHDeclarable.build/Debug-appletvos/DHDeclarable-t.build/DerivedSources/arm64 -Xcc -I/Users/admin/builder/spi-builder-workspace/.derivedData/Build/Intermediates.noindex/DHDeclarable.build/Debug-appletvos/DHDeclarable-t.build/DerivedSources -Xcc -DSWIFT_PACKAGE -Xcc -DDEBUG\=1 -no-auto-bridging-header-chaining -module-name DHDeclarable -const-gather-protocols-file /Users/admin/builder/spi-builder-workspace/.derivedData/Build/Intermediates.noindex/DHDeclarable.build/Debug-appletvos/DHDeclarable-t.build/Objects-normal/arm64/DHDeclarable_const_extract_protocols.json -disable-clang-spi -clang-target arm64-apple-tvos27.0 -target-sdk-version 27.0 -target-sdk-name appletvos27.0 -in-process-plugin-server-path /Applications/Xcode-27.0.0-Release.Candidate.app/Contents/Developer/Toolchains/XcodeDefault.xctoolchain/usr/lib/swift/host/libSwiftInProcPluginServer.dylib -parse-as-library -o /Users/admin/builder/spi-builder-workspace/.derivedData/Build/Intermediates.noindex/DHDeclarable.build/Debug-appletvos/DHDeclarable-t.build/Objects-normal/arm64/DHDViewController.o -o /Users/admin/builder/spi-builder-workspace/.derivedData/Build/Intermediates.noindex/DHDeclarable.build/Debug-appletvos/DHDeclarable-t.build/Objects-normal/arm64/DHDViewControllerContentRenderingMode.o -o /Users/admin/builder/spi-builder-workspace/.derivedData/Build/Intermediates.noindex/DHDeclarable.build/Debug-appletvos/DHDeclarable-t.build/Objects-normal/arm64/DHDViewControlling.o -o /Users/admin/builder/spi-builder-workspace/.derivedData/Build/Intermediates.noindex/DHDeclarable.build/Debug-appletvos/DHDeclarable-t.build/Objects-normal/arm64/DHDIdentifier.o -debug-module-path /Users/admin/builder/spi-builder-workspace/.derivedData/Build/Intermediates.noindex/DHDeclarable.build/Debug-appletvos/DHDeclarable-t.build/Objects-normal/arm64/DHDeclarable.swiftmodule -index-unit-output-path /DHDeclarable.build/Debug-appletvos/DHDeclarable-t.build/Objects-normal/arm64/DHDViewController.o -index-unit-output-path /DHDeclarable.build/Debug-appletvos/DHDeclarable-t.build/Objects-normal/arm64/DHDViewControllerContentRenderingMode.o -index-unit-output-path /DHDeclarable.build/Debug-appletvos/DHDeclarable-t.build/Objects-normal/arm64/DHDViewControlling.o -index-unit-output-path /DHDeclarable.build/Debug-appletvos/DHDeclarable-t.build/Objects-normal/arm64/DHDIdentifier.o -index-store-path /Users/admin/builder/spi-builder-workspace/.derivedData/Index.noindex/DataStore -index-system-modules
SwiftCompile normal arm64 /Users/admin/builder/spi-builder-workspace/Sources/DHDeclarable/Classes/DHDViewController/DHDViewController.swift (in target 'DHDeclarable' from project 'DHDeclarable')
cd /Users/admin/builder/spi-builder-workspace/.swiftpm/xcode
builtin-SwiftPerFileCompile DHDViewController.swift
SwiftCompile normal arm64 /Users/admin/builder/spi-builder-workspace/Sources/DHDeclarable/Classes/DHDViewController/DHDViewControllerContentRenderingMode.swift (in target 'DHDeclarable' from project 'DHDeclarable')
cd /Users/admin/builder/spi-builder-workspace/.swiftpm/xcode
builtin-SwiftPerFileCompile DHDViewControllerContentRenderingMode.swift
SwiftCompile normal arm64 /Users/admin/builder/spi-builder-workspace/Sources/DHDeclarable/Classes/DHDViewController/DHDViewControlling.swift (in target 'DHDeclarable' from project 'DHDeclarable')
cd /Users/admin/builder/spi-builder-workspace/.swiftpm/xcode
builtin-SwiftPerFileCompile DHDViewControlling.swift
SwiftCompile normal arm64 /Users/admin/builder/spi-builder-workspace/Sources/DHDeclarable/DHDIdentifier.swift (in target 'DHDeclarable' from project 'DHDeclarable')
cd /Users/admin/builder/spi-builder-workspace/.swiftpm/xcode
builtin-SwiftPerFileCompile DHDIdentifier.swift
SwiftCompile normal arm64 Compiling\ DHDeclarable.swift,\ Collection+optional.swift,\ String+asLabel.swift,\ String+inQuotes.swift /Users/admin/builder/spi-builder-workspace/Sources/DHDeclarable/DHDeclarable.swift /Users/admin/builder/spi-builder-workspace/Sources/DHDeclarable/Extensions/Collection+optional.swift /Users/admin/builder/spi-builder-workspace/Sources/DHDeclarable/Extensions/String/String+asLabel.swift /Users/admin/builder/spi-builder-workspace/Sources/DHDeclarable/Extensions/String/String+inQuotes.swift (in target 'DHDeclarable' from project 'DHDeclarable')
SwiftCompile normal arm64 /Users/admin/builder/spi-builder-workspace/Sources/DHDeclarable/DHDeclarable.swift (in target 'DHDeclarable' from project 'DHDeclarable')
cd /Users/admin/builder/spi-builder-workspace/.swiftpm/xcode
builtin-SwiftPerFileCompile DHDeclarable.swift
SwiftCompile normal arm64 /Users/admin/builder/spi-builder-workspace/Sources/DHDeclarable/Extensions/Collection+optional.swift (in target 'DHDeclarable' from project 'DHDeclarable')
cd /Users/admin/builder/spi-builder-workspace/.swiftpm/xcode
builtin-SwiftPerFileCompile Collection+optional.swift
SwiftCompile normal arm64 /Users/admin/builder/spi-builder-workspace/Sources/DHDeclarable/Extensions/String/String+asLabel.swift (in target 'DHDeclarable' from project 'DHDeclarable')
cd /Users/admin/builder/spi-builder-workspace/.swiftpm/xcode
builtin-SwiftPerFileCompile String+asLabel.swift
SwiftCompile normal arm64 /Users/admin/builder/spi-builder-workspace/Sources/DHDeclarable/Extensions/String/String+inQuotes.swift (in target 'DHDeclarable' from project 'DHDeclarable')
cd /Users/admin/builder/spi-builder-workspace/.swiftpm/xcode
builtin-SwiftPerFileCompile String+inQuotes.swift
SwiftCompile normal arm64 Compiling\ UIView+Style.swift,\ UIView+as.swift,\ UIView+center.swift,\ UIView+declaredWithRedLines.swift /Users/admin/builder/spi-builder-workspace/Sources/DHDeclarable/Extensions/UIKit/UIView/UIView+Style.swift /Users/admin/builder/spi-builder-workspace/Sources/DHDeclarable/Extensions/UIKit/UIView/UIView+as.swift /Users/admin/builder/spi-builder-workspace/Sources/DHDeclarable/Extensions/UIKit/UIView/UIView+center.swift /Users/admin/builder/spi-builder-workspace/Sources/DHDeclarable/Extensions/UIKit/UIView/UIView+declaredWithRedLines.swift (in target 'DHDeclarable' from project 'DHDeclarable')
SwiftCompile normal arm64 /Users/admin/builder/spi-builder-workspace/Sources/DHDeclarable/Extensions/UIKit/UIView/UIView+Style.swift (in target 'DHDeclarable' from project 'DHDeclarable')
cd /Users/admin/builder/spi-builder-workspace/.swiftpm/xcode
builtin-SwiftPerFileCompile UIView+Style.swift
SwiftCompile normal arm64 /Users/admin/builder/spi-builder-workspace/Sources/DHDeclarable/Extensions/UIKit/UIView/UIView+as.swift (in target 'DHDeclarable' from project 'DHDeclarable')
cd /Users/admin/builder/spi-builder-workspace/.swiftpm/xcode
builtin-SwiftPerFileCompile UIView+as.swift
SwiftCompile normal arm64 /Users/admin/builder/spi-builder-workspace/Sources/DHDeclarable/Extensions/UIKit/UIView/UIView+center.swift (in target 'DHDeclarable' from project 'DHDeclarable')
cd /Users/admin/builder/spi-builder-workspace/.swiftpm/xcode
builtin-SwiftPerFileCompile UIView+center.swift
SwiftCompile normal arm64 /Users/admin/builder/spi-builder-workspace/Sources/DHDeclarable/Extensions/UIKit/UIView/UIView+declaredWithRedLines.swift (in target 'DHDeclarable' from project 'DHDeclarable')
cd /Users/admin/builder/spi-builder-workspace/.swiftpm/xcode
builtin-SwiftPerFileCompile UIView+declaredWithRedLines.swift
SwiftCompile normal arm64 Compiling\ DHDComponentable.swift,\ DHDStackViewComponent.swift,\ DHDViewComponent.swift,\ DHDTwoLabelRowComponent.swift /Users/admin/builder/spi-builder-workspace/Sources/DHDeclarable/Classes/DHDComponent/BaseClasses/DHDComponentable.swift /Users/admin/builder/spi-builder-workspace/Sources/DHDeclarable/Classes/DHDComponent/BaseClasses/DHDStackViewComponent.swift /Users/admin/builder/spi-builder-workspace/Sources/DHDeclarable/Classes/DHDComponent/BaseClasses/DHDViewComponent.swift /Users/admin/builder/spi-builder-workspace/Sources/DHDeclarable/Classes/DHDComponent/DHDTwoLabelRowComponent.swift (in target 'DHDeclarable' from project 'DHDeclarable')
SwiftCompile normal arm64 /Users/admin/builder/spi-builder-workspace/Sources/DHDeclarable/Classes/DHDComponent/BaseClasses/DHDComponentable.swift (in target 'DHDeclarable' from project 'DHDeclarable')
cd /Users/admin/builder/spi-builder-workspace/.swiftpm/xcode
builtin-SwiftPerFileCompile DHDComponentable.swift
SwiftCompile normal arm64 /Users/admin/builder/spi-builder-workspace/Sources/DHDeclarable/Classes/DHDComponent/BaseClasses/DHDStackViewComponent.swift (in target 'DHDeclarable' from project 'DHDeclarable')
cd /Users/admin/builder/spi-builder-workspace/.swiftpm/xcode
builtin-SwiftPerFileCompile DHDStackViewComponent.swift
SwiftCompile normal arm64 /Users/admin/builder/spi-builder-workspace/Sources/DHDeclarable/Classes/DHDComponent/BaseClasses/DHDViewComponent.swift (in target 'DHDeclarable' from project 'DHDeclarable')
cd /Users/admin/builder/spi-builder-workspace/.swiftpm/xcode
builtin-SwiftPerFileCompile DHDViewComponent.swift
SwiftCompile normal arm64 /Users/admin/builder/spi-builder-workspace/Sources/DHDeclarable/Classes/DHDComponent/DHDTwoLabelRowComponent.swift (in target 'DHDeclarable' from project 'DHDeclarable')
cd /Users/admin/builder/spi-builder-workspace/.swiftpm/xcode
builtin-SwiftPerFileCompile DHDTwoLabelRowComponent.swift
SwiftCompile normal arm64 Compiling\ DHDVStack.swift,\ DHDView+divider.swift,\ DHDView+spacer.swift,\ DHDView.swift /Users/admin/builder/spi-builder-workspace/Sources/DHDeclarable/Classes/DHDStack/DHDVStack.swift /Users/admin/builder/spi-builder-workspace/Sources/DHDeclarable/Classes/DHDView/DHDView+divider.swift /Users/admin/builder/spi-builder-workspace/Sources/DHDeclarable/Classes/DHDView/DHDView+spacer.swift /Users/admin/builder/spi-builder-workspace/Sources/DHDeclarable/Classes/DHDView/DHDView.swift (in target 'DHDeclarable' from project 'DHDeclarable')
SwiftCompile normal arm64 /Users/admin/builder/spi-builder-workspace/Sources/DHDeclarable/Classes/DHDStack/DHDVStack.swift (in target 'DHDeclarable' from project 'DHDeclarable')
cd /Users/admin/builder/spi-builder-workspace/.swiftpm/xcode
builtin-SwiftPerFileCompile DHDVStack.swift
SwiftCompile normal arm64 /Users/admin/builder/spi-builder-workspace/Sources/DHDeclarable/Classes/DHDView/DHDView+divider.swift (in target 'DHDeclarable' from project 'DHDeclarable')
cd /Users/admin/builder/spi-builder-workspace/.swiftpm/xcode
builtin-SwiftPerFileCompile DHDView+divider.swift
SwiftCompile normal arm64 /Users/admin/builder/spi-builder-workspace/Sources/DHDeclarable/Classes/DHDView/DHDView+spacer.swift (in target 'DHDeclarable' from project 'DHDeclarable')
cd /Users/admin/builder/spi-builder-workspace/.swiftpm/xcode
builtin-SwiftPerFileCompile DHDView+spacer.swift
SwiftCompile normal arm64 /Users/admin/builder/spi-builder-workspace/Sources/DHDeclarable/Classes/DHDView/DHDView.swift (in target 'DHDeclarable' from project 'DHDeclarable')
cd /Users/admin/builder/spi-builder-workspace/.swiftpm/xcode
builtin-SwiftPerFileCompile DHDView.swift
SwiftCompile normal arm64 Compiling\ DHDLabel.swift,\ DHDScrollView.swift,\ DHDHStack.swift,\ DHDStack.swift /Users/admin/builder/spi-builder-workspace/Sources/DHDeclarable/Classes/DHDLabel/DHDLabel.swift /Users/admin/builder/spi-builder-workspace/Sources/DHDeclarable/Classes/DHDScrollView/DHDScrollView.swift /Users/admin/builder/spi-builder-workspace/Sources/DHDeclarable/Classes/DHDStack/DHDHStack.swift /Users/admin/builder/spi-builder-workspace/Sources/DHDeclarable/Classes/DHDStack/DHDStack.swift (in target 'DHDeclarable' from project 'DHDeclarable')
SwiftCompile normal arm64 /Users/admin/builder/spi-builder-workspace/Sources/DHDeclarable/Classes/DHDLabel/DHDLabel.swift (in target 'DHDeclarable' from project 'DHDeclarable')
cd /Users/admin/builder/spi-builder-workspace/.swiftpm/xcode
builtin-SwiftPerFileCompile DHDLabel.swift
SwiftCompile normal arm64 /Users/admin/builder/spi-builder-workspace/Sources/DHDeclarable/Classes/DHDScrollView/DHDScrollView.swift (in target 'DHDeclarable' from project 'DHDeclarable')
cd /Users/admin/builder/spi-builder-workspace/.swiftpm/xcode
builtin-SwiftPerFileCompile DHDScrollView.swift
SwiftCompile normal arm64 /Users/admin/builder/spi-builder-workspace/Sources/DHDeclarable/Classes/DHDStack/DHDHStack.swift (in target 'DHDeclarable' from project 'DHDeclarable')
cd /Users/admin/builder/spi-builder-workspace/.swiftpm/xcode
builtin-SwiftPerFileCompile DHDHStack.swift
SwiftCompile normal arm64 /Users/admin/builder/spi-builder-workspace/Sources/DHDeclarable/Classes/DHDStack/DHDStack.swift (in target 'DHDeclarable' from project 'DHDeclarable')
cd /Users/admin/builder/spi-builder-workspace/.swiftpm/xcode
builtin-SwiftPerFileCompile DHDStack.swift
SwiftCompile normal arm64 Compiling\ UIStackView+arrangedSubviewAtIndex.swift,\ UIStackView+forEach.swift,\ UIStackView+removeAllArrangedSubviews.swift,\ UIView+Divider.swift /Users/admin/builder/spi-builder-workspace/Sources/DHDeclarable/Extensions/UIKit/UIStackView/UIStackView+arrangedSubviewAtIndex.swift /Users/admin/builder/spi-builder-workspace/Sources/DHDeclarable/Extensions/UIKit/UIStackView/UIStackView+forEach.swift /Users/admin/builder/spi-builder-workspace/Sources/DHDeclarable/Extensions/UIKit/UIStackView/UIStackView+removeAllArrangedSubviews.swift /Users/admin/builder/spi-builder-workspace/Sources/DHDeclarable/Extensions/UIKit/UIView/UIView+Divider.swift (in target 'DHDeclarable' from project 'DHDeclarable')
SwiftCompile normal arm64 /Users/admin/builder/spi-builder-workspace/Sources/DHDeclarable/Extensions/UIKit/UIStackView/UIStackView+arrangedSubviewAtIndex.swift (in target 'DHDeclarable' from project 'DHDeclarable')
cd /Users/admin/builder/spi-builder-workspace/.swiftpm/xcode
builtin-SwiftPerFileCompile UIStackView+arrangedSubviewAtIndex.swift
SwiftCompile normal arm64 /Users/admin/builder/spi-builder-workspace/Sources/DHDeclarable/Extensions/UIKit/UIStackView/UIStackView+forEach.swift (in target 'DHDeclarable' from project 'DHDeclarable')
cd /Users/admin/builder/spi-builder-workspace/.swiftpm/xcode
builtin-SwiftPerFileCompile UIStackView+forEach.swift
SwiftCompile normal arm64 /Users/admin/builder/spi-builder-workspace/Sources/DHDeclarable/Extensions/UIKit/UIStackView/UIStackView+removeAllArrangedSubviews.swift (in target 'DHDeclarable' from project 'DHDeclarable')
cd /Users/admin/builder/spi-builder-workspace/.swiftpm/xcode
builtin-SwiftPerFileCompile UIStackView+removeAllArrangedSubviews.swift
SwiftCompile normal arm64 /Users/admin/builder/spi-builder-workspace/Sources/DHDeclarable/Extensions/UIKit/UIView/UIView+Divider.swift (in target 'DHDeclarable' from project 'DHDeclarable')
cd /Users/admin/builder/spi-builder-workspace/.swiftpm/xcode
builtin-SwiftPerFileCompile UIView+Divider.swift
SwiftDriverJobDiscovery normal arm64 Emitting module for DHDeclarable (in target 'DHDeclarable' from project 'DHDeclarable')
SwiftDriver\ Compilation\ Requirements DHDeclarable normal arm64 com.apple.xcode.tools.swift.compiler (in target 'DHDeclarable' from project 'DHDeclarable')
cd /Users/admin/builder/spi-builder-workspace/.swiftpm/xcode
builtin-Swift-Compilation-Requirements -- /Applications/Xcode-27.0.0-Release.Candidate.app/Contents/Developer/Toolchains/XcodeDefault.xctoolchain/usr/bin/swiftc -parse-as-library -module-name DHDeclarable -Onone @/Users/admin/builder/spi-builder-workspace/.derivedData/Build/Intermediates.noindex/DHDeclarable.build/Debug-appletvos/DHDeclarable-t.build/Objects-normal/arm64/DHDeclarable.SwiftFileList -DSWIFT_PACKAGE -DDEBUG -DSWIFT_MODULE_RESOURCE_BUNDLE_UNAVAILABLE -DXcode -plugin-path /Applications/Xcode-27.0.0-Release.Candidate.app/Contents/Developer/Toolchains/XcodeDefault.xctoolchain/usr/lib/swift/host/plugins/testing -enable-experimental-feature DebugDescriptionMacro -sdk /Applications/Xcode-27.0.0-Release.Candidate.app/Contents/Developer/Platforms/AppleTVOS.platform/Developer/SDKs/AppleTVOS27.0.sdk -target arm64-apple-tvos15.0 -g -module-cache-path /Users/admin/builder/spi-builder-workspace/.derivedData/ModuleCache.noindex -Xfrontend -serialize-debugging-options -profile-coverage-mapping -profile-generate -enable-testing -index-store-path /Users/admin/builder/spi-builder-workspace/.derivedData/Index.noindex/DataStore -Xcc -D_LIBCPP_HARDENING_MODE\=_LIBCPP_HARDENING_MODE_DEBUG -swift-version 5 -I /Users/admin/builder/spi-builder-workspace/.derivedData/Build/Products/Debug-appletvos -Isystem /Applications/Xcode-27.0.0-Release.Candidate.app/Contents/Developer/Platforms/AppleTVOS.platform/Developer/usr/lib -F /Users/admin/builder/spi-builder-workspace/.derivedData/Build/Products/Debug-appletvos -F /Applications/Xcode-27.0.0-Release.Candidate.app/Contents/Developer/Platforms/AppleTVOS.platform/Developer/Library/Frameworks -F /Applications/Xcode-27.0.0-Release.Candidate.app/Contents/Developer/Platforms/AppleTVOS.platform/Developer/SDKs/AppleTVOS27.0.sdk/Developer/Library/Frameworks -c -j10 -enable-batch-mode -incremental -Xcc -ivfsstatcache -Xcc /Users/admin/builder/spi-builder-workspace/.derivedData/SDKStatCaches.noindex/appletvos27.0-24J360-e829b21a6f8c9b70876ba0858053c044b32bfd8d43560033f8d89884cdb90028.sdkstatcache -output-file-map /Users/admin/builder/spi-builder-workspace/.derivedData/Build/Intermediates.noindex/DHDeclarable.build/Debug-appletvos/DHDeclarable-t.build/Objects-normal/arm64/DHDeclarable-OutputFileMap.json -save-temps -no-color-diagnostics -explicit-module-build -module-cache-path /Users/admin/builder/spi-builder-workspace/.derivedData/Build/Intermediates.noindex/SwiftExplicitPrecompiledModules -clang-scanner-module-cache-path /Users/admin/builder/spi-builder-workspace/.derivedData/ModuleCache.noindex -sdk-module-cache-path /Users/admin/builder/spi-builder-workspace/.derivedData/SDKExplicitPrecompiledModules -emit-dependencies -emit-module -emit-module-path /Users/admin/builder/spi-builder-workspace/.derivedData/Build/Intermediates.noindex/DHDeclarable.build/Debug-appletvos/DHDeclarable-t.build/Objects-normal/arm64/DHDeclarable.swiftmodule -serialize-diagnostics -dependency-scan-serialize-diagnostics-path /Users/admin/builder/spi-builder-workspace/.derivedData/Build/Intermediates.noindex/DHDeclarable.build/Debug-appletvos/DHDeclarable-t.build/Objects-normal/arm64/DHDeclarable-dependency-scan.dia -validate-clang-modules-once -clang-build-session-file /Users/admin/builder/spi-builder-workspace/.derivedData/ModuleCache.noindex/Session.modulevalidation -Xcc -fmodules-prune-interval\=86400 -Xcc -fmodules-prune-after\=345600 -emit-const-values -const-gather-protocols-list /Users/admin/builder/spi-builder-workspace/.derivedData/Build/Intermediates.noindex/DHDeclarable.build/Debug-appletvos/DHDeclarable-t.build/Objects-normal/arm64/DHDeclarable_const_extract_protocols.json -Xcc -I/Users/admin/builder/spi-builder-workspace/.derivedData/Build/Products/Debug-appletvos/include -Xcc -I/Users/admin/builder/spi-builder-workspace/.derivedData/Build/Intermediates.noindex/DHDeclarable.build/Debug-appletvos/DHDeclarable-t.build/DerivedSources-normal/arm64 -Xcc -I/Users/admin/builder/spi-builder-workspace/.derivedData/Build/Intermediates.noindex/DHDeclarable.build/Debug-appletvos/DHDeclarable-t.build/DerivedSources/arm64 -Xcc -I/Users/admin/builder/spi-builder-workspace/.derivedData/Build/Intermediates.noindex/DHDeclarable.build/Debug-appletvos/DHDeclarable-t.build/DerivedSources -Xcc -DSWIFT_PACKAGE -Xcc -DDEBUG\=1 -emit-objc-header -emit-objc-header-path /Users/admin/builder/spi-builder-workspace/.derivedData/Build/Intermediates.noindex/DHDeclarable.build/Debug-appletvos/DHDeclarable-t.build/Objects-normal/arm64/DHDeclarable-Swift.h -working-directory /Users/admin/builder/spi-builder-workspace/.swiftpm/xcode -experimental-emit-module-separately -disable-cmo
SwiftDriverJobDiscovery normal arm64 Compiling DHDeclarable.swift, Collection+optional.swift, String+asLabel.swift, String+inQuotes.swift (in target 'DHDeclarable' from project 'DHDeclarable')
SwiftMergeGeneratedHeaders /Users/admin/builder/spi-builder-workspace/.derivedData/Build/Intermediates.noindex/GeneratedModuleMaps-appletvos/DHDeclarable-Swift.h /Users/admin/builder/spi-builder-workspace/.derivedData/Build/Intermediates.noindex/DHDeclarable.build/Debug-appletvos/DHDeclarable-t.build/Objects-normal/arm64/DHDeclarable-Swift.h (in target 'DHDeclarable' from project 'DHDeclarable')
cd /Users/admin/builder/spi-builder-workspace
builtin-swiftHeaderTool -arch arm64 /Users/admin/builder/spi-builder-workspace/.derivedData/Build/Intermediates.noindex/DHDeclarable.build/Debug-appletvos/DHDeclarable-t.build/Objects-normal/arm64/DHDeclarable-Swift.h -o /Users/admin/builder/spi-builder-workspace/.derivedData/Build/Intermediates.noindex/GeneratedModuleMaps-appletvos/DHDeclarable-Swift.h
Copy /Users/admin/builder/spi-builder-workspace/.derivedData/Build/Products/Debug-appletvos/DHDeclarable.swiftmodule/arm64-apple-tvos.swiftmodule /Users/admin/builder/spi-builder-workspace/.derivedData/Build/Intermediates.noindex/DHDeclarable.build/Debug-appletvos/DHDeclarable-t.build/Objects-normal/arm64/DHDeclarable.swiftmodule (in target 'DHDeclarable' from project 'DHDeclarable')
cd /Users/admin/builder/spi-builder-workspace
builtin-copy -exclude .DS_Store -exclude CVS -exclude .svn -exclude .git -exclude .hg -resolve-src-symlinks -rename /Users/admin/builder/spi-builder-workspace/.derivedData/Build/Intermediates.noindex/DHDeclarable.build/Debug-appletvos/DHDeclarable-t.build/Objects-normal/arm64/DHDeclarable.swiftmodule /Users/admin/builder/spi-builder-workspace/.derivedData/Build/Products/Debug-appletvos/DHDeclarable.swiftmodule/arm64-apple-tvos.swiftmodule
Copy /Users/admin/builder/spi-builder-workspace/.derivedData/Build/Products/Debug-appletvos/DHDeclarable.swiftmodule/arm64-apple-tvos.swiftdoc /Users/admin/builder/spi-builder-workspace/.derivedData/Build/Intermediates.noindex/DHDeclarable.build/Debug-appletvos/DHDeclarable-t.build/Objects-normal/arm64/DHDeclarable.swiftdoc (in target 'DHDeclarable' from project 'DHDeclarable')
cd /Users/admin/builder/spi-builder-workspace
builtin-copy -exclude .DS_Store -exclude CVS -exclude .svn -exclude .git -exclude .hg -resolve-src-symlinks -rename /Users/admin/builder/spi-builder-workspace/.derivedData/Build/Intermediates.noindex/DHDeclarable.build/Debug-appletvos/DHDeclarable-t.build/Objects-normal/arm64/DHDeclarable.swiftdoc /Users/admin/builder/spi-builder-workspace/.derivedData/Build/Products/Debug-appletvos/DHDeclarable.swiftmodule/arm64-apple-tvos.swiftdoc
Copy /Users/admin/builder/spi-builder-workspace/.derivedData/Build/Products/Debug-appletvos/DHDeclarable.swiftmodule/arm64-apple-tvos.abi.json /Users/admin/builder/spi-builder-workspace/.derivedData/Build/Intermediates.noindex/DHDeclarable.build/Debug-appletvos/DHDeclarable-t.build/Objects-normal/arm64/DHDeclarable.abi.json (in target 'DHDeclarable' from project 'DHDeclarable')
cd /Users/admin/builder/spi-builder-workspace
builtin-copy -exclude .DS_Store -exclude CVS -exclude .svn -exclude .git -exclude .hg -resolve-src-symlinks -rename /Users/admin/builder/spi-builder-workspace/.derivedData/Build/Intermediates.noindex/DHDeclarable.build/Debug-appletvos/DHDeclarable-t.build/Objects-normal/arm64/DHDeclarable.abi.json /Users/admin/builder/spi-builder-workspace/.derivedData/Build/Products/Debug-appletvos/DHDeclarable.swiftmodule/arm64-apple-tvos.abi.json
Copy /Users/admin/builder/spi-builder-workspace/.derivedData/Build/Products/Debug-appletvos/DHDeclarable.swiftmodule/Project/arm64-apple-tvos.swiftsourceinfo /Users/admin/builder/spi-builder-workspace/.derivedData/Build/Intermediates.noindex/DHDeclarable.build/Debug-appletvos/DHDeclarable-t.build/Objects-normal/arm64/DHDeclarable.swiftsourceinfo (in target 'DHDeclarable' from project 'DHDeclarable')
cd /Users/admin/builder/spi-builder-workspace
builtin-copy -exclude .DS_Store -exclude CVS -exclude .svn -exclude .git -exclude .hg -resolve-src-symlinks -rename /Users/admin/builder/spi-builder-workspace/.derivedData/Build/Intermediates.noindex/DHDeclarable.build/Debug-appletvos/DHDeclarable-t.build/Objects-normal/arm64/DHDeclarable.swiftsourceinfo /Users/admin/builder/spi-builder-workspace/.derivedData/Build/Products/Debug-appletvos/DHDeclarable.swiftmodule/Project/arm64-apple-tvos.swiftsourceinfo
SwiftDriver DHDeclarableTests normal arm64 com.apple.xcode.tools.swift.compiler (in target 'DHDeclarableTests-product' from project 'DHDeclarable')
cd /Users/admin/builder/spi-builder-workspace/.swiftpm/xcode
builtin-SwiftDriver -- /Applications/Xcode-27.0.0-Release.Candidate.app/Contents/Developer/Toolchains/XcodeDefault.xctoolchain/usr/bin/swiftc -parse-as-library -module-name DHDeclarableTests -Onone @/Users/admin/builder/spi-builder-workspace/.derivedData/Build/Intermediates.noindex/DHDeclarable.build/Debug-appletvos/DHDeclarableTests-p.build/Objects-normal/arm64/DHDeclarableTests.SwiftFileList -DSWIFT_PACKAGE -DDEBUG -DXcode -plugin-path /Applications/Xcode-27.0.0-Release.Candidate.app/Contents/Developer/Toolchains/XcodeDefault.xctoolchain/usr/lib/swift/host/plugins/testing -enable-experimental-feature DebugDescriptionMacro -sdk /Applications/Xcode-27.0.0-Release.Candidate.app/Contents/Developer/Platforms/AppleTVOS.platform/Developer/SDKs/AppleTVOS27.0.sdk -target arm64-apple-tvos17.0 -g -module-cache-path /Users/admin/builder/spi-builder-workspace/.derivedData/ModuleCache.noindex -Xfrontend -serialize-debugging-options -profile-coverage-mapping -profile-generate -enable-testing -index-store-path /Users/admin/builder/spi-builder-workspace/.derivedData/Index.noindex/DataStore -Xcc -D_LIBCPP_HARDENING_MODE\=_LIBCPP_HARDENING_MODE_DEBUG -swift-version 5 -I /Users/admin/builder/spi-builder-workspace/.derivedData/Build/Products/Debug-appletvos -Isystem /Applications/Xcode-27.0.0-Release.Candidate.app/Contents/Developer/Platforms/AppleTVOS.platform/Developer/usr/lib -F /Users/admin/builder/spi-builder-workspace/.derivedData/Build/Products/Debug-appletvos/PackageFrameworks -F /Users/admin/builder/spi-builder-workspace/.derivedData/Build/Products/Debug-appletvos -F /Applications/Xcode-27.0.0-Release.Candidate.app/Contents/Developer/Platforms/AppleTVOS.platform/Developer/Library/Frameworks -F /Applications/Xcode-27.0.0-Release.Candidate.app/Contents/Developer/Platforms/AppleTVOS.platform/Developer/SDKs/AppleTVOS27.0.sdk/Developer/Library/Frameworks -c -j10 -enable-batch-mode -incremental -Xcc -ivfsstatcache -Xcc /Users/admin/builder/spi-builder-workspace/.derivedData/SDKStatCaches.noindex/appletvos27.0-24J360-e829b21a6f8c9b70876ba0858053c044b32bfd8d43560033f8d89884cdb90028.sdkstatcache -output-file-map /Users/admin/builder/spi-builder-workspace/.derivedData/Build/Intermediates.noindex/DHDeclarable.build/Debug-appletvos/DHDeclarableTests-p.build/Objects-normal/arm64/DHDeclarableTests-OutputFileMap.json -save-temps -no-color-diagnostics -explicit-module-build -module-cache-path /Users/admin/builder/spi-builder-workspace/.derivedData/Build/Intermediates.noindex/SwiftExplicitPrecompiledModules -clang-scanner-module-cache-path /Users/admin/builder/spi-builder-workspace/.derivedData/ModuleCache.noindex -sdk-module-cache-path /Users/admin/builder/spi-builder-workspace/.derivedData/SDKExplicitPrecompiledModules -emit-dependencies -emit-module -emit-module-path /Users/admin/builder/spi-builder-workspace/.derivedData/Build/Intermediates.noindex/DHDeclarable.build/Debug-appletvos/DHDeclarableTests-p.build/Objects-normal/arm64/DHDeclarableTests.swiftmodule -serialize-diagnostics -dependency-scan-serialize-diagnostics-path /Users/admin/builder/spi-builder-workspace/.derivedData/Build/Intermediates.noindex/DHDeclarable.build/Debug-appletvos/DHDeclarableTests-p.build/Objects-normal/arm64/DHDeclarableTests-dependency-scan.dia -validate-clang-modules-once -clang-build-session-file /Users/admin/builder/spi-builder-workspace/.derivedData/ModuleCache.noindex/Session.modulevalidation -Xcc -fmodules-prune-interval\=86400 -Xcc -fmodules-prune-after\=345600 -emit-const-values -const-gather-protocols-list /Users/admin/builder/spi-builder-workspace/.derivedData/Build/Intermediates.noindex/DHDeclarable.build/Debug-appletvos/DHDeclarableTests-p.build/Objects-normal/arm64/DHDeclarableTests_const_extract_protocols.json -Xcc -I/Users/admin/builder/spi-builder-workspace/.derivedData/Build/Products/Debug-appletvos/include -Xcc -I/Users/admin/builder/spi-builder-workspace/.derivedData/Build/Intermediates.noindex/DHDeclarable.build/Debug-appletvos/DHDeclarableTests-p.build/DerivedSources-normal/arm64 -Xcc -I/Users/admin/builder/spi-builder-workspace/.derivedData/Build/Intermediates.noindex/DHDeclarable.build/Debug-appletvos/DHDeclarableTests-p.build/DerivedSources/arm64 -Xcc -I/Users/admin/builder/spi-builder-workspace/.derivedData/Build/Intermediates.noindex/DHDeclarable.build/Debug-appletvos/DHDeclarableTests-p.build/DerivedSources -Xcc -DSWIFT_PACKAGE -Xcc -DDEBUG\=1 -working-directory /Users/admin/builder/spi-builder-workspace/.swiftpm/xcode -experimental-emit-module-separately -disable-cmo
SwiftExplicitDependencyGeneratePcm arm64 /Users/admin/builder/spi-builder-workspace/.derivedData/Build/Intermediates.noindex/SwiftExplicitPrecompiledModules/XCUIAutomation-FJBJYHY5O0CJFAW58X6D04WA.pcm
SwiftExplicitDependencyGeneratePcm arm64 /Users/admin/builder/spi-builder-workspace/.derivedData/Build/Intermediates.noindex/SwiftExplicitPrecompiledModules/XCTest-7MV3G0KAJR9WCI4ZIQ137RH2R.pcm
SwiftExplicitDependencyCompileModuleFromInterface arm64 /Users/admin/builder/spi-builder-workspace/.derivedData/Build/Intermediates.noindex/SwiftExplicitPrecompiledModules/XCUIAutomation-11FHAB26TZA0P.swiftmodule
SwiftExplicitDependencyCompileModuleFromInterface arm64 /Users/admin/builder/spi-builder-workspace/.derivedData/Build/Intermediates.noindex/SwiftExplicitPrecompiledModules/XCTest-2NSBG261FIVW9.swiftmodule
SwiftEmitModule normal arm64 Emitting\ module\ for\ DHDeclarableTests (in target 'DHDeclarableTests-product' from project 'DHDeclarable')
SwiftCompile normal arm64 (in target 'DHDeclarableTests-product' from project 'DHDeclarable')
cd /Users/admin/builder/spi-builder-workspace/.swiftpm/xcode
SwiftCompile normal arm64 Compiling\ UIView+roundedTests.swift,\ UIView+tagTests.swift /Users/admin/builder/spi-builder-workspace/Tests/DHDeclarableTests/ExtensionTests/UIKitTests/UIViewTests/UIView+roundedTests.swift /Users/admin/builder/spi-builder-workspace/Tests/DHDeclarableTests/ExtensionTests/UIKitTests/UIViewTests/UIView+tagTests.swift (in target 'DHDeclarableTests-product' from project 'DHDeclarable')
SwiftCompile normal arm64 /Users/admin/builder/spi-builder-workspace/Tests/DHDeclarableTests/ExtensionTests/UIKitTests/UIViewTests/UIView+roundedTests.swift (in target 'DHDeclarableTests-product' from project 'DHDeclarable')
cd /Users/admin/builder/spi-builder-workspace/.swiftpm/xcode
builtin-SwiftPerFileCompile UIView+roundedTests.swift
SwiftCompile normal arm64 /Users/admin/builder/spi-builder-workspace/Tests/DHDeclarableTests/ExtensionTests/UIKitTests/UIViewTests/UIView+tagTests.swift (in target 'DHDeclarableTests-product' from project 'DHDeclarable')
cd /Users/admin/builder/spi-builder-workspace/.swiftpm/xcode
builtin-SwiftPerFileCompile UIView+tagTests.swift
SwiftDriverJobDiscovery normal arm64 Emitting module for DHDeclarableTests (in target 'DHDeclarableTests-product' from project 'DHDeclarable')
SwiftDriver\ Compilation\ Requirements DHDeclarableTests normal arm64 com.apple.xcode.tools.swift.compiler (in target 'DHDeclarableTests-product' from project 'DHDeclarable')
cd /Users/admin/builder/spi-builder-workspace/.swiftpm/xcode
builtin-Swift-Compilation-Requirements -- /Applications/Xcode-27.0.0-Release.Candidate.app/Contents/Developer/Toolchains/XcodeDefault.xctoolchain/usr/bin/swiftc -parse-as-library -module-name DHDeclarableTests -Onone @/Users/admin/builder/spi-builder-workspace/.derivedData/Build/Intermediates.noindex/DHDeclarable.build/Debug-appletvos/DHDeclarableTests-p.build/Objects-normal/arm64/DHDeclarableTests.SwiftFileList -DSWIFT_PACKAGE -DDEBUG -DXcode -plugin-path /Applications/Xcode-27.0.0-Release.Candidate.app/Contents/Developer/Toolchains/XcodeDefault.xctoolchain/usr/lib/swift/host/plugins/testing -enable-experimental-feature DebugDescriptionMacro -sdk /Applications/Xcode-27.0.0-Release.Candidate.app/Contents/Developer/Platforms/AppleTVOS.platform/Developer/SDKs/AppleTVOS27.0.sdk -target arm64-apple-tvos17.0 -g -module-cache-path /Users/admin/builder/spi-builder-workspace/.derivedData/ModuleCache.noindex -Xfrontend -serialize-debugging-options -profile-coverage-mapping -profile-generate -enable-testing -index-store-path /Users/admin/builder/spi-builder-workspace/.derivedData/Index.noindex/DataStore -Xcc -D_LIBCPP_HARDENING_MODE\=_LIBCPP_HARDENING_MODE_DEBUG -swift-version 5 -I /Users/admin/builder/spi-builder-workspace/.derivedData/Build/Products/Debug-appletvos -Isystem /Applications/Xcode-27.0.0-Release.Candidate.app/Contents/Developer/Platforms/AppleTVOS.platform/Developer/usr/lib -F /Users/admin/builder/spi-builder-workspace/.derivedData/Build/Products/Debug-appletvos/PackageFrameworks -F /Users/admin/builder/spi-builder-workspace/.derivedData/Build/Products/Debug-appletvos -F /Applications/Xcode-27.0.0-Release.Candidate.app/Contents/Developer/Platforms/AppleTVOS.platform/Developer/Library/Frameworks -F /Applications/Xcode-27.0.0-Release.Candidate.app/Contents/Developer/Platforms/AppleTVOS.platform/Developer/SDKs/AppleTVOS27.0.sdk/Developer/Library/Frameworks -c -j10 -enable-batch-mode -incremental -Xcc -ivfsstatcache -Xcc /Users/admin/builder/spi-builder-workspace/.derivedData/SDKStatCaches.noindex/appletvos27.0-24J360-e829b21a6f8c9b70876ba0858053c044b32bfd8d43560033f8d89884cdb90028.sdkstatcache -output-file-map /Users/admin/builder/spi-builder-workspace/.derivedData/Build/Intermediates.noindex/DHDeclarable.build/Debug-appletvos/DHDeclarableTests-p.build/Objects-normal/arm64/DHDeclarableTests-OutputFileMap.json -save-temps -no-color-diagnostics -explicit-module-build -module-cache-path /Users/admin/builder/spi-builder-workspace/.derivedData/Build/Intermediates.noindex/SwiftExplicitPrecompiledModules -clang-scanner-module-cache-path /Users/admin/builder/spi-builder-workspace/.derivedData/ModuleCache.noindex -sdk-module-cache-path /Users/admin/builder/spi-builder-workspace/.derivedData/SDKExplicitPrecompiledModules -emit-dependencies -emit-module -emit-module-path /Users/admin/builder/spi-builder-workspace/.derivedData/Build/Intermediates.noindex/DHDeclarable.build/Debug-appletvos/DHDeclarableTests-p.build/Objects-normal/arm64/DHDeclarableTests.swiftmodule -serialize-diagnostics -dependency-scan-serialize-diagnostics-path /Users/admin/builder/spi-builder-workspace/.derivedData/Build/Intermediates.noindex/DHDeclarable.build/Debug-appletvos/DHDeclarableTests-p.build/Objects-normal/arm64/DHDeclarableTests-dependency-scan.dia -validate-clang-modules-once -clang-build-session-file /Users/admin/builder/spi-builder-workspace/.derivedData/ModuleCache.noindex/Session.modulevalidation -Xcc -fmodules-prune-interval\=86400 -Xcc -fmodules-prune-after\=345600 -emit-const-values -const-gather-protocols-list /Users/admin/builder/spi-builder-workspace/.derivedData/Build/Intermediates.noindex/DHDeclarable.build/Debug-appletvos/DHDeclarableTests-p.build/Objects-normal/arm64/DHDeclarableTests_const_extract_protocols.json -Xcc -I/Users/admin/builder/spi-builder-workspace/.derivedData/Build/Products/Debug-appletvos/include -Xcc -I/Users/admin/builder/spi-builder-workspace/.derivedData/Build/Intermediates.noindex/DHDeclarable.build/Debug-appletvos/DHDeclarableTests-p.build/DerivedSources-normal/arm64 -Xcc -I/Users/admin/builder/spi-builder-workspace/.derivedData/Build/Intermediates.noindex/DHDeclarable.build/Debug-appletvos/DHDeclarableTests-p.build/DerivedSources/arm64 -Xcc -I/Users/admin/builder/spi-builder-workspace/.derivedData/Build/Intermediates.noindex/DHDeclarable.build/Debug-appletvos/DHDeclarableTests-p.build/DerivedSources -Xcc -DSWIFT_PACKAGE -Xcc -DDEBUG\=1 -working-directory /Users/admin/builder/spi-builder-workspace/.swiftpm/xcode -experimental-emit-module-separately -disable-cmo
SwiftDriverJobDiscovery normal arm64 Compiling UIStackView+arrangedSubviewAtIndex.swift, UIStackView+forEach.swift, UIStackView+removeAllArrangedSubviews.swift, UIView+Divider.swift (in target 'DHDeclarable' from project 'DHDeclarable')
SwiftCompile normal arm64 Compiling\ DHDStackTests.swift,\ DHDViewControllerTests.swift,\ DHDViewTests.swift /Users/admin/builder/spi-builder-workspace/Tests/DHDeclarableTests/ClassTests/DHDStackTests/DHDStackTests.swift /Users/admin/builder/spi-builder-workspace/Tests/DHDeclarableTests/ClassTests/DHDViewControllerTests/DHDViewControllerTests.swift /Users/admin/builder/spi-builder-workspace/Tests/DHDeclarableTests/ClassTests/DHDViewTests/DHDViewTests.swift (in target 'DHDeclarableTests-product' from project 'DHDeclarable')
SwiftCompile normal arm64 /Users/admin/builder/spi-builder-workspace/Tests/DHDeclarableTests/ClassTests/DHDStackTests/DHDStackTests.swift (in target 'DHDeclarableTests-product' from project 'DHDeclarable')
cd /Users/admin/builder/spi-builder-workspace/.swiftpm/xcode
builtin-SwiftPerFileCompile DHDStackTests.swift
SwiftCompile normal arm64 /Users/admin/builder/spi-builder-workspace/Tests/DHDeclarableTests/ClassTests/DHDViewControllerTests/DHDViewControllerTests.swift (in target 'DHDeclarableTests-product' from project 'DHDeclarable')
cd /Users/admin/builder/spi-builder-workspace/.swiftpm/xcode
builtin-SwiftPerFileCompile DHDViewControllerTests.swift
SwiftCompile normal arm64 /Users/admin/builder/spi-builder-workspace/Tests/DHDeclarableTests/ClassTests/DHDViewTests/DHDViewTests.swift (in target 'DHDeclarableTests-product' from project 'DHDeclarable')
cd /Users/admin/builder/spi-builder-workspace/.swiftpm/xcode
builtin-SwiftPerFileCompile DHDViewTests.swift
SwiftCompile normal arm64 Compiling\ String+asLabelTests.swift,\ String+inQuotesTests.swift,\ UIKit+DHDStringRepresentableTests.swift /Users/admin/builder/spi-builder-workspace/Tests/DHDeclarableTests/ExtensionTests/StringTests/String+asLabelTests.swift /Users/admin/builder/spi-builder-workspace/Tests/DHDeclarableTests/ExtensionTests/StringTests/String+inQuotesTests.swift /Users/admin/builder/spi-builder-workspace/Tests/DHDeclarableTests/ExtensionTests/UIKitTests/UIKit+DHDStringRepresentableTests.swift (in target 'DHDeclarableTests-product' from project 'DHDeclarable')
SwiftCompile normal arm64 /Users/admin/builder/spi-builder-workspace/Tests/DHDeclarableTests/ExtensionTests/StringTests/String+asLabelTests.swift (in target 'DHDeclarableTests-product' from project 'DHDeclarable')
cd /Users/admin/builder/spi-builder-workspace/.swiftpm/xcode
builtin-SwiftPerFileCompile String+asLabelTests.swift
SwiftCompile normal arm64 /Users/admin/builder/spi-builder-workspace/Tests/DHDeclarableTests/ExtensionTests/StringTests/String+inQuotesTests.swift (in target 'DHDeclarableTests-product' from project 'DHDeclarable')
cd /Users/admin/builder/spi-builder-workspace/.swiftpm/xcode
builtin-SwiftPerFileCompile String+inQuotesTests.swift
SwiftCompile normal arm64 /Users/admin/builder/spi-builder-workspace/Tests/DHDeclarableTests/ExtensionTests/UIKitTests/UIKit+DHDStringRepresentableTests.swift (in target 'DHDeclarableTests-product' from project 'DHDeclarable')
cd /Users/admin/builder/spi-builder-workspace/.swiftpm/xcode
builtin-SwiftPerFileCompile UIKit+DHDStringRepresentableTests.swift
PruneExplicitPrecompiledModules /Users/admin/builder/spi-builder-workspace/.derivedData/Build/Intermediates.noindex/ExplicitPrecompiledModules
PruneExplicitPrecompiledModules /Users/admin/builder/spi-builder-workspace/.derivedData/SDKExplicitPrecompiledModules
PruneExplicitPrecompiledModules /Users/admin/builder/spi-builder-workspace/.derivedData/Build/Intermediates.noindex/SwiftExplicitPrecompiledModules
2026-09-19 08:58:48.925 xcodebuild[1544:8799] [MT] IDERunDestination: Supported platforms for the buildables in the current scheme is empty.
2026-09-19 08:58:49.033 xcodebuild[1544:8799] [MT] IDERunDestination: Supported platforms for the buildables in the current scheme is empty.
** BUILD FAILED **
The following build commands failed:
SwiftCompile normal arm64 Compiling\ DHDViewController.swift,\ DHDViewControllerContentRenderingMode.swift,\ DHDViewControlling.swift,\ DHDIdentifier.swift /Users/admin/builder/spi-builder-workspace/Sources/DHDeclarable/Classes/DHDViewController/DHDViewController.swift /Users/admin/builder/spi-builder-workspace/Sources/DHDeclarable/Classes/DHDViewController/DHDViewControllerContentRenderingMode.swift /Users/admin/builder/spi-builder-workspace/Sources/DHDeclarable/Classes/DHDViewController/DHDViewControlling.swift /Users/admin/builder/spi-builder-workspace/Sources/DHDeclarable/DHDIdentifier.swift (in target 'DHDeclarable' from project 'DHDeclarable')
SwiftCompile normal arm64 /Users/admin/builder/spi-builder-workspace/Sources/DHDeclarable/Classes/DHDViewController/DHDViewController.swift (in target 'DHDeclarable' from project 'DHDeclarable')
Building workspace DHDeclarable with scheme DHDeclarable
(3 failures)
Command line invocation:
/Applications/Xcode-27.0.0-Release.Candidate.app/Contents/Developer/usr/bin/xcodebuild -IDEClonedSourcePackagesDirPathOverride=/Users/admin/builder/spi-builder-workspace/.dependencies -resolvePackageDependencies
Resolve Package Graph
Resolved source packages:
PackageConfig: https://github.com/shibapm/PackageConfig.git @ 1.1.3
SwiftyTextTable: https://github.com/scottrhoyt/SwiftyTextTable.git @ 0.9.0
swift-syntax: https://github.com/swiftlang/swift-syntax.git @ 601.0.0
Logger: https://github.com/shibapm/Logger @ 0.2.3
SwiftFormat: https://github.com/nicklockwood/SwiftFormat.git @ 0.63.0
SWXMLHash: https://github.com/drmohundro/SWXMLHash.git @ 7.0.2
DHDeclarable: /Users/admin/builder/spi-builder-workspace
CollectionConcurrencyKit: https://github.com/JohnSundell/CollectionConcurrencyKit.git @ 0.2.0
Komondor: https://github.com/shibapm/Komondor.git @ 1.1.4
SourceKitten: https://github.com/jpsim/SourceKitten.git @ 0.37.1
ShellOut: https://github.com/JohnSundell/ShellOut.git @ 2.3.0
CryptoSwift: https://github.com/krzyzanowskim/CryptoSwift.git @ 1.10.0
Rocket: https://github.com/f-meloni/Rocket @ 1.3.0
SwiftLint: https://github.com/Realm/SwiftLint.git @ 0.59.1
Yams: https://github.com/jpsim/Yams @ 5.4.0
SwiftShell: https://github.com/kareman/SwiftShell @ 5.1.1
swift-argument-parser: https://github.com/apple/swift-argument-parser.git @ 1.8.2
resolved source packages: PackageConfig, SwiftyTextTable, swift-syntax, Logger, SwiftFormat, SWXMLHash, DHDeclarable, CollectionConcurrencyKit, Komondor, SourceKitten, ShellOut, CryptoSwift, Rocket, SwiftLint, Yams, SwiftShell, swift-argument-parser
2026-09-19 08:59:12.140 xcodebuild[1808:10255] [MT] IDERunDestination: Supported platforms for the buildables in the current scheme is empty.
2026-09-19 08:59:12.244 xcodebuild[1808:10255] [MT] IDERunDestination: Supported platforms for the buildables in the current scheme is empty.
{
"dependencies" : [
{
"identity" : "komondor",
"requirement" : {
"range" : [
{
"lower_bound" : "1.0.0",
"upper_bound" : "2.0.0"
}
]
},
"type" : "sourceControl",
"url" : "https://github.com/shibapm/Komondor.git"
}
],
"manifest_display_name" : "DHDeclarable",
"name" : "DHDeclarable",
"path" : "/Users/admin/builder/spi-builder-workspace",
"platforms" : [
{
"name" : "ios",
"version" : "12.0"
}
],
"products" : [
{
"name" : "DHDeclarable",
"targets" : [
"DHDeclarable"
],
"type" : {
"library" : [
"automatic"
]
}
}
],
"targets" : [
{
"c99name" : "DHDeclarableTests",
"module_type" : "SwiftTarget",
"name" : "DHDeclarableTests",
"path" : "Tests/DHDeclarableTests",
"sources" : [
"ClassTests/DHComponentTests/DHDTwoLabelRowComponentTests.swift",
"ClassTests/DHDLabelTests/DHDLabelTests.swift",
"ClassTests/DHDScrollViewTests/DHDScrollViewTests.swift",
"ClassTests/DHDStackTests/DHDStackTests.swift",
"ClassTests/DHDViewControllerTests/DHDViewControllerTests.swift",
"ClassTests/DHDViewTests/DHDViewTests.swift",
"DHDeclarable+ValueTypeTests.swift",
"DHDeclarable+declaredIfTests.swift",
"ExtensionTests/Collection+optionalTests.swift",
"ExtensionTests/StringTests/String+asLabelTests.swift",
"ExtensionTests/StringTests/String+inQuotesTests.swift",
"ExtensionTests/UIKitTests/UIKit+DHDStringRepresentableTests.swift",
"ExtensionTests/UIKitTests/UILabelTests/UILabel+StyleTests.swift",
"ExtensionTests/UIKitTests/UIStackViewTests/UIStackView+AxisTests.swift",
"ExtensionTests/UIKitTests/UIStackViewTests/UIStackView+LayoutTests.swift",
"ExtensionTests/UIKitTests/UIStackViewTests/UIStackView+RecursiveTests.swift",
"ExtensionTests/UIKitTests/UIStackViewTests/UIStackView+arrangedSubviewAtIndexTests.swift",
"ExtensionTests/UIKitTests/UIStackViewTests/UIStackView+hierarchyTests.swift",
"ExtensionTests/UIKitTests/UIStackViewTests/UIStackView+removeAllArrangedSubviewsTests.swift",
"ExtensionTests/UIKitTests/UIViewControllerTests/UIViewController+asTests.swift",
"ExtensionTests/UIKitTests/UIViewTests/UIView+StyleTests.swift",
"ExtensionTests/UIKitTests/UIViewTests/UIView+addDividerTests.swift",
"ExtensionTests/UIKitTests/UIViewTests/UIView+centerTests.swift",
"ExtensionTests/UIKitTests/UIViewTests/UIView+declaredWithRedLinesTests.swift",
"ExtensionTests/UIKitTests/UIViewTests/UIView+roundedTests.swift",
"ExtensionTests/UIKitTests/UIViewTests/UIView+tagTests.swift",
"PreviewTests/PreviewTests.swift",
"PropertyWrapperTests/ResettableLazyTests.swift"
],
"target_dependencies" : [
"DHDeclarable"
],
"type" : "test"
},
{
"c99name" : "DHDeclarable",
"module_type" : "SwiftTarget",
"name" : "DHDeclarable",
"path" : "Sources/DHDeclarable",
"product_memberships" : [
"DHDeclarable"
],
"sources" : [
"Classes/DHDComponent/BaseClasses/DHDComponentable.swift",
"Classes/DHDComponent/BaseClasses/DHDStackViewComponent.swift",
"Classes/DHDComponent/BaseClasses/DHDViewComponent.swift",
"Classes/DHDComponent/DHDTwoLabelRowComponent.swift",
"Classes/DHDLabel/DHDLabel.swift",
"Classes/DHDScrollView/DHDScrollView.swift",
"Classes/DHDStack/DHDHStack.swift",
"Classes/DHDStack/DHDStack.swift",
"Classes/DHDStack/DHDVStack.swift",
"Classes/DHDView/DHDView+divider.swift",
"Classes/DHDView/DHDView+spacer.swift",
"Classes/DHDView/DHDView.swift",
"Classes/DHDViewController/DHDViewController.swift",
"Classes/DHDViewController/DHDViewControllerContentRenderingMode.swift",
"Classes/DHDViewController/DHDViewControlling.swift",
"DHDIdentifier.swift",
"DHDeclarable.swift",
"Extensions/Collection+optional.swift",
"Extensions/String/String+asLabel.swift",
"Extensions/String/String+inQuotes.swift",
"Extensions/UIKit/UIKit+DHDStringRepresentable.swift",
"Extensions/UIKit/UILabel/UILabel+Style.swift",
"Extensions/UIKit/UIStackView/UIStackView+Layout.swift",
"Extensions/UIKit/UIStackView/UIStackView+Rrecursive.swift",
"Extensions/UIKit/UIStackView/UIStackView+arrangedSubviewAtIndex.swift",
"Extensions/UIKit/UIStackView/UIStackView+forEach.swift",
"Extensions/UIKit/UIStackView/UIStackView+removeAllArrangedSubviews.swift",
"Extensions/UIKit/UIView/UIView+Divider.swift",
"Extensions/UIKit/UIView/UIView+Style.swift",
"Extensions/UIKit/UIView/UIView+as.swift",
"Extensions/UIKit/UIView/UIView+center.swift",
"Extensions/UIKit/UIView/UIView+declaredWithRedLines.swift",
"Extensions/UIKit/UIView/UIView+pin.swift",
"Extensions/UIKit/UIView/UIView+rounded.swift",
"Extensions/UIKit/UIView/UIView+tag.swift",
"Extensions/UIKit/UIViewController/UIViewController+as.swift",
"Previews/UIView+Preview.swift",
"Previews/UIViewController+Preview.swift",
"PropertyWrappers/ResettableLazy.swift",
"Protocols/DHDStringRepresentable.swift"
],
"type" : "library"
}
],
"tools_version" : "5.0"
}
{
"workspace" : {
"name" : "DHDeclarable",
"schemes" : [
"DHDeclarable",
"SwiftShell"
]
}
}
2026-09-19 08:59:16.572 xcodebuild[1842:10503] [MT] IDERunDestination: Supported platforms for the buildables in the current scheme is empty.
2026-09-19 08:59:16.675 xcodebuild[1842:10503] [MT] IDERunDestination: Supported platforms for the buildables in the current scheme is empty.
{
"workspace" : {
"name" : "DHDeclarable",
"schemes" : [
"DHDeclarable",
"SwiftShell"
]
}
}
2026-09-19 08:59:20.593 xcodebuild[1863:10647] [MT] IDERunDestination: Supported platforms for the buildables in the current scheme is empty.
2026-09-19 08:59:20.700 xcodebuild[1863:10647] [MT] IDERunDestination: Supported platforms for the buildables in the current scheme is empty.
Running build ...
env DEVELOPER_DIR=/Applications/Xcode-27.0.0-Release.Candidate.app xcrun xcodebuild -IDEClonedSourcePackagesDirPathOverride=$PWD/.dependencies -skipMacroValidation -skipPackagePluginValidation -derivedDataPath $PWD/.derivedData build -scheme DHDeclarable -destination generic/platform=tvOS
Command line invocation:
/Applications/Xcode-27.0.0-Release.Candidate.app/Contents/Developer/usr/bin/xcodebuild -IDEClonedSourcePackagesDirPathOverride=/Users/admin/builder/spi-builder-workspace/.dependencies -skipMacroValidation -skipPackagePluginValidation -derivedDataPath /Users/admin/builder/spi-builder-workspace/.derivedData build -scheme DHDeclarable -destination generic/platform=tvOS
Resolve Package Graph
Resolved source packages:
DHDeclarable: /Users/admin/builder/spi-builder-workspace
swift-argument-parser: https://github.com/apple/swift-argument-parser.git @ 1.8.2
CollectionConcurrencyKit: https://github.com/JohnSundell/CollectionConcurrencyKit.git @ 0.2.0
SwiftShell: https://github.com/kareman/SwiftShell @ 5.1.1
PackageConfig: https://github.com/shibapm/PackageConfig.git @ 1.1.3
ShellOut: https://github.com/JohnSundell/ShellOut.git @ 2.3.0
SwiftLint: https://github.com/Realm/SwiftLint.git @ 0.59.1
SWXMLHash: https://github.com/drmohundro/SWXMLHash.git @ 7.0.2
SwiftyTextTable: https://github.com/scottrhoyt/SwiftyTextTable.git @ 0.9.0
CryptoSwift: https://github.com/krzyzanowskim/CryptoSwift.git @ 1.10.0
SwiftFormat: https://github.com/nicklockwood/SwiftFormat.git @ 0.63.0
Yams: https://github.com/jpsim/Yams @ 5.4.0
SourceKitten: https://github.com/jpsim/SourceKitten.git @ 0.37.1
Rocket: https://github.com/f-meloni/Rocket @ 1.3.0
Komondor: https://github.com/shibapm/Komondor.git @ 1.1.4
swift-syntax: https://github.com/swiftlang/swift-syntax.git @ 601.0.0
Logger: https://github.com/shibapm/Logger @ 0.2.3
ComputePackagePrebuildTargetDependencyGraph
Prepare packages
CreateBuildRequest
SendProjectDescription
CreateBuildOperation
ComputeTargetDependencyGraph
note: Building targets in dependency order
note: Target dependency graph (3 targets)
Target 'DHDeclarableTests-product' in project 'DHDeclarable'
➜ Explicit dependency on target 'DHDeclarable' in project 'DHDeclarable'
Target 'DHDeclarable-product' in project 'DHDeclarable'
➜ Explicit dependency on target 'DHDeclarable' in project 'DHDeclarable'
Target 'DHDeclarable' in project 'DHDeclarable' (no dependencies)
GatherProvisioningInputs
CreateBuildDescription
ClangStatCache /Applications/Xcode-27.0.0-Release.Candidate.app/Contents/Developer/Toolchains/XcodeDefault.xctoolchain/usr/bin/clang-stat-cache /Applications/Xcode-27.0.0-Release.Candidate.app/Contents/Developer/Platforms/AppleTVOS.platform/Developer/SDKs/AppleTVOS27.0.sdk /Users/admin/builder/spi-builder-workspace/.derivedData/SDKStatCaches.noindex/appletvos27.0-24J360-e829b21a6f8c9b70876ba0858053c044b32bfd8d43560033f8d89884cdb90028.sdkstatcache
cd /Users/admin/builder/spi-builder-workspace/.swiftpm/xcode
/Applications/Xcode-27.0.0-Release.Candidate.app/Contents/Developer/Toolchains/XcodeDefault.xctoolchain/usr/bin/clang-stat-cache /Applications/Xcode-27.0.0-Release.Candidate.app/Contents/Developer/Platforms/AppleTVOS.platform/Developer/SDKs/AppleTVOS27.0.sdk -o /Users/admin/builder/spi-builder-workspace/.derivedData/SDKStatCaches.noindex/appletvos27.0-24J360-e829b21a6f8c9b70876ba0858053c044b32bfd8d43560033f8d89884cdb90028.sdkstatcache
SwiftDriver DHDeclarable normal arm64 com.apple.xcode.tools.swift.compiler (in target 'DHDeclarable' from project 'DHDeclarable')
cd /Users/admin/builder/spi-builder-workspace/.swiftpm/xcode
builtin-SwiftDriver -- /Applications/Xcode-27.0.0-Release.Candidate.app/Contents/Developer/Toolchains/XcodeDefault.xctoolchain/usr/bin/swiftc -parse-as-library -module-name DHDeclarable -Onone @/Users/admin/builder/spi-builder-workspace/.derivedData/Build/Intermediates.noindex/DHDeclarable.build/Debug-appletvos/DHDeclarable-t.build/Objects-normal/arm64/DHDeclarable.SwiftFileList -DSWIFT_PACKAGE -DDEBUG -DSWIFT_MODULE_RESOURCE_BUNDLE_UNAVAILABLE -DXcode -plugin-path /Applications/Xcode-27.0.0-Release.Candidate.app/Contents/Developer/Toolchains/XcodeDefault.xctoolchain/usr/lib/swift/host/plugins/testing -enable-experimental-feature DebugDescriptionMacro -sdk /Applications/Xcode-27.0.0-Release.Candidate.app/Contents/Developer/Platforms/AppleTVOS.platform/Developer/SDKs/AppleTVOS27.0.sdk -target arm64-apple-tvos15.0 -g -module-cache-path /Users/admin/builder/spi-builder-workspace/.derivedData/ModuleCache.noindex -Xfrontend -serialize-debugging-options -profile-coverage-mapping -profile-generate -enable-testing -index-store-path /Users/admin/builder/spi-builder-workspace/.derivedData/Index.noindex/DataStore -Xcc -D_LIBCPP_HARDENING_MODE\=_LIBCPP_HARDENING_MODE_DEBUG -swift-version 5 -I /Users/admin/builder/spi-builder-workspace/.derivedData/Build/Products/Debug-appletvos -Isystem /Applications/Xcode-27.0.0-Release.Candidate.app/Contents/Developer/Platforms/AppleTVOS.platform/Developer/usr/lib -F /Users/admin/builder/spi-builder-workspace/.derivedData/Build/Products/Debug-appletvos -F /Applications/Xcode-27.0.0-Release.Candidate.app/Contents/Developer/Platforms/AppleTVOS.platform/Developer/Library/Frameworks -F /Applications/Xcode-27.0.0-Release.Candidate.app/Contents/Developer/Platforms/AppleTVOS.platform/Developer/SDKs/AppleTVOS27.0.sdk/Developer/Library/Frameworks -c -j10 -enable-batch-mode -incremental -Xcc -ivfsstatcache -Xcc /Users/admin/builder/spi-builder-workspace/.derivedData/SDKStatCaches.noindex/appletvos27.0-24J360-e829b21a6f8c9b70876ba0858053c044b32bfd8d43560033f8d89884cdb90028.sdkstatcache -output-file-map /Users/admin/builder/spi-builder-workspace/.derivedData/Build/Intermediates.noindex/DHDeclarable.build/Debug-appletvos/DHDeclarable-t.build/Objects-normal/arm64/DHDeclarable-OutputFileMap.json -save-temps -no-color-diagnostics -explicit-module-build -module-cache-path /Users/admin/builder/spi-builder-workspace/.derivedData/Build/Intermediates.noindex/SwiftExplicitPrecompiledModules -clang-scanner-module-cache-path /Users/admin/builder/spi-builder-workspace/.derivedData/ModuleCache.noindex -sdk-module-cache-path /Users/admin/builder/spi-builder-workspace/.derivedData/SDKExplicitPrecompiledModules -emit-dependencies -emit-module -emit-module-path /Users/admin/builder/spi-builder-workspace/.derivedData/Build/Intermediates.noindex/DHDeclarable.build/Debug-appletvos/DHDeclarable-t.build/Objects-normal/arm64/DHDeclarable.swiftmodule -serialize-diagnostics -dependency-scan-serialize-diagnostics-path /Users/admin/builder/spi-builder-workspace/.derivedData/Build/Intermediates.noindex/DHDeclarable.build/Debug-appletvos/DHDeclarable-t.build/Objects-normal/arm64/DHDeclarable-dependency-scan.dia -validate-clang-modules-once -clang-build-session-file /Users/admin/builder/spi-builder-workspace/.derivedData/ModuleCache.noindex/Session.modulevalidation -Xcc -fmodules-prune-interval\=86400 -Xcc -fmodules-prune-after\=345600 -emit-const-values -const-gather-protocols-list /Users/admin/builder/spi-builder-workspace/.derivedData/Build/Intermediates.noindex/DHDeclarable.build/Debug-appletvos/DHDeclarable-t.build/Objects-normal/arm64/DHDeclarable_const_extract_protocols.json -Xcc -I/Users/admin/builder/spi-builder-workspace/.derivedData/Build/Products/Debug-appletvos/include -Xcc -I/Users/admin/builder/spi-builder-workspace/.derivedData/Build/Intermediates.noindex/DHDeclarable.build/Debug-appletvos/DHDeclarable-t.build/DerivedSources-normal/arm64 -Xcc -I/Users/admin/builder/spi-builder-workspace/.derivedData/Build/Intermediates.noindex/DHDeclarable.build/Debug-appletvos/DHDeclarable-t.build/DerivedSources/arm64 -Xcc -I/Users/admin/builder/spi-builder-workspace/.derivedData/Build/Intermediates.noindex/DHDeclarable.build/Debug-appletvos/DHDeclarable-t.build/DerivedSources -Xcc -DSWIFT_PACKAGE -Xcc -DDEBUG\=1 -emit-objc-header -emit-objc-header-path /Users/admin/builder/spi-builder-workspace/.derivedData/Build/Intermediates.noindex/DHDeclarable.build/Debug-appletvos/DHDeclarable-t.build/Objects-normal/arm64/DHDeclarable-Swift.h -working-directory /Users/admin/builder/spi-builder-workspace/.swiftpm/xcode -experimental-emit-module-separately -disable-cmo
SwiftDriver DHDeclarableTests normal arm64 com.apple.xcode.tools.swift.compiler (in target 'DHDeclarableTests-product' from project 'DHDeclarable')
cd /Users/admin/builder/spi-builder-workspace/.swiftpm/xcode
builtin-SwiftDriver -- /Applications/Xcode-27.0.0-Release.Candidate.app/Contents/Developer/Toolchains/XcodeDefault.xctoolchain/usr/bin/swiftc -parse-as-library -module-name DHDeclarableTests -Onone @/Users/admin/builder/spi-builder-workspace/.derivedData/Build/Intermediates.noindex/DHDeclarable.build/Debug-appletvos/DHDeclarableTests-p.build/Objects-normal/arm64/DHDeclarableTests.SwiftFileList -DSWIFT_PACKAGE -DDEBUG -DXcode -plugin-path /Applications/Xcode-27.0.0-Release.Candidate.app/Contents/Developer/Toolchains/XcodeDefault.xctoolchain/usr/lib/swift/host/plugins/testing -enable-experimental-feature DebugDescriptionMacro -sdk /Applications/Xcode-27.0.0-Release.Candidate.app/Contents/Developer/Platforms/AppleTVOS.platform/Developer/SDKs/AppleTVOS27.0.sdk -target arm64-apple-tvos17.0 -g -module-cache-path /Users/admin/builder/spi-builder-workspace/.derivedData/ModuleCache.noindex -Xfrontend -serialize-debugging-options -profile-coverage-mapping -profile-generate -enable-testing -index-store-path /Users/admin/builder/spi-builder-workspace/.derivedData/Index.noindex/DataStore -Xcc -D_LIBCPP_HARDENING_MODE\=_LIBCPP_HARDENING_MODE_DEBUG -swift-version 5 -I /Users/admin/builder/spi-builder-workspace/.derivedData/Build/Products/Debug-appletvos -Isystem /Applications/Xcode-27.0.0-Release.Candidate.app/Contents/Developer/Platforms/AppleTVOS.platform/Developer/usr/lib -F /Users/admin/builder/spi-builder-workspace/.derivedData/Build/Products/Debug-appletvos/PackageFrameworks -F /Users/admin/builder/spi-builder-workspace/.derivedData/Build/Products/Debug-appletvos -F /Applications/Xcode-27.0.0-Release.Candidate.app/Contents/Developer/Platforms/AppleTVOS.platform/Developer/Library/Frameworks -F /Applications/Xcode-27.0.0-Release.Candidate.app/Contents/Developer/Platforms/AppleTVOS.platform/Developer/SDKs/AppleTVOS27.0.sdk/Developer/Library/Frameworks -c -j10 -enable-batch-mode -incremental -Xcc -ivfsstatcache -Xcc /Users/admin/builder/spi-builder-workspace/.derivedData/SDKStatCaches.noindex/appletvos27.0-24J360-e829b21a6f8c9b70876ba0858053c044b32bfd8d43560033f8d89884cdb90028.sdkstatcache -output-file-map /Users/admin/builder/spi-builder-workspace/.derivedData/Build/Intermediates.noindex/DHDeclarable.build/Debug-appletvos/DHDeclarableTests-p.build/Objects-normal/arm64/DHDeclarableTests-OutputFileMap.json -save-temps -no-color-diagnostics -explicit-module-build -module-cache-path /Users/admin/builder/spi-builder-workspace/.derivedData/Build/Intermediates.noindex/SwiftExplicitPrecompiledModules -clang-scanner-module-cache-path /Users/admin/builder/spi-builder-workspace/.derivedData/ModuleCache.noindex -sdk-module-cache-path /Users/admin/builder/spi-builder-workspace/.derivedData/SDKExplicitPrecompiledModules -emit-dependencies -emit-module -emit-module-path /Users/admin/builder/spi-builder-workspace/.derivedData/Build/Intermediates.noindex/DHDeclarable.build/Debug-appletvos/DHDeclarableTests-p.build/Objects-normal/arm64/DHDeclarableTests.swiftmodule -serialize-diagnostics -dependency-scan-serialize-diagnostics-path /Users/admin/builder/spi-builder-workspace/.derivedData/Build/Intermediates.noindex/DHDeclarable.build/Debug-appletvos/DHDeclarableTests-p.build/Objects-normal/arm64/DHDeclarableTests-dependency-scan.dia -validate-clang-modules-once -clang-build-session-file /Users/admin/builder/spi-builder-workspace/.derivedData/ModuleCache.noindex/Session.modulevalidation -Xcc -fmodules-prune-interval\=86400 -Xcc -fmodules-prune-after\=345600 -emit-const-values -const-gather-protocols-list /Users/admin/builder/spi-builder-workspace/.derivedData/Build/Intermediates.noindex/DHDeclarable.build/Debug-appletvos/DHDeclarableTests-p.build/Objects-normal/arm64/DHDeclarableTests_const_extract_protocols.json -Xcc -I/Users/admin/builder/spi-builder-workspace/.derivedData/Build/Products/Debug-appletvos/include -Xcc -I/Users/admin/builder/spi-builder-workspace/.derivedData/Build/Intermediates.noindex/DHDeclarable.build/Debug-appletvos/DHDeclarableTests-p.build/DerivedSources-normal/arm64 -Xcc -I/Users/admin/builder/spi-builder-workspace/.derivedData/Build/Intermediates.noindex/DHDeclarable.build/Debug-appletvos/DHDeclarableTests-p.build/DerivedSources/arm64 -Xcc -I/Users/admin/builder/spi-builder-workspace/.derivedData/Build/Intermediates.noindex/DHDeclarable.build/Debug-appletvos/DHDeclarableTests-p.build/DerivedSources -Xcc -DSWIFT_PACKAGE -Xcc -DDEBUG\=1 -working-directory /Users/admin/builder/spi-builder-workspace/.swiftpm/xcode -experimental-emit-module-separately -disable-cmo
SwiftCompile normal arm64 Compiling\ String+asLabelTests.swift,\ String+inQuotesTests.swift,\ UIKit+DHDStringRepresentableTests.swift /Users/admin/builder/spi-builder-workspace/Tests/DHDeclarableTests/ExtensionTests/StringTests/String+asLabelTests.swift /Users/admin/builder/spi-builder-workspace/Tests/DHDeclarableTests/ExtensionTests/StringTests/String+inQuotesTests.swift /Users/admin/builder/spi-builder-workspace/Tests/DHDeclarableTests/ExtensionTests/UIKitTests/UIKit+DHDStringRepresentableTests.swift (in target 'DHDeclarableTests-product' from project 'DHDeclarable')
SwiftCompile normal arm64 /Users/admin/builder/spi-builder-workspace/Tests/DHDeclarableTests/ExtensionTests/StringTests/String+asLabelTests.swift (in target 'DHDeclarableTests-product' from project 'DHDeclarable')
cd /Users/admin/builder/spi-builder-workspace/.swiftpm/xcode
builtin-SwiftPerFileCompile String+asLabelTests.swift
SwiftCompile normal arm64 /Users/admin/builder/spi-builder-workspace/Tests/DHDeclarableTests/ExtensionTests/StringTests/String+inQuotesTests.swift (in target 'DHDeclarableTests-product' from project 'DHDeclarable')
cd /Users/admin/builder/spi-builder-workspace/.swiftpm/xcode
builtin-SwiftPerFileCompile String+inQuotesTests.swift
SwiftCompile normal arm64 /Users/admin/builder/spi-builder-workspace/Tests/DHDeclarableTests/ExtensionTests/UIKitTests/UIKit+DHDStringRepresentableTests.swift (in target 'DHDeclarableTests-product' from project 'DHDeclarable')
cd /Users/admin/builder/spi-builder-workspace/.swiftpm/xcode
builtin-SwiftPerFileCompile UIKit+DHDStringRepresentableTests.swift
SwiftEmitModule normal arm64 Emitting\ module\ for\ DHDeclarableTests (in target 'DHDeclarableTests-product' from project 'DHDeclarable')
SwiftCompile normal arm64 (in target 'DHDeclarableTests-product' from project 'DHDeclarable')
cd /Users/admin/builder/spi-builder-workspace/.swiftpm/xcode
SwiftCompile normal arm64 Compiling\ DHDeclarable+ValueTypeTests.swift,\ DHDeclarable+declaredIfTests.swift,\ Collection+optionalTests.swift /Users/admin/builder/spi-builder-workspace/Tests/DHDeclarableTests/DHDeclarable+ValueTypeTests.swift /Users/admin/builder/spi-builder-workspace/Tests/DHDeclarableTests/DHDeclarable+declaredIfTests.swift /Users/admin/builder/spi-builder-workspace/Tests/DHDeclarableTests/ExtensionTests/Collection+optionalTests.swift (in target 'DHDeclarableTests-product' from project 'DHDeclarable')
SwiftCompile normal arm64 /Users/admin/builder/spi-builder-workspace/Tests/DHDeclarableTests/DHDeclarable+ValueTypeTests.swift (in target 'DHDeclarableTests-product' from project 'DHDeclarable')
cd /Users/admin/builder/spi-builder-workspace/.swiftpm/xcode
builtin-SwiftPerFileCompile DHDeclarable+ValueTypeTests.swift
SwiftCompile normal arm64 /Users/admin/builder/spi-builder-workspace/Tests/DHDeclarableTests/DHDeclarable+declaredIfTests.swift (in target 'DHDeclarableTests-product' from project 'DHDeclarable')
cd /Users/admin/builder/spi-builder-workspace/.swiftpm/xcode
builtin-SwiftPerFileCompile DHDeclarable+declaredIfTests.swift
SwiftCompile normal arm64 /Users/admin/builder/spi-builder-workspace/Tests/DHDeclarableTests/ExtensionTests/Collection+optionalTests.swift (in target 'DHDeclarableTests-product' from project 'DHDeclarable')
cd /Users/admin/builder/spi-builder-workspace/.swiftpm/xcode
builtin-SwiftPerFileCompile Collection+optionalTests.swift
SwiftCompile normal arm64 Compiling\ DHDTwoLabelRowComponentTests.swift,\ DHDLabelTests.swift,\ DHDScrollViewTests.swift /Users/admin/builder/spi-builder-workspace/Tests/DHDeclarableTests/ClassTests/DHComponentTests/DHDTwoLabelRowComponentTests.swift /Users/admin/builder/spi-builder-workspace/Tests/DHDeclarableTests/ClassTests/DHDLabelTests/DHDLabelTests.swift /Users/admin/builder/spi-builder-workspace/Tests/DHDeclarableTests/ClassTests/DHDScrollViewTests/DHDScrollViewTests.swift (in target 'DHDeclarableTests-product' from project 'DHDeclarable')
SwiftCompile normal arm64 /Users/admin/builder/spi-builder-workspace/Tests/DHDeclarableTests/ClassTests/DHComponentTests/DHDTwoLabelRowComponentTests.swift (in target 'DHDeclarableTests-product' from project 'DHDeclarable')
cd /Users/admin/builder/spi-builder-workspace/.swiftpm/xcode
builtin-SwiftPerFileCompile DHDTwoLabelRowComponentTests.swift
SwiftCompile normal arm64 /Users/admin/builder/spi-builder-workspace/Tests/DHDeclarableTests/ClassTests/DHDLabelTests/DHDLabelTests.swift (in target 'DHDeclarableTests-product' from project 'DHDeclarable')
cd /Users/admin/builder/spi-builder-workspace/.swiftpm/xcode
builtin-SwiftPerFileCompile DHDLabelTests.swift
SwiftCompile normal arm64 /Users/admin/builder/spi-builder-workspace/Tests/DHDeclarableTests/ClassTests/DHDScrollViewTests/DHDScrollViewTests.swift (in target 'DHDeclarableTests-product' from project 'DHDeclarable')
cd /Users/admin/builder/spi-builder-workspace/.swiftpm/xcode
builtin-SwiftPerFileCompile DHDScrollViewTests.swift
SwiftCompile normal arm64 Compiling\ DHDStackTests.swift,\ DHDViewControllerTests.swift,\ DHDViewTests.swift /Users/admin/builder/spi-builder-workspace/Tests/DHDeclarableTests/ClassTests/DHDStackTests/DHDStackTests.swift /Users/admin/builder/spi-builder-workspace/Tests/DHDeclarableTests/ClassTests/DHDViewControllerTests/DHDViewControllerTests.swift /Users/admin/builder/spi-builder-workspace/Tests/DHDeclarableTests/ClassTests/DHDViewTests/DHDViewTests.swift (in target 'DHDeclarableTests-product' from project 'DHDeclarable')
/Users/admin/builder/spi-builder-workspace/Tests/DHDeclarableTests/ClassTests/DHDViewControllerTests/DHDViewControllerTests.swift:26:47: error: 'systemBackground' is unavailable in tvOS
24 | let systemBackground = DHDViewController.systemBackground(from: viewController.traitCollection)
25 | XCTAssertNotNil(systemBackground)
26 | XCTAssertEqual(systemBackground, .systemBackground)
| `- error: 'systemBackground' is unavailable in tvOS
27 | }
28 |
/Applications/Xcode-27.0.0-Release.Candidate.app/Contents/Developer/Platforms/AppleTVOS.platform/Developer/SDKs/AppleTVOS27.0.sdk/System/Library/Frameworks/UIKit.framework/Headers/UIInterface.h:208:49: note: 'systemBackground' has been explicitly marked unavailable here
206 | * primary background in light mode.
207 | */
208 | @property (class, nonatomic, readonly) UIColor *systemBackgroundColor API_AVAILABLE(ios(13.0)) API_UNAVAILABLE(tvos, watchos);
| `- note: 'systemBackground' has been explicitly marked unavailable here
209 | @property (class, nonatomic, readonly) UIColor *secondarySystemBackgroundColor API_AVAILABLE(ios(13.0)) API_UNAVAILABLE(tvos, watchos);
210 | @property (class, nonatomic, readonly) UIColor *tertiarySystemBackgroundColor API_AVAILABLE(ios(13.0)) API_UNAVAILABLE(tvos, watchos);
Failed frontend command:
/Applications/Xcode-27.0.0-Release.Candidate.app/Contents/Developer/Toolchains/XcodeDefault.xctoolchain/usr/bin/swift-frontend -frontend -c /Users/admin/builder/spi-builder-workspace/Tests/DHDeclarableTests/ClassTests/DHComponentTests/DHDTwoLabelRowComponentTests.swift /Users/admin/builder/spi-builder-workspace/Tests/DHDeclarableTests/ClassTests/DHDLabelTests/DHDLabelTests.swift /Users/admin/builder/spi-builder-workspace/Tests/DHDeclarableTests/ClassTests/DHDScrollViewTests/DHDScrollViewTests.swift -primary-file /Users/admin/builder/spi-builder-workspace/Tests/DHDeclarableTests/ClassTests/DHDStackTests/DHDStackTests.swift -primary-file /Users/admin/builder/spi-builder-workspace/Tests/DHDeclarableTests/ClassTests/DHDViewControllerTests/DHDViewControllerTests.swift -primary-file /Users/admin/builder/spi-builder-workspace/Tests/DHDeclarableTests/ClassTests/DHDViewTests/DHDViewTests.swift /Users/admin/builder/spi-builder-workspace/Tests/DHDeclarableTests/DHDeclarable+ValueTypeTests.swift /Users/admin/builder/spi-builder-workspace/Tests/DHDeclarableTests/DHDeclarable+declaredIfTests.swift /Users/admin/builder/spi-builder-workspace/Tests/DHDeclarableTests/ExtensionTests/Collection+optionalTests.swift /Users/admin/builder/spi-builder-workspace/Tests/DHDeclarableTests/ExtensionTests/StringTests/String+asLabelTests.swift /Users/admin/builder/spi-builder-workspace/Tests/DHDeclarableTests/ExtensionTests/StringTests/String+inQuotesTests.swift /Users/admin/builder/spi-builder-workspace/Tests/DHDeclarableTests/ExtensionTests/UIKitTests/UIKit+DHDStringRepresentableTests.swift /Users/admin/builder/spi-builder-workspace/Tests/DHDeclarableTests/ExtensionTests/UIKitTests/UILabelTests/UILabel+StyleTests.swift /Users/admin/builder/spi-builder-workspace/Tests/DHDeclarableTests/ExtensionTests/UIKitTests/UIStackViewTests/UIStackView+AxisTests.swift /Users/admin/builder/spi-builder-workspace/Tests/DHDeclarableTests/ExtensionTests/UIKitTests/UIStackViewTests/UIStackView+LayoutTests.swift /Users/admin/builder/spi-builder-workspace/Tests/DHDeclarableTests/ExtensionTests/UIKitTests/UIStackViewTests/UIStackView+RecursiveTests.swift /Users/admin/builder/spi-builder-workspace/Tests/DHDeclarableTests/ExtensionTests/UIKitTests/UIStackViewTests/UIStackView+arrangedSubviewAtIndexTests.swift /Users/admin/builder/spi-builder-workspace/Tests/DHDeclarableTests/ExtensionTests/UIKitTests/UIStackViewTests/UIStackView+hierarchyTests.swift /Users/admin/builder/spi-builder-workspace/Tests/DHDeclarableTests/ExtensionTests/UIKitTests/UIStackViewTests/UIStackView+removeAllArrangedSubviewsTests.swift /Users/admin/builder/spi-builder-workspace/Tests/DHDeclarableTests/ExtensionTests/UIKitTests/UIViewControllerTests/UIViewController+asTests.swift /Users/admin/builder/spi-builder-workspace/Tests/DHDeclarableTests/ExtensionTests/UIKitTests/UIViewTests/UIView+StyleTests.swift /Users/admin/builder/spi-builder-workspace/Tests/DHDeclarableTests/ExtensionTests/UIKitTests/UIViewTests/UIView+addDividerTests.swift /Users/admin/builder/spi-builder-workspace/Tests/DHDeclarableTests/ExtensionTests/UIKitTests/UIViewTests/UIView+centerTests.swift /Users/admin/builder/spi-builder-workspace/Tests/DHDeclarableTests/ExtensionTests/UIKitTests/UIViewTests/UIView+declaredWithRedLinesTests.swift /Users/admin/builder/spi-builder-workspace/Tests/DHDeclarableTests/ExtensionTests/UIKitTests/UIViewTests/UIView+roundedTests.swift /Users/admin/builder/spi-builder-workspace/Tests/DHDeclarableTests/ExtensionTests/UIKitTests/UIViewTests/UIView+tagTests.swift /Users/admin/builder/spi-builder-workspace/Tests/DHDeclarableTests/PreviewTests/PreviewTests.swift /Users/admin/builder/spi-builder-workspace/Tests/DHDeclarableTests/PropertyWrapperTests/ResettableLazyTests.swift -supplementary-output-file-map /Users/admin/builder/spi-builder-workspace/.derivedData/Build/Intermediates.noindex/DHDeclarable.build/Debug-appletvos/DHDeclarableTests-p.build/Objects-normal/arm64/supplementaryOutputs-2 -target arm64-apple-tvos17.0 -module-can-import-version SwiftUI 8.0.84 8.0.84 -module-can-import-version UIKit 9127.0.84.1 9127.0.84 -disable-cross-import-overlay-search -load-resolved-plugin /Applications/Xcode-27.0.0-Release.Candidate.app/Contents/Developer/Platforms/AppleTVOS.platform/Developer/usr/lib/swift/host/plugins/libFoundationMacros.dylib\#/Applications/Xcode-27.0.0-Release.Candidate.app/Contents/Developer/Platforms/AppleTVOS.platform/Developer/usr/bin/swift-plugin-server\#FoundationMacros -load-resolved-plugin /Applications/Xcode-27.0.0-Release.Candidate.app/Contents/Developer/Platforms/AppleTVOS.platform/Developer/usr/lib/swift/host/plugins/libObservationMacros.dylib\#/Applications/Xcode-27.0.0-Release.Candidate.app/Contents/Developer/Platforms/AppleTVOS.platform/Developer/usr/bin/swift-plugin-server\#ObservationMacros -load-resolved-plugin /Applications/Xcode-27.0.0-Release.Candidate.app/Contents/Developer/Platforms/AppleTVOS.platform/Developer/usr/lib/swift/host/plugins/libPreviewsMacros.dylib\#/Applications/Xcode-27.0.0-Release.Candidate.app/Contents/Developer/Platforms/AppleTVOS.platform/Developer/usr/bin/swift-plugin-server\#PreviewsMacros -load-resolved-plugin /Applications/Xcode-27.0.0-Release.Candidate.app/Contents/Developer/Platforms/AppleTVOS.platform/Developer/usr/lib/swift/host/plugins/libSwiftMacros.dylib\#/Applications/Xcode-27.0.0-Release.Candidate.app/Contents/Developer/Platforms/AppleTVOS.platform/Developer/usr/bin/swift-plugin-server\#SwiftMacros -load-resolved-plugin /Applications/Xcode-27.0.0-Release.Candidate.app/Contents/Developer/Platforms/AppleTVOS.platform/Developer/usr/lib/swift/host/plugins/libSwiftUIMacros.dylib\#/Applications/Xcode-27.0.0-Release.Candidate.app/Contents/Developer/Platforms/AppleTVOS.platform/Developer/usr/bin/swift-plugin-server\#SwiftUIMacros -disable-implicit-swift-modules -Xcc -fno-implicit-modules -Xcc -fno-implicit-module-maps -explicit-swift-module-map-file /Users/admin/builder/spi-builder-workspace/.derivedData/Build/Intermediates.noindex/DHDeclarable.build/Debug-appletvos/DHDeclarableTests-p.build/Objects-normal/arm64/DHDeclarableTests-dependencies-1.json -Xllvm -aarch64-use-tbi -enable-objc-interop -stack-check -sdk /Applications/Xcode-27.0.0-Release.Candidate.app/Contents/Developer/Platforms/AppleTVOS.platform/Developer/SDKs/AppleTVOS27.0.sdk -I /Users/admin/builder/spi-builder-workspace/.derivedData/Build/Products/Debug-appletvos -Isystem /Applications/Xcode-27.0.0-Release.Candidate.app/Contents/Developer/Platforms/AppleTVOS.platform/Developer/usr/lib -F /Users/admin/builder/spi-builder-workspace/.derivedData/Build/Products/Debug-appletvos/PackageFrameworks -F /Users/admin/builder/spi-builder-workspace/.derivedData/Build/Products/Debug-appletvos -F /Applications/Xcode-27.0.0-Release.Candidate.app/Contents/Developer/Platforms/AppleTVOS.platform/Developer/Library/Frameworks -F /Applications/Xcode-27.0.0-Release.Candidate.app/Contents/Developer/Platforms/AppleTVOS.platform/Developer/SDKs/AppleTVOS27.0.sdk/Developer/Library/Frameworks -module-cache-path /Users/admin/builder/spi-builder-workspace/.derivedData/Build/Intermediates.noindex/SwiftExplicitPrecompiledModules -no-color-diagnostics -Xcc -fno-color-diagnostics -enable-testing -g -debug-info-format\=dwarf -dwarf-version\=4 -profile-generate -profile-coverage-mapping -swift-version 5 -Onone -D SWIFT_PACKAGE -D DEBUG -D Xcode -serialize-debugging-options -enable-experimental-feature DebugDescriptionMacro -empty-abi-descriptor -validate-clang-modules-once -clang-build-session-file /Users/admin/builder/spi-builder-workspace/.derivedData/ModuleCache.noindex/Session.modulevalidation -Xcc -working-directory -Xcc /Users/admin/builder/spi-builder-workspace/.swiftpm/xcode -enable-anonymous-context-mangled-names -file-compilation-dir /Users/admin/builder/spi-builder-workspace/.swiftpm/xcode -Xcc -D_LIBCPP_HARDENING_MODE\=_LIBCPP_HARDENING_MODE_DEBUG -Xcc -ivfsstatcache -Xcc /Users/admin/builder/spi-builder-workspace/.derivedData/SDKStatCaches.noindex/appletvos27.0-24J360-e829b21a6f8c9b70876ba0858053c044b32bfd8d43560033f8d89884cdb90028.sdkstatcache -Xcc -fmodules-prune-interval\=86400 -Xcc -fmodules-prune-after\=345600 -Xcc -I/Users/admin/builder/spi-builder-workspace/.derivedData/Build/Products/Debug-appletvos/include -Xcc -I/Users/admin/builder/spi-builder-workspace/.derivedData/Build/Intermediates.noindex/DHDeclarable.build/Debug-appletvos/DHDeclarableTests-p.build/DerivedSources-normal/arm64 -Xcc -I/Users/admin/builder/spi-builder-workspace/.derivedData/Build/Intermediates.noindex/DHDeclarable.build/Debug-appletvos/DHDeclarableTests-p.build/DerivedSources/arm64 -Xcc -I/Users/admin/builder/spi-builder-workspace/.derivedData/Build/Intermediates.noindex/DHDeclarable.build/Debug-appletvos/DHDeclarableTests-p.build/DerivedSources -Xcc -DSWIFT_PACKAGE -Xcc -DDEBUG\=1 -no-auto-bridging-header-chaining -module-name DHDeclarableTests -const-gather-protocols-file /Users/admin/builder/spi-builder-workspace/.derivedData/Build/Intermediates.noindex/DHDeclarable.build/Debug-appletvos/DHDeclarableTests-p.build/Objects-normal/arm64/DHDeclarableTests_const_extract_protocols.json -disable-clang-spi -clang-target arm64-apple-tvos27.0 -target-sdk-version 27.0 -target-sdk-name appletvos27.0 -in-process-plugin-server-path /Applications/Xcode-27.0.0-Release.Candidate.app/Contents/Developer/Toolchains/XcodeDefault.xctoolchain/usr/lib/swift/host/libSwiftInProcPluginServer.dylib -parse-as-library -o /Users/admin/builder/spi-builder-workspace/.derivedData/Build/Intermediates.noindex/DHDeclarable.build/Debug-appletvos/DHDeclarableTests-p.build/Objects-normal/arm64/DHDStackTests.o -o /Users/admin/builder/spi-builder-workspace/.derivedData/Build/Intermediates.noindex/DHDeclarable.build/Debug-appletvos/DHDeclarableTests-p.build/Objects-normal/arm64/DHDViewControllerTests.o -o /Users/admin/builder/spi-builder-workspace/.derivedData/Build/Intermediates.noindex/DHDeclarable.build/Debug-appletvos/DHDeclarableTests-p.build/Objects-normal/arm64/DHDViewTests.o -debug-module-path /Users/admin/builder/spi-builder-workspace/.derivedData/Build/Intermediates.noindex/DHDeclarable.build/Debug-appletvos/DHDeclarableTests-p.build/Objects-normal/arm64/DHDeclarableTests.swiftmodule -index-unit-output-path /DHDeclarable.build/Debug-appletvos/DHDeclarableTests-p.build/Objects-normal/arm64/DHDStackTests.o -index-unit-output-path /DHDeclarable.build/Debug-appletvos/DHDeclarableTests-p.build/Objects-normal/arm64/DHDViewControllerTests.o -index-unit-output-path /DHDeclarable.build/Debug-appletvos/DHDeclarableTests-p.build/Objects-normal/arm64/DHDViewTests.o -index-store-path /Users/admin/builder/spi-builder-workspace/.derivedData/Index.noindex/DataStore -index-system-modules
SwiftCompile normal arm64 /Users/admin/builder/spi-builder-workspace/Tests/DHDeclarableTests/ClassTests/DHDStackTests/DHDStackTests.swift (in target 'DHDeclarableTests-product' from project 'DHDeclarable')
cd /Users/admin/builder/spi-builder-workspace/.swiftpm/xcode
builtin-SwiftPerFileCompile DHDStackTests.swift
SwiftCompile normal arm64 /Users/admin/builder/spi-builder-workspace/Tests/DHDeclarableTests/ClassTests/DHDViewControllerTests/DHDViewControllerTests.swift (in target 'DHDeclarableTests-product' from project 'DHDeclarable')
cd /Users/admin/builder/spi-builder-workspace/.swiftpm/xcode
builtin-SwiftPerFileCompile DHDViewControllerTests.swift
SwiftCompile normal arm64 /Users/admin/builder/spi-builder-workspace/Tests/DHDeclarableTests/ClassTests/DHDViewTests/DHDViewTests.swift (in target 'DHDeclarableTests-product' from project 'DHDeclarable')
cd /Users/admin/builder/spi-builder-workspace/.swiftpm/xcode
builtin-SwiftPerFileCompile DHDViewTests.swift
SwiftCompile normal arm64 Compiling\ UILabel+StyleTests.swift,\ UIStackView+AxisTests.swift,\ UIStackView+LayoutTests.swift /Users/admin/builder/spi-builder-workspace/Tests/DHDeclarableTests/ExtensionTests/UIKitTests/UILabelTests/UILabel+StyleTests.swift /Users/admin/builder/spi-builder-workspace/Tests/DHDeclarableTests/ExtensionTests/UIKitTests/UIStackViewTests/UIStackView+AxisTests.swift /Users/admin/builder/spi-builder-workspace/Tests/DHDeclarableTests/ExtensionTests/UIKitTests/UIStackViewTests/UIStackView+LayoutTests.swift (in target 'DHDeclarableTests-product' from project 'DHDeclarable')
SwiftCompile normal arm64 /Users/admin/builder/spi-builder-workspace/Tests/DHDeclarableTests/ExtensionTests/UIKitTests/UILabelTests/UILabel+StyleTests.swift (in target 'DHDeclarableTests-product' from project 'DHDeclarable')
cd /Users/admin/builder/spi-builder-workspace/.swiftpm/xcode
builtin-SwiftPerFileCompile UILabel+StyleTests.swift
SwiftCompile normal arm64 /Users/admin/builder/spi-builder-workspace/Tests/DHDeclarableTests/ExtensionTests/UIKitTests/UIStackViewTests/UIStackView+AxisTests.swift (in target 'DHDeclarableTests-product' from project 'DHDeclarable')
cd /Users/admin/builder/spi-builder-workspace/.swiftpm/xcode
builtin-SwiftPerFileCompile UIStackView+AxisTests.swift
SwiftCompile normal arm64 /Users/admin/builder/spi-builder-workspace/Tests/DHDeclarableTests/ExtensionTests/UIKitTests/UIStackViewTests/UIStackView+LayoutTests.swift (in target 'DHDeclarableTests-product' from project 'DHDeclarable')
cd /Users/admin/builder/spi-builder-workspace/.swiftpm/xcode
builtin-SwiftPerFileCompile UIStackView+LayoutTests.swift
SwiftCompile normal arm64 Compiling\ UIView+addDividerTests.swift,\ UIView+centerTests.swift,\ UIView+declaredWithRedLinesTests.swift /Users/admin/builder/spi-builder-workspace/Tests/DHDeclarableTests/ExtensionTests/UIKitTests/UIViewTests/UIView+addDividerTests.swift /Users/admin/builder/spi-builder-workspace/Tests/DHDeclarableTests/ExtensionTests/UIKitTests/UIViewTests/UIView+centerTests.swift /Users/admin/builder/spi-builder-workspace/Tests/DHDeclarableTests/ExtensionTests/UIKitTests/UIViewTests/UIView+declaredWithRedLinesTests.swift (in target 'DHDeclarableTests-product' from project 'DHDeclarable')
SwiftCompile normal arm64 /Users/admin/builder/spi-builder-workspace/Tests/DHDeclarableTests/ExtensionTests/UIKitTests/UIViewTests/UIView+addDividerTests.swift (in target 'DHDeclarableTests-product' from project 'DHDeclarable')
cd /Users/admin/builder/spi-builder-workspace/.swiftpm/xcode
builtin-SwiftPerFileCompile UIView+addDividerTests.swift
SwiftCompile normal arm64 /Users/admin/builder/spi-builder-workspace/Tests/DHDeclarableTests/ExtensionTests/UIKitTests/UIViewTests/UIView+centerTests.swift (in target 'DHDeclarableTests-product' from project 'DHDeclarable')
cd /Users/admin/builder/spi-builder-workspace/.swiftpm/xcode
builtin-SwiftPerFileCompile UIView+centerTests.swift
SwiftCompile normal arm64 /Users/admin/builder/spi-builder-workspace/Tests/DHDeclarableTests/ExtensionTests/UIKitTests/UIViewTests/UIView+declaredWithRedLinesTests.swift (in target 'DHDeclarableTests-product' from project 'DHDeclarable')
cd /Users/admin/builder/spi-builder-workspace/.swiftpm/xcode
builtin-SwiftPerFileCompile UIView+declaredWithRedLinesTests.swift
SwiftCompile normal arm64 Compiling\ UIView+roundedTests.swift,\ UIView+tagTests.swift /Users/admin/builder/spi-builder-workspace/Tests/DHDeclarableTests/ExtensionTests/UIKitTests/UIViewTests/UIView+roundedTests.swift /Users/admin/builder/spi-builder-workspace/Tests/DHDeclarableTests/ExtensionTests/UIKitTests/UIViewTests/UIView+tagTests.swift (in target 'DHDeclarableTests-product' from project 'DHDeclarable')
SwiftCompile normal arm64 /Users/admin/builder/spi-builder-workspace/Tests/DHDeclarableTests/ExtensionTests/UIKitTests/UIViewTests/UIView+roundedTests.swift (in target 'DHDeclarableTests-product' from project 'DHDeclarable')
cd /Users/admin/builder/spi-builder-workspace/.swiftpm/xcode
builtin-SwiftPerFileCompile UIView+roundedTests.swift
SwiftCompile normal arm64 /Users/admin/builder/spi-builder-workspace/Tests/DHDeclarableTests/ExtensionTests/UIKitTests/UIViewTests/UIView+tagTests.swift (in target 'DHDeclarableTests-product' from project 'DHDeclarable')
cd /Users/admin/builder/spi-builder-workspace/.swiftpm/xcode
builtin-SwiftPerFileCompile UIView+tagTests.swift
SwiftCompile normal arm64 Compiling\ UIStackView+removeAllArrangedSubviewsTests.swift,\ UIViewController+asTests.swift,\ UIView+StyleTests.swift /Users/admin/builder/spi-builder-workspace/Tests/DHDeclarableTests/ExtensionTests/UIKitTests/UIStackViewTests/UIStackView+removeAllArrangedSubviewsTests.swift /Users/admin/builder/spi-builder-workspace/Tests/DHDeclarableTests/ExtensionTests/UIKitTests/UIViewControllerTests/UIViewController+asTests.swift /Users/admin/builder/spi-builder-workspace/Tests/DHDeclarableTests/ExtensionTests/UIKitTests/UIViewTests/UIView+StyleTests.swift (in target 'DHDeclarableTests-product' from project 'DHDeclarable')
SwiftCompile normal arm64 /Users/admin/builder/spi-builder-workspace/Tests/DHDeclarableTests/ExtensionTests/UIKitTests/UIStackViewTests/UIStackView+removeAllArrangedSubviewsTests.swift (in target 'DHDeclarableTests-product' from project 'DHDeclarable')
cd /Users/admin/builder/spi-builder-workspace/.swiftpm/xcode
builtin-SwiftPerFileCompile UIStackView+removeAllArrangedSubviewsTests.swift
SwiftCompile normal arm64 /Users/admin/builder/spi-builder-workspace/Tests/DHDeclarableTests/ExtensionTests/UIKitTests/UIViewControllerTests/UIViewController+asTests.swift (in target 'DHDeclarableTests-product' from project 'DHDeclarable')
cd /Users/admin/builder/spi-builder-workspace/.swiftpm/xcode
builtin-SwiftPerFileCompile UIViewController+asTests.swift
SwiftCompile normal arm64 /Users/admin/builder/spi-builder-workspace/Tests/DHDeclarableTests/ExtensionTests/UIKitTests/UIViewTests/UIView+StyleTests.swift (in target 'DHDeclarableTests-product' from project 'DHDeclarable')
cd /Users/admin/builder/spi-builder-workspace/.swiftpm/xcode
builtin-SwiftPerFileCompile UIView+StyleTests.swift
SwiftEmitModule normal arm64 Emitting\ module\ for\ DHDeclarable (in target 'DHDeclarable' from project 'DHDeclarable')
SwiftCompile normal arm64 (in target 'DHDeclarable' from project 'DHDeclarable')
cd /Users/admin/builder/spi-builder-workspace/.swiftpm/xcode
SwiftCompile normal arm64 Compiling\ UIStackView+RecursiveTests.swift,\ UIStackView+arrangedSubviewAtIndexTests.swift,\ UIStackView+hierarchyTests.swift /Users/admin/builder/spi-builder-workspace/Tests/DHDeclarableTests/ExtensionTests/UIKitTests/UIStackViewTests/UIStackView+RecursiveTests.swift /Users/admin/builder/spi-builder-workspace/Tests/DHDeclarableTests/ExtensionTests/UIKitTests/UIStackViewTests/UIStackView+arrangedSubviewAtIndexTests.swift /Users/admin/builder/spi-builder-workspace/Tests/DHDeclarableTests/ExtensionTests/UIKitTests/UIStackViewTests/UIStackView+hierarchyTests.swift (in target 'DHDeclarableTests-product' from project 'DHDeclarable')
SwiftCompile normal arm64 /Users/admin/builder/spi-builder-workspace/Tests/DHDeclarableTests/ExtensionTests/UIKitTests/UIStackViewTests/UIStackView+RecursiveTests.swift (in target 'DHDeclarableTests-product' from project 'DHDeclarable')
cd /Users/admin/builder/spi-builder-workspace/.swiftpm/xcode
builtin-SwiftPerFileCompile UIStackView+RecursiveTests.swift
SwiftCompile normal arm64 /Users/admin/builder/spi-builder-workspace/Tests/DHDeclarableTests/ExtensionTests/UIKitTests/UIStackViewTests/UIStackView+arrangedSubviewAtIndexTests.swift (in target 'DHDeclarableTests-product' from project 'DHDeclarable')
cd /Users/admin/builder/spi-builder-workspace/.swiftpm/xcode
builtin-SwiftPerFileCompile UIStackView+arrangedSubviewAtIndexTests.swift
SwiftCompile normal arm64 /Users/admin/builder/spi-builder-workspace/Tests/DHDeclarableTests/ExtensionTests/UIKitTests/UIStackViewTests/UIStackView+hierarchyTests.swift (in target 'DHDeclarableTests-product' from project 'DHDeclarable')
cd /Users/admin/builder/spi-builder-workspace/.swiftpm/xcode
builtin-SwiftPerFileCompile UIStackView+hierarchyTests.swift
SwiftDriverJobDiscovery normal arm64 Emitting module for DHDeclarableTests (in target 'DHDeclarableTests-product' from project 'DHDeclarable')
SwiftDriver\ Compilation\ Requirements DHDeclarableTests normal arm64 com.apple.xcode.tools.swift.compiler (in target 'DHDeclarableTests-product' from project 'DHDeclarable')
cd /Users/admin/builder/spi-builder-workspace/.swiftpm/xcode
builtin-Swift-Compilation-Requirements -- /Applications/Xcode-27.0.0-Release.Candidate.app/Contents/Developer/Toolchains/XcodeDefault.xctoolchain/usr/bin/swiftc -parse-as-library -module-name DHDeclarableTests -Onone @/Users/admin/builder/spi-builder-workspace/.derivedData/Build/Intermediates.noindex/DHDeclarable.build/Debug-appletvos/DHDeclarableTests-p.build/Objects-normal/arm64/DHDeclarableTests.SwiftFileList -DSWIFT_PACKAGE -DDEBUG -DXcode -plugin-path /Applications/Xcode-27.0.0-Release.Candidate.app/Contents/Developer/Toolchains/XcodeDefault.xctoolchain/usr/lib/swift/host/plugins/testing -enable-experimental-feature DebugDescriptionMacro -sdk /Applications/Xcode-27.0.0-Release.Candidate.app/Contents/Developer/Platforms/AppleTVOS.platform/Developer/SDKs/AppleTVOS27.0.sdk -target arm64-apple-tvos17.0 -g -module-cache-path /Users/admin/builder/spi-builder-workspace/.derivedData/ModuleCache.noindex -Xfrontend -serialize-debugging-options -profile-coverage-mapping -profile-generate -enable-testing -index-store-path /Users/admin/builder/spi-builder-workspace/.derivedData/Index.noindex/DataStore -Xcc -D_LIBCPP_HARDENING_MODE\=_LIBCPP_HARDENING_MODE_DEBUG -swift-version 5 -I /Users/admin/builder/spi-builder-workspace/.derivedData/Build/Products/Debug-appletvos -Isystem /Applications/Xcode-27.0.0-Release.Candidate.app/Contents/Developer/Platforms/AppleTVOS.platform/Developer/usr/lib -F /Users/admin/builder/spi-builder-workspace/.derivedData/Build/Products/Debug-appletvos/PackageFrameworks -F /Users/admin/builder/spi-builder-workspace/.derivedData/Build/Products/Debug-appletvos -F /Applications/Xcode-27.0.0-Release.Candidate.app/Contents/Developer/Platforms/AppleTVOS.platform/Developer/Library/Frameworks -F /Applications/Xcode-27.0.0-Release.Candidate.app/Contents/Developer/Platforms/AppleTVOS.platform/Developer/SDKs/AppleTVOS27.0.sdk/Developer/Library/Frameworks -c -j10 -enable-batch-mode -incremental -Xcc -ivfsstatcache -Xcc /Users/admin/builder/spi-builder-workspace/.derivedData/SDKStatCaches.noindex/appletvos27.0-24J360-e829b21a6f8c9b70876ba0858053c044b32bfd8d43560033f8d89884cdb90028.sdkstatcache -output-file-map /Users/admin/builder/spi-builder-workspace/.derivedData/Build/Intermediates.noindex/DHDeclarable.build/Debug-appletvos/DHDeclarableTests-p.build/Objects-normal/arm64/DHDeclarableTests-OutputFileMap.json -save-temps -no-color-diagnostics -explicit-module-build -module-cache-path /Users/admin/builder/spi-builder-workspace/.derivedData/Build/Intermediates.noindex/SwiftExplicitPrecompiledModules -clang-scanner-module-cache-path /Users/admin/builder/spi-builder-workspace/.derivedData/ModuleCache.noindex -sdk-module-cache-path /Users/admin/builder/spi-builder-workspace/.derivedData/SDKExplicitPrecompiledModules -emit-dependencies -emit-module -emit-module-path /Users/admin/builder/spi-builder-workspace/.derivedData/Build/Intermediates.noindex/DHDeclarable.build/Debug-appletvos/DHDeclarableTests-p.build/Objects-normal/arm64/DHDeclarableTests.swiftmodule -serialize-diagnostics -dependency-scan-serialize-diagnostics-path /Users/admin/builder/spi-builder-workspace/.derivedData/Build/Intermediates.noindex/DHDeclarable.build/Debug-appletvos/DHDeclarableTests-p.build/Objects-normal/arm64/DHDeclarableTests-dependency-scan.dia -validate-clang-modules-once -clang-build-session-file /Users/admin/builder/spi-builder-workspace/.derivedData/ModuleCache.noindex/Session.modulevalidation -Xcc -fmodules-prune-interval\=86400 -Xcc -fmodules-prune-after\=345600 -emit-const-values -const-gather-protocols-list /Users/admin/builder/spi-builder-workspace/.derivedData/Build/Intermediates.noindex/DHDeclarable.build/Debug-appletvos/DHDeclarableTests-p.build/Objects-normal/arm64/DHDeclarableTests_const_extract_protocols.json -Xcc -I/Users/admin/builder/spi-builder-workspace/.derivedData/Build/Products/Debug-appletvos/include -Xcc -I/Users/admin/builder/spi-builder-workspace/.derivedData/Build/Intermediates.noindex/DHDeclarable.build/Debug-appletvos/DHDeclarableTests-p.build/DerivedSources-normal/arm64 -Xcc -I/Users/admin/builder/spi-builder-workspace/.derivedData/Build/Intermediates.noindex/DHDeclarable.build/Debug-appletvos/DHDeclarableTests-p.build/DerivedSources/arm64 -Xcc -I/Users/admin/builder/spi-builder-workspace/.derivedData/Build/Intermediates.noindex/DHDeclarable.build/Debug-appletvos/DHDeclarableTests-p.build/DerivedSources -Xcc -DSWIFT_PACKAGE -Xcc -DDEBUG\=1 -working-directory /Users/admin/builder/spi-builder-workspace/.swiftpm/xcode -experimental-emit-module-separately -disable-cmo
SwiftCompile normal arm64 Compiling\ PreviewTests.swift,\ ResettableLazyTests.swift /Users/admin/builder/spi-builder-workspace/Tests/DHDeclarableTests/PreviewTests/PreviewTests.swift /Users/admin/builder/spi-builder-workspace/Tests/DHDeclarableTests/PropertyWrapperTests/ResettableLazyTests.swift (in target 'DHDeclarableTests-product' from project 'DHDeclarable')
SwiftCompile normal arm64 /Users/admin/builder/spi-builder-workspace/Tests/DHDeclarableTests/PreviewTests/PreviewTests.swift (in target 'DHDeclarableTests-product' from project 'DHDeclarable')
cd /Users/admin/builder/spi-builder-workspace/.swiftpm/xcode
builtin-SwiftPerFileCompile PreviewTests.swift
SwiftCompile normal arm64 /Users/admin/builder/spi-builder-workspace/Tests/DHDeclarableTests/PropertyWrapperTests/ResettableLazyTests.swift (in target 'DHDeclarableTests-product' from project 'DHDeclarable')
cd /Users/admin/builder/spi-builder-workspace/.swiftpm/xcode
builtin-SwiftPerFileCompile ResettableLazyTests.swift
Copy /Users/admin/builder/spi-builder-workspace/.derivedData/Build/Products/Debug-appletvos/DHDeclarableTests.swiftmodule/arm64-apple-tvos.swiftmodule /Users/admin/builder/spi-builder-workspace/.derivedData/Build/Intermediates.noindex/DHDeclarable.build/Debug-appletvos/DHDeclarableTests-p.build/Objects-normal/arm64/DHDeclarableTests.swiftmodule (in target 'DHDeclarableTests-product' from project 'DHDeclarable')
cd /Users/admin/builder/spi-builder-workspace
builtin-copy -exclude .DS_Store -exclude CVS -exclude .svn -exclude .git -exclude .hg -resolve-src-symlinks -rename /Users/admin/builder/spi-builder-workspace/.derivedData/Build/Intermediates.noindex/DHDeclarable.build/Debug-appletvos/DHDeclarableTests-p.build/Objects-normal/arm64/DHDeclarableTests.swiftmodule /Users/admin/builder/spi-builder-workspace/.derivedData/Build/Products/Debug-appletvos/DHDeclarableTests.swiftmodule/arm64-apple-tvos.swiftmodule
SwiftDriverJobDiscovery normal arm64 Compiling UIView+roundedTests.swift, UIView+tagTests.swift (in target 'DHDeclarableTests-product' from project 'DHDeclarable')
Copy /Users/admin/builder/spi-builder-workspace/.derivedData/Build/Products/Debug-appletvos/DHDeclarableTests.swiftmodule/arm64-apple-tvos.swiftdoc /Users/admin/builder/spi-builder-workspace/.derivedData/Build/Intermediates.noindex/DHDeclarable.build/Debug-appletvos/DHDeclarableTests-p.build/Objects-normal/arm64/DHDeclarableTests.swiftdoc (in target 'DHDeclarableTests-product' from project 'DHDeclarable')
cd /Users/admin/builder/spi-builder-workspace
builtin-copy -exclude .DS_Store -exclude CVS -exclude .svn -exclude .git -exclude .hg -resolve-src-symlinks -rename /Users/admin/builder/spi-builder-workspace/.derivedData/Build/Intermediates.noindex/DHDeclarable.build/Debug-appletvos/DHDeclarableTests-p.build/Objects-normal/arm64/DHDeclarableTests.swiftdoc /Users/admin/builder/spi-builder-workspace/.derivedData/Build/Products/Debug-appletvos/DHDeclarableTests.swiftmodule/arm64-apple-tvos.swiftdoc
Copy /Users/admin/builder/spi-builder-workspace/.derivedData/Build/Products/Debug-appletvos/DHDeclarableTests.swiftmodule/arm64-apple-tvos.abi.json /Users/admin/builder/spi-builder-workspace/.derivedData/Build/Intermediates.noindex/DHDeclarable.build/Debug-appletvos/DHDeclarableTests-p.build/Objects-normal/arm64/DHDeclarableTests.abi.json (in target 'DHDeclarableTests-product' from project 'DHDeclarable')
cd /Users/admin/builder/spi-builder-workspace
builtin-copy -exclude .DS_Store -exclude CVS -exclude .svn -exclude .git -exclude .hg -resolve-src-symlinks -rename /Users/admin/builder/spi-builder-workspace/.derivedData/Build/Intermediates.noindex/DHDeclarable.build/Debug-appletvos/DHDeclarableTests-p.build/Objects-normal/arm64/DHDeclarableTests.abi.json /Users/admin/builder/spi-builder-workspace/.derivedData/Build/Products/Debug-appletvos/DHDeclarableTests.swiftmodule/arm64-apple-tvos.abi.json
SwiftDriverJobDiscovery normal arm64 Compiling String+asLabelTests.swift, String+inQuotesTests.swift, UIKit+DHDStringRepresentableTests.swift (in target 'DHDeclarableTests-product' from project 'DHDeclarable')
Copy /Users/admin/builder/spi-builder-workspace/.derivedData/Build/Products/Debug-appletvos/DHDeclarableTests.swiftmodule/Project/arm64-apple-tvos.swiftsourceinfo /Users/admin/builder/spi-builder-workspace/.derivedData/Build/Intermediates.noindex/DHDeclarable.build/Debug-appletvos/DHDeclarableTests-p.build/Objects-normal/arm64/DHDeclarableTests.swiftsourceinfo (in target 'DHDeclarableTests-product' from project 'DHDeclarable')
cd /Users/admin/builder/spi-builder-workspace
builtin-copy -exclude .DS_Store -exclude CVS -exclude .svn -exclude .git -exclude .hg -resolve-src-symlinks -rename /Users/admin/builder/spi-builder-workspace/.derivedData/Build/Intermediates.noindex/DHDeclarable.build/Debug-appletvos/DHDeclarableTests-p.build/Objects-normal/arm64/DHDeclarableTests.swiftsourceinfo /Users/admin/builder/spi-builder-workspace/.derivedData/Build/Products/Debug-appletvos/DHDeclarableTests.swiftmodule/Project/arm64-apple-tvos.swiftsourceinfo
SwiftCompile normal arm64 Compiling\ UIViewController+Preview.swift,\ ResettableLazy.swift,\ DHDStringRepresentable.swift /Users/admin/builder/spi-builder-workspace/Sources/DHDeclarable/Previews/UIViewController+Preview.swift /Users/admin/builder/spi-builder-workspace/Sources/DHDeclarable/PropertyWrappers/ResettableLazy.swift /Users/admin/builder/spi-builder-workspace/Sources/DHDeclarable/Protocols/DHDStringRepresentable.swift (in target 'DHDeclarable' from project 'DHDeclarable')
SwiftCompile normal arm64 /Users/admin/builder/spi-builder-workspace/Sources/DHDeclarable/Previews/UIViewController+Preview.swift (in target 'DHDeclarable' from project 'DHDeclarable')
cd /Users/admin/builder/spi-builder-workspace/.swiftpm/xcode
builtin-SwiftPerFileCompile UIViewController+Preview.swift
SwiftCompile normal arm64 /Users/admin/builder/spi-builder-workspace/Sources/DHDeclarable/PropertyWrappers/ResettableLazy.swift (in target 'DHDeclarable' from project 'DHDeclarable')
cd /Users/admin/builder/spi-builder-workspace/.swiftpm/xcode
builtin-SwiftPerFileCompile ResettableLazy.swift
SwiftCompile normal arm64 /Users/admin/builder/spi-builder-workspace/Sources/DHDeclarable/Protocols/DHDStringRepresentable.swift (in target 'DHDeclarable' from project 'DHDeclarable')
cd /Users/admin/builder/spi-builder-workspace/.swiftpm/xcode
builtin-SwiftPerFileCompile DHDStringRepresentable.swift
PruneExplicitPrecompiledModules /Users/admin/builder/spi-builder-workspace/.derivedData/Build/Intermediates.noindex/SwiftExplicitPrecompiledModules
PruneExplicitPrecompiledModules /Users/admin/builder/spi-builder-workspace/.derivedData/SDKExplicitPrecompiledModules
PruneExplicitPrecompiledModules /Users/admin/builder/spi-builder-workspace/.derivedData/Build/Intermediates.noindex/ExplicitPrecompiledModules
2026-09-19 08:59:24.491 xcodebuild[1884:10801] [MT] IDERunDestination: Supported platforms for the buildables in the current scheme is empty.
2026-09-19 08:59:24.601 xcodebuild[1884:10801] [MT] IDERunDestination: Supported platforms for the buildables in the current scheme is empty.
** BUILD FAILED **
The following build commands failed:
SwiftCompile normal arm64 Compiling\ DHDStackTests.swift,\ DHDViewControllerTests.swift,\ DHDViewTests.swift /Users/admin/builder/spi-builder-workspace/Tests/DHDeclarableTests/ClassTests/DHDStackTests/DHDStackTests.swift /Users/admin/builder/spi-builder-workspace/Tests/DHDeclarableTests/ClassTests/DHDViewControllerTests/DHDViewControllerTests.swift /Users/admin/builder/spi-builder-workspace/Tests/DHDeclarableTests/ClassTests/DHDViewTests/DHDViewTests.swift (in target 'DHDeclarableTests-product' from project 'DHDeclarable')
SwiftCompile normal arm64 /Users/admin/builder/spi-builder-workspace/Tests/DHDeclarableTests/ClassTests/DHDViewControllerTests/DHDViewControllerTests.swift (in target 'DHDeclarableTests-product' from project 'DHDeclarable')
Building workspace DHDeclarable with scheme DHDeclarable
(3 failures)
BUILD FAILURE 6.4 tvOS