The Swift Package Index logo.Swift Package Index

Build Information

Failed to build Navi, reference main (ddd3af), with Swift 6.4 for Linux on 28 Sep 2026 07:02:46 UTC.

Build Command

bash -c docker run --pull=always --rm -v "checkouts-54344845-1":/host -w "$PWD" -e JAVA_HOME="/root/.sdkman/candidates/java/current" -e SPI_BUILD="1" -e SPI_PROCESSING="1" registry.gitlab.com/saguaro1/spi-images:basic-6.4-latest swift build --triple x86_64-unknown-linux-gnu 2>&1

Build Log

========================================
RunAll
========================================
Builder version: 5.1.0
Interrupt handler set up.
========================================
Checkout
========================================
Clone URL: https://github.com/SwiftMates/Navi.git
Reference: main
Initialized empty Git repository in /host/spi-builder-workspace/.git/
hint: Using 'master' as the name for the initial branch. This default branch name
hint: is subject to change. To configure the initial branch name to use in all
hint: of your new repositories, which will suppress this warning, call:
hint:
hint: 	git config --global init.defaultBranch <name>
hint:
hint: Names commonly chosen instead of 'master' are 'main', 'trunk' and
hint: 'development'. The just-created branch can be renamed via this command:
hint:
hint: 	git branch -m <name>
From https://github.com/SwiftMates/Navi
 * branch            main       -> FETCH_HEAD
 * [new branch]      main       -> origin/main
HEAD is now at ddd3afd Merge pull request #67 from SwiftMates/develop
Cloned https://github.com/SwiftMates/Navi.git
Revision (git rev-parse @):
ddd3afdd789c82053f8ce0e88c2394d748facd7e
SUCCESS checkout https://github.com/SwiftMates/Navi.git at main
========================================
Build
========================================
Selected platform:         linux
Swift version:             6.4
Building package at path:  $PWD
https://github.com/SwiftMates/Navi.git
Running build ...
bash -c docker run --pull=always --rm -v "checkouts-54344845-1":/host -w "$PWD" -e JAVA_HOME="/root/.sdkman/candidates/java/current" -e SPI_BUILD="1" -e SPI_PROCESSING="1" registry.gitlab.com/saguaro1/spi-images:basic-6.4-latest swift build --triple x86_64-unknown-linux-gnu 2>&1
basic-6.4-latest: Pulling from saguaro1/spi-images
Digest: sha256:c77fcce225e223ac0fafed844619173fc6de8d62dd560eeb28db3182af6a282b
Status: Image is up to date for registry.gitlab.com/saguaro1/spi-images:basic-6.4-latest
Fetching https://github.com/apple/swift-syntax
[1/80069] Fetching swift-syntax
Fetched https://github.com/apple/swift-syntax (3.65s)
Computing version for https://github.com/apple/swift-syntax
Computed https://github.com/apple/swift-syntax at 604.0.0 (4.88s)
Creating working copy for https://github.com/apple/swift-syntax
Working copy of https://github.com/apple/swift-syntax resolved at 604.0.0
Building for debugging...
[Computing dependencies]
[Pre-planning 1 / 679]
[Planning deferred tasks]
[150 / 306] SwiftSyntax604
[193 / 307]
[195 / 316] SwiftSyntax
[196 / 317] SwiftSyntax603
[207 / 320] SwiftSyntax604
[215 / 323] SwiftSyntax602
[223 / 323] SwiftSyntax
[223 / 323]
[223 / 323] SwiftSyntax
[236 / 351] SwiftParser
[238 / 351] SwiftDiagnostics
[240 / 351] SwiftDiagnostics
[246 / 351] SwiftBasicFormat
[251 / 351] SwiftParser
[252 / 351] SwiftParser
[254 / 351] SwiftParser
[258 / 351] SwiftParser
[259 / 351] SwiftDiagnostics
[260 / 351] SwiftParser
[263 / 351] SwiftDiagnostics
[264 / 351] SwiftDiagnostics
[265 / 351] SwiftDiagnostics
[267 / 351] SwiftDiagnostics
[268 / 351] SwiftSyntax
[271 / 352] SwiftParserDiagnostics
[276 / 362] SwiftParserDiagnostics
[277 / 362] SwiftParser
[280 / 363] SwiftParserDiagnostics
[284 / 364] SwiftParserDiagnostics
[288 / 364] SwiftParserDiagnostics
[294 / 366] SwiftOperators
[296 / 384] SwiftSyntaxBuilder
[297 / 384] SwiftSyntaxBuilder
[298 / 384] SwiftSyntaxBuilder
[298 / 384] SwiftParserDiagnostics
[305 / 384] SwiftOperators
[307 / 384] SwiftSyntaxBuilder
[309 / 384] SwiftSyntaxBuilder
[313 / 384] SwiftSyntaxBuilder
[316 / 384] SwiftOperators
[319 / 385] SwiftParserDiagnostics
[321 / 385] SwiftParserDiagnostics
[324 / 385] SwiftOperators
[329 / 396] SwiftSyntaxBuilder
[332 / 396] SwiftIfConfig
[333 / 397] SwiftOperators
[340 / 397] SwiftIfConfig
[342 / 397] SwiftSyntaxMacros
[348 / 407] SwiftSyntaxMacros
[350 / 407] SwiftSyntaxMacros
[357 / 407] SwiftSyntaxMacros-product
[363 / 418] SwiftSyntaxMacroExpansion
[366 / 419] SwiftSyntaxMacros
[368 / 419] SwiftSyntaxMacros
[370 / 419] SwiftSyntaxMacroExpansion
[380 / 429] SwiftCompilerPluginMessageHandling
[382 / 429] SwiftCompilerPluginMessageHandling
[383 / 429] SwiftCompilerPluginMessageHandling
[386 / 429] SwiftCompilerPluginMessageHandling
[387 / 429] SwiftCompilerPluginMessageHandling
[391 / 429] SwiftCompilerPluginMessageHandling
[397 / 433] SwiftCompilerPlugin
[402 / 433] SwiftCompilerPlugin
[404 / 434] SwiftCompilerPluginMessageHandling
[404 / 434] SwiftSyntax
[404 / 434] SwiftCompilerPluginMessageHandling
[406 / 435] SwiftSyntax
[409 / 436] SwiftSyntax
[415 / 436] SwiftSyntaxBuilder
[425 / 437] NaviMacrosPlugin
[428 / 440] NaviMacrosPlugin
[429 / 440] NaviMacrosPlugin
[433 / 441] NaviMacrosPlugin
error: SwiftCompile normal x86_64 /host/spi-builder-workspace/Sources/Core/Navigation/NaviControllerProperties.swift failed with a nonzero exit code. Command line:     cd /host
    builtin-SwiftPerFileCompile NaviControllerProperties.swift
/host/spi-builder-workspace/Sources/Core/Navigation/NaviController.swift:8:8: error: no such module 'SwiftUI'
  6 | //
  7 |
  8 | import SwiftUI
    |        `- error: no such module 'SwiftUI'
  9 |
 10 | @MainActor
Failed frontend command:
/usr/bin/swift-frontend -frontend -c /host/spi-builder-workspace/Sources/Core/Logger/NaviLogging.swift /host/spi-builder-workspace/Sources/Core/Macros/DestinationMacro.swift /host/spi-builder-workspace/Sources/Core/Navigation/DestinationRepresentable.swift /host/spi-builder-workspace/Sources/Core/Navigation/NaviController.swift -primary-file /host/spi-builder-workspace/Sources/Core/Navigation/NaviControllerProperties.swift /host/spi-builder-workspace/Sources/Core/Navigation/NavigationOriginKey.swift /host/spi-builder-workspace/Sources/Core/Navigation/OriginRepresentable.swift -emit-dependencies-path /host/spi-builder-workspace/.build/out/Intermediates.noindex/Navi.build/Debug-linux-x86_64/Navi-t.build/Objects-normal/x86_64/NaviControllerProperties.d -emit-const-values-path /host/spi-builder-workspace/.build/out/Intermediates.noindex/Navi.build/Debug-linux-x86_64/Navi-t.build/Objects-normal/x86_64/NaviControllerProperties.swiftconstvalues -emit-reference-dependencies-path /host/spi-builder-workspace/.build/out/Intermediates.noindex/Navi.build/Debug-linux-x86_64/Navi-t.build/Objects-normal/x86_64/NaviControllerProperties.swiftdeps -serialize-diagnostics-path /host/spi-builder-workspace/.build/out/Intermediates.noindex/Navi.build/Debug-linux-x86_64/Navi-t.build/Objects-normal/x86_64/NaviControllerProperties.dia -target x86_64-unknown-linux-gnu -disable-objc-interop -I /host/spi-builder-workspace/.build/out/Products/Debug-linux-x86_64 -module-cache-path /host/spi-builder-workspace/.build/out/ModuleCache.noindex -color-diagnostics -Xcc -fcolor-diagnostics -enable-testing -g -debug-info-format\=dwarf -dwarf-version\=4 -swift-version 6 -Onone -D SWIFT_PACKAGE -D DEBUG -D SWIFT_MODULE_RESOURCE_BUNDLE_UNAVAILABLE -D Xcode -serialize-debugging-options -load-plugin-executable /host/spi-builder-workspace/.build/out/Products/Debug-linux-x86_64/NaviMacrosPlugin\#NaviMacrosPlugin -enable-experimental-feature DebugDescriptionMacro -empty-abi-descriptor -external-plugin-path /usr/lib/swift/host/plugins/testing\#/usr/bin/swift-plugin-server -validate-clang-modules-once -clang-build-session-file /host/spi-builder-workspace/.build/out/ModuleCache.noindex/Session.modulevalidation -Xcc -working-directory -Xcc /host -enable-anonymous-context-mangled-names -file-compilation-dir /host -Xcc -fno-omit-frame-pointer -Xcc -D_LIBCPP_HARDENING_MODE\=_LIBCPP_HARDENING_MODE_DEBUG -Xcc -fmodules-prune-interval\=86400 -Xcc -fmodules-prune-after\=345600 -Xcc -I/host/spi-builder-workspace/.build/out/Products/Debug-linux-x86_64/include -Xcc -I/host/spi-builder-workspace/.build/out/Intermediates.noindex/Navi.build/Debug-linux-x86_64/Navi-t.build/DerivedSources-normal/x86_64 -Xcc -I/host/spi-builder-workspace/.build/out/Intermediates.noindex/Navi.build/Debug-linux-x86_64/Navi-t.build/DerivedSources/x86_64 -Xcc -I/host/spi-builder-workspace/.build/out/Intermediates.noindex/Navi.build/Debug-linux-x86_64/Navi-t.build/DerivedSources -Xcc -DSWIFT_PACKAGE -Xcc -DDEBUG\=1 -no-auto-bridging-header-chaining -module-name Navi -package-name spi_builder_workspace -const-gather-protocols-file /host/spi-builder-workspace/.build/out/Intermediates.noindex/Navi.build/Debug-linux-x86_64/Navi-t.build/Objects-normal/x86_64/Navi_const_extract_protocols.json -in-process-plugin-server-path /usr/lib/swift/host/libSwiftInProcPluginServer.so -plugin-path /usr/lib/swift/host/plugins -plugin-path /usr/local/lib/swift/host/plugins -parse-as-library -o /host/spi-builder-workspace/.build/out/Intermediates.noindex/Navi.build/Debug-linux-x86_64/Navi-t.build/Objects-normal/x86_64/NaviControllerProperties.o -index-unit-output-path /Navi.build/Debug-linux-x86_64/Navi-t.build/Objects-normal/x86_64/NaviControllerProperties.o -index-store-path /host/spi-builder-workspace/.build/out -index-system-modules
error: SwiftCompile normal x86_64 /host/spi-builder-workspace/Sources/Core/Macros/DestinationMacro.swift failed with a nonzero exit code. Command line:     cd /host
    builtin-SwiftPerFileCompile DestinationMacro.swift
/host/spi-builder-workspace/Sources/Core/Navigation/NaviController.swift:8:8: error: no such module 'SwiftUI'
  6 | //
  7 |
  8 | import SwiftUI
    |        `- error: no such module 'SwiftUI'
  9 |
 10 | @MainActor
Failed frontend command:
/usr/bin/swift-frontend -frontend -c /host/spi-builder-workspace/Sources/Core/Logger/NaviLogging.swift -primary-file /host/spi-builder-workspace/Sources/Core/Macros/DestinationMacro.swift /host/spi-builder-workspace/Sources/Core/Navigation/DestinationRepresentable.swift /host/spi-builder-workspace/Sources/Core/Navigation/NaviController.swift /host/spi-builder-workspace/Sources/Core/Navigation/NaviControllerProperties.swift /host/spi-builder-workspace/Sources/Core/Navigation/NavigationOriginKey.swift /host/spi-builder-workspace/Sources/Core/Navigation/OriginRepresentable.swift -emit-dependencies-path /host/spi-builder-workspace/.build/out/Intermediates.noindex/Navi.build/Debug-linux-x86_64/Navi-t.build/Objects-normal/x86_64/DestinationMacro.d -emit-const-values-path /host/spi-builder-workspace/.build/out/Intermediates.noindex/Navi.build/Debug-linux-x86_64/Navi-t.build/Objects-normal/x86_64/DestinationMacro.swiftconstvalues -emit-reference-dependencies-path /host/spi-builder-workspace/.build/out/Intermediates.noindex/Navi.build/Debug-linux-x86_64/Navi-t.build/Objects-normal/x86_64/DestinationMacro.swiftdeps -serialize-diagnostics-path /host/spi-builder-workspace/.build/out/Intermediates.noindex/Navi.build/Debug-linux-x86_64/Navi-t.build/Objects-normal/x86_64/DestinationMacro.dia -target x86_64-unknown-linux-gnu -disable-objc-interop -I /host/spi-builder-workspace/.build/out/Products/Debug-linux-x86_64 -module-cache-path /host/spi-builder-workspace/.build/out/ModuleCache.noindex -color-diagnostics -Xcc -fcolor-diagnostics -enable-testing -g -debug-info-format\=dwarf -dwarf-version\=4 -swift-version 6 -Onone -D SWIFT_PACKAGE -D DEBUG -D SWIFT_MODULE_RESOURCE_BUNDLE_UNAVAILABLE -D Xcode -serialize-debugging-options -load-plugin-executable /host/spi-builder-workspace/.build/out/Products/Debug-linux-x86_64/NaviMacrosPlugin\#NaviMacrosPlugin -enable-experimental-feature DebugDescriptionMacro -empty-abi-descriptor -external-plugin-path /usr/lib/swift/host/plugins/testing\#/usr/bin/swift-plugin-server -validate-clang-modules-once -clang-build-session-file /host/spi-builder-workspace/.build/out/ModuleCache.noindex/Session.modulevalidation -Xcc -working-directory -Xcc /host -enable-anonymous-context-mangled-names -file-compilation-dir /host -Xcc -fno-omit-frame-pointer -Xcc -D_LIBCPP_HARDENING_MODE\=_LIBCPP_HARDENING_MODE_DEBUG -Xcc -fmodules-prune-interval\=86400 -Xcc -fmodules-prune-after\=345600 -Xcc -I/host/spi-builder-workspace/.build/out/Products/Debug-linux-x86_64/include -Xcc -I/host/spi-builder-workspace/.build/out/Intermediates.noindex/Navi.build/Debug-linux-x86_64/Navi-t.build/DerivedSources-normal/x86_64 -Xcc -I/host/spi-builder-workspace/.build/out/Intermediates.noindex/Navi.build/Debug-linux-x86_64/Navi-t.build/DerivedSources/x86_64 -Xcc -I/host/spi-builder-workspace/.build/out/Intermediates.noindex/Navi.build/Debug-linux-x86_64/Navi-t.build/DerivedSources -Xcc -DSWIFT_PACKAGE -Xcc -DDEBUG\=1 -no-auto-bridging-header-chaining -module-name Navi -package-name spi_builder_workspace -const-gather-protocols-file /host/spi-builder-workspace/.build/out/Intermediates.noindex/Navi.build/Debug-linux-x86_64/Navi-t.build/Objects-normal/x86_64/Navi_const_extract_protocols.json -in-process-plugin-server-path /usr/lib/swift/host/libSwiftInProcPluginServer.so -plugin-path /usr/lib/swift/host/plugins -plugin-path /usr/local/lib/swift/host/plugins -parse-as-library -o /host/spi-builder-workspace/.build/out/Intermediates.noindex/Navi.build/Debug-linux-x86_64/Navi-t.build/Objects-normal/x86_64/DestinationMacro.o -index-unit-output-path /Navi.build/Debug-linux-x86_64/Navi-t.build/Objects-normal/x86_64/DestinationMacro.o -index-store-path /host/spi-builder-workspace/.build/out -index-system-modules
error: Build failed
BUILD FAILURE 6.4 linux